000
CDUS45 KBOU 300725
CLIAPA


CLIMATE REPORT
NATIONAL WEATHER SERVICE BOULDER, CO
125 AM MDT SAT MAY 30 2015


...................................

...THE CENTENNIAL CO CLIMATE SUMMARY FOR MAY 29 2015...

CLIMATE NORMAL PERIOD 1981 TO 2010
CLIMATE RECORD PERIOD 9999 TO 9999


WEATHER ITEM   OBSERVED RECORD YEAR NORMAL DEPARTURE LAST
                VALUE   VALUE       VALUE  FROM      YEAR
                                           NORMAL
...........................................................
TEMPERATURE (F)
 YESTERDAY
  MAXIMUM         67     MM      MM  74     -7       87
  MINIMUM         43     MM      MM  46     -3       57
  AVERAGE         55                 60     -5       72

PRECIPITATION (IN)
  YESTERDAY        T     MM      MM   0.09  -0.09      T
  MONTH TO DATE    4.37               2.23   2.14     1.65
  SINCE MAR 1      7.91               5.49   2.42     3.63
  SINCE JAN 1      9.53               6.42   3.11     4.48

DEGREE DAYS
 HEATING
  YESTERDAY       10
  MONTH TO DATE  418

 COOLING
  YESTERDAY        0
  MONTH TO DATE    0
...........................................................


WIND (MPH)
  RESULTANT WIND SPEED   6   RESULTANT WIND DIRECTION  NE (40)
  HIGHEST WIND SPEED    26   HIGHEST WIND DIRECTION     N (10)
  HIGHEST GUST SPEED    32   HIGHEST GUST DIRECTION     N (20)


SKY COVER
  POSSIBLE SUNSHINE  MM
  AVERAGE SKY COVER 0.6


WEATHER CONDITIONS
 THE FOLLOWING WEATHER WAS RECORDED YESTERDAY.
  THUNDERSTORM


RELATIVE HUMIDITY (PERCENT)
 HIGHEST    96
 LOWEST     37
 AVERAGE    67

..........................................................


THE CENTENNIAL CO CLIMATE NORMALS FOR TODAY
                         NORMAL    RECORD    YEAR
 MAXIMUM TEMPERATURE (F)   74        MM        MM
 MINIMUM TEMPERATURE (F)   46        MM        MM


SUNRISE AND SUNSET
MAY 30 2015...........SUNRISE   535 AM MDT   SUNSET   819 PM MDT
MAY 31 2015...........SUNRISE   534 AM MDT   SUNSET   820 PM MDT


-  INDICATES NEGATIVE NUMBERS.
R  INDICATES RECORD WAS SET OR TIED.
MM INDICATES DATA IS MISSING.
T  INDICATES TRACE AMOUNT.




$$
