000
CDUS42 KMFL 280823
CLIAPF


CLIMATE REPORT
NATIONAL WEATHER SERVICE MIAMI, FL
423 AM EDT WED JUN 28 2017


...................................

...THE NAPLES CLIMATE SUMMARY FOR JUNE 27 2017...

CLIMATE NORMAL PERIOD 1981 TO 2010
CLIMATE RECORD PERIOD 1942 TO 2017


WEATHER ITEM   OBSERVED TIME   RECORD YEAR NORMAL DEPARTURE LAST
                VALUE   (LST)  VALUE       VALUE  FROM      YEAR
                                                  NORMAL
..................................................................
TEMPERATURE (F)
 YESTERDAY
  MAXIMUM         90    254 PM  96    1994  91     -1       90
  MINIMUM         76    627 AM  69    1981  75      1       73
                                      1968
  AVERAGE         83                        83      0       82

PRECIPITATION (IN)
  YESTERDAY        0.05          3.40 1968   0.36  -0.31     0.83
  MONTH TO DATE   14.50                      7.77   6.73     4.91
  SINCE JUN 1     14.50                      7.77   6.73     4.91
  SINCE JAN 1     20.13                     19.62   0.51    17.01

SNOWFALL (IN)
  YESTERDAY        0.0
  MONTH TO DATE    0.0
  SINCE JUN 1      0.0
  SINCE JUL 1      0.0
  SNOW DEPTH       0

DEGREE DAYS
 HEATING
  YESTERDAY        0                         0      0        0
  MONTH TO DATE    0                         0      0        0
  SINCE JUN 1      0                         0      0        0
  SINCE JUL 1     67                       260   -193      142

 COOLING
  YESTERDAY       18                        18      0       17
  MONTH TO DATE  482                       454     28      485
  SINCE JUN 1    482                       454     28      485
  SINCE JAN 1   1826                      1482    344     1669
..................................................................


WIND (MPH)
  HIGHEST WIND SPEED    13   HIGHEST WIND DIRECTION     W (260)
  HIGHEST GUST SPEED    18   HIGHEST GUST DIRECTION     W (270)
  AVERAGE WIND SPEED     5.4


SKY COVER
  AVERAGE SKY COVER 0.4


WEATHER CONDITIONS
 THE FOLLOWING WEATHER WAS RECORDED YESTERDAY.
  THUNDERSTORM
  RAIN
  LIGHT RAIN


RELATIVE HUMIDITY (PERCENT)
 HIGHEST   100
 LOWEST     56
 AVERAGE    78

..........................................................


THE NAPLES CLIMATE NORMALS FOR TODAY
                         NORMAL    RECORD    YEAR
 MAXIMUM TEMPERATURE (F)   91        96      1980
 MINIMUM TEMPERATURE (F)   75        68      1981


SUNRISE AND SUNSET
JUNE 28 2017..........SUNRISE   638 AM EDT   SUNSET   823 PM EDT
JUNE 29 2017..........SUNRISE   638 AM EDT   SUNSET   823 PM EDT


-  INDICATES NEGATIVE NUMBERS.
R  INDICATES RECORD WAS SET OR TIED.
MM INDICATES DATA IS MISSING.
T  INDICATES TRACE AMOUNT.




$$
