000
CDUS42 KMFL 012024
CLIAPF


CLIMATE REPORT
NATIONAL WEATHER SERVICE MIAMI, FL
424 PM EDT MON SEP 1 2014


...................................

...THE NAPLES CLIMATE SUMMARY FOR SEPTEMBER 1 2014...
VALID TODAY AS OF 0400 PM LOCAL TIME.

CLIMATE NORMAL PERIOD 1981 TO 2010
CLIMATE RECORD PERIOD 1942 TO 2014


WEATHER ITEM   OBSERVED TIME   RECORD YEAR NORMAL DEPARTURE LAST
                VALUE   (LST)  VALUE       VALUE  FROM      YEAR
                                                  NORMAL
..................................................................
TEMPERATURE (F)
 TODAY
  MAXIMUM         92   1220 PM  99    1986  91      1       90
  MINIMUM         76    321 PM  70    1986  76      0       76
                                      1955
                                      1942
  AVERAGE         84                        83      1       83

PRECIPITATION (IN)
  TODAY            0.32          3.47 1954   0.24   0.08     0.01
  MONTH TO DATE    0.32                      0.24   0.08     0.01
  SINCE JUN 1     29.34                     24.91   4.43    25.68
  SINCE JAN 1     38.17                     36.76   1.41    36.02

SNOWFALL (IN)
  TODAY            0.0
  MONTH TO DATE    0.0
  SINCE SEP 1      0.0
  SINCE JUL 1      0.0
  SNOW DEPTH       0

DEGREE DAYS
 HEATING
  TODAY            0                         0      0
  MONTH TO DATE    0                         0      0
  SINCE SEP 1      0                         0      0
  SINCE JUL 1      0                         0      0

 COOLING
  TODAY           19                        18      1
  MONTH TO DATE   19                        18      1
  SINCE SEP 1     19                        18      1
  SINCE JAN 1   2889                      2675    214
..................................................................


WIND (MPH)
  HIGHEST WIND SPEED    10   HIGHEST WIND DIRECTION    SW (240)
  HIGHEST GUST SPEED    MM   HIGHEST GUST DIRECTION    MM
  AVERAGE WIND SPEED     6.2


SKY COVER
  AVERAGE SKY COVER 0.3


WEATHER CONDITIONS
 THE FOLLOWING WEATHER WAS RECORDED TODAY.
  THUNDERSTORM
  HEAVY RAIN
  LIGHT RAIN
  FOG


RELATIVE HUMIDITY (PERCENT)
 HIGHEST   100
 LOWEST     60
 AVERAGE    80

..........................................................


THE NAPLES CLIMATE NORMALS FOR TOMORROW
                         NORMAL    RECORD    YEAR
 MAXIMUM TEMPERATURE (F)   91        96      1986
 MINIMUM TEMPERATURE (F)   76        69      1973
                                             1956


SUNRISE AND SUNSET
SEPTEMBER  1 2014.....SUNRISE   707 AM EDT   SUNSET   747 PM EDT
SEPTEMBER  2 2014.....SUNRISE   707 AM EDT   SUNSET   745 PM EDT


-  INDICATES NEGATIVE NUMBERS.
R  INDICATES RECORD WAS SET OR TIED.
MM INDICATES DATA IS MISSING.
T  INDICATES TRACE AMOUNT.




$$
