000
CDUS42 KMFL 180922
CLIAPF


CLIMATE REPORT
NATIONAL WEATHER SERVICE MIAMI, FL
422 AM EST MON DEC 18 2017


...................................

...THE NAPLES CLIMATE SUMMARY FOR DECEMBER 17 2017...

CLIMATE NORMAL PERIOD 1981 TO 2010
CLIMATE RECORD PERIOD 1942 TO 2017


WEATHER ITEM   OBSERVED TIME   RECORD YEAR NORMAL DEPARTURE LAST
                VALUE   (LST)  VALUE       VALUE  FROM      YEAR
                                                  NORMAL
..................................................................
TEMPERATURE (F)
 YESTERDAY
  MAXIMUM         83    239 PM  88    1959  76      7       87
  MINIMUM         60    742 AM  34    1968  57      3       64
  AVERAGE         72                        67      5       76

PRECIPITATION (IN)
  YESTERDAY        0.00          1.05 1982   0.05  -0.05     0.02
  MONTH TO DATE    1.06                      0.80   0.26     0.14
  SINCE NOV 1      1.15                      2.84  -1.69     0.14
  SINCE JAN 1     69.52                     51.24  18.28    44.34

SNOWFALL (IN)
  YESTERDAY        0.0
  MONTH TO DATE    0.0
  SINCE DEC 1      0.0
  SINCE JUL 1      0.0
  SNOW DEPTH       0

DEGREE DAYS
 HEATING
  YESTERDAY        0                         2     -2        0
  MONTH TO DATE   43                        29     14        0
  SINCE DEC 1     43                        29     14        0
  SINCE JUL 1     47                        43      4        4

 COOLING
  YESTERDAY        7                         4      3       11
  MONTH TO DATE   80                        78      2      147
  SINCE DEC 1     80                        78      2      147
  SINCE JAN 1   4280                      3897    383     4299
..................................................................


WIND (MPH)
  HIGHEST WIND SPEED    15   HIGHEST WIND DIRECTION    SE (120)
  HIGHEST GUST SPEED    21   HIGHEST GUST DIRECTION    SE (130)
  AVERAGE WIND SPEED     5.8


SKY COVER
  AVERAGE SKY COVER 0.2


WEATHER CONDITIONS
 THE FOLLOWING WEATHER WAS RECORDED YESTERDAY.
  NO SIGNIFICANT WEATHER WAS OBSERVED.


RELATIVE HUMIDITY (PERCENT)
 HIGHEST   100
 LOWEST     55
 AVERAGE    78

..........................................................


THE NAPLES CLIMATE NORMALS FOR TODAY
                         NORMAL    RECORD    YEAR
 MAXIMUM TEMPERATURE (F)   76        85      2016
 MINIMUM TEMPERATURE (F)   57        35      1973


SUNRISE AND SUNSET
DECEMBER 18 2017......SUNRISE   709 AM EST   SUNSET   539 PM EST
DECEMBER 19 2017......SUNRISE   709 AM EST   SUNSET   539 PM EST


-  INDICATES NEGATIVE NUMBERS.
R  INDICATES RECORD WAS SET OR TIED.
MM INDICATES DATA IS MISSING.
T  INDICATES TRACE AMOUNT.




$$
