000
CDUS42 KMFL 140924
CLIAPF


CLIMATE REPORT
NATIONAL WEATHER SERVICE MIAMI, FL
424 AM EST SUN FEB 14 2016


...................................

...THE NAPLES CLIMATE SUMMARY FOR FEBRUARY 13 2016...

CLIMATE NORMAL PERIOD 1981 TO 2010
CLIMATE RECORD PERIOD 1942 TO 2016


WEATHER ITEM   OBSERVED TIME   RECORD YEAR NORMAL DEPARTURE LAST
                VALUE   (LST)  VALUE       VALUE  FROM      YEAR
                                                  NORMAL
..................................................................
TEMPERATURE (F)
 YESTERDAY
  MAXIMUM         72    117 PM  88    1959  77     -5       68
  MINIMUM         51    721 AM  33    1955  57     -6       48
  AVERAGE         62                        67     -5       58

PRECIPITATION (IN)
  YESTERDAY        0.00          2.01 1983   0.09  -0.09     0.00
  MONTH TO DATE    0.20                      0.98  -0.78     1.22
  SINCE NOV 1     12.36                      6.32   6.04     2.62
  SINCE JAN 1      7.74                      2.83   4.91     1.32

SNOWFALL (IN)
  YESTERDAY        0.0
  MONTH TO DATE    0.0
  SINCE DEC 1      0.0
  SINCE JUL 1      0.0
  SNOW DEPTH       0

DEGREE DAYS
 HEATING
  YESTERDAY        3                         2      1        7
  MONTH TO DATE   49                        26     23       24
  SINCE DEC 1    116                       192    -76      112
  SINCE JUL 1    116                       206    -90      141

 COOLING
  YESTERDAY        0                         4     -4        0
  MONTH TO DATE   41                        42     -1       15
  SINCE DEC 1    477                       248    229      282
  SINCE JAN 1    121                       128     -7      132
..................................................................


WIND (MPH)
  HIGHEST WIND SPEED    20   HIGHEST WIND DIRECTION     W (290)
  HIGHEST GUST SPEED    24   HIGHEST GUST DIRECTION    NW (300)
  AVERAGE WIND SPEED     5.8


SKY COVER
  AVERAGE SKY COVER 0.1


WEATHER CONDITIONS
 THE FOLLOWING WEATHER WAS RECORDED YESTERDAY.
  NO SIGNIFICANT WEATHER WAS OBSERVED.


RELATIVE HUMIDITY (PERCENT)
 HIGHEST   100
 LOWEST     56
 AVERAGE    78

..........................................................


THE NAPLES CLIMATE NORMALS FOR TODAY
                         NORMAL    RECORD    YEAR
 MAXIMUM TEMPERATURE (F)   77        87      1989
                                             1982
 MINIMUM TEMPERATURE (F)   57        33      1958


SUNRISE AND SUNSET
FEBRUARY 14 2016......SUNRISE   704 AM EST   SUNSET   619 PM EST
FEBRUARY 15 2016......SUNRISE   703 AM EST   SUNSET   620 PM EST


-  INDICATES NEGATIVE NUMBERS.
R  INDICATES RECORD WAS SET OR TIED.
MM INDICATES DATA IS MISSING.
T  INDICATES TRACE AMOUNT.




$$
