000
CDUS42 KMFL 240823
CLIAPF


CLIMATE REPORT
NATIONAL WEATHER SERVICE MIAMI, FL
422 AM EDT THU JUL 24 2014


...................................

...THE NAPLES CLIMATE SUMMARY FOR JULY 23 2014...

CLIMATE NORMAL PERIOD 1981 TO 2010
CLIMATE RECORD PERIOD 1942 TO 2014


WEATHER ITEM   OBSERVED TIME   RECORD YEAR NORMAL DEPARTURE LAST
                VALUE   (LST)  VALUE       VALUE  FROM      YEAR
                                                  NORMAL
..................................................................
TEMPERATURE (F)
 YESTERDAY
  MAXIMUM         90    314 PM  94    1989  91     -1       89
  MINIMUM         76    622 AM  69    1987  75      1       78
  AVERAGE         83                        83      0       84

PRECIPITATION (IN)
  YESTERDAY        0.00          7.66 1985   0.21  -0.21     0.00
  MONTH TO DATE    4.69                      5.62  -0.93     8.41
  SINCE JUN 1     12.87                     14.44  -1.57    17.17
  SINCE JAN 1     21.70                     26.29  -4.59    27.51

SNOWFALL (IN)
  YESTERDAY        0.0
  MONTH TO DATE    0.0
  SINCE JUN 1      0.0
  SINCE JUL 1      0.0
  SNOW DEPTH       0

DEGREE DAYS
 HEATING
  YESTERDAY        0                         0      0
  MONTH TO DATE    0                         0      0
  SINCE JUN 1      0                         0      0
  SINCE JUL 1      0                         0      0

 COOLING
  YESTERDAY       18                        18      0
  MONTH TO DATE  413                       414     -1
  SINCE JUN 1    920                       921     -1
  SINCE JAN 1   2109                      1949    160
..................................................................


WIND (MPH)
  HIGHEST WIND SPEED    14   HIGHEST WIND DIRECTION     E (100)
  HIGHEST GUST SPEED    17   HIGHEST GUST DIRECTION     E (100)
  AVERAGE WIND SPEED     3.4


SKY COVER
  AVERAGE SKY COVER 0.1


WEATHER CONDITIONS
 THE FOLLOWING WEATHER WAS RECORDED YESTERDAY.
  THUNDERSTORM


RELATIVE HUMIDITY (PERCENT)
 HIGHEST   100
 LOWEST     68
 AVERAGE    84

..........................................................


THE NAPLES CLIMATE NORMALS FOR TODAY
                         NORMAL    RECORD    YEAR
 MAXIMUM TEMPERATURE (F)   91        97      1998
 MINIMUM TEMPERATURE (F)   75        68      1981


SUNRISE AND SUNSET
JULY 24 2014..........SUNRISE   649 AM EDT   SUNSET   818 PM EDT
JULY 25 2014..........SUNRISE   649 AM EDT   SUNSET   818 PM EDT


-  INDICATES NEGATIVE NUMBERS.
R  INDICATES RECORD WAS SET OR TIED.
MM INDICATES DATA IS MISSING.
T  INDICATES TRACE AMOUNT.




$$
