000
CDUS42 KMFL 252016
CLIAPF


CLIMATE REPORT
NATIONAL WEATHER SERVICE MIAMI, FL
415 PM EDT MON JUL 25 2016


...................................

...THE NAPLES CLIMATE SUMMARY FOR JULY 25 2016...
VALID TODAY AS OF 0400 PM LOCAL TIME.

CLIMATE NORMAL PERIOD 1981 TO 2010
CLIMATE RECORD PERIOD 1942 TO 2016


WEATHER ITEM   OBSERVED TIME   RECORD YEAR NORMAL DEPARTURE LAST
                VALUE   (LST)  VALUE       VALUE  FROM      YEAR
                                                  NORMAL
..................................................................
TEMPERATURE (F)
 TODAY
  MAXIMUM         91    200 PM  97    1998  91      0       84
  MINIMUM         74    542 AM  69    1978  75     -1       75
                                      1977
  AVERAGE         83                        83      0       80

PRECIPITATION (IN)
  TODAY            0.35          1.96 1948   0.21   0.14     1.52
  MONTH TO DATE    5.37                      6.04  -0.67     8.66
  SINCE JUN 1     10.28                     14.86  -4.58    14.98
  SINCE JAN 1     22.38                     26.71  -4.33    23.00

SNOWFALL (IN)
  TODAY            0.0
  MONTH TO DATE    0.0
  SINCE JUN 1      0.0
  SINCE JUL 1      0.0
  SNOW DEPTH       0

DEGREE DAYS
 HEATING
  TODAY            0                         0      0        0
  MONTH TO DATE    0                         0      0        0
  SINCE JUN 1      0                         0      0        0
  SINCE JUL 1      0                         0      0        0

 COOLING
  TODAY           18                        18      0       15
  MONTH TO DATE  486                       450     36      452
  SINCE JUN 1   1025                       957     68      962
  SINCE JAN 1   2209                      1985    224     2317
..................................................................


WIND (MPH)
  HIGHEST WIND SPEED    17   HIGHEST WIND DIRECTION     E (80)
  HIGHEST GUST SPEED    22   HIGHEST GUST DIRECTION     E (80)
  AVERAGE WIND SPEED     6.1


SKY COVER
  AVERAGE SKY COVER 0.2


WEATHER CONDITIONS
 THE FOLLOWING WEATHER WAS RECORDED TODAY.
  THUNDERSTORM
  HEAVY RAIN
  LIGHT RAIN
  FOG
  HAZE


RELATIVE HUMIDITY (PERCENT)
 HIGHEST   100
 LOWEST     56
 AVERAGE    78

..........................................................


THE NAPLES CLIMATE NORMALS FOR TOMORROW
                         NORMAL    RECORD    YEAR
 MAXIMUM TEMPERATURE (F)   91        97      1996
 MINIMUM TEMPERATURE (F)   75        68      1973


SUNRISE AND SUNSET
JULY 25 2016..........SUNRISE   650 AM EDT   SUNSET   817 PM EDT
JULY 26 2016..........SUNRISE   650 AM EDT   SUNSET   817 PM EDT


-  INDICATES NEGATIVE NUMBERS.
R  INDICATES RECORD WAS SET OR TIED.
MM INDICATES DATA IS MISSING.
T  INDICATES TRACE AMOUNT.




$$
