000
CDUS42 KMFL 300830
CLIAPF


CLIMATE REPORT
NATIONAL WEATHER SERVICE MIAMI, FL
430 AM EDT TUE SEP 30 2014


...................................

...THE NAPLES CLIMATE SUMMARY FOR SEPTEMBER 29 2014...

CLIMATE NORMAL PERIOD 1981 TO 2010
CLIMATE RECORD PERIOD 1942 TO 2014


WEATHER ITEM   OBSERVED TIME   RECORD YEAR NORMAL DEPARTURE LAST
                VALUE   (LST)  VALUE       VALUE  FROM      YEAR
                                                  NORMAL
..................................................................
TEMPERATURE (F)
 YESTERDAY
  MAXIMUM         90   1217 PM  95    1989  89      1       88
  MINIMUM         75    530 AM  65    2000  73      2       72
                                      1983
  AVERAGE         83                        81      2       80

PRECIPITATION (IN)
  YESTERDAY        0.10          6.93 2003   0.22  -0.12      T
  MONTH TO DATE   10.08                      7.46   2.62    10.83
  SINCE JUN 1     39.10                     32.13   6.97    36.50
  SINCE JAN 1     47.93                     43.98   3.95    46.84

SNOWFALL (IN)
  YESTERDAY        0.0
  MONTH TO DATE    0.0
  SINCE SEP 1      0.0
  SINCE JUL 1      0.0
  SNOW DEPTH       0

DEGREE DAYS
 HEATING
  YESTERDAY        0                         0      0
  MONTH TO DATE    0                         0      0
  SINCE SEP 1      0                         0      0
  SINCE JUL 1      0                         0      0

 COOLING
  YESTERDAY       18                        16      2
  MONTH TO DATE  501                       505     -4
  SINCE SEP 1    501                       505     -4
  SINCE JAN 1   3371                      3162    209
..................................................................


WIND (MPH)
  HIGHEST WIND SPEED    17   HIGHEST WIND DIRECTION    NW (300)
  HIGHEST GUST SPEED    22   HIGHEST GUST DIRECTION     W (290)
  AVERAGE WIND SPEED     6.0


SKY COVER
  AVERAGE SKY COVER 0.2


WEATHER CONDITIONS
 THE FOLLOWING WEATHER WAS RECORDED YESTERDAY.
  RAIN
  LIGHT RAIN
  FOG


RELATIVE HUMIDITY (PERCENT)
 HIGHEST   100
 LOWEST     59
 AVERAGE    80

..........................................................


THE NAPLES CLIMATE NORMALS FOR TODAY
                         NORMAL    RECORD    YEAR
 MAXIMUM TEMPERATURE (F)   89        95      1988
 MINIMUM TEMPERATURE (F)   73        67      1983


SUNRISE AND SUNSET
SEPTEMBER 30 2014.....SUNRISE   719 AM EDT   SUNSET   715 PM EDT
OCTOBER  1 2014.......SUNRISE   719 AM EDT   SUNSET   714 PM EDT


-  INDICATES NEGATIVE NUMBERS.
R  INDICATES RECORD WAS SET OR TIED.
MM INDICATES DATA IS MISSING.
T  INDICATES TRACE AMOUNT.




$$
