000
CDUS42 KMFL 290842
CLIAPF


CLIMATE REPORT
NATIONAL WEATHER SERVICE MIAMI, FL
441 AM EDT FRI MAY 29 2015


...................................

...THE NAPLES CLIMATE SUMMARY FOR MAY 28 2015...

CLIMATE NORMAL PERIOD 1981 TO 2010
CLIMATE RECORD PERIOD 1942 TO 2015


WEATHER ITEM   OBSERVED TIME   RECORD YEAR NORMAL DEPARTURE LAST
                VALUE   (LST)  VALUE       VALUE  FROM      YEAR
                                                  NORMAL
..................................................................
TEMPERATURE (F)
 YESTERDAY
  MAXIMUM         91    311 PM  94    1986  89      2       92
                                      1953
  MINIMUM         70    559 AM  62    1962  71     -1       71
  AVERAGE         81                        80      1       82

PRECIPITATION (IN)
  YESTERDAY        0.00          2.59 1959   0.15  -0.15     0.50
  MONTH TO DATE    2.57                      2.70  -0.13     1.00
  SINCE NOV 1      8.71                     14.88  -6.17     8.96
  SINCE JAN 1      7.41                     11.39  -3.98     7.86

SNOWFALL (IN)
  YESTERDAY        0.0
  MONTH TO DATE    0.0
  SINCE MAR 1      0.0
  SINCE JUL 1      0.0
  SNOW DEPTH       0

DEGREE DAYS
 HEATING
  YESTERDAY        0                         0      0        0
  MONTH TO DATE    0                         0      0        0
  SINCE MAR 1      1                        27    -26        7
  SINCE JUL 1    198                       260    -62      149

 COOLING
  YESTERDAY       16                        15      1       17
  MONTH TO DATE  418                       363     55      406
  SINCE MAR 1   1135                       792    343      867
  SINCE JAN 1   1311                       983    328     1140
..................................................................


WIND (MPH)
  HIGHEST WIND SPEED    21   HIGHEST WIND DIRECTION     E (70)
  HIGHEST GUST SPEED    26   HIGHEST GUST DIRECTION     E (70)
  AVERAGE WIND SPEED    10.5


SKY COVER
  AVERAGE SKY COVER 0.2


WEATHER CONDITIONS
 THE FOLLOWING WEATHER WAS RECORDED YESTERDAY.
  NO SIGNIFICANT WEATHER WAS OBSERVED.


RELATIVE HUMIDITY (PERCENT)
 HIGHEST    90
 LOWEST     34
 AVERAGE    62

..........................................................


THE NAPLES CLIMATE NORMALS FOR TODAY
                         NORMAL    RECORD    YEAR
 MAXIMUM TEMPERATURE (F)   89        96      2011
 MINIMUM TEMPERATURE (F)   71        62      1975


SUNRISE AND SUNSET
MAY 29 2015...........SUNRISE   636 AM EDT   SUNSET   814 PM EDT
MAY 30 2015...........SUNRISE   635 AM EDT   SUNSET   814 PM EDT


-  INDICATES NEGATIVE NUMBERS.
R  INDICATES RECORD WAS SET OR TIED.
MM INDICATES DATA IS MISSING.
T  INDICATES TRACE AMOUNT.




$$
