000
CDUS43 KAPX 112233
CLIAPN


CLIMATE REPORT
NATIONAL WEATHER SERVICE GAYLORD MI
533 PM EST MON DEC 11 2017


...................................

...THE ALPENA MI CLIMATE SUMMARY FOR DECEMBER 11 2017...
VALID TODAY AS OF 0500 PM LOCAL TIME.

CLIMATE NORMAL PERIOD 1981 TO 2010
CLIMATE RECORD PERIOD 1916 TO 2017


WEATHER ITEM   OBSERVED TIME   RECORD YEAR NORMAL DEPARTURE LAST
                VALUE   (LST)  VALUE       VALUE  FROM      YEAR
                                                  NORMAL
..................................................................
TEMPERATURE (F)
 TODAY
  MAXIMUM         21    459 PM  49    2015  33    -12       26
  MINIMUM         16    811 AM -18    1977  20     -4       15
  AVERAGE         19                        26     -7       21

PRECIPITATION (IN)
  TODAY            0.03          0.64 1931   0.06  -0.03     0.10
  MONTH TO DATE    0.40                      0.69  -0.29     0.55
  SINCE DEC 1      0.40                      0.69  -0.29     0.55
  SINCE JAN 1     39.31                     27.10  12.21    28.39

SNOWFALL (IN)
  TODAY           MM             3.2  1983   0.6             1.9
  MONTH TO DATE    2.2                       6.4             7.9
  SINCE OCT 1      2.7                      14.5             9.7
  SINCE JUL 1      2.7                      14.5             9.7

DEGREE DAYS
 HEATING
  TODAY           46                        39      7       44
  MONTH TO DATE  385                       405    -20      369
  SINCE DEC 1    385                       405    -20      369
  SINCE JUL 1   1889                      2228   -339     1578
..................................................................


WIND (MPH)
  RESULTANT WIND SPEED   4   RESULTANT WIND DIRECTION  SW (210)
  HIGHEST WIND SPEED    12   HIGHEST WIND DIRECTION     S (160)
  HIGHEST GUST SPEED    14   HIGHEST GUST DIRECTION    SW (210)
  AVERAGE WIND SPEED     6.2


SKY COVER
  POSSIBLE SUNSHINE  MM
  AVERAGE SKY COVER 0.9


WEATHER CONDITIONS
 THE FOLLOWING WEATHER WAS RECORDED TODAY.
  LIGHT SNOW
  FOG


RELATIVE HUMIDITY (PERCENT)
 HIGHEST    92
 LOWEST     67
 AVERAGE    80

..........................................................


THE ALPENA MI CLIMATE NORMALS FOR TOMORROW
                         NORMAL    RECORD    YEAR
 MAXIMUM TEMPERATURE (F)   33        53      1991
                                             1949
 MINIMUM TEMPERATURE (F)   20       -11      1988


SUNRISE AND SUNSET
DECEMBER 11 2017......SUNRISE   803 AM EST   SUNSET   452 PM EST
DECEMBER 12 2017......SUNRISE   804 AM EST   SUNSET   452 PM EST


-  INDICATES NEGATIVE NUMBERS.
R  INDICATES RECORD WAS SET OR TIED.
MM INDICATES DATA IS MISSING.
T  INDICATES TRACE AMOUNT.




$$
