000
CDUS43 KAPX 190600
CLIAPN


CLIMATE REPORT
NATIONAL WEATHER SERVICE GAYLORD MI
1259 AM EST FRI DEC 19 2014


...................................

...THE ALPENA MI CLIMATE SUMMARY FOR DECEMBER 18 2014...

CLIMATE NORMAL PERIOD 1981 TO 2010
CLIMATE RECORD PERIOD 1916 TO 2014


WEATHER ITEM   OBSERVED TIME   RECORD YEAR NORMAL DEPARTURE LAST
                VALUE   (LST)  VALUE       VALUE  FROM      YEAR
                                                  NORMAL
..................................................................
TEMPERATURE (F)
 YESTERDAY
  MAXIMUM         26   1230 AM  51    1931  31     -5       24
  MINIMUM         15   1159 PM -17    1926  18     -3       14
  AVERAGE         21                        24     -3       19

PRECIPITATION (IN)
  YESTERDAY        0.00          0.53 1921   0.05  -0.05     0.01
  MONTH TO DATE    0.76                      1.07  -0.31     1.32
  SINCE DEC 1      0.76                      1.07  -0.31     1.32
  SINCE JAN 1     33.87                     27.48   6.39    30.79

SNOWFALL (IN)
  YESTERDAY        0.0           8.0  1951   0.6   -0.6      0.5
  MONTH TO DATE    0.5                      10.7  -10.2     13.1
  SINCE OCT 1     16.1                      18.8   -2.7     15.7
  SINCE JUL 1     16.1                      18.8   -2.7     15.7
  SNOW DEPTH       1

DEGREE DAYS
 HEATING
  YESTERDAY       44                        41      3       46
  MONTH TO DATE  649                       685    -36      829
  SINCE DEC 1    649                       685    -36      829
  SINCE JUL 1   2582                      2508     74     2697
..................................................................


WIND (MPH)
  HIGHEST WIND SPEED    17   HIGHEST WIND DIRECTION     N (360)
  HIGHEST GUST SPEED    20   HIGHEST GUST DIRECTION     N (350)
  AVERAGE WIND SPEED     8.0




RELATIVE HUMIDITY (PERCENT)
 HIGHEST    92
 LOWEST     74
 AVERAGE    83

..........................................................


THE ALPENA MI CLIMATE NORMALS FOR TODAY
                         NORMAL    RECORD    YEAR
 MAXIMUM TEMPERATURE (F)   31        55      2002
                                             1923
 MINIMUM TEMPERATURE (F)   17       -12      1983
                                             1973
                                             1919


SUNRISE AND SUNSET
DECEMBER 19 2014......SUNRISE   809 AM EST   SUNSET   454 PM EST
DECEMBER 20 2014......SUNRISE   809 AM EST   SUNSET   455 PM EST


-  INDICATES NEGATIVE NUMBERS.
R  INDICATES RECORD WAS SET OR TIED.
MM INDICATES DATA IS MISSING.
T  INDICATES TRACE AMOUNT.




$$
