000
CDUS43 KAPX 230527
CLIAPN


CLIMATE REPORT
NATIONAL WEATHER SERVICE GAYLORD MI
1226 AM EST FRI FEB 23 2018


...................................

...THE ALPENA MI CLIMATE SUMMARY FOR FEBRUARY 22 2018...

CLIMATE NORMAL PERIOD 1981 TO 2010
CLIMATE RECORD PERIOD 1916 TO 2018


WEATHER ITEM   OBSERVED TIME   RECORD YEAR NORMAL DEPARTURE LAST
                VALUE   (LST)  VALUE       VALUE  FROM      YEAR
                                                  NORMAL
..................................................................
TEMPERATURE (F)
 YESTERDAY
  MAXIMUM         30   1159 PM  61    2017  31     -1       61
  MINIMUM         18    313 AM -24    1936  12      6       34
  AVERAGE         24                        22      2       48

PRECIPITATION (IN)
  YESTERDAY        0.00          1.01 1974   0.05  -0.05      T
  MONTH TO DATE    1.48                      0.99   0.49     0.91
  SINCE DEC 1      4.87                      4.40   0.47     5.59
  SINCE JAN 1      3.63                      2.65   0.98     3.55

SNOWFALL (IN)
  YESTERDAY        0.0          18.2  1922   0.6   -0.6      0.0
  MONTH TO DATE    8.0                      13.9   -5.9      6.1
  SINCE OCT 1     37.1                      62.5  -25.4     49.8
  SINCE JUL 1     37.1                      62.5  -25.4     49.8
  SNOW DEPTH       0

DEGREE DAYS
 HEATING
  YESTERDAY       41                        43     -2       17
  MONTH TO DATE 1019                       993     26      833
  SINCE DEC 1   3781                      3652    129     3224
  SINCE JUL 1   5285                      5475   -190     4433
..................................................................


WIND (MPH)
  HIGHEST WIND SPEED    13   HIGHEST WIND DIRECTION    SE (140)
  HIGHEST GUST SPEED    15   HIGHEST GUST DIRECTION    SE (130)
  AVERAGE WIND SPEED     4.6




RELATIVE HUMIDITY (PERCENT)
 HIGHEST   100
 LOWEST     63
 AVERAGE    82

..........................................................


THE ALPENA MI CLIMATE NORMALS FOR TODAY
                         NORMAL    RECORD    YEAR
 MAXIMUM TEMPERATURE (F)   31        65      1984
 MINIMUM TEMPERATURE (F)   13       -17      2015


SUNRISE AND SUNSET
FEBRUARY 23 2018......SUNRISE   722 AM EST   SUNSET   613 PM EST
FEBRUARY 24 2018......SUNRISE   721 AM EST   SUNSET   615 PM EST


-  INDICATES NEGATIVE NUMBERS.
R  INDICATES RECORD WAS SET OR TIED.
MM INDICATES DATA IS MISSING.
T  INDICATES TRACE AMOUNT.




$$
