000
CDUS43 KAPX 260544
CLIAPN


CLIMATE REPORT
NATIONAL WEATHER SERVICE GAYLORD MI
144 AM EDT WED APR 26 2017


...................................

...THE ALPENA MI CLIMATE SUMMARY FOR APRIL 25 2017...

CLIMATE NORMAL PERIOD 1981 TO 2010
CLIMATE RECORD PERIOD 1916 TO 2017


WEATHER ITEM   OBSERVED TIME   RECORD YEAR NORMAL DEPARTURE LAST
                VALUE   (LST)  VALUE       VALUE  FROM      YEAR
                                                  NORMAL
..................................................................
TEMPERATURE (F)
 YESTERDAY
  MAXIMUM         59    204 PM  90    1990  57      2       40
  MINIMUM         38    129 AM  20    2015  34      4       35
                                      1963
  AVERAGE         49                        46      3       38

PRECIPITATION (IN)
  YESTERDAY        0.00          1.27 1929   0.08  -0.08     1.02
  MONTH TO DATE    4.00                      2.00   2.00     3.22
  SINCE MAR 1      6.83                      3.86   2.97     8.74
  SINCE JAN 1     12.32                      6.84   5.48    13.22

SNOWFALL (IN)
  YESTERDAY        0.0           0.4  1926   0.1   -0.1      0.0
  MONTH TO DATE    T                         5.5   -5.5     21.8
  SINCE OCT 1     66.4                      83.8  -17.4     88.8
  SINCE JUL 1     66.4                      83.8  -17.4     88.8
  SNOW DEPTH       0

DEGREE DAYS
 HEATING
  YESTERDAY       16                        20     -4       27
  MONTH TO DATE  514                       610    -96      729
  SINCE MAR 1   1645                      1734    -89     1707
  SINCE JUL 1   6276                      7466  -1190     6489

 COOLING
  YESTERDAY        0                         0      0        0
  MONTH TO DATE    0                         0      0        0
  SINCE MAR 1      0                         0      0        0
  SINCE JAN 1      0                         0      0        0
..................................................................


WIND (MPH)
  HIGHEST WIND SPEED    18   HIGHEST WIND DIRECTION    SE (120)
  HIGHEST GUST SPEED    29   HIGHEST GUST DIRECTION     E (110)
  AVERAGE WIND SPEED     8.9




RELATIVE HUMIDITY (PERCENT)
 HIGHEST   100
 LOWEST     66
 AVERAGE    83

..........................................................


THE ALPENA MI CLIMATE NORMALS FOR TODAY
                         NORMAL    RECORD    YEAR
 MAXIMUM TEMPERATURE (F)   57        89      1990
 MINIMUM TEMPERATURE (F)   35        18      1958


SUNRISE AND SUNSET
APRIL 26 2017.........SUNRISE   631 AM EDT   SUNSET   834 PM EDT
APRIL 27 2017.........SUNRISE   629 AM EDT   SUNSET   835 PM EDT


-  INDICATES NEGATIVE NUMBERS.
R  INDICATES RECORD WAS SET OR TIED.
MM INDICATES DATA IS MISSING.
T  INDICATES TRACE AMOUNT.




$$
