000
CDUS43 KAPX 220527
CLIAPN


CLIMATE REPORT
NATIONAL WEATHER SERVICE GAYLORD MI
127 AM EDT WED OCT 22 2014


...................................

...THE ALPENA MI CLIMATE SUMMARY FOR OCTOBER 21 2014...

CLIMATE NORMAL PERIOD 1981 TO 2010
CLIMATE RECORD PERIOD 1916 TO 2014


WEATHER ITEM   OBSERVED TIME   RECORD YEAR NORMAL DEPARTURE LAST
                VALUE   (LST)  VALUE       VALUE  FROM      YEAR
                                                  NORMAL
..................................................................
TEMPERATURE (F)
 YESTERDAY
  MAXIMUM         47    221 PM  78    1920  54     -7       51
  MINIMUM         30    908 PM  20    1922  35     -5       35
  AVERAGE         39                        44     -5       43

PRECIPITATION (IN)
  YESTERDAY        0.00          0.59 1934   0.07  -0.07     0.01
                                      1933
  MONTH TO DATE    1.92                      1.83   0.09     3.03
  SINCE SEP 1      6.07                      4.75   1.32     4.62
  SINCE JAN 1     27.97                     23.53   4.44    26.69

SNOWFALL (IN)
  YESTERDAY        0.0           1.9  1969   0.0    0.0      0.0
  MONTH TO DATE    0.0                       0.1   -0.1      0.0
  SINCE OCT 1      0.0                       0.1   -0.1      0.0
  SINCE JUL 1      0.0                       0.1   -0.1      0.0
  SNOW DEPTH       0

DEGREE DAYS
 HEATING
  YESTERDAY       26                        21      5       22
  MONTH TO DATE  344                       361    -17      290
  SINCE SEP 1    567                       603    -36      563
  SINCE JUL 1    691                       718    -27      674

 COOLING
  YESTERDAY        0                         0      0        0
  MONTH TO DATE    0                         0      0        0
  SINCE SEP 1     18                        23     -5       36
  SINCE JAN 1    168                       289   -121      343
..................................................................


WIND (MPH)
  HIGHEST WIND SPEED    23   HIGHEST WIND DIRECTION     N (10)
  HIGHEST GUST SPEED    28   HIGHEST GUST DIRECTION     N (20)
  AVERAGE WIND SPEED    12.3




RELATIVE HUMIDITY (PERCENT)
 HIGHEST    92
 LOWEST     53
 AVERAGE    73

..........................................................


THE ALPENA MI CLIMATE NORMALS FOR TODAY
                         NORMAL    RECORD    YEAR
 MAXIMUM TEMPERATURE (F)   53        83      1947
 MINIMUM TEMPERATURE (F)   35        20      2008
                                             1940
                                             1924


SUNRISE AND SUNSET
OCTOBER 22 2014.......SUNRISE   759 AM EDT   SUNSET   638 PM EDT
OCTOBER 23 2014.......SUNRISE   801 AM EDT   SUNSET   636 PM EDT


-  INDICATES NEGATIVE NUMBERS.
R  INDICATES RECORD WAS SET OR TIED.
MM INDICATES DATA IS MISSING.
T  INDICATES TRACE AMOUNT.




$$
