000
CDUS43 KAPX 222127
CLIAPN


CLIMATE REPORT
NATIONAL WEATHER SERVICE GAYLORD MI
527 PM EDT TUE AUG 22 2017


...................................

...THE ALPENA MI CLIMATE SUMMARY FOR AUGUST 22 2017...
VALID TODAY AS OF 0500 PM LOCAL TIME.

CLIMATE NORMAL PERIOD 1981 TO 2010
CLIMATE RECORD PERIOD 1916 TO 2017


WEATHER ITEM   OBSERVED TIME   RECORD YEAR NORMAL DEPARTURE LAST
                VALUE   (LST)  VALUE       VALUE  FROM      YEAR
                                                  NORMAL
..................................................................
TEMPERATURE (F)
 TODAY
  MAXIMUM         77   1116 AM  97    1955  76      1       77
  MINIMUM         67    108 PM  32    1957  53     14       48
  AVERAGE         72                        65      7       63

PRECIPITATION (IN)
  TODAY            0.07          1.85 1918   0.11  -0.04     0.00
  MONTH TO DATE    3.64                      2.26   1.38     1.00
  SINCE JUN 1     12.05                      7.91   4.14     4.98
  SINCE JAN 1     27.36                     17.81   9.55    19.71

DEGREE DAYS
 HEATING
  TODAY            0                         3     -3        2
  MONTH TO DATE    5                        42    -37        4
  SINCE JUN 1     95                       229   -134      129
  SINCE JUL 1     12                        86    -74       21

 COOLING
  TODAY            7                         2      5        0
  MONTH TO DATE   78                        62     16      159
  SINCE JUN 1    261                       234     27      415
  SINCE JAN 1    267                       247     20      447
..................................................................


WIND (MPH)
  RESULTANT WIND SPEED   8   RESULTANT WIND DIRECTION   W (260)
  HIGHEST WIND SPEED    22   HIGHEST WIND DIRECTION    NW (320)
  HIGHEST GUST SPEED    33   HIGHEST GUST DIRECTION    NW (310)
  AVERAGE WIND SPEED     9.3


SKY COVER
  POSSIBLE SUNSHINE  MM
  AVERAGE SKY COVER 0.5


WEATHER CONDITIONS
 THE FOLLOWING WEATHER WAS RECORDED TODAY.
  LIGHT RAIN
  FOG
  HAZE


RELATIVE HUMIDITY (PERCENT)
 HIGHEST   100
 LOWEST     57
 AVERAGE    79

..........................................................


THE ALPENA MI CLIMATE NORMALS FOR TOMORROW
                         NORMAL    RECORD    YEAR
 MAXIMUM TEMPERATURE (F)   76        95      1947
 MINIMUM TEMPERATURE (F)   53        30      1934


SUNRISE AND SUNSET
AUGUST 22 2017........SUNRISE   645 AM EDT   SUNSET   829 PM EDT
AUGUST 23 2017........SUNRISE   646 AM EDT   SUNSET   827 PM EDT


-  INDICATES NEGATIVE NUMBERS.
R  INDICATES RECORD WAS SET OR TIED.
MM INDICATES DATA IS MISSING.
T  INDICATES TRACE AMOUNT.




$$
