000
CDUS43 KAPX 040527
CLIAPN


CLIMATE REPORT
NATIONAL WEATHER SERVICE GAYLORD MI
127 AM EDT TUE AUG 4 2015


...................................

...THE ALPENA MI CLIMATE SUMMARY FOR AUGUST 3 2015...

CLIMATE NORMAL PERIOD 1981 TO 2010
CLIMATE RECORD PERIOD 1916 TO 2015


WEATHER ITEM   OBSERVED TIME   RECORD YEAR NORMAL DEPARTURE LAST
                VALUE   (LST)  VALUE       VALUE  FROM      YEAR
                                                  NORMAL
..................................................................
TEMPERATURE (F)
 YESTERDAY
  MAXIMUM         75    423 PM  98    1988  79     -4       79
  MINIMUM         58   1159 PM  39    1918  55      3       50
  AVERAGE         67                        67      0       65

PRECIPITATION (IN)
  YESTERDAY        T             0.86 1964   0.10  -0.10      T
  MONTH TO DATE    0.36                      0.30   0.06      T
  SINCE JUN 1      4.17                      5.95  -1.78     5.09
  SINCE JAN 1     12.72                     15.85  -3.13    16.59

DEGREE DAYS
 HEATING
  YESTERDAY        0                         1     -1        0
  MONTH TO DATE    0                         3     -3        1
  SINCE JUN 1    178                       190    -12      182
  SINCE JUL 1     35                        47    -12       70

 COOLING
  YESTERDAY        2                         3     -1        0
  MONTH TO DATE   11                        10      1        2
  SINCE JUN 1    161                       182    -21      108
  SINCE JAN 1    185                       195    -10      113
..................................................................


WIND (MPH)
  HIGHEST WIND SPEED    17   HIGHEST WIND DIRECTION    NW (330)
  HIGHEST GUST SPEED    21   HIGHEST GUST DIRECTION    NW (320)
  AVERAGE WIND SPEED     6.3




RELATIVE HUMIDITY (PERCENT)
 HIGHEST    97
 LOWEST     46
 AVERAGE    72

..........................................................


THE ALPENA MI CLIMATE NORMALS FOR TODAY
                         NORMAL    RECORD    YEAR
 MAXIMUM TEMPERATURE (F)   79        95      2012
                                             1955
 MINIMUM TEMPERATURE (F)   55        38      1951


SUNRISE AND SUNSET
AUGUST  4 2015........SUNRISE   623 AM EDT   SUNSET   857 PM EDT
AUGUST  5 2015........SUNRISE   624 AM EDT   SUNSET   856 PM EDT


-  INDICATES NEGATIVE NUMBERS.
R  INDICATES RECORD WAS SET OR TIED.
MM INDICATES DATA IS MISSING.
T  INDICATES TRACE AMOUNT.




$$
