000
CDUS43 KAPX 280531
CLIAPN


CLIMATE REPORT
NATIONAL WEATHER SERVICE GAYLORD MI
131 AM EDT FRI AUG 28 2015


...................................

...THE ALPENA MI CLIMATE SUMMARY FOR AUGUST 27 2015...

CLIMATE NORMAL PERIOD 1981 TO 2010
CLIMATE RECORD PERIOD 1916 TO 2015


WEATHER ITEM   OBSERVED TIME   RECORD YEAR NORMAL DEPARTURE LAST
                VALUE   (LST)  VALUE       VALUE  FROM      YEAR
                                                  NORMAL
..................................................................
TEMPERATURE (F)
 YESTERDAY
  MAXIMUM         66    333 PM  94    1953  75     -9       71
                                      1948
  MINIMUM         50   1159 PM  36    1934  52     -2       50
  AVERAGE         58                        64     -6       61

PRECIPITATION (IN)
  YESTERDAY        0.00          1.63 1993   0.11  -0.11      T
  MONTH TO DATE    2.15                      2.80  -0.65     4.17
  SINCE JUN 1      5.96                      8.45  -2.49     9.26
  SINCE JAN 1     14.51                     18.35  -3.84    20.76

DEGREE DAYS
 HEATING
  YESTERDAY        7                         3      4        4
  MONTH TO DATE   35                        57    -22       41
  SINCE JUN 1    213                       244    -31      222
  SINCE JUL 1     70                       101    -31      110

 COOLING
  YESTERDAY        0                         2     -2        0
  MONTH TO DATE  116                        72     44       30
  SINCE JUN 1    266                       244     22      136
  SINCE JAN 1    290                       257     33      141
..................................................................


WIND (MPH)
  HIGHEST WIND SPEED    12   HIGHEST WIND DIRECTION    NW (320)
  HIGHEST GUST SPEED    15   HIGHEST GUST DIRECTION    NW (320)
  AVERAGE WIND SPEED     3.9




RELATIVE HUMIDITY (PERCENT)
 HIGHEST    93
 LOWEST     63
 AVERAGE    78

..........................................................


THE ALPENA MI CLIMATE NORMALS FOR TODAY
                         NORMAL    RECORD    YEAR
 MAXIMUM TEMPERATURE (F)   75        96      1953
 MINIMUM TEMPERATURE (F)   52        31      1925


SUNRISE AND SUNSET
AUGUST 28 2015........SUNRISE   651 AM EDT   SUNSET   819 PM EDT
AUGUST 29 2015........SUNRISE   652 AM EDT   SUNSET   817 PM EDT


-  INDICATES NEGATIVE NUMBERS.
R  INDICATES RECORD WAS SET OR TIED.
MM INDICATES DATA IS MISSING.
T  INDICATES TRACE AMOUNT.




$$
