000
CDUS44 KLCH 252211
CLIARA


CLIMATE REPORT
NATIONAL WEATHER SERVICE LAKE CHARLES, LA
510 PM CDT WED MAY 25 2016


...................................

...THE NEW IBERIA CLIMATE SUMMARY FOR MAY 25 2016...
VALID TODAY AS OF 0500 PM LOCAL TIME.

CLIMATE NORMAL PERIOD 1981 TO 2010
CLIMATE RECORD PERIOD 1948 TO 2016


WEATHER ITEM   OBSERVED TIME   RECORD YEAR NORMAL DEPARTURE LAST
                VALUE   (LST)  VALUE       VALUE  FROM      YEAR
                                                  NORMAL
..................................................................
TEMPERATURE (F)
 TODAY
  MAXIMUM         88    321 PM  94    2010  88      0       88
                                      2005
  MINIMUM         74    426 AM  60    1985  69      5       70
  AVERAGE         81                        78      3       79

PRECIPITATION (IN)
  TODAY            0.00          5.85 1961   0.23  -0.23     0.23
  MONTH TO DATE    4.53                      3.51   1.02     4.54
  SINCE MAR 1     14.82                     11.35   3.47    18.52
  SINCE JAN 1     25.05                     20.76   4.29    24.98

SNOWFALL (IN)
  TODAY            0.0           0.0    MM  MM               0.0
  MONTH TO DATE    0.0                      MM               0.0
  SINCE MAR 1      0.0                      MM                T
  SINCE JUL 1      0.0                      MM                T

DEGREE DAYS
 HEATING
  TODAY            0                         0      0        0
  MONTH TO DATE    0                         0      0        0
  SINCE MAR 1     81                       192   -111       73
  SINCE JUL 1    997                      1408   -411     1416

 COOLING
  TODAY           16                        13      3       14
  MONTH TO DATE  242                       266    -24      215
  SINCE MAR 1    528                       455     73      533
  SINCE JAN 1    538                       486     52      537
..................................................................


WIND (MPH)
  RESULTANT WIND SPEED   9   RESULTANT WIND DIRECTION   S (160)
  HIGHEST WIND SPEED    18   HIGHEST WIND DIRECTION     S (170)
  HIGHEST GUST SPEED    24   HIGHEST GUST DIRECTION     S (160)
  AVERAGE WIND SPEED    10.2


SKY COVER
  POSSIBLE SUNSHINE  MM
  AVERAGE SKY COVER 0.5


WEATHER CONDITIONS
 THE FOLLOWING WEATHER WAS RECORDED TODAY.
  FOG


RELATIVE HUMIDITY (PERCENT)
 HIGHEST   100           300 AM
 LOWEST     61           400 PM
 AVERAGE    81

..........................................................


THE NEW IBERIA CLIMATE NORMALS FOR TOMORROW
                         NORMAL    RECORD    YEAR
 MAXIMUM TEMPERATURE (F)   88        93      2012
                                             2011
                                             1996
 MINIMUM TEMPERATURE (F)   69        53      1979


SUNRISE AND SUNSET
MAY 25 2016...........SUNRISE   609 AM CDT   SUNSET   801 PM CDT
MAY 26 2016...........SUNRISE   608 AM CDT   SUNSET   801 PM CDT


-  INDICATES NEGATIVE NUMBERS.
R  INDICATES RECORD WAS SET OR TIED.
MM INDICATES DATA IS MISSING.
T  INDICATES TRACE AMOUNT.




$$
