000
CDUS44 KLCH 232228
CLIARA


CLIMATE REPORT
NATIONAL WEATHER SERVICE LAKE CHARLES, LA
527 PM CDT THU MAR 23 2017


...................................

...THE NEW IBERIA CLIMATE SUMMARY FOR MARCH 23 2017...
VALID TODAY AS OF 0500 PM LOCAL TIME.

CLIMATE NORMAL PERIOD 1981 TO 2010
CLIMATE RECORD PERIOD 1948 TO 2017


WEATHER ITEM   OBSERVED TIME   RECORD YEAR NORMAL DEPARTURE LAST
                VALUE   (LST)  VALUE       VALUE  FROM      YEAR
                                                  NORMAL
..................................................................
TEMPERATURE (F)
 TODAY
  MAXIMUM         86R   135 PM  82    2012  74     12       76
                                      2011
                                      2000
  MINIMUM         58    427 AM  33    1955  53      5       55
  AVERAGE         72                        63      9       66

PRECIPITATION (IN)
  TODAY            0.00          1.30 1979   0.10  -0.10      T
  MONTH TO DATE    0.69                      2.78  -2.09     3.55
  SINCE MAR 1      0.69                      2.78  -2.09     3.55
  SINCE JAN 1      3.49                     12.19  -8.70    13.78

SNOWFALL (IN)
  TODAY            0.0           0.0    MM  MM               0.0
  MONTH TO DATE    0.0                      MM               0.0
  SINCE MAR 1      0.0                      MM               0.0
  SINCE JUL 1      0.0                      MM               0.0

DEGREE DAYS
 HEATING
  TODAY            0                         4     -4        0
  MONTH TO DATE   71                       121    -50       58
  SINCE MAR 1     71                       121    -50       58
  SINCE JUL 1    700                      1337   -637      974

 COOLING
  TODAY            7                         2      5        1
  MONTH TO DATE   70                        31     39       72
  SINCE MAR 1     70                        31     39       72
  SINCE JAN 1    205                        62    143       82
..................................................................


WIND (MPH)
  RESULTANT WIND SPEED   4   RESULTANT WIND DIRECTION   S (170)
  HIGHEST WIND SPEED    16   HIGHEST WIND DIRECTION     S (190)
  HIGHEST GUST SPEED    20   HIGHEST GUST DIRECTION     S (190)
  AVERAGE WIND SPEED     6.0


SKY COVER
  POSSIBLE SUNSHINE  MM
  AVERAGE SKY COVER 0.4


WEATHER CONDITIONS
 THE FOLLOWING WEATHER WAS RECORDED TODAY.
  FOG
  FOG W/VISIBILITY <= 1/4 MILE


RELATIVE HUMIDITY (PERCENT)
 HIGHEST    93          1200 AM
 LOWEST     27           400 PM
 AVERAGE    60

..........................................................


THE NEW IBERIA CLIMATE NORMALS FOR TOMORROW
                         NORMAL    RECORD    YEAR
 MAXIMUM TEMPERATURE (F)   74        84      1948
 MINIMUM TEMPERATURE (F)   53        34      1968


SUNRISE AND SUNSET
MARCH 23 2017.........SUNRISE   707 AM CDT   SUNSET   721 PM CDT
MARCH 24 2017.........SUNRISE   706 AM CDT   SUNSET   722 PM CDT


-  INDICATES NEGATIVE NUMBERS.
R  INDICATES RECORD WAS SET OR TIED.
MM INDICATES DATA IS MISSING.
T  INDICATES TRACE AMOUNT.




$$
