000
CDUS44 KLCH 212214
CLIARA


CLIMATE REPORT
NATIONAL WEATHER SERVICE LAKE CHARLES, LA
514 PM CDT THU AUG 21 2014


...................................

...THE NEW IBERIA CLIMATE SUMMARY FOR AUGUST 21 2014...
VALID TODAY AS OF 0500 PM LOCAL TIME.

CLIMATE NORMAL PERIOD 1981 TO 2010
CLIMATE RECORD PERIOD 1948 TO 2014


WEATHER ITEM   OBSERVED TIME   RECORD YEAR NORMAL DEPARTURE LAST
                VALUE   (LST)  VALUE       VALUE  FROM      YEAR
                                                  NORMAL
..................................................................
TEMPERATURE (F)
 TODAY
  MAXIMUM         94   1141 AM  98    1948  92      2       94
  MINIMUM         76    506 AM  65    1957  74      2       75
  AVERAGE         85                        83      2       85

PRECIPITATION (IN)
  TODAY            0.13          1.12 1962   0.17  -0.04     0.00
  MONTH TO DATE    2.09                      3.29  -1.20     3.31
  SINCE JUN 1     19.10                     16.83   2.27    17.02
  SINCE JAN 1     35.44                     39.06  -3.62    52.39

SNOWFALL (IN)
  TODAY            0.0           0.0    MM  MM               0.0
  MONTH TO DATE    0.0                      MM               0.0
  SINCE JUN 1      0.0                      MM               0.0
  SINCE JUL 1      0.0                      MM               0.0

DEGREE DAYS
 HEATING
  TODAY            0                         0      0        0
  MONTH TO DATE    0                         0      0        0
  SINCE JUN 1      0                         0      0        0
  SINCE JUL 1      0                         0      0        0

 COOLING
  TODAY           20                        18      2       20
  MONTH TO DATE  387                       378      9      420
  SINCE JUN 1   1430                      1396     34     1550
  SINCE JAN 1   1916                      1966    -50     2131
..................................................................


WIND (MPH)
  RESULTANT WIND SPEED   3   RESULTANT WIND DIRECTION   S (160)
  HIGHEST WIND SPEED    20   HIGHEST WIND DIRECTION     W (250)
  HIGHEST GUST SPEED    28   HIGHEST GUST DIRECTION     W (250)
  AVERAGE WIND SPEED     4.6


SKY COVER
  POSSIBLE SUNSHINE  MM
  AVERAGE SKY COVER 0.3


WEATHER CONDITIONS
 THE FOLLOWING WEATHER WAS RECORDED TODAY.
  THUNDERSTORM
  RAIN
  LIGHT RAIN
  FOG


RELATIVE HUMIDITY (PERCENT)
 HIGHEST    94           300 AM
 LOWEST     64          1000 AM
 AVERAGE    79

..........................................................


THE NEW IBERIA CLIMATE NORMALS FOR TOMORROW
                         NORMAL    RECORD    YEAR
 MAXIMUM TEMPERATURE (F)   92        98      2011
 MINIMUM TEMPERATURE (F)   74        59      1961
                                             1956


SUNRISE AND SUNSET
AUGUST 21 2014........SUNRISE   638 AM CDT   SUNSET   742 PM CDT
AUGUST 22 2014........SUNRISE   639 AM CDT   SUNSET   741 PM CDT


-  INDICATES NEGATIVE NUMBERS.
R  INDICATES RECORD WAS SET OR TIED.
MM INDICATES DATA IS MISSING.
T  INDICATES TRACE AMOUNT.




$$
