000
CDUS44 KLCH 192204
CLIARA


CLIMATE REPORT
NATIONAL WEATHER SERVICE LAKE CHARLES, LA
504 PM CDT SAT AUG 19 2017


...................................

...THE NEW IBERIA CLIMATE SUMMARY FOR AUGUST 19 2017...
VALID TODAY AS OF 0500 PM LOCAL TIME.

CLIMATE NORMAL PERIOD 1981 TO 2010
CLIMATE RECORD PERIOD 1948 TO 2017


WEATHER ITEM   OBSERVED TIME   RECORD YEAR NORMAL DEPARTURE LAST
                VALUE   (LST)  VALUE       VALUE  FROM      YEAR
                                                  NORMAL
..................................................................
TEMPERATURE (F)
 TODAY
  MAXIMUM         96    322 PM  98    2011  92      4       91
  MINIMUM         76    609 AM  67    1961  74      2       75
  AVERAGE         86                        83      3       83

PRECIPITATION (IN)
  TODAY            0.00          2.45 2015   0.17  -0.17     0.46
  MONTH TO DATE    6.19                      2.96   3.23    28.08
  SINCE JUN 1     23.94                     16.50   7.44    40.23
  SINCE JAN 1     42.18                     38.73   3.45    65.76

SNOWFALL (IN)
  TODAY            0.0           0.0    MM  MM               0.0
  MONTH TO DATE    0.0                      MM               0.0
  SINCE JUN 1      0.0                      MM               0.0
  SINCE JUL 1      0.0                      MM               0.0

DEGREE DAYS
 HEATING
  TODAY            0                         0      0        0
  MONTH TO DATE    0                         0      0        0
  SINCE JUN 1      0                         0      0        0
  SINCE JUL 1      0                         0      0        0

 COOLING
  TODAY           21                        18      3       18
  MONTH TO DATE  348                       342      6      335
  SINCE JUN 1   1364                      1360      4     1436
  SINCE JAN 1   2111                      1930    181     2062
..................................................................


WIND (MPH)
  RESULTANT WIND SPEED   2   RESULTANT WIND DIRECTION  NW (310)
  HIGHEST WIND SPEED    10   HIGHEST WIND DIRECTION    NW (300)
  HIGHEST GUST SPEED    13   HIGHEST GUST DIRECTION    NW (300)
  AVERAGE WIND SPEED     2.7


SKY COVER
  POSSIBLE SUNSHINE  MM
  AVERAGE SKY COVER 0.1


WEATHER CONDITIONS
 THE FOLLOWING WEATHER WAS RECORDED TODAY.
  FOG


RELATIVE HUMIDITY (PERCENT)
 HIGHEST    94           400 AM
 LOWEST     52           300 PM
 AVERAGE    73

..........................................................


THE NEW IBERIA CLIMATE NORMALS FOR TOMORROW
                         NORMAL    RECORD    YEAR
 MAXIMUM TEMPERATURE (F)   92        98      1948
 MINIMUM TEMPERATURE (F)   74        62      1976


SUNRISE AND SUNSET
AUGUST 19 2017........SUNRISE   637 AM CDT   SUNSET   744 PM CDT
AUGUST 20 2017........SUNRISE   638 AM CDT   SUNSET   743 PM CDT


-  INDICATES NEGATIVE NUMBERS.
R  INDICATES RECORD WAS SET OR TIED.
MM INDICATES DATA IS MISSING.
T  INDICATES TRACE AMOUNT.




$$
