000
CDUS44 KLCH 011245
CLIARA


CLIMATE REPORT
NATIONAL WEATHER SERVICE LAKE CHARLES, LA
745 AM CDT SAT OCT 1 2016


...................................

...THE NEW IBERIA CLIMATE SUMMARY FOR SEPTEMBER 30 2016...

CLIMATE NORMAL PERIOD 1981 TO 2010
CLIMATE RECORD PERIOD 1948 TO 2016


WEATHER ITEM   OBSERVED TIME   RECORD YEAR NORMAL DEPARTURE LAST
                VALUE   (LST)  VALUE       VALUE  FROM      YEAR
                                                  NORMAL
..................................................................
TEMPERATURE (F)
 YESTERDAY
  MAXIMUM         83    308 PM  94    1998  85     -2       91
                                      1980
                                      1954
  MINIMUM         57    619 AM  47    1967  65     -8       71
                                      1949
  AVERAGE         70                        75     -5       81

PRECIPITATION (IN)
  YESTERDAY        0.00          2.16 1985   0.19  -0.19     0.00
  MONTH TO DATE    7.75                      4.63   3.12     3.35
  SINCE SEP 1      7.75                      4.63   3.12     3.35
  SINCE JAN 1     75.10                     45.48  29.62    46.26

SNOWFALL (IN)
  YESTERDAY        0.0           0.0    MM  MM               0.0
  MONTH TO DATE    0.0                      MM               0.0
  SINCE SEP 1      0.0                      MM               0.0
  SINCE JUL 1      0.0                      MM               0.0

DEGREE DAYS
 HEATING
  YESTERDAY        0                         0      0        0
  MONTH TO DATE    0                         0      0        0
  SINCE SEP 1      0                         1     -1        0
  SINCE JUL 1      0                         1     -1        0

 COOLING
  YESTERDAY        5                        10     -5       16
  MONTH TO DATE  514                       413    101      461
  SINCE SEP 1    514                       413    101      461
  SINCE JAN 1   2799                      2556    243     2811
..................................................................


WIND (MPH)
  RESULTANT WIND SPEED   5   RESULTANT WIND DIRECTION  NE (30)
  HIGHEST WIND SPEED    13   HIGHEST WIND DIRECTION    NE (40)
  HIGHEST GUST SPEED    18   HIGHEST GUST DIRECTION    NE (40)
  AVERAGE WIND SPEED     5.0


SKY COVER
  POSSIBLE SUNSHINE  MM
  AVERAGE SKY COVER 0.0


WEATHER CONDITIONS
 THE FOLLOWING WEATHER WAS RECORDED YESTERDAY.
  NO SIGNIFICANT WEATHER WAS OBSERVED.


RELATIVE HUMIDITY (PERCENT)
 HIGHEST    86           400 AM
 LOWEST     34           200 PM
 AVERAGE    60

..........................................................


THE NEW IBERIA CLIMATE NORMALS FOR TODAY
                         NORMAL    RECORD    YEAR
 MAXIMUM TEMPERATURE (F)   85        94      1998
 MINIMUM TEMPERATURE (F)   64        46      1984


SUNRISE AND SUNSET
OCTOBER  1 2016.......SUNRISE   701 AM CDT   SUNSET   652 PM CDT
OCTOBER  2 2016.......SUNRISE   702 AM CDT   SUNSET   651 PM CDT


-  INDICATES NEGATIVE NUMBERS.
R  INDICATES RECORD WAS SET OR TIED.
MM INDICATES DATA IS MISSING.
T  INDICATES TRACE AMOUNT.




$$
