000
CDUS44 KLCH 170953
CLIARA


CLIMATE REPORT
NATIONAL WEATHER SERVICE LAKE CHARLES, LA
352 AM CST TUE JAN 17 2017


...................................

...THE NEW IBERIA CLIMATE SUMMARY FOR JANUARY 16 2017...

CLIMATE NORMAL PERIOD 1981 TO 2010
CLIMATE RECORD PERIOD 1948 TO 2017


WEATHER ITEM   OBSERVED TIME   RECORD YEAR NORMAL DEPARTURE LAST
                VALUE   (LST)  VALUE       VALUE  FROM      YEAR
                                                  NORMAL
..................................................................
TEMPERATURE (F)
 YESTERDAY
  MAXIMUM         80R  1144 AM  80    1952  63     17       66
  MINIMUM         61    209 AM  23    1979  43     18       43
  AVERAGE         71                        53     18       55

PRECIPITATION (IN)
  YESTERDAY        0.02          2.95 1955   0.14  -0.12     0.39
  MONTH TO DATE    0.80                      2.65  -1.85     5.18
  SINCE DEC 1      9.50                      7.65   1.85     8.20
  SINCE JAN 1      0.80                      2.65  -1.85     5.18

SNOWFALL (IN)
  YESTERDAY        0.0           0.0    MM  MM              MM
  MONTH TO DATE    0.0                      MM               0.0
  SINCE DEC 1      0.0                      MM               0.0
  SINCE JUL 1      0.0                      MM               0.0

DEGREE DAYS
 HEATING
  YESTERDAY        0                        13    -13       10
  MONTH TO DATE  123                       208    -85      224
  SINCE DEC 1    359                       560   -201      393
  SINCE JUL 1    454                       755   -301      464

 COOLING
  YESTERDAY        6                         0      6        0
  MONTH TO DATE   33                         9     24        0
  SINCE DEC 1    100                        31     69       83
  SINCE JAN 1     33                         9     24        0
..................................................................


WIND (MPH)
  RESULTANT WIND SPEED  11   RESULTANT WIND DIRECTION  SE (150)
  HIGHEST WIND SPEED    25   HIGHEST WIND DIRECTION     S (160)
  HIGHEST GUST SPEED    34   HIGHEST GUST DIRECTION     S (160)
  AVERAGE WIND SPEED    13.5


SKY COVER
  POSSIBLE SUNSHINE  MM
  AVERAGE SKY COVER 0.6


WEATHER CONDITIONS
 THE FOLLOWING WEATHER WAS RECORDED YESTERDAY.
  LIGHT RAIN
  HAZE


RELATIVE HUMIDITY (PERCENT)
 HIGHEST    93          1200 AM
 LOWEST     64          1100 AM
 AVERAGE    79

..........................................................


THE NEW IBERIA CLIMATE NORMALS FOR TODAY
                         NORMAL    RECORD    YEAR
 MAXIMUM TEMPERATURE (F)   63        78      1952
 MINIMUM TEMPERATURE (F)   43        21      1977


SUNRISE AND SUNSET
JANUARY 17 2017.......SUNRISE   704 AM CST   SUNSET   532 PM CST
JANUARY 18 2017.......SUNRISE   704 AM CST   SUNSET   533 PM CST


-  INDICATES NEGATIVE NUMBERS.
R  INDICATES RECORD WAS SET OR TIED.
MM INDICATES DATA IS MISSING.
T  INDICATES TRACE AMOUNT.




$$
