621
CDUS43 KLOT 230633
CLIARR


CLIMATE REPORT
NATIONAL WEATHER SERVICE CHICAGO IL
133 AM CDT THU MAR 23 2017


...................................

...THE AURORA MUNICIPAL AIRPORT CLIMATE SUMMARY FOR MARCH 22 2017...

CLIMATE NORMAL PERIOD 1981 TO 2010
CLIMATE RECORD PERIOD 1998 TO 2017


WEATHER ITEM   OBSERVED TIME   RECORD YEAR NORMAL DEPARTURE LAST
                VALUE   (LST)  VALUE       VALUE  FROM      YEAR
                                                  NORMAL
..................................................................
TEMPERATURE (F)
 YESTERDAY
  MAXIMUM         42    244 PM  82    2012  50     -8       65
  MINIMUM         26    624 AM  13    2002  29     -3       39
  AVERAGE         34                        40     -6       52

PRECIPITATION (IN)
  YESTERDAY        0.00          0.29 2007   0.08  -0.08     0.00
  MONTH TO DATE    0.60                      1.55  -0.95     1.41
  SINCE MAR 1      0.60                      1.55  -0.95     1.41
  SINCE JAN 1      4.49                      4.64  -0.15     2.90

DEGREE DAYS
 HEATING
  YESTERDAY       31                        25      6       13
  MONTH TO DATE  632                       658    -26      470
  SINCE MAR 1    632                       658    -26      470
  SINCE JUL 1   4693                      5796  -1103     4591

 COOLING
  YESTERDAY        0                         0      0        0
  MONTH TO DATE    0                         0      0        0
  SINCE MAR 1      0                         0      0        0
  SINCE JAN 1      0                         0      0        0
..................................................................


WIND (MPH)
  RESULTANT WIND SPEED   9   RESULTANT WIND DIRECTION  NE (60)
  HIGHEST WIND SPEED    21   HIGHEST WIND DIRECTION    NE (40)
  HIGHEST GUST SPEED    27   HIGHEST GUST DIRECTION    NE (40)
  AVERAGE WIND SPEED     9.9


SKY COVER
  POSSIBLE SUNSHINE  MM
  AVERAGE SKY COVER 0.2


WEATHER CONDITIONS
 THE FOLLOWING WEATHER WAS RECORDED YESTERDAY.
  NO SIGNIFICANT WEATHER WAS OBSERVED.


RELATIVE HUMIDITY (PERCENT)
 HIGHEST    69           100 AM
 LOWEST     37           400 PM
 AVERAGE    53

..........................................................


THE AURORA MUNICIPAL AIRPORT CLIMATE NORMALS FOR TODAY
                         NORMAL    RECORD    YEAR
 MAXIMUM TEMPERATURE (F)   50        69      2012
 MINIMUM TEMPERATURE (F)   30        18      1999


SUNRISE AND SUNSET
MARCH 23 2017.........SUNRISE   652 AM CDT   SUNSET   710 PM CDT
MARCH 24 2017.........SUNRISE   650 AM CDT   SUNSET   711 PM CDT


-  INDICATES NEGATIVE NUMBERS.
R  INDICATES RECORD WAS SET OR TIED.
MM INDICATES DATA IS MISSING.
T  INDICATES TRACE AMOUNT.




$$
