000
CDUS43 KLOT 010639
CLIARR


CLIMATE REPORT
NATIONAL WEATHER SERVICE CHICAGO IL
139 AM CDT WED JUL 1 2015


...................................

...THE AURORA MUNICIPAL AIRPORT CLIMATE SUMMARY FOR JUNE 30 2015...

CLIMATE NORMAL PERIOD 1981 TO 2010
CLIMATE RECORD PERIOD 1998 TO 2015


WEATHER ITEM   OBSERVED TIME   RECORD YEAR NORMAL DEPARTURE LAST
                VALUE   (LST)  VALUE       VALUE  FROM      YEAR
                                                  NORMAL
..................................................................
TEMPERATURE (F)
 YESTERDAY
  MAXIMUM         77    302 PM  95    2002  84     -7       85
  MINIMUM         60   1159 PM  49    2007  60      0       65
  AVERAGE         69                        72     -3       75

PRECIPITATION (IN)
  YESTERDAY        0.02          1.94 2014   0.09  -0.07     1.94
  MONTH TO DATE    8.69                      4.01   4.68     8.96
  SINCE JUN 1      8.69                      4.01   4.68     8.96
  SINCE JAN 1     18.04                     16.89   1.15    16.95

DEGREE DAYS
 HEATING
  YESTERDAY        0                         0      0        0
  MONTH TO DATE   18                        40    -22       16
  SINCE JUN 1     18                        41    -23       16
  SINCE JUL 1   7023                      6775    248     7362

 COOLING
  YESTERDAY        4                         7     -3       10
  MONTH TO DATE  151                       155     -4      196
  SINCE JUN 1    151                       155     -4      196
  SINCE JAN 1    220                       196     24      282
..................................................................


WIND (MPH)
  RESULTANT WIND SPEED   6   RESULTANT WIND DIRECTION  NW (320)
  HIGHEST WIND SPEED    18   HIGHEST WIND DIRECTION     N (340)
  HIGHEST GUST SPEED    24   HIGHEST GUST DIRECTION     N (340)
  AVERAGE WIND SPEED     8.0


SKY COVER
  POSSIBLE SUNSHINE  MM
  AVERAGE SKY COVER 0.3


WEATHER CONDITIONS
 THE FOLLOWING WEATHER WAS RECORDED YESTERDAY.
  FOG
  HAZE


RELATIVE HUMIDITY (PERCENT)
 HIGHEST    93           200 AM
 LOWEST     56           300 PM
 AVERAGE    75

..........................................................


THE AURORA MUNICIPAL AIRPORT CLIMATE NORMALS FOR TODAY
                         NORMAL    RECORD    YEAR
 MAXIMUM TEMPERATURE (F)   84        93      2002
 MINIMUM TEMPERATURE (F)   60        47      2001


SUNRISE AND SUNSET
JULY  1 2015..........SUNRISE   523 AM CDT   SUNSET   832 PM CDT
JULY  2 2015..........SUNRISE   523 AM CDT   SUNSET   832 PM CDT


-  INDICATES NEGATIVE NUMBERS.
R  INDICATES RECORD WAS SET OR TIED.
MM INDICATES DATA IS MISSING.
T  INDICATES TRACE AMOUNT.




$$
