000
CDUS43 KLOT 231151
CLIARR


CLIMATE REPORT
NATIONAL WEATHER SERVICE CHICAGO IL
650 AM CDT SAT MAY 23 2015


...................................

...THE AURORA MUNICIPAL AIRPORT CLIMATE SUMMARY FOR MAY 22 2015...

CLIMATE NORMAL PERIOD 1981 TO 2010
CLIMATE RECORD PERIOD 1998 TO 2015


WEATHER ITEM   OBSERVED TIME   RECORD YEAR NORMAL DEPARTURE LAST
                VALUE   (LST)  VALUE       VALUE  FROM      YEAR
                                                  NORMAL
..................................................................
TEMPERATURE (F)
 YESTERDAY
  MAXIMUM         74    409 PM  89    2011  72      2       74
  MINIMUM         43    330 AM  36    2006  49     -6       50
  AVERAGE         59                        61     -2       62

PRECIPITATION (IN)
  YESTERDAY        0.00          0.60 2013   0.16  -0.16     0.00
  MONTH TO DATE    2.60                      3.00  -0.40     2.46
  SINCE MAR 1      7.23                      8.53  -1.30     5.77
  SINCE JAN 1      7.91                     11.62  -3.71     7.62

DEGREE DAYS
 HEATING
  YESTERDAY        6                         6      0        3
  MONTH TO DATE  136                       188    -52      185
  SINCE MAR 1   1530                      1556    -26     1759
  SINCE JUL 1   6985                      6694    291     7335

 COOLING
  YESTERDAY        0                         2     -2        0
  MONTH TO DATE   37                        18     19       43
  SINCE MAR 1     37                        21     16       43
  SINCE JAN 1     37                        21     16       43
..................................................................


WIND (MPH)
  RESULTANT WIND SPEED   4   RESULTANT WIND DIRECTION   E (80)
  HIGHEST WIND SPEED    18   HIGHEST WIND DIRECTION     E (70)
  HIGHEST GUST SPEED    22   HIGHEST GUST DIRECTION     E (70)
  AVERAGE WIND SPEED     6.7


SKY COVER
  POSSIBLE SUNSHINE  MM
  AVERAGE SKY COVER 0.0


WEATHER CONDITIONS
 THE FOLLOWING WEATHER WAS RECORDED YESTERDAY.
  NO SIGNIFICANT WEATHER WAS OBSERVED.


RELATIVE HUMIDITY (PERCENT)
 HIGHEST    83           400 AM
 LOWEST     23           100 PM
 AVERAGE    53

..........................................................


THE AURORA MUNICIPAL AIRPORT CLIMATE NORMALS FOR TODAY
                         NORMAL    RECORD    YEAR
 MAXIMUM TEMPERATURE (F)   73        90      2010
                                             2007
 MINIMUM TEMPERATURE (F)   50        38      2006


SUNRISE AND SUNSET
MAY 23 2015...........SUNRISE   527 AM CDT   SUNSET   814 PM CDT
MAY 24 2015...........SUNRISE   527 AM CDT   SUNSET   815 PM CDT


-  INDICATES NEGATIVE NUMBERS.
R  INDICATES RECORD WAS SET OR TIED.
MM INDICATES DATA IS MISSING.
T  INDICATES TRACE AMOUNT.




$$
