000
CDUS43 KLOT 260638
CLIARR


CLIMATE REPORT
NATIONAL WEATHER SERVICE CHICAGO IL
138 AM CDT THU MAY 26 2016


...................................

...THE AURORA MUNICIPAL AIRPORT CLIMATE SUMMARY FOR MAY 25 2016...

CLIMATE NORMAL PERIOD 1981 TO 2010
CLIMATE RECORD PERIOD 1998 TO 2016


WEATHER ITEM   OBSERVED TIME   RECORD YEAR NORMAL DEPARTURE LAST
                VALUE   (LST)  VALUE       VALUE  FROM      YEAR
                                                  NORMAL
..................................................................
TEMPERATURE (F)
 YESTERDAY
  MAXIMUM         90R   224 PM  88    2010  74     16       80
  MINIMUM         63    451 AM  41    2002  50     13       67
  AVERAGE         77                        62     15       74

PRECIPITATION (IN)
  YESTERDAY        2.04R         1.42 2011   0.15   1.89     0.07
  MONTH TO DATE    5.97                      3.45   2.52     2.95
  SINCE MAR 1     11.30                      8.98   2.32     7.58
  SINCE JAN 1     12.79                     12.07   0.72     8.26

DEGREE DAYS
 HEATING
  YESTERDAY        0                         5     -5        0
  MONTH TO DATE  204                       204      0      138
  SINCE MAR 1   1332                      1572   -240     1532
  SINCE JUL 1   5453                      6710  -1257     6987

 COOLING
  YESTERDAY       12                         2     10        9
  MONTH TO DATE   22                        24     -2       50
  SINCE MAR 1     27                        27      0       50
  SINCE JAN 1     27                        27      0       50
..................................................................


WIND (MPH)
  RESULTANT WIND SPEED   7   RESULTANT WIND DIRECTION  SE (150)
  HIGHEST WIND SPEED    37   HIGHEST WIND DIRECTION     W (260)
  HIGHEST GUST SPEED    49   HIGHEST GUST DIRECTION     W (260)
  AVERAGE WIND SPEED     7.5


SKY COVER
  POSSIBLE SUNSHINE  MM
  AVERAGE SKY COVER 0.2


WEATHER CONDITIONS
 THE FOLLOWING WEATHER WAS RECORDED YESTERDAY.
  THUNDERSTORM
  HEAVY RAIN
  RAIN
  LIGHT RAIN
  FOG
  HAZE


RELATIVE HUMIDITY (PERCENT)
 HIGHEST    93           900 PM
 LOWEST     40           200 PM
 AVERAGE    67

..........................................................


THE AURORA MUNICIPAL AIRPORT CLIMATE NORMALS FOR TODAY
                         NORMAL    RECORD    YEAR
 MAXIMUM TEMPERATURE (F)   74        90      2014
                                             2012
 MINIMUM TEMPERATURE (F)   51        37      2002


SUNRISE AND SUNSET
MAY 26 2016...........SUNRISE   525 AM CDT   SUNSET   818 PM CDT
MAY 27 2016...........SUNRISE   524 AM CDT   SUNSET   819 PM CDT


-  INDICATES NEGATIVE NUMBERS.
R  INDICATES RECORD WAS SET OR TIED.
MM INDICATES DATA IS MISSING.
T  INDICATES TRACE AMOUNT.




$$
