000
CDUS43 KLOT 260636
CLIARR


CLIMATE REPORT
NATIONAL WEATHER SERVICE CHICAGO IL
136 AM CDT WED APR 26 2017


...................................

...THE AURORA MUNICIPAL AIRPORT CLIMATE SUMMARY FOR APRIL 25 2017...

CLIMATE NORMAL PERIOD 1981 TO 2010
CLIMATE RECORD PERIOD 1998 TO 2017


WEATHER ITEM   OBSERVED TIME   RECORD YEAR NORMAL DEPARTURE LAST
                VALUE   (LST)  VALUE       VALUE  FROM      YEAR
                                                  NORMAL
..................................................................
TEMPERATURE (F)
 YESTERDAY
  MAXIMUM         80    316 PM  83    2016  64     16       83
  MINIMUM         50    438 AM  30    2005  40     10       57
  AVERAGE         65                        52     13       70

PRECIPITATION (IN)
  YESTERDAY        0.00          1.31 2007   0.12  -0.12     0.00
  MONTH TO DATE    3.00                      2.59   0.41     1.07
  SINCE MAR 1      6.10                      4.82   1.28     4.07
  SINCE JAN 1      9.99                      7.91   2.08     5.56

DEGREE DAYS
 HEATING
  YESTERDAY        0                        13    -13        0
  MONTH TO DATE  278                       435   -157      401
  SINCE MAR 1   1068                      1305   -237     1046
  SINCE JUL 1   5129                      6443  -1314     5167

 COOLING
  YESTERDAY        0                         0      0        5
  MONTH TO DATE    6                         0      6        5
  SINCE MAR 1      6                         0      6        5
  SINCE JAN 1      6                         0      6        5
..................................................................


WIND (MPH)
  RESULTANT WIND SPEED  12   RESULTANT WIND DIRECTION  SE (150)
  HIGHEST WIND SPEED    24   HIGHEST WIND DIRECTION    SE (140)
  HIGHEST GUST SPEED    31   HIGHEST GUST DIRECTION    SE (150)
  AVERAGE WIND SPEED    12.8


SKY COVER
  POSSIBLE SUNSHINE  MM
  AVERAGE SKY COVER 0.1


WEATHER CONDITIONS
 THE FOLLOWING WEATHER WAS RECORDED YESTERDAY.
  NO SIGNIFICANT WEATHER WAS OBSERVED.


RELATIVE HUMIDITY (PERCENT)
 HIGHEST    83           600 AM
 LOWEST     35           400 PM
 AVERAGE    59

..........................................................


THE AURORA MUNICIPAL AIRPORT CLIMATE NORMALS FOR TODAY
                         NORMAL    RECORD    YEAR
 MAXIMUM TEMPERATURE (F)   64        79      2009
 MINIMUM TEMPERATURE (F)   40        25      2006


SUNRISE AND SUNSET
APRIL 26 2017.........SUNRISE   557 AM CDT   SUNSET   747 PM CDT
APRIL 27 2017.........SUNRISE   555 AM CDT   SUNSET   748 PM CDT


-  INDICATES NEGATIVE NUMBERS.
R  INDICATES RECORD WAS SET OR TIED.
MM INDICATES DATA IS MISSING.
T  INDICATES TRACE AMOUNT.




$$
