000
CDUS41 KBUF 241014
CLIART


CLIMATE REPORT
NATIONAL WEATHER SERVICE BUFFALO NY
613 AM EDT FRI OCT 24 2014


...................................

...THE WATERTOWN NY CLIMATE SUMMARY FOR OCTOBER 23 2014...

CLIMATE NORMAL PERIOD 1981 TO 2010
CLIMATE RECORD PERIOD 1949 TO 2014


WEATHER ITEM   OBSERVED TIME   RECORD YEAR NORMAL DEPARTURE LAST
                VALUE   (LST)  VALUE       VALUE  FROM      YEAR
                                                  NORMAL
..................................................................
TEMPERATURE (F)
 YESTERDAY
  MAXIMUM         56   1223 PM  80    1979  56      0       48
  MINIMUM         44    538 AM  20    1997  36      8       28
  AVERAGE         50                        46      4       38

PRECIPITATION (IN)
  YESTERDAY        T             1.11 2007   0.11  -0.11      T
  MONTH TO DATE    2.72                      2.75  -0.03     3.02
  SINCE SEP 1      4.30                      6.47  -2.17     5.84
  SINCE JAN 1     36.56                     28.27   8.29    27.64

DEGREE DAYS
 HEATING
  YESTERDAY       15                        19     -4       27
  MONTH TO DATE  241                       360   -119      219
  SINCE SEP 1    417                       562   -145      450
  SINCE JUL 1    467                       634   -167      493

 COOLING
  YESTERDAY        0                         0      0        0
  MONTH TO DATE   17                         0     17        0
  SINCE SEP 1     73                        35     38       48
  SINCE JAN 1    433                       359     74      481
..................................................................


WIND (MPH)
  HIGHEST WIND SPEED    25   HIGHEST WIND DIRECTION    NE (30)
  HIGHEST GUST SPEED    31   HIGHEST GUST DIRECTION     N (340)
  AVERAGE WIND SPEED    14.2


SKY COVER
  AVERAGE SKY COVER 0.7


WEATHER CONDITIONS
 THE FOLLOWING WEATHER WAS RECORDED YESTERDAY.
  NO SIGNIFICANT WEATHER WAS OBSERVED.


RELATIVE HUMIDITY (PERCENT)
 HIGHEST    77          1100 PM
 LOWEST     51          1200 PM
 AVERAGE    64

..........................................................


THE WATERTOWN NY CLIMATE NORMALS FOR TODAY
                         NORMAL    RECORD    YEAR
 MAXIMUM TEMPERATURE (F)   55        74      1991
 MINIMUM TEMPERATURE (F)   36        18      1974


SUNRISE AND SUNSET
OCTOBER 24 2014.......SUNRISE   730 AM EDT   SUNSET   606 PM EDT
OCTOBER 25 2014.......SUNRISE   731 AM EDT   SUNSET   604 PM EDT


-  INDICATES NEGATIVE NUMBERS.
R  INDICATES RECORD WAS SET OR TIED.
MM INDICATES DATA IS MISSING.
T  INDICATES TRACE AMOUNT.

$$
