000
CDUS41 KBUF 191018
CLIART


CLIMATE REPORT
NATIONAL WEATHER SERVICE BUFFALO NY
617 AM EDT THU OCT 19 2017


...................................

...THE WATERTOWN NY CLIMATE SUMMARY FOR OCTOBER 18 2017...

CLIMATE NORMAL PERIOD 1981 TO 2010
CLIMATE RECORD PERIOD 1949 TO 2017


WEATHER ITEM   OBSERVED TIME   RECORD YEAR NORMAL DEPARTURE LAST
                VALUE   (LST)  VALUE       VALUE  FROM      YEAR
                                                  NORMAL
..................................................................
TEMPERATURE (F)
 YESTERDAY
  MAXIMUM         66    237 PM  80    1998  57      9       79
  MINIMUM         48    632 PM  16    1972  38     10       61
  AVERAGE         57                        47     10       70

PRECIPITATION (IN)
  YESTERDAY        0.00          1.24 1967   0.11  -0.11     0.01
  MONTH TO DATE    5.56                      2.20   3.36     2.58
  SINCE SEP 1      6.85                      5.92   0.93     5.03
  SINCE JAN 1     37.58                     27.72   9.86    24.06

DEGREE DAYS
 HEATING
  YESTERDAY        8                        18    -10        0
  MONTH TO DATE  153                       267   -114      173
  SINCE SEP 1    300                       469   -169      317
  SINCE JUL 1    370                       541   -171      328

 COOLING
  YESTERDAY        0                         0      0        5
  MONTH TO DATE    5                         0      5        5
  SINCE SEP 1     58                        35     23       52
  SINCE JAN 1    388                       359     29      566
..................................................................


WIND (MPH)
  HIGHEST WIND SPEED    13   HIGHEST WIND DIRECTION    SW (230)
  HIGHEST GUST SPEED    20   HIGHEST GUST DIRECTION    SW (220)
  AVERAGE WIND SPEED     6.2


SKY COVER
  AVERAGE SKY COVER 0.0


WEATHER CONDITIONS
 THE FOLLOWING WEATHER WAS RECORDED YESTERDAY.
  NO SIGNIFICANT WEATHER WAS OBSERVED.


RELATIVE HUMIDITY (PERCENT)
 HIGHEST    93           600 AM
 LOWEST     60           200 PM
 AVERAGE    77

..........................................................


THE WATERTOWN NY CLIMATE NORMALS FOR TODAY
                         NORMAL    RECORD    YEAR
 MAXIMUM TEMPERATURE (F)   57        79      2007
 MINIMUM TEMPERATURE (F)   37        14      1974


SUNRISE AND SUNSET
OCTOBER 19 2017.......SUNRISE   724 AM EDT   SUNSET   613 PM EDT
OCTOBER 20 2017.......SUNRISE   725 AM EDT   SUNSET   612 PM EDT


-  INDICATES NEGATIVE NUMBERS.
R  INDICATES RECORD WAS SET OR TIED.
MM INDICATES DATA IS MISSING.
T  INDICATES TRACE AMOUNT.

$$
