000
CDUS41 KBUF 251009
CLIART


CLIMATE REPORT
NATIONAL WEATHER SERVICE BUFFALO NY
608 AM EDT MON JUL 25 2016


...................................

...THE WATERTOWN NY CLIMATE SUMMARY FOR JULY 24 2016...

CLIMATE NORMAL PERIOD 1981 TO 2010
CLIMATE RECORD PERIOD 1949 TO 2016


WEATHER ITEM   OBSERVED TIME   RECORD YEAR NORMAL DEPARTURE LAST
                VALUE   (LST)  VALUE       VALUE  FROM      YEAR
                                                  NORMAL
..................................................................
TEMPERATURE (F)
 YESTERDAY
  MAXIMUM         86    149 PM  90    1973  80      6       77
  MINIMUM         52    437 AM  43    2004  59     -7       55
  AVERAGE         69                        69      0       66

PRECIPITATION (IN)
  YESTERDAY        0.00          0.77 2003   0.08  -0.08     0.00
  MONTH TO DATE    0.32                      2.00  -1.68     1.34
  SINCE JUN 1      3.92                      4.85  -0.93     7.05
  SINCE JAN 1     14.92                     18.00  -3.08    14.45

DEGREE DAYS
 HEATING
  YESTERDAY        0                         1     -1        0
  MONTH TO DATE    5                        25    -20       38
  SINCE JUN 1    103                       132    -29      154
  SINCE JUL 1      5                        25    -20       38

 COOLING
  YESTERDAY        4                         5     -1        1
  MONTH TO DATE  145                       109     36       71
  SINCE JUN 1    192                       171     21      102
  SINCE JAN 1    222                       182     40      148
..................................................................


WIND (MPH)
  HIGHEST WIND SPEED    13   HIGHEST WIND DIRECTION     W (270)
  HIGHEST GUST SPEED    16   HIGHEST GUST DIRECTION     W (260)
  AVERAGE WIND SPEED     3.6


SKY COVER
  AVERAGE SKY COVER 0.0


WEATHER CONDITIONS
 THE FOLLOWING WEATHER WAS RECORDED YESTERDAY.
  FOG
  FOG W/VISIBILITY <= 1/4 MILE


RELATIVE HUMIDITY (PERCENT)
 HIGHEST   100           200 AM
 LOWEST     32           200 PM
 AVERAGE    66

..........................................................


THE WATERTOWN NY CLIMATE NORMALS FOR TODAY
                         NORMAL    RECORD    YEAR
 MAXIMUM TEMPERATURE (F)   80        90      1985
 MINIMUM TEMPERATURE (F)   59        43      1976


SUNRISE AND SUNSET
JULY 25 2016..........SUNRISE   545 AM EDT   SUNSET   835 PM EDT
JULY 26 2016..........SUNRISE   546 AM EDT   SUNSET   834 PM EDT


-  INDICATES NEGATIVE NUMBERS.
R  INDICATES RECORD WAS SET OR TIED.
MM INDICATES DATA IS MISSING.
T  INDICATES TRACE AMOUNT.

$$
