000
CDUS41 KBUF 012041
CLIART


CLIMATE REPORT
NATIONAL WEATHER SERVICE BUFFALO NY
440 PM EDT FRI AUG 1 2014


...................................

...THE WATERTOWN NY CLIMATE SUMMARY FOR AUGUST 1 2014...
VALID TODAY AS OF 0400 PM LOCAL TIME.

CLIMATE NORMAL PERIOD 1981 TO 2010
CLIMATE RECORD PERIOD 1949 TO 2014


WEATHER ITEM   OBSERVED TIME   RECORD YEAR NORMAL DEPARTURE LAST
                VALUE   (LST)  VALUE       VALUE  FROM      YEAR
                                                  NORMAL
..................................................................
TEMPERATURE (F)
 TODAY
  MAXIMUM         79    127 PM  91    2006  79      0       77
                                      1955
  MINIMUM         58   1216 AM  42    1998  58      0       64
  AVERAGE         69                        69      0       71

PRECIPITATION (IN)
  TODAY            0.00          0.97 1983   0.10  -0.10     0.41
  MONTH TO DATE    0.00                      0.10  -0.10     0.41
  SINCE JUN 1      7.94                      5.60   2.34     9.50
  SINCE JAN 1     26.54                     18.75   7.79    20.12

DEGREE DAYS
 HEATING
  TODAY            0                         1     -1        0
  MONTH TO DATE    0                         1     -1        0
  SINCE JUN 1     81                       134    -53      114
  SINCE JUL 1     19                        27     -8       11

 COOLING
  TODAY            4                         5     -1        6
  MONTH TO DATE    4                         5     -1        6
  SINCE JUN 1    239                       206     33      304
  SINCE JAN 1    262                       217     45      336
..................................................................


WIND (MPH)
  HIGHEST WIND SPEED    15   HIGHEST WIND DIRECTION     W (270)
  HIGHEST GUST SPEED    17   HIGHEST GUST DIRECTION     W (260)
  AVERAGE WIND SPEED     5.9


SKY COVER
  AVERAGE SKY COVER 0.2


WEATHER CONDITIONS
 THE FOLLOWING WEATHER WAS RECORDED TODAY.
  NO SIGNIFICANT WEATHER WAS OBSERVED.


RELATIVE HUMIDITY (PERCENT)
 HIGHEST    78           200 AM
 LOWEST     50          1100 AM
 AVERAGE    64

..........................................................


THE WATERTOWN NY CLIMATE NORMALS FOR TOMORROW
                         NORMAL    RECORD    YEAR
 MAXIMUM TEMPERATURE (F)   79        91      1988
 MINIMUM TEMPERATURE (F)   58        44      1962


SUNRISE AND SUNSET
AUGUST  1 2014........SUNRISE   552 AM EDT   SUNSET   828 PM EDT
AUGUST  2 2014........SUNRISE   553 AM EDT   SUNSET   827 PM EDT


-  INDICATES NEGATIVE NUMBERS.
R  INDICATES RECORD WAS SET OR TIED.
MM INDICATES DATA IS MISSING.
T  INDICATES TRACE AMOUNT.




$$
