000
CDUS41 KBUF 010958
CLIART


CLIMATE REPORT
NATIONAL WEATHER SERVICE BUFFALO NY
555 AM EDT WED OCT 1 2014


...................................

...THE WATERTOWN NY CLIMATE SUMMARY FOR SEPTEMBER 30 2014...

CLIMATE NORMAL PERIOD 1981 TO 2010
CLIMATE RECORD PERIOD 1949 TO 2014


WEATHER ITEM   OBSERVED TIME   RECORD YEAR NORMAL DEPARTURE LAST
                VALUE   (LST)  VALUE       VALUE  FROM      YEAR
                                                  NORMAL
..................................................................
TEMPERATURE (F)
 YESTERDAY
  MAXIMUM         72    205 PM  80    1953  64      8       76
  MINIMUM         53    747 AM  22    1991  43     10       47
  AVERAGE         63                        54      9       62

PRECIPITATION (IN)
  YESTERDAY        0.00          2.90 2010   0.14  -0.14     0.00
  MONTH TO DATE    1.58                      3.72  -2.14     2.82
  SINCE SEP 1      1.58                      3.72  -2.14     2.82
  SINCE JAN 1     33.84                     25.52   8.32    24.62

DEGREE DAYS
 HEATING
  YESTERDAY        2                        11     -9        3
  MONTH TO DATE  176                       201    -25      231
  SINCE SEP 1    176                       202    -26      231
  SINCE JUL 1    226                       274    -48      274

 COOLING
  YESTERDAY        0                         0      0        0
  MONTH TO DATE   56                        35     21       48
  SINCE SEP 1     56                        35     21       48
  SINCE JAN 1    416                       359     57      481
..................................................................


WIND (MPH)
  HIGHEST WIND SPEED    16   HIGHEST WIND DIRECTION    NE (30)
  HIGHEST GUST SPEED    21   HIGHEST GUST DIRECTION     N (20)
  AVERAGE WIND SPEED     8.1


SKY COVER
  AVERAGE SKY COVER 0.5


WEATHER CONDITIONS
 THE FOLLOWING WEATHER WAS RECORDED YESTERDAY.
  FOG
  HAZE


RELATIVE HUMIDITY (PERCENT)
 HIGHEST    83          1200 AM
 LOWEST     57           100 PM
 AVERAGE    70

..........................................................


THE WATERTOWN NY CLIMATE NORMALS FOR TODAY
                         NORMAL    RECORD    YEAR
 MAXIMUM TEMPERATURE (F)   64        80      2002
 MINIMUM TEMPERATURE (F)   43        26      1992


SUNRISE AND SUNSET
OCTOBER  1 2014.......SUNRISE   702 AM EDT   SUNSET   645 PM EDT
OCTOBER  2 2014.......SUNRISE   703 AM EDT   SUNSET   643 PM EDT


-  INDICATES NEGATIVE NUMBERS.
R  INDICATES RECORD WAS SET OR TIED.
MM INDICATES DATA IS MISSING.
T  INDICATES TRACE AMOUNT.




$$
