000
CDUS41 KBUF 311013
CLIART


CLIMATE REPORT
NATIONAL WEATHER SERVICE BUFFALO NY
612 AM EDT TUE MAY 31 2016


...................................

...THE WATERTOWN NY CLIMATE SUMMARY FOR MAY 30 2016...

CLIMATE NORMAL PERIOD 1981 TO 2010
CLIMATE RECORD PERIOD 1949 TO 2016


WEATHER ITEM   OBSERVED TIME   RECORD YEAR NORMAL DEPARTURE LAST
                VALUE   (LST)  VALUE       VALUE  FROM      YEAR
                                                  NORMAL
..................................................................
TEMPERATURE (F)
 YESTERDAY
  MAXIMUM         78    154 PM  86    2015  70      8       86
                                      1987
  MINIMUM         61   1022 PM  31    1996  48     13       59
  AVERAGE         70                        59     11       73

PRECIPITATION (IN)
  YESTERDAY        0.00          2.16 1956   0.11  -0.11     0.14
  MONTH TO DATE    1.40                      2.97  -1.57     1.18
  SINCE MAR 1      5.19                      8.17  -2.98     3.70
  SINCE JAN 1     11.00                     13.05  -2.05     6.79

DEGREE DAYS
 HEATING
  YESTERDAY        0                         7     -7        0
  MONTH TO DATE  324                       326     -2      204
  SINCE MAR 1   1992                      2028    -36     2012
  SINCE JUL 1   6640                      7469   -829     7532

 COOLING
  YESTERDAY        5                         1      4        8
  MONTH TO DATE   30                         7     23       46
  SINCE MAR 1     30                         8     22       46
  SINCE JAN 1     30                         8     22       46
..................................................................


WIND (MPH)
  HIGHEST WIND SPEED    20   HIGHEST WIND DIRECTION    SW (230)
  HIGHEST GUST SPEED    29   HIGHEST GUST DIRECTION    SW (230)
  AVERAGE WIND SPEED    10.2


SKY COVER
  AVERAGE SKY COVER 0.1


WEATHER CONDITIONS
 THE FOLLOWING WEATHER WAS RECORDED YESTERDAY.
  NO SIGNIFICANT WEATHER WAS OBSERVED.


RELATIVE HUMIDITY (PERCENT)
 HIGHEST    87           400 AM
 LOWEST     50           200 PM
 AVERAGE    69

..........................................................


THE WATERTOWN NY CLIMATE NORMALS FOR TODAY
                         NORMAL    RECORD    YEAR
 MAXIMUM TEMPERATURE (F)   70        88      2013
                                             2010
 MINIMUM TEMPERATURE (F)   48        30      1966


SUNRISE AND SUNSET
MAY 31 2016...........SUNRISE   525 AM EDT   SUNSET   840 PM EDT
JUNE  1 2016..........SUNRISE   524 AM EDT   SUNSET   840 PM EDT


-  INDICATES NEGATIVE NUMBERS.
R  INDICATES RECORD WAS SET OR TIED.
MM INDICATES DATA IS MISSING.
T  INDICATES TRACE AMOUNT.




$$
