000
CDUS45 KGJT 290746
CLIASE


CLIMATE REPORT
NATIONAL WEATHER SERVICE GRAND JUNCTION CO
140 AM MDT TUE JUL 29 2014


...................................

...THE ASPEN CO CLIMATE SUMMARY FOR JULY 28 2014...

CLIMATE NORMAL PERIOD 1981 TO 2010
CLIMATE RECORD PERIOD 9999 TO 9999


WEATHER ITEM   OBSERVED TIME   RECORD YEAR NORMAL DEPARTURE LAST
                VALUE   (LST)  VALUE       VALUE  FROM      YEAR
                                                  NORMAL
..................................................................
TEMPERATURE (F)
 YESTERDAY
  MAXIMUM         80   1257 PM  MM      MM  80      0       64
  MINIMUM         50    456 AM  MM      MM  48      2       52
  AVERAGE         65                        64      1       58

PRECIPITATION (IN)
  YESTERDAY        0.58         MM      MM   0.07   0.51     0.73
  MONTH TO DATE    1.45                      1.52  -0.07     1.42
  SINCE JUN 1      1.49                      2.65  -1.16     1.51
  SINCE JAN 1      7.02                      9.59  -2.57     8.19

SNOWFALL (IN)
  YESTERDAY       MM            MM      MM  MM     MM       MM
  MONTH TO DATE   MM                        MM     MM       MM
  SINCE JUN 1     MM                        MM     MM       MM
  SINCE JUL 1     MM                        MM     MM       MM
  SNOW DEPTH      MM

DEGREE DAYS
 HEATING
  YESTERDAY        0                         2     -2        7
  MONTH TO DATE   13                        65    -52       20
  SINCE JUN 1    218                       294    -76      166
  SINCE JUL 1     13                        65    -52       20

 COOLING
  YESTERDAY        0                         1     -1        0
  MONTH TO DATE   54                        26     28       40
  SINCE JUN 1     55                        30     25       56
  SINCE JAN 1     55                        30     25       56
..................................................................


WIND (MPH)
  HIGHEST WIND SPEED    25   HIGHEST WIND DIRECTION    SE (130)
  HIGHEST GUST SPEED    34   HIGHEST GUST DIRECTION    SE (150)
  AVERAGE WIND SPEED     6.6


SKY COVER
  POSSIBLE SUNSHINE  MM
  AVERAGE SKY COVER 0.5


WEATHER CONDITIONS
 THE FOLLOWING WEATHER WAS RECORDED YESTERDAY.
  THUNDERSTORM
  HEAVY RAIN
  RAIN
  LIGHT RAIN
  FOG


RELATIVE HUMIDITY (PERCENT)
 HIGHEST    86           500 PM
 LOWEST     33          1200 PM
 AVERAGE    60

..........................................................


THE ASPEN CO CLIMATE NORMALS FOR TODAY
                         NORMAL    RECORD    YEAR
 MAXIMUM TEMPERATURE (F)   80        MM        MM
 MINIMUM TEMPERATURE (F)   48        MM        MM


SUNRISE AND SUNSET
JULY 29 2014..........SUNRISE   605 AM MDT   SUNSET   822 PM MDT
JULY 30 2014..........SUNRISE   606 AM MDT   SUNSET   821 PM MDT


-  INDICATES NEGATIVE NUMBERS.
R  INDICATES RECORD WAS SET OR TIED.
MM INDICATES DATA IS MISSING.
T  INDICATES TRACE AMOUNT.




$$
