000
CDUS46 KPQR 011144
CLIAST


CLIMATE REPORT
NATIONAL WEATHER SERVICE PORTLAND OREGON
443 AM PDT SAT AUG 1 2015


...................................

...THE ASTORIA OR CLIMATE SUMMARY FOR JULY 31 2015...

CLIMATE NORMAL PERIOD 1981 TO 2010
CLIMATE RECORD PERIOD 1892 TO 2015


WEATHER ITEM   OBSERVED TIME   RECORD YEAR NORMAL DEPARTURE LAST
                VALUE   (LST)  VALUE       VALUE  FROM      YEAR
                                                  NORMAL
..................................................................
TEMPERATURE (F)
 YESTERDAY
  MAXIMUM         78    147 PM  93    1913  68     10       74
  MINIMUM         51    525 AM  46    1970  54     -3       50
                                      1949
                                      1937
  AVERAGE         65                        61      4       62

PRECIPITATION (IN)
  YESTERDAY        0.00          0.56 1964   0.02  -0.02     0.00
  MONTH TO DATE    0.39                      1.03  -0.64     1.08
  SINCE OCT 1     53.40                     63.96 -10.56    53.77
  SINCE JAN 1     27.78                     36.94  -9.16    41.61

DEGREE DAYS
 HEATING
  YESTERDAY        0                         4     -4        3
  MONTH TO DATE   39                       148   -109      110
  SINCE JUN 1    188                       392   -204      290
  SINCE JUL 1     39                       150   -111      110

 COOLING
  YESTERDAY        0                         0      0        0
  MONTH TO DATE   21                         3     18        8
  SINCE JUN 1     25                         3     22        8
  SINCE JAN 1     27                         3     24       19
..................................................................


WIND (MPH)
  HIGHEST WIND SPEED    18   HIGHEST WIND DIRECTION    NW (310)
  HIGHEST GUST SPEED    24   HIGHEST GUST DIRECTION     W (280)
  AVERAGE WIND SPEED     6.1


SKY COVER
  POSSIBLE SUNSHINE  MM
  AVERAGE SKY COVER 0.1


WEATHER CONDITIONS
 THE FOLLOWING WEATHER WAS RECORDED YESTERDAY.
  NO SIGNIFICANT WEATHER WAS OBSERVED.


RELATIVE HUMIDITY (PERCENT)
 HIGHEST    96           500 AM
 LOWEST     50          1200 PM
 AVERAGE    73

..........................................................


THE ASTORIA OR CLIMATE NORMALS FOR TODAY
                         NORMAL    RECORD    YEAR
 MAXIMUM TEMPERATURE (F)   68        79      1939
 MINIMUM TEMPERATURE (F)   54        43      1987


SUNRISE AND SUNSET
AUGUST  1 2015........SUNRISE   557 AM PDT   SUNSET   846 PM PDT
AUGUST  2 2015........SUNRISE   559 AM PDT   SUNSET   844 PM PDT


-  INDICATES NEGATIVE NUMBERS.
R  INDICATES RECORD WAS SET OR TIED.
MM INDICATES DATA IS MISSING.
T  INDICATES TRACE AMOUNT.




$$
