000
CDUS46 KPQR 081145
CLIAST


CLIMATE REPORT
NATIONAL WEATHER SERVICE PORTLAND OREGON
344 AM PST THU DEC 8 2016


...................................

...THE ASTORIA OR CLIMATE SUMMARY FOR DECEMBER 7 2016...

CLIMATE NORMAL PERIOD 1981 TO 2010
CLIMATE RECORD PERIOD 1892 TO 2016


WEATHER ITEM   OBSERVED TIME   RECORD YEAR NORMAL DEPARTURE LAST
                VALUE   (LST)  VALUE       VALUE  FROM      YEAR
                                                  NORMAL
..................................................................
TEMPERATURE (F)
 YESTERDAY
  MAXIMUM         41    219 PM  63    1939  49     -8       59
  MINIMUM         30    432 AM  10    1972  37     -7       50
  AVERAGE         36                        43     -7       55

PRECIPITATION (IN)
  YESTERDAY        0.00          4.31 1896   0.34  -0.34     1.68
  MONTH TO DATE    2.15                      2.45  -0.30     5.91
  SINCE OCT 1     35.67                     19.58  16.09    27.91
  SINCE JAN 1     78.65                     59.82  18.83    59.16

DEGREE DAYS
 HEATING
  YESTERDAY       29                        22      7       10
  MONTH TO DATE  151                       151      0       92
  SINCE DEC 1    151                       151      0       92
  SINCE JUL 1   1014                      1564   -550     1092

 COOLING
  YESTERDAY        0                         0      0        0
  MONTH TO DATE    0                         0      0        0
  SINCE DEC 1      0                         0      0        0
  SINCE JAN 1     62                        12     50       49
..................................................................


WIND (MPH)
  HIGHEST WIND SPEED    26   HIGHEST WIND DIRECTION     E (80)
  HIGHEST GUST SPEED    33   HIGHEST GUST DIRECTION     E (70)
  AVERAGE WIND SPEED    14.9


SKY COVER
  POSSIBLE SUNSHINE  MM
  AVERAGE SKY COVER 0.0


WEATHER CONDITIONS
 THE FOLLOWING WEATHER WAS RECORDED YESTERDAY.
  NO SIGNIFICANT WEATHER WAS OBSERVED.


RELATIVE HUMIDITY (PERCENT)
 HIGHEST    85          1200 AM
 LOWEST     52           900 PM
 AVERAGE    69

..........................................................


THE ASTORIA OR CLIMATE NORMALS FOR TODAY
                         NORMAL    RECORD    YEAR
 MAXIMUM TEMPERATURE (F)   49        63      1939
 MINIMUM TEMPERATURE (F)   37         6      1972


SUNRISE AND SUNSET
DECEMBER  8 2016......SUNRISE   746 AM PST   SUNSET   430 PM PST
DECEMBER  9 2016......SUNRISE   747 AM PST   SUNSET   430 PM PST


-  INDICATES NEGATIVE NUMBERS.
R  INDICATES RECORD WAS SET OR TIED.
MM INDICATES DATA IS MISSING.
T  INDICATES TRACE AMOUNT.




$$
