000
CDUS46 KPQR 261147
CLIAST


CLIMATE REPORT
NATIONAL WEATHER SERVICE PORTLAND OREGON
347 AM PST THU FEB 26 2015


...................................

...THE ASTORIA OR CLIMATE SUMMARY FOR FEBRUARY 25 2015...

CLIMATE NORMAL PERIOD 1981 TO 2010
CLIMATE RECORD PERIOD 1892 TO 2015


WEATHER ITEM   OBSERVED TIME   RECORD YEAR NORMAL DEPARTURE LAST
                VALUE   (LST)  VALUE       VALUE  FROM      YEAR
                                                  NORMAL
..................................................................
TEMPERATURE (F)
 YESTERDAY
  MAXIMUM         52    228 PM  67    1992  52      0       59
  MINIMUM         47    142 AM  24    1993  37     10       44
                                      1962
  AVERAGE         50                        45      5       52

PRECIPITATION (IN)
  YESTERDAY        0.10          2.02 1948   0.25  -0.15      T
  MONTH TO DATE    5.68                      6.43  -0.75     7.39
  SINCE OCT 1     40.49                     43.65  -3.16    25.91
  SINCE JAN 1     14.87                     16.63  -1.76    13.75

DEGREE DAYS
 HEATING
  YESTERDAY       15                        20     -5       13
  MONTH TO DATE  383                       520   -137      582
  SINCE DEC 1   1505                      1872   -367     2031
  SINCE JUL 1   2492                      3285   -793     3384

 COOLING
  YESTERDAY        0                         0      0        0
  MONTH TO DATE    0                         0      0        0
  SINCE DEC 1      0                         0      0        0
  SINCE JAN 1      0                         0      0        0
..................................................................


WIND (MPH)
  HIGHEST WIND SPEED    12   HIGHEST WIND DIRECTION     W (290)
  HIGHEST GUST SPEED    16   HIGHEST GUST DIRECTION     W (250)
  AVERAGE WIND SPEED     6.0


SKY COVER
  POSSIBLE SUNSHINE  MM
  AVERAGE SKY COVER 1.0


WEATHER CONDITIONS
 THE FOLLOWING WEATHER WAS RECORDED YESTERDAY.
  LIGHT RAIN
  FOG
  HAZE


RELATIVE HUMIDITY (PERCENT)
 HIGHEST    93           300 AM
 LOWEST     83          1000 AM
 AVERAGE    88

..........................................................


THE ASTORIA OR CLIMATE NORMALS FOR TODAY
                         NORMAL    RECORD    YEAR
 MAXIMUM TEMPERATURE (F)   52        71      1992
 MINIMUM TEMPERATURE (F)   37        19      1962


SUNRISE AND SUNSET
FEBRUARY 26 2015......SUNRISE   700 AM PST   SUNSET   557 PM PST
FEBRUARY 27 2015......SUNRISE   658 AM PST   SUNSET   559 PM PST


-  INDICATES NEGATIVE NUMBERS.
R  INDICATES RECORD WAS SET OR TIED.
MM INDICATES DATA IS MISSING.
T  INDICATES TRACE AMOUNT.




$$
