000
CDUS46 KPQR 231243
CLIAST


CLIMATE REPORT
NATIONAL WEATHER SERVICE PORTLAND OREGON
442 AM PST SUN NOV 23 2014


...................................

...THE ASTORIA OR CLIMATE SUMMARY FOR NOVEMBER 22 2014...

CLIMATE NORMAL PERIOD 1981 TO 2010
CLIMATE RECORD PERIOD 1892 TO 2014


WEATHER ITEM   OBSERVED TIME   RECORD YEAR NORMAL DEPARTURE LAST
                VALUE   (LST)  VALUE       VALUE  FROM      YEAR
                                                  NORMAL
..................................................................
TEMPERATURE (F)
 YESTERDAY
  MAXIMUM         54    124 PM  64    1930  52      2       52
  MINIMUM         40    420 AM  22    1985  39      1       33
  AVERAGE         47                        46      1       43

PRECIPITATION (IN)
  YESTERDAY        0.41          4.10 1901   0.40   0.01     0.00
  MONTH TO DATE    4.92                      7.96  -3.04     4.77
  SINCE OCT 1     13.53                     13.94  -0.41     6.82
  SINCE JAN 1     60.78                     54.18   6.60    53.87

DEGREE DAYS
 HEATING
  YESTERDAY       18                        19     -1       22
  MONTH TO DATE  395                       382     13      376
  SINCE SEP 1    691                       968   -277      946
  SINCE JUL 1    849                      1249   -400     1193

 COOLING
  YESTERDAY        0                         0      0        0
  MONTH TO DATE    0                         0      0        0
  SINCE SEP 1     20                         5     15        3
  SINCE JAN 1     45                        12     33        9
..................................................................


WIND (MPH)
  HIGHEST WIND SPEED    25   HIGHEST WIND DIRECTION     W (290)
  HIGHEST GUST SPEED    35   HIGHEST GUST DIRECTION    NW (300)
  AVERAGE WIND SPEED     6.7


SKY COVER
  POSSIBLE SUNSHINE  MM
  AVERAGE SKY COVER 0.4


WEATHER CONDITIONS
 THE FOLLOWING WEATHER WAS RECORDED YESTERDAY.
  THUNDERSTORM
  HEAVY RAIN
  RAIN
  LIGHT RAIN
  FOG


RELATIVE HUMIDITY (PERCENT)
 HIGHEST    96          1000 PM
 LOWEST     66           100 AM
 AVERAGE    81

..........................................................


THE ASTORIA OR CLIMATE NORMALS FOR TODAY
                         NORMAL    RECORD    YEAR
 MAXIMUM TEMPERATURE (F)   52        62      1956
 MINIMUM TEMPERATURE (F)   39        21      1985


SUNRISE AND SUNSET
NOVEMBER 23 2014......SUNRISE   728 AM PST   SUNSET   436 PM PST
NOVEMBER 24 2014......SUNRISE   729 AM PST   SUNSET   435 PM PST


-  INDICATES NEGATIVE NUMBERS.
R  INDICATES RECORD WAS SET OR TIED.
MM INDICATES DATA IS MISSING.
T  INDICATES TRACE AMOUNT.




$$
