000
CDUS46 KPQR 211146
CLIAST


CLIMATE REPORT
NATIONAL WEATHER SERVICE PORTLAND OREGON
445 AM PDT TUE OCT 21 2014


...................................

...THE ASTORIA OR CLIMATE SUMMARY FOR OCTOBER 20 2014...

CLIMATE NORMAL PERIOD 1981 TO 2010
CLIMATE RECORD PERIOD 1892 TO 2014


WEATHER ITEM   OBSERVED TIME   RECORD YEAR NORMAL DEPARTURE LAST
                VALUE   (LST)  VALUE       VALUE  FROM      YEAR
                                                  NORMAL
..................................................................
TEMPERATURE (F)
 YESTERDAY
  MAXIMUM         62    336 PM  76    1938  60      2       56
  MINIMUM         53    639 AM  33    1949  44      9       40
  AVERAGE         58                        52      6       48

PRECIPITATION (IN)
  YESTERDAY        0.40          2.27 1940   0.22   0.18     0.00
  MONTH TO DATE    3.31                      3.23   0.08     1.92
  SINCE OCT 1      3.31                      3.23   0.08     1.92
  SINCE JAN 1     50.56                     43.47   7.09    48.97

DEGREE DAYS
 HEATING
  YESTERDAY        7                        13     -6       17
  MONTH TO DATE  101                       228   -127      261
  SINCE SEP 1    193                       428   -235      407
  SINCE JUL 1    351                       709   -358      654

 COOLING
  YESTERDAY        0                         0      0        0
  MONTH TO DATE    0                         0      0        0
  SINCE SEP 1     20                         5     15        3
  SINCE JAN 1     45                        12     33        9
..................................................................


WIND (MPH)
  HIGHEST WIND SPEED    20   HIGHEST WIND DIRECTION     S (200)
  HIGHEST GUST SPEED    27   HIGHEST GUST DIRECTION    SW (220)
  AVERAGE WIND SPEED     9.4


SKY COVER
  POSSIBLE SUNSHINE  MM
  AVERAGE SKY COVER 0.7


WEATHER CONDITIONS
 THE FOLLOWING WEATHER WAS RECORDED YESTERDAY.
  HEAVY RAIN
  RAIN
  LIGHT RAIN
  FOG


RELATIVE HUMIDITY (PERCENT)
 HIGHEST    93          1200 AM
 LOWEST     72           300 PM
 AVERAGE    83

..........................................................


THE ASTORIA OR CLIMATE NORMALS FOR TODAY
                         NORMAL    RECORD    YEAR
 MAXIMUM TEMPERATURE (F)   60        81      1942
 MINIMUM TEMPERATURE (F)   44        33      1957


SUNRISE AND SUNSET
OCTOBER 21 2014.......SUNRISE   741 AM PDT   SUNSET   619 PM PDT
OCTOBER 22 2014.......SUNRISE   742 AM PDT   SUNSET   617 PM PDT


-  INDICATES NEGATIVE NUMBERS.
R  INDICATES RECORD WAS SET OR TIED.
MM INDICATES DATA IS MISSING.
T  INDICATES TRACE AMOUNT.




$$
