000
CDUS46 KPQR 260334
CLIAST


CLIMATE REPORT
NATIONAL WEATHER SERVICE PORTLAND OREGON
834 PM PDT SUN SEP 25 2016


...................................

...THE ASTORIA OR CLIMATE SUMMARY FOR SEPTEMBER 25 2016...
VALID TODAY AS OF 0800 PM LOCAL TIME.

CLIMATE NORMAL PERIOD 1981 TO 2010
CLIMATE RECORD PERIOD 1892 TO 2016


WEATHER ITEM   OBSERVED TIME   RECORD YEAR NORMAL DEPARTURE LAST
                VALUE   (LST)  VALUE       VALUE  FROM      YEAR
                                                  NORMAL
..................................................................
TEMPERATURE (F)
 TODAY
  MAXIMUM         78    336 PM  81    1899  66     12       68
  MINIMUM         59    335 AM  38    1972  48     11       57
  AVERAGE         69                        57     12       63

PRECIPITATION (IN)
  TODAY            0.00          1.02 1905   0.09  -0.09     0.14
  MONTH TO DATE    2.12                      1.66   0.46     2.13
  SINCE OCT 1     85.50                     66.78  18.72    56.87
  SINCE JAN 1     42.97                     39.76   3.21    31.25

DEGREE DAYS
 HEATING
  TODAY            0                         8     -8        2
  MONTH TO DATE  101                       156    -55      130
  SINCE SEP 1    101                       156    -55      130
  SINCE JUL 1    222                       437   -215      218

 COOLING
  TODAY            4                         0      4        0
  MONTH TO DATE    4                         0      4        4
  SINCE SEP 1      4                         0      4        4
  SINCE JAN 1     59                         7     52       47
..................................................................


WIND (MPH)
  HIGHEST WIND SPEED    14   HIGHEST WIND DIRECTION    NW (310)
  HIGHEST GUST SPEED    17   HIGHEST GUST DIRECTION    NW (310)
  AVERAGE WIND SPEED     4.7


SKY COVER
  POSSIBLE SUNSHINE  MM
  AVERAGE SKY COVER 0.5


WEATHER CONDITIONS
 THE FOLLOWING WEATHER WAS RECORDED TODAY.
  NO SIGNIFICANT WEATHER WAS OBSERVED.


RELATIVE HUMIDITY (PERCENT)
 HIGHEST    84           100 AM
 LOWEST     43           100 PM
 AVERAGE    64

..........................................................


THE ASTORIA OR CLIMATE NORMALS FOR TOMORROW
                         NORMAL    RECORD    YEAR
 MAXIMUM TEMPERATURE (F)   66        85      1967
                                             1949
 MINIMUM TEMPERATURE (F)   48        38      1908


SUNRISE AND SUNSET
SEPTEMBER 25 2016.....SUNRISE   707 AM PDT   SUNSET   706 PM PDT
SEPTEMBER 26 2016.....SUNRISE   708 AM PDT   SUNSET   704 PM PDT


-  INDICATES NEGATIVE NUMBERS.
R  INDICATES RECORD WAS SET OR TIED.
MM INDICATES DATA IS MISSING.
T  INDICATES TRACE AMOUNT.




$$
