000
CDUS46 KPQR 260221
CLIAST


CLIMATE REPORT
NATIONAL WEATHER SERVICE PORTLAND OREGON
721 PM PDT SUN JUN 25 2017


...................................

...THE ASTORIA OR CLIMATE SUMMARY FOR JUNE 25 2017...
VALID TODAY AS OF 0700 PM LOCAL TIME.

CLIMATE NORMAL PERIOD 1981 TO 2010
CLIMATE RECORD PERIOD 1892 TO 2017


WEATHER ITEM   OBSERVED TIME   RECORD YEAR NORMAL DEPARTURE LAST
                VALUE   (LST)  VALUE       VALUE  FROM      YEAR
                                                  NORMAL
..................................................................
TEMPERATURE (F)
 TODAY
  MAXIMUM         68    127 AM  84    1896  65      3       69
  MINIMUM         55    516 AM  39    1966  51      4       55
  AVERAGE         62                        58      4       62

PRECIPITATION (IN)
  TODAY            0.00          1.62 1931   0.06  -0.06     0.00
  MONTH TO DATE    2.44                      2.26   0.18     2.00
  SINCE OCT 1     93.44                     62.64  30.80    81.76
  SINCE JAN 1     49.57                     35.62  13.95    39.23

DEGREE DAYS
 HEATING
  TODAY            3                         7     -4        3
  MONTH TO DATE  184                       210    -26      153
  SINCE JUN 1    184                       210    -26      153
  SINCE JUL 1   4550                      4991   -441     3856

 COOLING
  TODAY            0                         0      0        0
  MONTH TO DATE   10                         0     10        6
  SINCE JUN 1     10                         0     10        6
  SINCE JAN 1     12                         0     12        9
..................................................................


WIND (MPH)
  HIGHEST WIND SPEED    20   HIGHEST WIND DIRECTION    SW (240)
  HIGHEST GUST SPEED    26   HIGHEST GUST DIRECTION    SW (230)
  AVERAGE WIND SPEED    10.2


SKY COVER
  POSSIBLE SUNSHINE  MM
  AVERAGE SKY COVER 0.4


WEATHER CONDITIONS
 THE FOLLOWING WEATHER WAS RECORDED TODAY.
  NO SIGNIFICANT WEATHER WAS OBSERVED.


RELATIVE HUMIDITY (PERCENT)
 HIGHEST    93           600 AM
 LOWEST     68           200 AM
 AVERAGE    81

..........................................................


THE ASTORIA OR CLIMATE NORMALS FOR TOMORROW
                         NORMAL    RECORD    YEAR
 MAXIMUM TEMPERATURE (F)   65        85      2006
 MINIMUM TEMPERATURE (F)   51        41      1976
                                             1971


SUNRISE AND SUNSET
JUNE 25 2017..........SUNRISE   525 AM PDT   SUNSET   911 PM PDT
JUNE 26 2017..........SUNRISE   526 AM PDT   SUNSET   911 PM PDT


-  INDICATES NEGATIVE NUMBERS.
R  INDICATES RECORD WAS SET OR TIED.
MM INDICATES DATA IS MISSING.
T  INDICATES TRACE AMOUNT.




$$
