000
CDUS46 KPQR 302320
CLIAST


CLIMATE REPORT
NATIONAL WEATHER SERVICE PORTLAND OREGON
420 PM PDT SAT MAY 30 2015


...................................

...THE ASTORIA OR CLIMATE SUMMARY FOR MAY 30 2015...
VALID TODAY AS OF 0400 PM LOCAL TIME.

CLIMATE NORMAL PERIOD 1981 TO 2010
CLIMATE RECORD PERIOD 1892 TO 2015


WEATHER ITEM   OBSERVED TIME   RECORD YEAR NORMAL DEPARTURE LAST
                VALUE   (LST)  VALUE       VALUE  FROM      YEAR
                                                  NORMAL
..................................................................
TEMPERATURE (F)
 TODAY
  MAXIMUM         64    241 PM  79    1924  62      2       65
  MINIMUM         52    433 AM  30    1921  48      4       42
  AVERAGE         58                        55      3       54

PRECIPITATION (IN)
  TODAY            0.00          1.04 1943   0.10  -0.10     0.00
  MONTH TO DATE    1.29                      3.22  -1.93     5.98
  SINCE OCT 1     52.28                     60.28  -8.00    50.84
  SINCE JAN 1     26.66                     33.26  -6.60    38.68

DEGREE DAYS
 HEATING
  TODAY            7                        10     -3       11
  MONTH TO DATE  300                       362    -62      257
  SINCE MAR 1   1230                      1429   -199     1210
  SINCE JUL 1   3770                      4771  -1001     4639

 COOLING
  TODAY            0                         0      0        0
  MONTH TO DATE    0                         0      0        8
  SINCE MAR 1      2                         0      2       11
  SINCE JAN 1      2                         0      2       11
..................................................................


WIND (MPH)
  HIGHEST WIND SPEED    14   HIGHEST WIND DIRECTION     W (290)
  HIGHEST GUST SPEED    19   HIGHEST GUST DIRECTION     W (290)
  AVERAGE WIND SPEED     7.7


SKY COVER
  POSSIBLE SUNSHINE  MM
  AVERAGE SKY COVER 0.8


WEATHER CONDITIONS
 THE FOLLOWING WEATHER WAS RECORDED TODAY.
  NO SIGNIFICANT WEATHER WAS OBSERVED.


RELATIVE HUMIDITY (PERCENT)
 HIGHEST    77          1200 AM
 LOWEST     60          1100 AM
 AVERAGE    69

..........................................................


THE ASTORIA OR CLIMATE NORMALS FOR TOMORROW
                         NORMAL    RECORD    YEAR
 MAXIMUM TEMPERATURE (F)   62        81      1978
                                             1970
                                             1909
 MINIMUM TEMPERATURE (F)   48        35      1953


SUNRISE AND SUNSET
MAY 30 2015...........SUNRISE   529 AM PDT   SUNSET   858 PM PDT
MAY 31 2015...........SUNRISE   528 AM PDT   SUNSET   858 PM PDT


-  INDICATES NEGATIVE NUMBERS.
R  INDICATES RECORD WAS SET OR TIED.
MM INDICATES DATA IS MISSING.
T  INDICATES TRACE AMOUNT.




$$
