000
CDUS46 KPQR 180222
CLIAST


CLIMATE REPORT
NATIONAL WEATHER SERVICE PORTLAND OREGON
622 PM PST SAT FEB 17 2018


...................................

...THE ASTORIA OR CLIMATE SUMMARY FOR FEBRUARY 17 2018...
VALID TODAY AS OF 0600 PM LOCAL TIME.

CLIMATE NORMAL PERIOD 1981 TO 2010
CLIMATE RECORD PERIOD 1892 TO 2018


WEATHER ITEM   OBSERVED TIME   RECORD YEAR NORMAL DEPARTURE LAST
                VALUE   (LST)  VALUE       VALUE  FROM      YEAR
                                                  NORMAL
..................................................................
TEMPERATURE (F)
 TODAY
  MAXIMUM         49    921 AM  67    1941  52     -3       53
  MINIMUM         44    559 PM  25    1985  37      7       39
                                      1936
  AVERAGE         47                        44      3       46

PRECIPITATION (IN)
  TODAY            1.04          2.30 1949   0.25   0.79      T
  MONTH TO DATE    3.79                      4.46  -0.67     8.80
  SINCE OCT 1     45.94                     41.68   4.26    58.48
  SINCE JAN 1     15.15                     14.66   0.49    14.61

DEGREE DAYS
 HEATING
  TODAY           18                        21     -3       19
  MONTH TO DATE  333                       357    -24      351
  SINCE DEC 1   1565                      1709   -144     1856
  SINCE JUL 1   2857                      3122   -265     2719

 COOLING
  TODAY            0                         0      0        0
  MONTH TO DATE    0                         0      0        0
  SINCE DEC 1      0                         0      0        0
  SINCE JAN 1      0                         0      0        0
..................................................................


WIND (MPH)
  HIGHEST WIND SPEED    30   HIGHEST WIND DIRECTION     W (260)
  HIGHEST GUST SPEED    40   HIGHEST GUST DIRECTION    SW (220)
  AVERAGE WIND SPEED    15.1


SKY COVER
  POSSIBLE SUNSHINE  MM
  AVERAGE SKY COVER 1.0


WEATHER CONDITIONS
 THE FOLLOWING WEATHER WAS RECORDED TODAY.
  HEAVY RAIN
  RAIN
  LIGHT RAIN
  FOG


RELATIVE HUMIDITY (PERCENT)
 HIGHEST   100           600 AM
 LOWEST     76           400 PM
 AVERAGE    88

..........................................................


THE ASTORIA OR CLIMATE NORMALS FOR TOMORROW
                         NORMAL    RECORD    YEAR
 MAXIMUM TEMPERATURE (F)   52        67      1958
 MINIMUM TEMPERATURE (F)   37        23      1955


SUNRISE AND SUNSET
FEBRUARY 17 2018......SUNRISE   715 AM PST   SUNSET   545 PM PST
FEBRUARY 18 2018......SUNRISE   713 AM PST   SUNSET   546 PM PST


-  INDICATES NEGATIVE NUMBERS.
R  INDICATES RECORD WAS SET OR TIED.
MM INDICATES DATA IS MISSING.
T  INDICATES TRACE AMOUNT.




$$
