000
CDUS46 KPQR 221141
CLIAST


CLIMATE REPORT
NATIONAL WEATHER SERVICE PORTLAND OREGON
340 AM PST WED NOV 22 2017


...................................

...THE ASTORIA OR CLIMATE SUMMARY FOR NOVEMBER 21 2017...

CLIMATE NORMAL PERIOD 1981 TO 2010
CLIMATE RECORD PERIOD 1892 TO 2017


WEATHER ITEM   OBSERVED TIME   RECORD YEAR NORMAL DEPARTURE LAST
                VALUE   (LST)  VALUE       VALUE  FROM      YEAR
                                                  NORMAL
..................................................................
TEMPERATURE (F)
 YESTERDAY
  MAXIMUM         63   1033 PM  66    1954  52     11       56
  MINIMUM         45   1227 AM  25    1985  39      6       45
  AVERAGE         54                        46      8       51

PRECIPITATION (IN)
  YESTERDAY        1.35          2.32 1961   0.40   0.95     0.21
  MONTH TO DATE   10.47                      7.56   2.91     8.79
  SINCE OCT 1     19.41                     13.54   5.87    25.11
  SINCE JAN 1     72.62                     53.78  18.84    68.09

DEGREE DAYS
 HEATING
  YESTERDAY       11                        19     -8       14
  MONTH TO DATE  373                       363     10      210
  SINCE SEP 1    913                       949    -36      608
  SINCE JUL 1   1153                      1230    -77      729

 COOLING
  YESTERDAY        0                         0      0        0
  MONTH TO DATE    0                         0      0        0
  SINCE SEP 1     22                         5     17        7
  SINCE JAN 1     55                        12     43       62
..................................................................


WIND (MPH)
  HIGHEST WIND SPEED    32   HIGHEST WIND DIRECTION     S (190)
  HIGHEST GUST SPEED    50   HIGHEST GUST DIRECTION     S (180)
  AVERAGE WIND SPEED    16.4


SKY COVER
  POSSIBLE SUNSHINE  MM
  AVERAGE SKY COVER 1.0


WEATHER CONDITIONS
 THE FOLLOWING WEATHER WAS RECORDED YESTERDAY.
  RAIN
  LIGHT RAIN
  FOG


RELATIVE HUMIDITY (PERCENT)
 HIGHEST    97           400 PM
 LOWEST     84          1100 AM
 AVERAGE    91

..........................................................


THE ASTORIA OR CLIMATE NORMALS FOR TODAY
                         NORMAL    RECORD    YEAR
 MAXIMUM TEMPERATURE (F)   52        60      1954
                                             1936
 MINIMUM TEMPERATURE (F)   39        22      1985


SUNRISE AND SUNSET
NOVEMBER 22 2017......SUNRISE   727 AM PST   SUNSET   437 PM PST
NOVEMBER 23 2017......SUNRISE   728 AM PST   SUNSET   436 PM PST


-  INDICATES NEGATIVE NUMBERS.
R  INDICATES RECORD WAS SET OR TIED.
MM INDICATES DATA IS MISSING.
T  INDICATES TRACE AMOUNT.




$$
