000
CDUS46 KPQR 301141
CLIAST


CLIMATE REPORT
NATIONAL WEATHER SERVICE PORTLAND OREGON
440 AM PDT SAT APR 30 2016


...................................

...THE ASTORIA OR CLIMATE SUMMARY FOR APRIL 29 2016...

CLIMATE NORMAL PERIOD 1981 TO 2010
CLIMATE RECORD PERIOD 1892 TO 2016


WEATHER ITEM   OBSERVED TIME   RECORD YEAR NORMAL DEPARTURE LAST
                VALUE   (LST)  VALUE       VALUE  FROM      YEAR
                                                  NORMAL
..................................................................
TEMPERATURE (F)
 YESTERDAY
  MAXIMUM         61    149 PM  83    1908  58      3       59
  MINIMUM         49    445 AM  31    1975  43      6       44
  AVERAGE         55                        50      5       52

PRECIPITATION (IN)
  YESTERDAY        0.01          1.24 1899   0.14  -0.13     0.01
  MONTH TO DATE    1.99                      5.07  -3.08     3.31
  SINCE OCT 1     78.90                     56.93  21.97    50.99
  SINCE JAN 1     36.37                     29.91   6.46    25.37

DEGREE DAYS
 HEATING
  YESTERDAY       10                        15     -5       13
  MONTH TO DATE  334                       474   -140      447
  SINCE MAR 1    794                      1052   -258      916
  SINCE JUL 1   3413                      4394   -981     3456

 COOLING
  YESTERDAY        0                         0      0        0
  MONTH TO DATE    3                         0      3        2
  SINCE MAR 1      3                         0      3        2
  SINCE JAN 1      3                         0      3        2
..................................................................


WIND (MPH)
  HIGHEST WIND SPEED    20   HIGHEST WIND DIRECTION    NW (320)
  HIGHEST GUST SPEED    23   HIGHEST GUST DIRECTION    NW (320)
  AVERAGE WIND SPEED     9.8


SKY COVER
  POSSIBLE SUNSHINE  MM
  AVERAGE SKY COVER 0.9


WEATHER CONDITIONS
 THE FOLLOWING WEATHER WAS RECORDED YESTERDAY.
  LIGHT RAIN
  FOG
  HAZE


RELATIVE HUMIDITY (PERCENT)
 HIGHEST    86          1200 AM
 LOWEST     64           200 PM
 AVERAGE    75

..........................................................


THE ASTORIA OR CLIMATE NORMALS FOR TODAY
                         NORMAL    RECORD    YEAR
 MAXIMUM TEMPERATURE (F)   58        84      2014
 MINIMUM TEMPERATURE (F)   43        32      1986


SUNRISE AND SUNSET
APRIL 30 2016.........SUNRISE   603 AM PDT   SUNSET   823 PM PDT
MAY  1 2016...........SUNRISE   601 AM PDT   SUNSET   825 PM PDT


-  INDICATES NEGATIVE NUMBERS.
R  INDICATES RECORD WAS SET OR TIED.
MM INDICATES DATA IS MISSING.
T  INDICATES TRACE AMOUNT.




$$
