000
CDUS42 KFFC 032033
CLIATL


CLIMATE REPORT
NATIONAL WEATHER SERVICE PEACHTREE CITY GA
433 PM EDT WED JUN 3 2015


...................................

...THE ATLANTA CLIMATE SUMMARY FOR JUNE 3 2015...
VALID TODAY AS OF 0400 PM LOCAL TIME.

CLIMATE NORMAL PERIOD 1981 TO 2010
CLIMATE RECORD PERIOD 1878 TO 2015


WEATHER ITEM   OBSERVED TIME   RECORD YEAR NORMAL DEPARTURE LAST
                VALUE   (LST)  VALUE       VALUE  FROM      YEAR
                                                  NORMAL
..................................................................
TEMPERATURE (F)
 TODAY
  MAXIMUM         80   1243 PM  96    1936  84     -4       86
  MINIMUM         66    649 AM  46    1956  65      1       69
  AVERAGE         73                        75     -2       78

PRECIPITATION (IN)
  TODAY            T             1.45 1892   0.11  -0.11      T
  MONTH TO DATE    0.15                      0.33  -0.18      T
  SINCE JUN 1      0.15                      0.33  -0.18      T
  SINCE JAN 1     23.87                     21.04   2.83    18.47

DEGREE DAYS
 HEATING
  TODAY            0                         0      0        0
  MONTH TO DATE    0                         0      0        0
  SINCE JUN 1      0                         0      0        0
  SINCE JUL 1   2656                      2766   -110     2929

 COOLING
  TODAY            8                        10     -2       13
  MONTH TO DATE   27                        29     -2       30
  SINCE JUN 1     27                        29     -2       30
  SINCE JAN 1    386                       279    107      313
..................................................................


WIND (MPH)
  HIGHEST WIND SPEED    15   HIGHEST WIND DIRECTION     E (100)
  HIGHEST GUST SPEED    31   HIGHEST GUST DIRECTION    NE (60)
  AVERAGE WIND SPEED     6.9


SKY COVER
  POSSIBLE SUNSHINE  MM
  AVERAGE SKY COVER 0.6


WEATHER CONDITIONS
 THE FOLLOWING WEATHER WAS RECORDED TODAY.
  THUNDERSTORM


RELATIVE HUMIDITY (PERCENT)
 HIGHEST    87           400 AM
 LOWEST     62           100 PM
 AVERAGE    75

..........................................................


THE ATLANTA CLIMATE NORMALS FOR TOMORROW
                         NORMAL    RECORD    YEAR
 MAXIMUM TEMPERATURE (F)   84        98      1911
 MINIMUM TEMPERATURE (F)   66        54      1969
                                             1954
                                             1879


SUNRISE AND SUNSET
JUNE  3 2015..........SUNRISE   628 AM EDT   SUNSET   844 PM EDT
JUNE  4 2015..........SUNRISE   628 AM EDT   SUNSET   845 PM EDT


-  INDICATES NEGATIVE NUMBERS.
R  INDICATES RECORD WAS SET OR TIED.
MM INDICATES DATA IS MISSING.
T  INDICATES TRACE AMOUNT.




$$
