614
CDUS42 KFFC 230817
CLIATL


CLIMATE REPORT
NATIONAL WEATHER SERVICE PEACHTREE CITY GA
417 AM EDT FRI JUN 23 2017


...................................

...THE ATLANTA CLIMATE SUMMARY FOR JUNE 22 2017...

CLIMATE NORMAL PERIOD 1981 TO 2010
CLIMATE RECORD PERIOD 1878 TO 2017


WEATHER ITEM   OBSERVED TIME   RECORD YEAR NORMAL DEPARTURE LAST
                VALUE   (LST)  VALUE       VALUE  FROM      YEAR
                                                  NORMAL
..................................................................
TEMPERATURE (F)
 YESTERDAY
  MAXIMUM         84    336 PM  98    1964  88     -4       92
  MINIMUM         72    732 AM  56    1947  70      2       73
  AVERAGE         78                        79     -1       83

PRECIPITATION (IN)
  YESTERDAY        0.16          2.26 1939   0.16   0.00     0.00
  MONTH TO DATE    5.31                      2.70   2.61     2.42
  SINCE JUN 1      5.31                      2.70   2.61     2.42
  SINCE JAN 1     28.39                     23.41   4.98    21.56

DEGREE DAYS
 HEATING
  YESTERDAY        0                         0      0        0
  MONTH TO DATE    0                         0      0        0
  SINCE JUN 1      0                         0      0        0
  SINCE JUL 1   1690                      2766  -1076     1999

 COOLING
  YESTERDAY       13                        14     -1       18
  MONTH TO DATE  262                       256      6      341
  SINCE JUN 1    262                       256      6      341
  SINCE JAN 1    670                       506    164      670
..................................................................


WIND (MPH)
  RESULTANT WIND SPEED   6   RESULTANT WIND DIRECTION  SE (130)
  HIGHEST WIND SPEED    25   HIGHEST WIND DIRECTION     S (190)
  HIGHEST GUST SPEED    34   HIGHEST GUST DIRECTION     S (200)
  AVERAGE WIND SPEED     7.1


SKY COVER
  AVERAGE SKY COVER 0.9


WEATHER CONDITIONS
 THE FOLLOWING WEATHER WAS RECORDED YESTERDAY.
  THUNDERSTORM
  LIGHT RAIN
  FOG


RELATIVE HUMIDITY (PERCENT)
 HIGHEST   100           300 AM
 LOWEST     74           200 PM
 AVERAGE    87

..........................................................


THE ATLANTA CLIMATE NORMALS FOR TODAY
                         NORMAL    RECORD    YEAR
 MAXIMUM TEMPERATURE (F)   88        99      1944
                                             1930
 MINIMUM TEMPERATURE (F)   70        54      1972


SUNRISE AND SUNSET
JUNE 23 2017..........SUNRISE   628 AM EDT   SUNSET   852 PM EDT
JUNE 24 2017..........SUNRISE   629 AM EDT   SUNSET   852 PM EDT


-  INDICATES NEGATIVE NUMBERS.
R  INDICATES RECORD WAS SET OR TIED.
MM INDICATES DATA IS MISSING.
T  INDICATES TRACE AMOUNT.




$$
