000
CDUS42 KFFC 250818
CLIATL


CLIMATE REPORT
NATIONAL WEATHER SERVICE PEACHTREE CITY GA
417 AM EDT SAT OCT 25 2014


...................................

...THE ATLANTA CLIMATE SUMMARY FOR OCTOBER 24 2014...

CLIMATE NORMAL PERIOD 1981 TO 2010
CLIMATE RECORD PERIOD 1878 TO 2014


WEATHER ITEM   OBSERVED TIME   RECORD YEAR NORMAL DEPARTURE LAST
                VALUE   (LST)  VALUE       VALUE  FROM      YEAR
                                                  NORMAL
..................................................................
TEMPERATURE (F)
 YESTERDAY
  MAXIMUM         74    355 PM  88    1939  71      3       66
  MINIMUM         50    538 AM  28    1917  51     -1       39
  AVERAGE         62                        61      1       53

PRECIPITATION (IN)
  YESTERDAY        0.00          1.72 1918   0.10  -0.10     0.00
  MONTH TO DATE    3.38                      2.72   0.66     2.52
  SINCE SEP 1      4.13                      7.19  -3.06     5.26
  SINCE JAN 1     38.10                     41.02  -2.92    56.30

DEGREE DAYS
 HEATING
  YESTERDAY        3                         5     -2       12
  MONTH TO DATE   45                        73    -28       48
  SINCE SEP 1     45                        84    -39       48
  SINCE JUL 1     45                        84    -39       49

 COOLING
  YESTERDAY        0                         1     -1        0
  MONTH TO DATE  100                        60     40       77
  SINCE SEP 1    431                       326    105      366
  SINCE JAN 1   1969                      1865    104     1748
..................................................................


WIND (MPH)
  RESULTANT WIND SPEED   4   RESULTANT WIND DIRECTION  NW (330)
  HIGHEST WIND SPEED    10   HIGHEST WIND DIRECTION    NW (320)
  HIGHEST GUST SPEED    15   HIGHEST GUST DIRECTION     N (360)
  AVERAGE WIND SPEED     5.0


SKY COVER
  AVERAGE SKY COVER 0.5


WEATHER CONDITIONS
 THE FOLLOWING WEATHER WAS RECORDED YESTERDAY.
  NO SIGNIFICANT WEATHER WAS OBSERVED.


RELATIVE HUMIDITY (PERCENT)
 HIGHEST    80           300 AM
 LOWEST     31           400 PM
 AVERAGE    56

..........................................................


THE ATLANTA CLIMATE NORMALS FOR TODAY
                         NORMAL    RECORD    YEAR
 MAXIMUM TEMPERATURE (F)   70        82      1940
                                             1931
 MINIMUM TEMPERATURE (F)   51        29      1965


SUNRISE AND SUNSET
OCTOBER 25 2014.......SUNRISE   751 AM EDT   SUNSET   652 PM EDT
OCTOBER 26 2014.......SUNRISE   751 AM EDT   SUNSET   651 PM EDT


-  INDICATES NEGATIVE NUMBERS.
R  INDICATES RECORD WAS SET OR TIED.
MM INDICATES DATA IS MISSING.
T  INDICATES TRACE AMOUNT.




$$
