462
CDUS42 KFFC 190821
CLIATL


CLIMATE REPORT
NATIONAL WEATHER SERVICE PEACHTREE CITY GA
421 AM EDT SAT AUG 19 2017


...................................

...THE ATLANTA CLIMATE SUMMARY FOR AUGUST 18 2017...

CLIMATE NORMAL PERIOD 1981 TO 2010
CLIMATE RECORD PERIOD 1878 TO 2017


WEATHER ITEM   OBSERVED TIME   RECORD YEAR NORMAL DEPARTURE LAST
                VALUE   (LST)  VALUE       VALUE  FROM      YEAR
                                                  NORMAL
..................................................................
TEMPERATURE (F)
 YESTERDAY
  MAXIMUM         90    313 PM 101    2000  88      2       97
                                      1995
  MINIMUM         75   1159 PM  62    1964  71      4       74
                                      1879
  AVERAGE         83                        80      3       86

PRECIPITATION (IN)
  YESTERDAY        0.00          1.78 1998   0.13  -0.13     0.04
  MONTH TO DATE    4.24                      2.21   2.03     1.04
  SINCE JUN 1     14.63                     11.43   3.20     7.96
  SINCE JAN 1     37.71                     32.14   5.57    27.10

DEGREE DAYS
 HEATING
  YESTERDAY        0                         0      0        0
  MONTH TO DATE    0                         0      0        0
  SINCE JUN 1      0                         2     -2        0
  SINCE JUL 1      0                         0      0        0

 COOLING
  YESTERDAY       18                        14      4       21
  MONTH TO DATE  265                       269     -4      333
  SINCE JUN 1   1131                      1111     20     1399
  SINCE JAN 1   1539                      1361    178     1728
..................................................................


WIND (MPH)
  RESULTANT WIND SPEED   8   RESULTANT WIND DIRECTION   W (270)
  HIGHEST WIND SPEED    17   HIGHEST WIND DIRECTION     W (280)
  HIGHEST GUST SPEED    23   HIGHEST GUST DIRECTION     W (250)
  AVERAGE WIND SPEED     8.5


SKY COVER
  AVERAGE SKY COVER 0.3


WEATHER CONDITIONS
 THE FOLLOWING WEATHER WAS RECORDED YESTERDAY.
  NO SIGNIFICANT WEATHER WAS OBSERVED.


RELATIVE HUMIDITY (PERCENT)
 HIGHEST    87           500 AM
 LOWEST     50           300 PM
 AVERAGE    69

..........................................................


THE ATLANTA CLIMATE NORMALS FOR TODAY
                         NORMAL    RECORD    YEAR
 MAXIMUM TEMPERATURE (F)   88        99      1925
 MINIMUM TEMPERATURE (F)   71        63      1879


SUNRISE AND SUNSET
AUGUST 19 2017........SUNRISE   703 AM EDT   SUNSET   819 PM EDT
AUGUST 20 2017........SUNRISE   704 AM EDT   SUNSET   818 PM EDT


-  INDICATES NEGATIVE NUMBERS.
R  INDICATES RECORD WAS SET OR TIED.
MM INDICATES DATA IS MISSING.
T  INDICATES TRACE AMOUNT.




$$
