000
CDUS42 KFFC 070025
CLIATL


CLIMATE REPORT
NATIONAL WEATHER SERVICE PEACHTREE CITY GA
725 PM EST FRI MAR 6 2015


...................................

...THE ATLANTA CLIMATE SUMMARY FOR MARCH 6 2015...
VALID AS OF 0700 PM LOCAL TIME.

CLIMATE NORMAL PERIOD 1981 TO 2010
CLIMATE RECORD PERIOD 1878 TO 2015


WEATHER ITEM   OBSERVED TIME   RECORD YEAR NORMAL DEPARTURE LAST
                VALUE   (LST)  VALUE       VALUE  FROM      YEAR
                                                  NORMAL
..................................................................
TEMPERATURE (F)
 TODAY
  MAXIMUM         50    518 PM  79    1974  62    -12       47
                                      1956
                                      1945
  MINIMUM         27    719 AM  17    1960  42    -15       36
                                      1901
  AVERAGE         39                        52    -13       42

PRECIPITATION (IN)
  TODAY            T             2.27 1947   0.16  -0.16     0.20
  MONTH TO DATE    0.65                      0.96  -0.31     0.42
  SINCE MAR 1      0.65                      0.96  -0.31     0.42
  SINCE JAN 1      9.16                      9.83  -0.67     7.58

SNOWFALL (IN)
  TODAY           MM             0.0  2002   0.0   MM        0.0
                                      2000
                                      2001
  MONTH TO DATE    0.0                       0.1   -0.1      0.0
  SINCE MAR 1      0.0                       0.1   -0.1      0.0
  SINCE JUL 1      T                         2.2   -2.2      5.0
  SNOW DEPTH       0

DEGREE DAYS
 HEATING
  TODAY           26                        13     13       23
  MONTH TO DATE   92                        84      8      104
  SINCE MAR 1     92                        84      8      104
  SINCE JUL 1   2450                      2339    111     2507

 COOLING
  TODAY            0                         0      0        0
  MONTH TO DATE    0                         0      0        0
  SINCE MAR 1      0                         0      0        0
  SINCE JAN 1      0                         1     -1        2
..................................................................


WIND (MPH)
  RESULTANT WIND SPEED   9   RESULTANT WIND DIRECTION   N (340)
  HIGHEST WIND SPEED    21   HIGHEST WIND DIRECTION    NW (330)
  HIGHEST GUST SPEED    25   HIGHEST GUST DIRECTION    NW (320)
  AVERAGE WIND SPEED     9.3


SKY COVER
  AVERAGE SKY COVER 0.8


WEATHER CONDITIONS
 THE FOLLOWING WEATHER WAS RECORDED TODAY.
  FOG
  HAZE


RELATIVE HUMIDITY (PERCENT)
 HIGHEST    85           800 AM
 LOWEST     42           500 PM

..........................................................


THE ATLANTA CLIMATE NORMALS FOR TOMORROW
                         NORMAL    RECORD    YEAR
 MAXIMUM TEMPERATURE (F)   62        80      1974
 MINIMUM TEMPERATURE (F)   42        18      1899


SUNRISE AND SUNSET
MARCH  6 2015.........SUNRISE   700 AM EST   SUNSET   638 PM EST
MARCH  7 2015.........SUNRISE   659 AM EST   SUNSET   639 PM EST


-  INDICATES NEGATIVE NUMBERS.
R  INDICATES RECORD WAS SET OR TIED.
MM INDICATES DATA IS MISSING.
T  INDICATES TRACE AMOUNT.




$$
