000
CDUS42 KFFC 300023
CLIATL


CLIMATE REPORT
NATIONAL WEATHER SERVICE PEACHTREE CITY GA
823 PM EDT FRI APR 29 2016


...................................

...THE ATLANTA CLIMATE SUMMARY FOR APRIL 29 2016...
VALID AS OF 0800 PM LOCAL TIME.

CLIMATE NORMAL PERIOD 1981 TO 2010
CLIMATE RECORD PERIOD 1878 TO 2016


WEATHER ITEM   OBSERVED TIME   RECORD YEAR NORMAL DEPARTURE LAST
                VALUE   (LST)  VALUE       VALUE  FROM      YEAR
                                                  NORMAL
..................................................................
TEMPERATURE (F)
 TODAY
  MAXIMUM         88R   158 PM  88    1894  76     12       64
  MINIMUM         63    616 AM  39    1992  55      8       54
  AVERAGE         76                        66     10       59

PRECIPITATION (IN)
  TODAY            0.00          3.71 1937   0.11  -0.11     0.84
  MONTH TO DATE    2.49                      3.25  -0.76     7.79
  SINCE MAR 1      4.70                      8.06  -3.36    10.77
  SINCE JAN 1     17.23                     16.93   0.30    19.28

SNOWFALL (IN)
  TODAY            0.0           0.0  2002   0.0    0.0      0.0
                                      2001
                                      2000
  MONTH TO DATE    0.0                       0.1   -0.1      0.0
  SINCE MAR 1      T                         0.9   -0.9      0.0
  SINCE JUL 1      0.3                       3.0   -2.7       T
  SNOW DEPTH       0

DEGREE DAYS
 HEATING
  TODAY            0                         2     -2        6
  MONTH TO DATE   95                       141    -46       53
  SINCE MAR 1    265                       483   -218      290
  SINCE JUL 1   1980                      2738   -758     2648

 COOLING
  TODAY           11                         3      8        0
  MONTH TO DATE   61                        51     10       81
  SINCE MAR 1     99                        63     36       96
  SINCE JAN 1     99                        64     35       96
..................................................................


WIND (MPH)
  RESULTANT WIND SPEED   2   RESULTANT WIND DIRECTION   W (260)
  HIGHEST WIND SPEED    10   HIGHEST WIND DIRECTION    SW (210)
  HIGHEST GUST SPEED    13   HIGHEST GUST DIRECTION    SW (220)
  AVERAGE WIND SPEED     4.5


SKY COVER
  AVERAGE SKY COVER 0.5


WEATHER CONDITIONS
 THE FOLLOWING WEATHER WAS RECORDED TODAY.
  NO SIGNIFICANT WEATHER WAS OBSERVED.


RELATIVE HUMIDITY (PERCENT)
 HIGHEST    78           400 AM
 LOWEST     25           400 PM

..........................................................


THE ATLANTA CLIMATE NORMALS FOR TOMORROW
                         NORMAL    RECORD    YEAR
 MAXIMUM TEMPERATURE (F)   76        89      1987
                                             1942
 MINIMUM TEMPERATURE (F)   56        40      1969
                                             1908


SUNRISE AND SUNSET
APRIL 29 2016.........SUNRISE   651 AM EDT   SUNSET   820 PM EDT
APRIL 30 2016.........SUNRISE   650 AM EDT   SUNSET   821 PM EDT


-  INDICATES NEGATIVE NUMBERS.
R  INDICATES RECORD WAS SET OR TIED.
MM INDICATES DATA IS MISSING.
T  INDICATES TRACE AMOUNT.




$$
