000
CDUS42 KFFC 140026
CLIATL


CLIMATE REPORT
NATIONAL WEATHER SERVICE PEACHTREE CITY GA
726 PM EST WED DEC 13 2017


...................................

...THE ATLANTA CLIMATE SUMMARY FOR DECEMBER 13 2017...
VALID AS OF 0700 PM LOCAL TIME.

CLIMATE NORMAL PERIOD 1981 TO 2010
CLIMATE RECORD PERIOD 1878 TO 2017


WEATHER ITEM   OBSERVED TIME   RECORD YEAR NORMAL DEPARTURE LAST
                VALUE   (LST)  VALUE       VALUE  FROM      YEAR
                                                  NORMAL
..................................................................
TEMPERATURE (F)
 TODAY
  MAXIMUM         50    345 PM  73    1991  54     -4       54
  MINIMUM         28    800 AM   1    1962  37     -9       50
  AVERAGE         39                        46     -7       52

PRECIPITATION (IN)
  TODAY            0.00          1.25 1885   0.13  -0.13     0.06
  MONTH TO DATE    1.67                      1.74  -0.07     2.06
  SINCE DEC 1      1.67                      1.74  -0.07     2.06
  SINCE JAN 1     49.77                     47.55   2.22    37.75

SNOWFALL (IN)
  TODAY            0.0           T    2010   0.0    0.0      0.0
  MONTH TO DATE    2.3                       0.1    2.2      0.0
  SINCE DEC 1      2.3                       0.1    2.2      0.0
  SINCE JUL 1      2.3                       0.1    2.2      0.0
  SNOW DEPTH       0

DEGREE DAYS
 HEATING
  TODAY           26                        20      6       13
  MONTH TO DATE  215                       234    -19      228
  SINCE DEC 1    215                       234    -19      228
  SINCE JUL 1    612                       702    -90      450

 COOLING
  TODAY            0                         0      0        0
  MONTH TO DATE    0                         0      0        0
  SINCE DEC 1      0                         0      0        0
  SINCE JAN 1   2165                      1882    283     2561
..................................................................


WIND (MPH)
  RESULTANT WIND SPEED   7   RESULTANT WIND DIRECTION   W (290)
  HIGHEST WIND SPEED    22   HIGHEST WIND DIRECTION    NW (330)
  HIGHEST GUST SPEED    29   HIGHEST GUST DIRECTION    NW (330)
  AVERAGE WIND SPEED    10.5


SKY COVER
  AVERAGE SKY COVER 0.0


WEATHER CONDITIONS
 THE FOLLOWING WEATHER WAS RECORDED TODAY.
  NO SIGNIFICANT WEATHER WAS OBSERVED.


RELATIVE HUMIDITY (PERCENT)
 HIGHEST    52          1200 AM
 LOWEST     21           400 PM

..........................................................


THE ATLANTA CLIMATE NORMALS FOR TOMORROW
                         NORMAL    RECORD    YEAR
 MAXIMUM TEMPERATURE (F)   54        74      1948
 MINIMUM TEMPERATURE (F)   37        14      2010


SUNRISE AND SUNSET
DECEMBER 13 2017......SUNRISE   734 AM EST   SUNSET   530 PM EST
DECEMBER 14 2017......SUNRISE   734 AM EST   SUNSET   531 PM EST


-  INDICATES NEGATIVE NUMBERS.
R  INDICATES RECORD WAS SET OR TIED.
MM INDICATES DATA IS MISSING.
T  INDICATES TRACE AMOUNT.




$$
