000
CDUS42 KFFC 190922
CLIATL


CLIMATE REPORT
NATIONAL WEATHER SERVICE PEACHTREE CITY GA
420 AM EST FRI DEC 19 2014


...................................

...THE ATLANTA CLIMATE SUMMARY FOR DECEMBER 18 2014...

CLIMATE NORMAL PERIOD 1981 TO 2010
CLIMATE RECORD PERIOD 1878 TO 2014


WEATHER ITEM   OBSERVED TIME   RECORD YEAR NORMAL DEPARTURE LAST
                VALUE   (LST)  VALUE       VALUE  FROM      YEAR
                                                  NORMAL
..................................................................
TEMPERATURE (F)
 YESTERDAY
  MAXIMUM         55    354 PM  74    1984  53      2       54
  MINIMUM         36    806 AM   9    1901  36      0       35
  AVERAGE         46                        44      2       45

PRECIPITATION (IN)
  YESTERDAY        T             1.89 2009   0.11  -0.11     0.00
  MONTH TO DATE    0.52                      2.34  -1.82     2.99
  SINCE DEC 1      0.52                      2.34  -1.82     2.99
  SINCE JAN 1     42.63                     48.15  -5.52    61.21

SNOWFALL (IN)
  YESTERDAY        0.0           0.0  2001   0.0    0.0      0.0
  MONTH TO DATE    0.0                       0.1   -0.1      0.0
  SINCE DEC 1      0.0                       0.1   -0.1      0.0
  SINCE JUL 1      0.0                       0.1   -0.1      0.4
  SNOW DEPTH       0

DEGREE DAYS
 HEATING
  YESTERDAY       19                        21     -2       20
  MONTH TO DATE  250                       335    -85      280
  SINCE DEC 1    250                       335    -85      280
  SINCE JUL 1    797                       803     -6      807

 COOLING
  YESTERDAY        0                         0      0        0
  MONTH TO DATE    0                         0      0        7
  SINCE DEC 1      0                         0      0        7
  SINCE JAN 1   1986                      1882    104     1762
..................................................................


WIND (MPH)
  RESULTANT WIND SPEED   7   RESULTANT WIND DIRECTION  NW (310)
  HIGHEST WIND SPEED    14   HIGHEST WIND DIRECTION    NW (330)
  HIGHEST GUST SPEED    18   HIGHEST GUST DIRECTION    NW (320)
  AVERAGE WIND SPEED     7.0


SKY COVER
  AVERAGE SKY COVER 0.8


WEATHER CONDITIONS
 THE FOLLOWING WEATHER WAS RECORDED YESTERDAY.
  NO SIGNIFICANT WEATHER WAS OBSERVED.


RELATIVE HUMIDITY (PERCENT)
 HIGHEST    82           500 AM
 LOWEST     32           400 PM
 AVERAGE    57

..........................................................


THE ATLANTA CLIMATE NORMALS FOR TODAY
                         NORMAL    RECORD    YEAR
 MAXIMUM TEMPERATURE (F)   53        74      1984
 MINIMUM TEMPERATURE (F)   36        11      1981
                                             1963
                                             1884


SUNRISE AND SUNSET
DECEMBER 19 2014......SUNRISE   737 AM EST   SUNSET   533 PM EST
DECEMBER 20 2014......SUNRISE   738 AM EST   SUNSET   533 PM EST


-  INDICATES NEGATIVE NUMBERS.
R  INDICATES RECORD WAS SET OR TIED.
MM INDICATES DATA IS MISSING.
T  INDICATES TRACE AMOUNT.




$$
