000
CDUS42 KFFC 170819
CLIATL


CLIMATE REPORT
NATIONAL WEATHER SERVICE PEACHTREE CITY GA
419 AM EDT WED SEP 17 2014


...................................

...THE ATLANTA CLIMATE SUMMARY FOR SEPTEMBER 16 2014...

CLIMATE NORMAL PERIOD 1981 TO 2010
CLIMATE RECORD PERIOD 1878 TO 2014


WEATHER ITEM   OBSERVED TIME   RECORD YEAR NORMAL DEPARTURE LAST
                VALUE   (LST)  VALUE       VALUE  FROM      YEAR
                                                  NORMAL
..................................................................
TEMPERATURE (F)
 YESTERDAY
  MAXIMUM         86    215 PM  97    1927  82      4       89
  MINIMUM         71    205 AM  49    1916  65      6       70
  AVERAGE         79                        74      5       80

PRECIPITATION (IN)
  YESTERDAY        T             4.93 2004   0.15  -0.15     0.00
  MONTH TO DATE    0.60                      2.36  -1.76     0.52
  SINCE SEP 1      0.60                      2.36  -1.76     0.52
  SINCE JAN 1     34.57                     36.19  -1.62    51.56

DEGREE DAYS
 HEATING
  YESTERDAY        0                         0      0        0
  MONTH TO DATE    0                         0      0        0
  SINCE SEP 1      0                         0      0        0
  SINCE JUL 1      0                         0      0        1

 COOLING
  YESTERDAY       14                         9      5       15
  MONTH TO DATE  227                       173     54      218
  SINCE SEP 1    227                       173     54      218
  SINCE JAN 1   1765                      1712     53     1600
..................................................................


WIND (MPH)
  RESULTANT WIND SPEED   5   RESULTANT WIND DIRECTION  NW (330)
  HIGHEST WIND SPEED    12   HIGHEST WIND DIRECTION    NW (330)
  HIGHEST GUST SPEED    16   HIGHEST GUST DIRECTION     N (340)
  AVERAGE WIND SPEED     4.9


SKY COVER
  AVERAGE SKY COVER 0.7


WEATHER CONDITIONS
 THE FOLLOWING WEATHER WAS RECORDED YESTERDAY.
  LIGHT RAIN
  FOG


RELATIVE HUMIDITY (PERCENT)
 HIGHEST   100           700 AM
 LOWEST     55           200 PM
 AVERAGE    78

..........................................................


THE ATLANTA CLIMATE NORMALS FOR TODAY
                         NORMAL    RECORD    YEAR
 MAXIMUM TEMPERATURE (F)   82        97      1927
 MINIMUM TEMPERATURE (F)   65        52      1961


SUNRISE AND SUNSET
SEPTEMBER 17 2014.....SUNRISE   722 AM EDT   SUNSET   741 PM EDT
SEPTEMBER 18 2014.....SUNRISE   723 AM EDT   SUNSET   740 PM EDT


-  INDICATES NEGATIVE NUMBERS.
R  INDICATES RECORD WAS SET OR TIED.
MM INDICATES DATA IS MISSING.
T  INDICATES TRACE AMOUNT.




$$
