000
CDUS42 KFFC 200818
CLIATL


CLIMATE REPORT
NATIONAL WEATHER SERVICE PEACHTREE CITY GA
418 AM EDT FRI OCT 20 2017


...................................

...THE ATLANTA CLIMATE SUMMARY FOR OCTOBER 19 2017...

CLIMATE NORMAL PERIOD 1981 TO 2010
CLIMATE RECORD PERIOD 1878 TO 2017


WEATHER ITEM   OBSERVED TIME   RECORD YEAR NORMAL DEPARTURE LAST
                VALUE   (LST)  VALUE       VALUE  FROM      YEAR
                                                  NORMAL
..................................................................
TEMPERATURE (F)
 YESTERDAY
  MAXIMUM         77    325 PM  88    2016  72      5       88
  MINIMUM         50    622 AM  35    1976  53     -3       66
                                      1948
  AVERAGE         64                        62      2       77

PRECIPITATION (IN)
  YESTERDAY        0.00          2.03 2004   0.09  -0.09     0.00
  MONTH TO DATE    1.98                      2.22  -0.24     0.16
  SINCE SEP 1      6.23                      6.69  -0.46     3.59
  SINCE JAN 1     45.17                     40.52   4.65    32.71

DEGREE DAYS
 HEATING
  YESTERDAY        1                         4     -3        0
  MONTH TO DATE   12                        49    -37        3
  SINCE SEP 1     19                        60    -41        4
  SINCE JUL 1     19                        60    -41        4

 COOLING
  YESTERDAY        0                         2     -2       12
  MONTH TO DATE  129                        54     75      114
  SINCE SEP 1    408                       320     88      535
  SINCE JAN 1   2132                      1859    273     2485
..................................................................


WIND (MPH)
  RESULTANT WIND SPEED   4   RESULTANT WIND DIRECTION  NE (60)
  HIGHEST WIND SPEED    10   HIGHEST WIND DIRECTION     N (360)
  HIGHEST GUST SPEED    16   HIGHEST GUST DIRECTION    NE (30)
  AVERAGE WIND SPEED     4.8


SKY COVER
  AVERAGE SKY COVER 0.2


WEATHER CONDITIONS
 THE FOLLOWING WEATHER WAS RECORDED YESTERDAY.
  NO SIGNIFICANT WEATHER WAS OBSERVED.


RELATIVE HUMIDITY (PERCENT)
 HIGHEST    77          1200 AM
 LOWEST     27           300 PM
 AVERAGE    52

..........................................................


THE ATLANTA CLIMATE NORMALS FOR TODAY
                         NORMAL    RECORD    YEAR
 MAXIMUM TEMPERATURE (F)   72        88      2016
 MINIMUM TEMPERATURE (F)   53        34      1989
                                             1972
                                             1925


SUNRISE AND SUNSET
OCTOBER 20 2017.......SUNRISE   747 AM EDT   SUNSET   658 PM EDT
OCTOBER 21 2017.......SUNRISE   748 AM EDT   SUNSET   657 PM EDT


-  INDICATES NEGATIVE NUMBERS.
R  INDICATES RECORD WAS SET OR TIED.
MM INDICATES DATA IS MISSING.
T  INDICATES TRACE AMOUNT.




$$
