000
CDUS44 KEWX 250707
CLIATT


CLIMATE REPORT
NATIONAL WEATHER SERVICE AUSTIN/SAN ANTONIO, TX
202 AM CDT SAT OCT 25 2014


...................................

...THE AUSTIN CAMP MABRY CLIMATE SUMMARY FOR OCTOBER 24 2014...

CLIMATE NORMAL PERIOD 1981 TO 2010
CLIMATE RECORD PERIOD 1897 TO 2014


WEATHER ITEM   OBSERVED TIME   RECORD YEAR NORMAL DEPARTURE LAST
                VALUE   (LST)  VALUE       VALUE  FROM      YEAR
                                                  NORMAL
..................................................................
TEMPERATURE (F)
 YESTERDAY
  MAXIMUM         85    337 PM  94    1933  80      5       82
  MINIMUM         60    721 AM  33    1924  58      2       53
  AVERAGE         73                        69      4

PRECIPITATION (IN)
  YESTERDAY        0.00          1.94 1949   0.13  -0.13     0.00
  MONTH TO DATE    1.55                      3.07  -1.52     8.51
  SINCE SEP 1      8.53                      6.06   2.47    14.33
  SINCE JAN 1     28.39                     28.15   0.24    32.11

SNOWFALL (IN)
  YESTERDAY        0.0
  MONTH TO DATE    0.0
  SINCE SEP 1      0.0
  SINCE JUL 1      0.0
  SNOW DEPTH       0

DEGREE DAYS
 HEATING
  YESTERDAY        0                         1     -1        0
  MONTH TO DATE    0                        13    -13       20
  SINCE SEP 1      2                        15    -13       20
  SINCE JUL 1      2                        15    -13       20

 COOLING
  YESTERDAY        8                         5      3        3
  MONTH TO DATE  247                       188     59      177
  SINCE SEP 1    723                       638     85      739
  SINCE JAN 1   3116                      3032     84     3349
..................................................................


WIND (MPH)
  HIGHEST WIND SPEED     7   HIGHEST WIND DIRECTION     S (180)
  HIGHEST GUST SPEED     9   HIGHEST GUST DIRECTION    SE (150)
  AVERAGE WIND SPEED     1.9


SKY COVER
  AVERAGE SKY COVER 0.0


WEATHER CONDITIONS
 THE FOLLOWING WEATHER WAS RECORDED YESTERDAY.
  NO SIGNIFICANT WEATHER WAS OBSERVED.


RELATIVE HUMIDITY (PERCENT)
 HIGHEST    84           200 AM
 LOWEST     44           200 PM
 AVERAGE    64

..........................................................


THE AUSTIN CAMP MABRY CLIMATE NORMALS FOR TODAY
                         NORMAL    RECORD    YEAR
 MAXIMUM TEMPERATURE (F)   79        91      1992
                                             1988
                                             1950
 MINIMUM TEMPERATURE (F)   58        33      1924


SUNRISE AND SUNSET
OCTOBER 25 2014.......SUNRISE   740 AM CDT   SUNSET   649 PM CDT
OCTOBER 26 2014.......SUNRISE   741 AM CDT   SUNSET   649 PM CDT


-  INDICATES NEGATIVE NUMBERS.
R  INDICATES RECORD WAS SET OR TIED.
MM INDICATES DATA IS MISSING.
T  INDICATES TRACE AMOUNT.




$$
