796
CDUS44 KEWX 242356
CLIATT


CLIMATE REPORT
NATIONAL WEATHER SERVICE AUSTIN/SAN ANTONIO, TX
555 PM CST FRI NOV 24 2017


...................................

...THE AUSTIN CAMP MABRY CLIMATE SUMMARY FOR NOVEMBER 24 2017...
VALID TODAY AS OF 550 PM LOCAL TIME.

CLIMATE NORMAL PERIOD 1981 TO 2010
CLIMATE RECORD PERIOD 1897 TO 2017


WEATHER ITEM   OBSERVED TIME   RECORD YEAR NORMAL DEPARTURE LAST
                VALUE   (LST)  VALUE       VALUE  FROM      YEAR
                                                  NORMAL
..................................................................
TEMPERATURE (F)
 TODAY
  MAXIMUM         77    240 PM  87    1965  68      9       76
  MINIMUM         42    705 AM  26    1925  47     -5       46
  AVERAGE         60                        58      2       61

PRECIPITATION (IN)
  TODAY            0.00          1.88 1944   0.08  -0.08     0.00
  MONTH TO DATE    0.12                      2.42  -2.30     3.08
  SINCE SEP 1      3.91                      9.29  -5.38     5.34
  SINCE JAN 1     30.41                     31.38  -0.97    36.28

SNOWFALL (IN)
  TODAY            0.0
  MONTH TO DATE    0.0
  SINCE SEP 1      0.0
  SINCE JUL 1      0.0
  SNOW DEPTH       0

DEGREE DAYS
 HEATING
  TODAY            5                         8     -3        4
  MONTH TO DATE   79                       125    -46       41
  SINCE SEP 1    117                       156    -39       42
  SINCE JUL 1    117                       156    -39       42

 COOLING
  TODAY            0                         1     -1        0
  MONTH TO DATE  127                        55     72       85
  SINCE SEP 1    812                       726     86      955
  SINCE JAN 1   3638                      3120    518     3449
..................................................................


WIND (MPH)
  HIGHEST WIND SPEED     9   HIGHEST WIND DIRECTION     S (180)
  HIGHEST GUST SPEED    19   HIGHEST GUST DIRECTION     S (190)
  AVERAGE WIND SPEED     2.0


SKY COVER
  AVERAGE SKY COVER 0.0


WEATHER CONDITIONS
 THE FOLLOWING WEATHER WAS RECORDED TODAY.
  NO SIGNIFICANT WEATHER WAS OBSERVED.


RELATIVE HUMIDITY (PERCENT)
 HIGHEST    65           200 AM
 LOWEST     23           400 PM
 AVERAGE    44

..........................................................


THE AUSTIN CAMP MABRY CLIMATE NORMALS FOR TOMORROW
                         NORMAL    RECORD    YEAR
 MAXIMUM TEMPERATURE (F)   68        85      1967
                                             1942
 MINIMUM TEMPERATURE (F)   47        23      1938
                                             1924


SUNRISE AND SUNSET
NOVEMBER 24 2017......SUNRISE   704 AM CST   SUNSET   531 PM CST
NOVEMBER 25 2017......SUNRISE   705 AM CST   SUNSET   531 PM CST


-  INDICATES NEGATIVE NUMBERS.
R  INDICATES RECORD WAS SET OR TIED.
MM INDICATES DATA IS MISSING.
T  INDICATES TRACE AMOUNT.




$$
