000
CDUS44 KEWX 262255
CLIATT


CLIMATE REPORT
NATIONAL WEATHER SERVICE AUSTIN/SAN ANTONIO, TX
554 PM CDT SUN MAR 26 2017


...................................

...THE AUSTIN CAMP MABRY CLIMATE SUMMARY FOR MARCH 26 2017...
VALID TODAY AS OF 550 PM LOCAL TIME.

CLIMATE NORMAL PERIOD 1981 TO 2010
CLIMATE RECORD PERIOD 1897 TO 2017


WEATHER ITEM   OBSERVED TIME   RECORD YEAR NORMAL DEPARTURE LAST
                VALUE   (LST)  VALUE       VALUE  FROM      YEAR
                                                  NORMAL
..................................................................
TEMPERATURE (F)
 TODAY
  MAXIMUM         86    345 PM  90    1939  75     11       74
                                      1917
  MINIMUM         63    101 AM  26    1955  54      9       48
  AVERAGE         75                        64     11       61

PRECIPITATION (IN)
  TODAY            0.00          1.49 2007   0.10  -0.10     0.00
  MONTH TO DATE    1.75                      2.35  -0.60     3.46
  SINCE MAR 1      1.75                      2.35  -0.60     3.46
  SINCE JAN 1      7.97                      6.59   1.38     5.14

SNOWFALL (IN)
  TODAY            0.0
  MONTH TO DATE    0.0
  SINCE MAR 1      0.0
  SINCE JUL 1      0.0
  SNOW DEPTH       0

DEGREE DAYS
 HEATING
  TODAY            0                         3     -3        4
  MONTH TO DATE   53                       146    -93       65
  SINCE MAR 1     53                       146    -93       65
  SINCE JUL 1    831                      1483   -652     1062

 COOLING
  TODAY           10                         3      7        0
  MONTH TO DATE  130                        44     86       91
  SINCE MAR 1    130                        44     86       91
  SINCE JAN 1    247                        71    176      130
..................................................................


WIND (MPH)
  HIGHEST WIND SPEED    18   HIGHEST WIND DIRECTION    SE (140)
  HIGHEST GUST SPEED    27   HIGHEST GUST DIRECTION    SE (150)
  AVERAGE WIND SPEED     6.4


SKY COVER
  AVERAGE SKY COVER 0.5


WEATHER CONDITIONS
 THE FOLLOWING WEATHER WAS RECORDED TODAY.
  FOG
  HAZE


RELATIVE HUMIDITY (PERCENT)
 HIGHEST    93           400 AM
 LOWEST     44           400 PM
 AVERAGE    69

..........................................................


THE AUSTIN CAMP MABRY CLIMATE NORMALS FOR TOMORROW
                         NORMAL    RECORD    YEAR
 MAXIMUM TEMPERATURE (F)   75        96      1984
 MINIMUM TEMPERATURE (F)   54        31      1955


SUNRISE AND SUNSET
MARCH 26 2017.........SUNRISE   727 AM CDT   SUNSET   746 PM CDT
MARCH 27 2017.........SUNRISE   726 AM CDT   SUNSET   747 PM CDT


-  INDICATES NEGATIVE NUMBERS.
R  INDICATES RECORD WAS SET OR TIED.
MM INDICATES DATA IS MISSING.
T  INDICATES TRACE AMOUNT.




$$
