000
CDUS44 KEWX 282256
CLIATT


CLIMATE REPORT
NATIONAL WEATHER SERVICE AUSTIN/SAN ANTONIO, TX
555 PM CDT SAT MAY 28 2016


...................................

...THE AUSTIN CAMP MABRY CLIMATE SUMMARY FOR MAY 28 2016...
VALID TODAY AS OF 555 PM LOCAL TIME.

CLIMATE NORMAL PERIOD 1981 TO 2010
CLIMATE RECORD PERIOD 1897 TO 2016


WEATHER ITEM   OBSERVED TIME   RECORD YEAR NORMAL DEPARTURE LAST
                VALUE   (LST)  VALUE       VALUE  FROM      YEAR
                                                  NORMAL
..................................................................
TEMPERATURE (F)
 TODAY
  MAXIMUM         91    341 PM 100    2011  89      2       87
  MINIMUM         65    500 AM  47    1901  70     -5       69
  AVERAGE         78                        79     -1       78

PRECIPITATION (IN)
  TODAY            0.00          6.16 1929   0.17  -0.17     0.20
  MONTH TO DATE    5.57                      3.94   1.63    16.92
  SINCE MAR 1     16.20                      8.79   7.41    24.06
  SINCE JAN 1     17.88                     13.03   4.85    29.58

SNOWFALL (IN)
  TODAY            0.0
  MONTH TO DATE    0.0
  SINCE MAR 1      T
  SINCE JUL 1      T
  SNOW DEPTH       0

DEGREE DAYS
 HEATING
  TODAY            0                         0      0        0
  MONTH TO DATE    1                         0      1        0
  SINCE MAR 1     84                       200   -116      215
  SINCE JUL 1   1081                      1537   -456     1698

 COOLING
  TODAY           13                        14     -1       13
  MONTH TO DATE  256                       316    -60      285
  SINCE MAR 1    539                       541     -2      552
  SINCE JAN 1    578                       568     10      563
..................................................................


WIND (MPH)
  HIGHEST WIND SPEED    13   HIGHEST WIND DIRECTION    SE (140)
  HIGHEST GUST SPEED    19   HIGHEST GUST DIRECTION     S (160)
  AVERAGE WIND SPEED     3.9


SKY COVER
  AVERAGE SKY COVER 0.8


WEATHER CONDITIONS
 THE FOLLOWING WEATHER WAS RECORDED TODAY.
  FOG
  FOG W/VISIBILITY <= 1/4 MILE
  HAZE


RELATIVE HUMIDITY (PERCENT)
 HIGHEST   100          1200 AM
 LOWEST     59           300 PM
 AVERAGE    80

..........................................................


THE AUSTIN CAMP MABRY CLIMATE NORMALS FOR TOMORROW
                         NORMAL    RECORD    YEAR
 MAXIMUM TEMPERATURE (F)   89        99      1927
 MINIMUM TEMPERATURE (F)   70        52      1947


SUNRISE AND SUNSET
MAY 28 2016...........SUNRISE   630 AM CDT   SUNSET   826 PM CDT
MAY 29 2016...........SUNRISE   630 AM CDT   SUNSET   827 PM CDT


-  INDICATES NEGATIVE NUMBERS.
R  INDICATES RECORD WAS SET OR TIED.
MM INDICATES DATA IS MISSING.
T  INDICATES TRACE AMOUNT.




$$
