000
CDUS44 KEWX 260722
CLIATT


CLIMATE REPORT
NATIONAL WEATHER SERVICE AUSTIN/SAN ANTONIO, TX
220 AM CDT TUE SEP 26 2017


...................................

...THE AUSTIN CAMP MABRY CLIMATE SUMMARY FOR SEPTEMBER 25 2017...

CLIMATE NORMAL PERIOD 1981 TO 2010
CLIMATE RECORD PERIOD 1897 TO 2017


WEATHER ITEM   OBSERVED TIME   RECORD YEAR NORMAL DEPARTURE LAST
                VALUE   (LST)  VALUE       VALUE  FROM      YEAR
                                                  NORMAL
..................................................................
TEMPERATURE (F)
 YESTERDAY
  MAXIMUM         91    126 PM 107    2005  88      3       88
  MINIMUM         74    710 AM  48    1924  67      7       70
  AVERAGE         83                        77      6

PRECIPITATION (IN)
  YESTERDAY        T             1.95 1980   0.09  -0.09     0.76
  MONTH TO DATE    0.02                      2.54  -2.52     0.87
  SINCE SEP 1      0.02                      2.54  -2.52     0.87
  SINCE JAN 1     26.52                     24.63   1.89    31.81

SNOWFALL (IN)
  YESTERDAY        0.0
  MONTH TO DATE    0.0
  SINCE SEP 1      0.0
  SINCE JUL 1      0.0
  SNOW DEPTH       0

DEGREE DAYS
 HEATING
  YESTERDAY        0                         0      0        0
  MONTH TO DATE    0                         0      0        0
  SINCE SEP 1      0                         0      0        0
  SINCE JUL 1      0                         0      0        0

 COOLING
  YESTERDAY       18                        12      6       14
  MONTH TO DATE  394                       392      2      488
  SINCE SEP 1    394                       392      2      488
  SINCE JAN 1   3220                      2786    434     2982
..................................................................


WIND (MPH)
  HIGHEST WIND SPEED    14   HIGHEST WIND DIRECTION    SE (120)
  HIGHEST GUST SPEED    20   HIGHEST GUST DIRECTION    SE (130)
  AVERAGE WIND SPEED     5.3


SKY COVER
  AVERAGE SKY COVER 0.6


WEATHER CONDITIONS
 THE FOLLOWING WEATHER WAS RECORDED YESTERDAY.
  LIGHT RAIN
  FOG


RELATIVE HUMIDITY (PERCENT)
 HIGHEST    93           300 AM
 LOWEST     47           200 PM
 AVERAGE    70

..........................................................


THE AUSTIN CAMP MABRY CLIMATE NORMALS FOR TODAY
                         NORMAL    RECORD    YEAR
 MAXIMUM TEMPERATURE (F)   87       107      2005
 MINIMUM TEMPERATURE (F)   66        48      1942


SUNRISE AND SUNSET
SEPTEMBER 26 2017.....SUNRISE   721 AM CDT   SUNSET   722 PM CDT
SEPTEMBER 27 2017.....SUNRISE   722 AM CDT   SUNSET   721 PM CDT


-  INDICATES NEGATIVE NUMBERS.
R  INDICATES RECORD WAS SET OR TIED.
MM INDICATES DATA IS MISSING.
T  INDICATES TRACE AMOUNT.




$$
