000
CDUS44 KEWX 250650
CLIATT


CLIMATE REPORT
NATIONAL WEATHER SERVICE AUSTIN/SAN ANTONIO, TX
146 AM CDT THU MAY 25 2017


...................................

...THE AUSTIN CAMP MABRY CLIMATE SUMMARY FOR MAY 24 2017...

CLIMATE NORMAL PERIOD 1981 TO 2010
CLIMATE RECORD PERIOD 1897 TO 2017


WEATHER ITEM   OBSERVED TIME   RECORD YEAR NORMAL DEPARTURE LAST
                VALUE   (LST)  VALUE       VALUE  FROM      YEAR
                                                  NORMAL
..................................................................
TEMPERATURE (F)
 YESTERDAY
  MAXIMUM         87    539 PM 104    1925  88     -1       87
  MINIMUM         56    554 AM  50    1913  69    -13       74
  AVERAGE         72                        78     -6

PRECIPITATION (IN)
  YESTERDAY        0.00          4.00 1908   0.15  -0.15     0.00
  MONTH TO DATE    2.36                      3.29  -0.93     4.70
  SINCE MAR 1      6.06                      8.14  -2.08    15.33
  SINCE JAN 1     12.28                     12.38  -0.10    17.01

SNOWFALL (IN)
  YESTERDAY        0.0
  MONTH TO DATE    T
  SINCE MAR 1      T
  SINCE JUL 1      T
  SNOW DEPTH       0

DEGREE DAYS
 HEATING
  YESTERDAY        0                         0      0        0
  MONTH TO DATE    0                         0      0        1
  SINCE MAR 1     56                       200   -144       84
  SINCE JUL 1    834                      1537   -703     1081

 COOLING
  YESTERDAY        7                        13     -6       16
  MONTH TO DATE  252                       260     -8      206
  SINCE MAR 1    638                       485    153      489
  SINCE JAN 1    755                       512    243      528
..................................................................


WIND (MPH)
  HIGHEST WIND SPEED    12   HIGHEST WIND DIRECTION     W (280)
  HIGHEST GUST SPEED    19   HIGHEST GUST DIRECTION    NW (310)
  AVERAGE WIND SPEED     4.6


SKY COVER
  AVERAGE SKY COVER 0.0


WEATHER CONDITIONS
 THE FOLLOWING WEATHER WAS RECORDED YESTERDAY.
  NO SIGNIFICANT WEATHER WAS OBSERVED.


RELATIVE HUMIDITY (PERCENT)
 HIGHEST    86           500 AM
 LOWEST     21           500 PM
 AVERAGE    54

..........................................................


THE AUSTIN CAMP MABRY CLIMATE NORMALS FOR TODAY
                         NORMAL    RECORD    YEAR
 MAXIMUM TEMPERATURE (F)   89       100      2011
 MINIMUM TEMPERATURE (F)   69        49      1913


SUNRISE AND SUNSET
MAY 25 2017...........SUNRISE   632 AM CDT   SUNSET   824 PM CDT
MAY 26 2017...........SUNRISE   631 AM CDT   SUNSET   825 PM CDT


-  INDICATES NEGATIVE NUMBERS.
R  INDICATES RECORD WAS SET OR TIED.
MM INDICATES DATA IS MISSING.
T  INDICATES TRACE AMOUNT.




$$
