000
CDUS44 KEWX 222227
CLIATT


CLIMATE REPORT
NATIONAL WEATHER SERVICE AUSTIN/SAN ANTONIO, TX
526 PM CDT WED OCT 22 2014

...................................

...THE AUSTIN CAMP MABRY CLIMATE SUMMARY FOR OCTOBER 22 2014...
VALID TODAY AS OF 0500 PM LOCAL TIME.

CLIMATE NORMAL PERIOD 1981 TO 2010
CLIMATE RECORD PERIOD 1897 TO 2014


WEATHER ITEM   OBSERVED TIME   RECORD YEAR NORMAL DEPARTURE LAST
                VALUE   (LST)  VALUE       VALUE  FROM      YEAR
                                                  NORMAL
..................................................................
TEMPERATURE (F)
 TODAY
  MAXIMUM         83    210 PM  92    2003  80      3       77
                                      1939
                                      1933
  MINIMUM         61    645 AM  37    1923  59      2       54
  AVERAGE         72                        70      2       66

PRECIPITATION (IN)
  TODAY            0.00          1.62 1972   0.13  -0.13     0.00
  MONTH TO DATE    1.55                      2.80  -1.25     8.51
  SINCE SEP 1      8.53                      5.79   2.74    14.33
  SINCE JAN 1     28.39                     27.88   0.51    32.11

SNOWFALL (IN)
  TODAY            0.0
  MONTH TO DATE    0.0
  SINCE SEP 1      0.0
  SINCE JUL 1      0.0
  SNOW DEPTH       0

DEGREE DAYS
 HEATING
  TODAY            0                         1     -1        0
  MONTH TO DATE    0                        11    -11       20
  SINCE SEP 1      2                        13    -11       20
  SINCE JUL 1      2                        13    -11       20

 COOLING
  TODAY            7                         6      1        1
  MONTH TO DATE  229                       178     51      171
  SINCE SEP 1    705                       628     77      733
  SINCE JAN 1   3098                      3022     76     3343
..................................................................


WIND (MPH)
  HIGHEST WIND SPEED     9   HIGHEST WIND DIRECTION    SE (150)
  HIGHEST GUST SPEED    14   HIGHEST GUST DIRECTION    SE (140)
  AVERAGE WIND SPEED     1.8


SKY COVER
  AVERAGE SKY COVER 0.1


WEATHER CONDITIONS
 THE FOLLOWING WEATHER WAS RECORDED TODAY.
  NO SIGNIFICANT WEATHER WAS OBSERVED.


RELATIVE HUMIDITY (PERCENT)
 HIGHEST    84           300 AM
 LOWEST     49           300 PM
 AVERAGE    67

..........................................................


THE AUSTIN CAMP MABRY CLIMATE NORMALS FOR TOMORROW
                         NORMAL    RECORD    YEAR
 MAXIMUM TEMPERATURE (F)   80        94      2003
 MINIMUM TEMPERATURE (F)   59        36      1923


SUNRISE AND SUNSET
OCTOBER 22 2014.......SUNRISE   738 AM CDT   SUNSET   652 PM CDT
OCTOBER 23 2014.......SUNRISE   738 AM CDT   SUNSET   651 PM CDT


-  INDICATES NEGATIVE NUMBERS.
R  INDICATES RECORD WAS SET OR TIED.
MM INDICATES DATA IS MISSING.
T  INDICATES TRACE AMOUNT.


$$
