000
CDUS44 KEWX 232253
CLIATT


CLIMATE REPORT
NATIONAL WEATHER SERVICE AUSTIN/SAN ANTONIO, TX
553 PM CDT SUN APR 23 2017


...................................

...THE AUSTIN CAMP MABRY CLIMATE SUMMARY FOR APRIL 23 2017...
VALID TODAY AS OF 0553 PM LOCAL TIME.

CLIMATE NORMAL PERIOD 1981 TO 2010
CLIMATE RECORD PERIOD 1897 TO 2017


WEATHER ITEM   OBSERVED TIME   RECORD YEAR NORMAL DEPARTURE LAST
                VALUE   (LST)  VALUE       VALUE  FROM      YEAR
                                                  NORMAL
..................................................................
TEMPERATURE (F)
 TODAY
  MAXIMUM         77    421 PM  98    2000  82     -5       83
  MINIMUM         50    528 AM  44    1927  61    -11       55
  AVERAGE         64                        71     -7       69

PRECIPITATION (IN)
  TODAY            0.00         10.00 1915   0.07  -0.07     0.00
  MONTH TO DATE    1.16                      1.48  -0.32     5.66
  SINCE MAR 1      3.64                      4.24  -0.60     9.17
  SINCE JAN 1      9.86                      8.48   1.38    10.85

SNOWFALL (IN)
  TODAY            0.0
  MONTH TO DATE    0.0
  SINCE MAR 1      0.0
  SINCE JUL 1      0.0
  SNOW DEPTH       0

DEGREE DAYS
 HEATING
  TODAY            1                         1      0        0
  MONTH TO DATE    3                        37    -34       14
  SINCE MAR 1     56                       199   -143       83
  SINCE JUL 1    834                      1536   -702     1080

 COOLING
  TODAY            0                         7     -7        4
  MONTH TO DATE  154                       113     41       92
  SINCE MAR 1    326                       174    152      202
  SINCE JAN 1    443                       201    242      241
..................................................................


WIND (MPH)
  HIGHEST WIND SPEED    14   HIGHEST WIND DIRECTION     N (10)
  HIGHEST GUST SPEED    22   HIGHEST GUST DIRECTION    NE (30)
  AVERAGE WIND SPEED     6.7


SKY COVER
  AVERAGE SKY COVER 0.1


WEATHER CONDITIONS
 THE FOLLOWING WEATHER WAS RECORDED TODAY.
  NO SIGNIFICANT WEATHER WAS OBSERVED.


RELATIVE HUMIDITY (PERCENT)
 HIGHEST    71           400 AM
 LOWEST     29           100 PM
 AVERAGE    50

..........................................................


THE AUSTIN CAMP MABRY CLIMATE NORMALS FOR TOMORROW
                         NORMAL    RECORD    YEAR
 MAXIMUM TEMPERATURE (F)   82        96      2003
 MINIMUM TEMPERATURE (F)   61        44      1928


SUNRISE AND SUNSET
APRIL 23 2017.........SUNRISE   655 AM CDT   SUNSET   804 PM CDT
APRIL 24 2017.........SUNRISE   654 AM CDT   SUNSET   804 PM CDT


-  INDICATES NEGATIVE NUMBERS.
R  INDICATES RECORD WAS SET OR TIED.
MM INDICATES DATA IS MISSING.
T  INDICATES TRACE AMOUNT.




$$
