000
CDUS43 KABR 291442
CLIATY


CLIMATE REPORT
NATIONAL WEATHER SERVICE ABERDEEN SD
842 AM CST THU JAN 29 2015


...................................

...THE WATERTOWN SD CLIMATE SUMMARY FOR JANUARY 28 2015...

CLIMATE NORMAL PERIOD 1981 TO 2010
CLIMATE RECORD PERIOD 1898 TO 2015


WEATHER ITEM   OBSERVED TIME   RECORD YEAR NORMAL DEPARTURE LAST
                VALUE   (LST)  VALUE       VALUE  FROM      YEAR
                                                  NORMAL
..................................................................
TEMPERATURE (F)
 YESTERDAY
  MAXIMUM         40    343 PM  49    1931  23     17        1
  MINIMUM         31   1159 PM -29    1915   3     28      -17
  AVERAGE         36                        13     23       -8

PRECIPITATION (IN)
  YESTERDAY        0.00          0.29 1975   0.02  -0.02     0.00
  MONTH TO DATE    0.40                      0.47  -0.07     0.26
  SINCE DEC 1      1.04                      1.00   0.04     0.87
  SINCE JAN 1      0.40                      0.47  -0.07     0.26

SNOWFALL (IN)
  YESTERDAY        0.0
  MONTH TO DATE    4.0
  SINCE OCT 1     18.2
  SINCE JUL 1     18.2
  SNOW DEPTH       0

DEGREE DAYS
 HEATING
  YESTERDAY       29                        52    -23       73
  MONTH TO DATE 1344                      1470   -126     1562
  SINCE DEC 1   2676                      2989   -313     3322
  SINCE JUL 1   4757                      4929   -172     5160

 COOLING
  YESTERDAY        0                         0      0        0
  MONTH TO DATE    0                         0      0        0
  SINCE DEC 1      0                         0      0        0
  SINCE JAN 1      0                         0      0        0
..................................................................


WIND (MPH)
  HIGHEST WIND SPEED    35   HIGHEST WIND DIRECTION     N (340)
  HIGHEST GUST SPEED    42   HIGHEST GUST DIRECTION    NW (330)
  AVERAGE WIND SPEED    13.4


SKY COVER
  POSSIBLE SUNSHINE  MM
  AVERAGE SKY COVER 0.5


WEATHER CONDITIONS
 THE FOLLOWING WEATHER WAS RECORDED YESTERDAY.
  FOG


RELATIVE HUMIDITY (PERCENT)
 HIGHEST    92           800 PM
 LOWEST     79           400 PM
 AVERAGE    86

..........................................................


THE WATERTOWN SD CLIMATE NORMALS FOR TODAY
                         NORMAL    RECORD    YEAR
 MAXIMUM TEMPERATURE (F)   23        56      1931
 MINIMUM TEMPERATURE (F)    3       -31      1951


SUNRISE AND SUNSET
JANUARY 29 2015.......SUNRISE   752 AM CST   SUNSET   532 PM CST
JANUARY 30 2015.......SUNRISE   751 AM CST   SUNSET   534 PM CST


-  INDICATES NEGATIVE NUMBERS.
R  INDICATES RECORD WAS SET OR TIED.
MM INDICATES DATA IS MISSING.
T  INDICATES TRACE AMOUNT.




$$
