000
CDUS43 KABR 202344
CLIATY


CLIMATE REPORT
NATIONAL WEATHER SERVICE ABERDEEN SD
542 PM CST TUE FEB 20 2018


...................................

...THE WATERTOWN SD CLIMATE SUMMARY FOR FEBRUARY 20 2018...
VALID TODAY AS OF 0500 PM LOCAL TIME.

CLIMATE NORMAL PERIOD 1981 TO 2010
CLIMATE RECORD PERIOD 1898 TO 2018


WEATHER ITEM   OBSERVED TIME   RECORD YEAR NORMAL DEPARTURE LAST
                VALUE   (LST)  VALUE       VALUE  FROM      YEAR
                                                  NORMAL
..................................................................
TEMPERATURE (F)
 TODAY
  MAXIMUM         10    444 PM  65    1930  29    -19       51
  MINIMUM          3    852 AM -28    2008  10     -7       29
  AVERAGE          7                        19    -12       40

PRECIPITATION (IN)
  TODAY           MM             0.90 2011   0.03  MM        0.01
  MONTH TO DATE    0.18                      0.36  -0.18     0.09
  SINCE DEC 1      0.54                      1.41  -0.87     2.00
  SINCE JAN 1      0.29                      0.88  -0.59     0.75

SNOWFALL (IN)
  TODAY           MM
  MONTH TO DATE    3.5
  SINCE OCT 1     11.6
  SINCE JUL 1     11.6
  SNOW DEPTH      MM

DEGREE DAYS
 HEATING
  TODAY           58                        46     12       25
  MONTH TO DATE 1151                       977    174      782
  SINCE DEC 1   4184                      4119     65     3956
  SINCE JUL 1   5949                      6059   -110     5327

 COOLING
  TODAY            0                         0      0        0
  MONTH TO DATE    0                         0      0        0
  SINCE DEC 1      0                         0      0        0
  SINCE JAN 1      0                         0      0        0
..................................................................


WIND (MPH)
  HIGHEST WIND SPEED    24   HIGHEST WIND DIRECTION    NW (310)
  HIGHEST GUST SPEED    28   HIGHEST GUST DIRECTION    NW (310)
  AVERAGE WIND SPEED    16.9


SKY COVER
  POSSIBLE SUNSHINE  MM
  AVERAGE SKY COVER 0.7


WEATHER CONDITIONS
 THE FOLLOWING WEATHER WAS RECORDED TODAY.
  SNOW
  LIGHT SNOW
  FOG
  HAZE


RELATIVE HUMIDITY (PERCENT)
 HIGHEST    91           400 AM
 LOWEST     73           100 PM
 AVERAGE    82

..........................................................


THE WATERTOWN SD CLIMATE NORMALS FOR TOMORROW
                         NORMAL    RECORD    YEAR
 MAXIMUM TEMPERATURE (F)   29        58      2017
                                             2000
 MINIMUM TEMPERATURE (F)   10       -25      1936


SUNRISE AND SUNSET
FEBRUARY 20 2018......SUNRISE   721 AM CST   SUNSET   604 PM CST
FEBRUARY 21 2018......SUNRISE   720 AM CST   SUNSET   605 PM CST


-  INDICATES NEGATIVE NUMBERS.
R  INDICATES RECORD WAS SET OR TIED.
MM INDICATES DATA IS MISSING.
T  INDICATES TRACE AMOUNT.




$$
