000
CDUS43 KABR 081420
CLIATY


CLIMATE REPORT
NATIONAL WEATHER SERVICE ABERDEEN SD
819 AM CST MON FEB 8 2016


...................................

...THE WATERTOWN SD CLIMATE SUMMARY FOR FEBRUARY 7 2016...

CLIMATE NORMAL PERIOD 1981 TO 2010
CLIMATE RECORD PERIOD 1898 TO 2016


WEATHER ITEM   OBSERVED TIME   RECORD YEAR NORMAL DEPARTURE LAST
                VALUE   (LST)  VALUE       VALUE  FROM      YEAR
                                                  NORMAL
..................................................................
TEMPERATURE (F)
 YESTERDAY
  MAXIMUM         37   1247 AM  59    1987  25     12       46
  MINIMUM         20   1159 PM -30    1914   5     15       26
  AVERAGE         29                        15     14       36

PRECIPITATION (IN)
  YESTERDAY        T             0.25 2001   0.01  -0.01     0.02
                                      1936
  MONTH TO DATE    0.01                      0.11  -0.10     0.08
  SINCE DEC 1      0.81                      1.16  -0.35     1.12
  SINCE JAN 1      0.49                      0.63  -0.14     0.48

SNOWFALL (IN)
  YESTERDAY        T
  MONTH TO DATE    0.3
  SINCE OCT 1     20.6
  SINCE JUL 1     20.6
  SNOW DEPTH       4

DEGREE DAYS
 HEATING
  YESTERDAY       36                        50    -14       29
  MONTH TO DATE  299                       354    -55      370
  SINCE DEC 1   3074                      3496   -422     3173
  SINCE JUL 1   4433                      5436  -1003     5254

 COOLING
  YESTERDAY        0                         0      0        0
  MONTH TO DATE    0                         0      0        0
  SINCE DEC 1      0                         0      0        0
  SINCE JAN 1      0                         0      0        0
..................................................................


WIND (MPH)
  HIGHEST WIND SPEED    38   HIGHEST WIND DIRECTION     N (340)
  HIGHEST GUST SPEED    49   HIGHEST GUST DIRECTION    NW (330)
  AVERAGE WIND SPEED    25.0


SKY COVER
  POSSIBLE SUNSHINE  MM
  AVERAGE SKY COVER 0.6


WEATHER CONDITIONS
 THE FOLLOWING WEATHER WAS RECORDED YESTERDAY.
  SNOW
  LIGHT SNOW
  HAZE


RELATIVE HUMIDITY (PERCENT)
 HIGHEST    77           700 PM
 LOWEST     64           300 AM
 AVERAGE    71

..........................................................


THE WATERTOWN SD CLIMATE NORMALS FOR TODAY
                         NORMAL    RECORD    YEAR
 MAXIMUM TEMPERATURE (F)   25        57      2002
 MINIMUM TEMPERATURE (F)    5       -35      1899


SUNRISE AND SUNSET
FEBRUARY  8 2016......SUNRISE   740 AM CST   SUNSET   546 PM CST
FEBRUARY  9 2016......SUNRISE   739 AM CST   SUNSET   548 PM CST


-  INDICATES NEGATIVE NUMBERS.
R  INDICATES RECORD WAS SET OR TIED.
MM INDICATES DATA IS MISSING.
T  INDICATES TRACE AMOUNT.




$$
