000
CDUS43 KABR 221035
CLIATY


CLIMATE REPORT
NATIONAL WEATHER SERVICE ABERDEEN SD
434 AM CST WED NOV 22 2017


...................................

...THE WATERTOWN SD CLIMATE SUMMARY FOR NOVEMBER 21 2017...

CLIMATE NORMAL PERIOD 1981 TO 2010
CLIMATE RECORD PERIOD 1898 TO 2017


WEATHER ITEM   OBSERVED TIME   RECORD YEAR NORMAL DEPARTURE LAST
                VALUE   (LST)  VALUE       VALUE  FROM      YEAR
                                                  NORMAL
..................................................................
TEMPERATURE (F)
 YESTERDAY
  MAXIMUM         32    128 AM  63    2012  35     -3       37
                                      2001
  MINIMUM         10   1123 PM -11    1929  18     -8       23
  AVERAGE         21                        26     -5       30

PRECIPITATION (IN)
  YESTERDAY        T             0.38 1953   0.02  -0.02     0.04
  MONTH TO DATE    0.08                      0.57  -0.49     0.50
  SINCE SEP 1      7.66                      5.13   2.53     4.77
  SINCE JAN 1     22.87                     21.36   1.51    21.41

SNOWFALL (IN)
  YESTERDAY        T
  MONTH TO DATE    1.9
  SINCE OCT 1      1.9
  SINCE JUL 1      1.9
  SNOW DEPTH       0

DEGREE DAYS
 HEATING
  YESTERDAY       44                        39      5       35
  MONTH TO DATE  754                       684     70      461
  SINCE SEP 1   1479                      1511    -32     1052
  SINCE JUL 1   1507                      1568    -61     1078

 COOLING
  YESTERDAY        0                         0      0        0
  MONTH TO DATE    0                         0      0        0
  SINCE SEP 1     65                        41     24       36
  SINCE JAN 1    440                       515    -75      721
..................................................................


WIND (MPH)
  HIGHEST WIND SPEED    33   HIGHEST WIND DIRECTION    NW (320)
  HIGHEST GUST SPEED    43   HIGHEST GUST DIRECTION    NW (320)
  AVERAGE WIND SPEED    16.5


SKY COVER
  POSSIBLE SUNSHINE  MM
  AVERAGE SKY COVER 0.3


WEATHER CONDITIONS
 THE FOLLOWING WEATHER WAS RECORDED YESTERDAY.
  LIGHT SNOW


RELATIVE HUMIDITY (PERCENT)
 HIGHEST    84          1100 PM
 LOWEST     50           200 PM
 AVERAGE    67

..........................................................


THE WATERTOWN SD CLIMATE NORMALS FOR TODAY
                         NORMAL    RECORD    YEAR
 MAXIMUM TEMPERATURE (F)   35        61      2006
                                             1974
 MINIMUM TEMPERATURE (F)   17       -10      1898


SUNRISE AND SUNSET
NOVEMBER 22 2017......SUNRISE   736 AM CST   SUNSET   454 PM CST
NOVEMBER 23 2017......SUNRISE   737 AM CST   SUNSET   453 PM CST


-  INDICATES NEGATIVE NUMBERS.
R  INDICATES RECORD WAS SET OR TIED.
MM INDICATES DATA IS MISSING.
T  INDICATES TRACE AMOUNT.




$$
