000
CDUS43 KABR 220915
CLIATY


CLIMATE REPORT
NATIONAL WEATHER SERVICE ABERDEEN SD
415 AM CDT FRI AUG 22 2014


...................................

...THE WATERTOWN SD CLIMATE SUMMARY FOR AUGUST 21 2014...

CLIMATE NORMAL PERIOD 1981 TO 2010
CLIMATE RECORD PERIOD 1898 TO 2014


WEATHER ITEM   OBSERVED TIME   RECORD YEAR NORMAL DEPARTURE LAST
                VALUE   (LST)  VALUE       VALUE  FROM      YEAR
                                                  NORMAL
..................................................................
TEMPERATURE (F)
 YESTERDAY
  MAXIMUM         83    329 PM  99    1976  79      4       89
  MINIMUM         65    426 AM  38    2004  57      8       67
  AVERAGE         74                        68      6       78

PRECIPITATION (IN)
  YESTERDAY        0.38          2.73 1916   0.09   0.29     0.00
  MONTH TO DATE    1.65                      1.91  -0.26     0.48
  SINCE JUN 1      7.50                      8.51  -1.01     8.78
  SINCE JAN 1     12.37                     15.36  -2.99    16.77

DEGREE DAYS
 HEATING
  YESTERDAY        0                         1     -1        0
  MONTH TO DATE    4                        21    -17       19
  SINCE JUN 1    102                       116    -14      139
  SINCE JUL 1     39                        38      1       51

 COOLING
  YESTERDAY        9                         4      5       13
  MONTH TO DATE   84                       113    -29       69
  SINCE JUN 1    266                       415   -149      355
  SINCE JAN 1    307                       437   -130      377
..................................................................


WIND (MPH)
  HIGHEST WIND SPEED    28   HIGHEST WIND DIRECTION    NW (320)
  HIGHEST GUST SPEED    36   HIGHEST GUST DIRECTION    NW (320)
  AVERAGE WIND SPEED     7.7


SKY COVER
  POSSIBLE SUNSHINE  MM
  AVERAGE SKY COVER 0.3


WEATHER CONDITIONS
 THE FOLLOWING WEATHER WAS RECORDED YESTERDAY.
  THUNDERSTORM
  HEAVY RAIN
  RAIN
  LIGHT RAIN
  FOG
  FOG W/VISIBILITY <= 1/4 MILE
  HAZE


RELATIVE HUMIDITY (PERCENT)
 HIGHEST   100           400 AM
 LOWEST     62           500 PM
 AVERAGE    81

..........................................................


THE WATERTOWN SD CLIMATE NORMALS FOR TODAY
                         NORMAL    RECORD    YEAR
 MAXIMUM TEMPERATURE (F)   79        98      1971
 MINIMUM TEMPERATURE (F)   56        35      1923


SUNRISE AND SUNSET
AUGUST 22 2014........SUNRISE   639 AM CDT   SUNSET   823 PM CDT
AUGUST 23 2014........SUNRISE   640 AM CDT   SUNSET   821 PM CDT


-  INDICATES NEGATIVE NUMBERS.
R  INDICATES RECORD WAS SET OR TIED.
MM INDICATES DATA IS MISSING.
T  INDICATES TRACE AMOUNT.




$$
