000
CDUS43 KABR 312228
CLIATY


CLIMATE REPORT
NATIONAL WEATHER SERVICE ABERDEEN SD
526 PM CDT FRI JUL 31 2015


...................................

...THE WATERTOWN SD CLIMATE SUMMARY FOR JULY 31 2015...
VALID TODAY AS OF 0500 PM LOCAL TIME.

CLIMATE NORMAL PERIOD 1981 TO 2010
CLIMATE RECORD PERIOD 1898 TO 2015


WEATHER ITEM   OBSERVED TIME   RECORD YEAR NORMAL DEPARTURE LAST
                VALUE   (LST)  VALUE       VALUE  FROM      YEAR
                                                  NORMAL
..................................................................
TEMPERATURE (F)
 TODAY
  MAXIMUM         84    349 PM 104    1988  82      2       81
  MINIMUM         56    522 AM  41    1903  59     -3       52
  AVERAGE         70                        71     -1       67

PRECIPITATION (IN)
  TODAY            0.00          1.50 1917   0.10  -0.10     0.00
  MONTH TO DATE    3.57                      3.02   0.55     1.25
  SINCE JUN 1      6.50                      6.60  -0.10     5.85
  SINCE JAN 1     12.50                     13.45  -0.95    10.72

SNOWFALL (IN)
  TODAY            0.0
  MONTH TO DATE    0.0
  SINCE OCT 1     25.3
  SINCE JUL 1      0.0
  SNOW DEPTH       0

DEGREE DAYS
 HEATING
  TODAY            0                         1     -1        0
  MONTH TO DATE   13                        18     -5       35
  SINCE JUN 1     40                        95    -55       98
  SINCE JUL 1     13                        17     -4       35

 COOLING
  TODAY            5                         6     -1        2
  MONTH TO DATE  223                       206     17      121
  SINCE JUN 1    320                       302     18      182
  SINCE JAN 1    328                       324      4      223
..................................................................


WIND (MPH)
  HIGHEST WIND SPEED    13   HIGHEST WIND DIRECTION     W (270)
  HIGHEST GUST SPEED    15   HIGHEST GUST DIRECTION    SW (240)
  AVERAGE WIND SPEED     4.1


SKY COVER
  POSSIBLE SUNSHINE  MM
  AVERAGE SKY COVER 0.0


WEATHER CONDITIONS
 THE FOLLOWING WEATHER WAS RECORDED TODAY.
  NO SIGNIFICANT WEATHER WAS OBSERVED.


RELATIVE HUMIDITY (PERCENT)
 HIGHEST    86           400 AM
 LOWEST     36          1100 AM
 AVERAGE    61

..........................................................


THE WATERTOWN SD CLIMATE NORMALS FOR TOMORROW
                         NORMAL    RECORD    YEAR
 MAXIMUM TEMPERATURE (F)   82       102      1930
 MINIMUM TEMPERATURE (F)   59        40      1927


SUNRISE AND SUNSET
JULY 31 2015..........SUNRISE   613 AM CDT   SUNSET   856 PM CDT
AUGUST  1 2015........SUNRISE   614 AM CDT   SUNSET   855 PM CDT


-  INDICATES NEGATIVE NUMBERS.
R  INDICATES RECORD WAS SET OR TIED.
MM INDICATES DATA IS MISSING.
T  INDICATES TRACE AMOUNT.




$$
