000
CDUS43 KABR 251200
CLIATY


CLIMATE REPORT
NATIONAL WEATHER SERVICE ABERDEEN SD
700 AM CDT TUE JUL 25 2017


...................................

...THE WATERTOWN SD CLIMATE SUMMARY FOR JULY 24 2017...

CLIMATE NORMAL PERIOD 1981 TO 2010
CLIMATE RECORD PERIOD 1898 TO 2017


WEATHER ITEM   OBSERVED TIME   RECORD YEAR NORMAL DEPARTURE LAST
                VALUE   (LST)  VALUE       VALUE  FROM      YEAR
                                                  NORMAL
..................................................................
TEMPERATURE (F)
 YESTERDAY
  MAXIMUM         79    506 PM 109    1940  83     -4       84
  MINIMUM         56    343 AM  44    1905  60     -4       65
  AVERAGE         68                        71     -3       75

PRECIPITATION (IN)
  YESTERDAY        0.00          2.06 1934   0.09  -0.09     0.00
  MONTH TO DATE    3.20                      2.34   0.86     2.17
  SINCE JUN 1      6.94                      5.92   1.02     3.70
  SINCE JAN 1     11.89                     12.77  -0.88     9.35

DEGREE DAYS
 HEATING
  YESTERDAY        0                         1     -1        0
  MONTH TO DATE    1                        11    -10       12
  SINCE JUN 1     49                        89    -40       37
  SINCE JUL 1      1                        11    -10       12

 COOLING
  YESTERDAY        3                         7     -4       10
  MONTH TO DATE  173                       161     12      192
  SINCE JUN 1    278                       257     21      391
  SINCE JAN 1    289                       279     10      415
..................................................................


WIND (MPH)
  HIGHEST WIND SPEED    22   HIGHEST WIND DIRECTION    SE (150)
  HIGHEST GUST SPEED    28   HIGHEST GUST DIRECTION    SE (150)
  AVERAGE WIND SPEED     9.4


SKY COVER
  POSSIBLE SUNSHINE  MM
  AVERAGE SKY COVER 0.1


WEATHER CONDITIONS
 THE FOLLOWING WEATHER WAS RECORDED YESTERDAY.
  THUNDERSTORM


RELATIVE HUMIDITY (PERCENT)
 HIGHEST    97           700 AM
 LOWEST     62           100 PM
 AVERAGE    80

..........................................................


THE WATERTOWN SD CLIMATE NORMALS FOR TODAY
                         NORMAL    RECORD    YEAR
 MAXIMUM TEMPERATURE (F)   83       105      1931
 MINIMUM TEMPERATURE (F)   60        43      1904


SUNRISE AND SUNSET
JULY 25 2017..........SUNRISE   607 AM CDT   SUNSET   903 PM CDT
JULY 26 2017..........SUNRISE   608 AM CDT   SUNSET   902 PM CDT


-  INDICATES NEGATIVE NUMBERS.
R  INDICATES RECORD WAS SET OR TIED.
MM INDICATES DATA IS MISSING.
T  INDICATES TRACE AMOUNT.




$$
