000
CDUS43 KABR 051031
CLIATY


CLIMATE REPORT
NATIONAL WEATHER SERVICE ABERDEEN SD
531 AM CDT THU MAY 5 2016


...................................

...THE WATERTOWN SD CLIMATE SUMMARY FOR MAY 4 2016...

CLIMATE NORMAL PERIOD 1981 TO 2010
CLIMATE RECORD PERIOD 1898 TO 2016


WEATHER ITEM   OBSERVED TIME   RECORD YEAR NORMAL DEPARTURE LAST
                VALUE   (LST)  VALUE       VALUE  FROM      YEAR
                                                  NORMAL
..................................................................
TEMPERATURE (F)
 YESTERDAY
  MAXIMUM         68    532 PM  90    1949  64      4       69
  MINIMUM         37    537 AM  19    1967  40     -3       36
  AVERAGE         53                        52      1       53

PRECIPITATION (IN)
  YESTERDAY        0.00          0.75 1912   0.08  -0.08     0.00
  MONTH TO DATE    0.00                      0.33  -0.33     0.05
  SINCE MAR 1      2.52                      3.46  -0.94     0.79
  SINCE JAN 1      3.55                      4.54  -0.99     1.44

DEGREE DAYS
 HEATING
  YESTERDAY       12                        13     -1       12
  MONTH TO DATE   52                        54     -2       24
  SINCE MAR 1   1403                      1794   -391     1506
  SINCE JUL 1   6722                      8205  -1483     7898

 COOLING
  YESTERDAY        0                         0      0        0
  MONTH TO DATE    0                         0      0        0
  SINCE MAR 1      0                         2     -2        0
  SINCE JAN 1      0                         2     -2        0
..................................................................


WIND (MPH)
  HIGHEST WIND SPEED    18   HIGHEST WIND DIRECTION    NW (330)
  HIGHEST GUST SPEED    24   HIGHEST GUST DIRECTION    NW (320)
  AVERAGE WIND SPEED     8.2


SKY COVER
  POSSIBLE SUNSHINE  MM
  AVERAGE SKY COVER 0.0


WEATHER CONDITIONS
 THE FOLLOWING WEATHER WAS RECORDED YESTERDAY.
  NO SIGNIFICANT WEATHER WAS OBSERVED.


RELATIVE HUMIDITY (PERCENT)
 HIGHEST    76           200 AM
 LOWEST     21           500 PM
 AVERAGE    49

..........................................................


THE WATERTOWN SD CLIMATE NORMALS FOR TODAY
                         NORMAL    RECORD    YEAR
 MAXIMUM TEMPERATURE (F)   65        91      1909
 MINIMUM TEMPERATURE (F)   41        23      1944


SUNRISE AND SUNSET
MAY  5 2016...........SUNRISE   612 AM CDT   SUNSET   840 PM CDT
MAY  6 2016...........SUNRISE   610 AM CDT   SUNSET   841 PM CDT


-  INDICATES NEGATIVE NUMBERS.
R  INDICATES RECORD WAS SET OR TIED.
MM INDICATES DATA IS MISSING.
T  INDICATES TRACE AMOUNT.




$$
