000
CDUS43 KABR 310917
CLIATY


CLIMATE REPORT
NATIONAL WEATHER SERVICE ABERDEEN SD
415 AM CDT MON AUG 31 2015


...................................

...THE WATERTOWN SD CLIMATE SUMMARY FOR AUGUST 30 2015...

CLIMATE NORMAL PERIOD 1981 TO 2010
CLIMATE RECORD PERIOD 1898 TO 2015


WEATHER ITEM   OBSERVED TIME   RECORD YEAR NORMAL DEPARTURE LAST
                VALUE   (LST)  VALUE       VALUE  FROM      YEAR
                                                  NORMAL
..................................................................
TEMPERATURE (F)
 YESTERDAY
  MAXIMUM         81    345 PM  95    1930  77      4       70
  MINIMUM         61    626 AM  36    1915  54      7       59
  AVERAGE         71                        66      5       65

PRECIPITATION (IN)
  YESTERDAY        0.00          2.51 1971   0.09  -0.09     0.00
  MONTH TO DATE    5.44                      2.70   2.74     2.90
  SINCE JUN 1     11.94                      9.30   2.64     8.75
  SINCE JAN 1     17.94                     16.15   1.79    13.62

DEGREE DAYS
 HEATING
  YESTERDAY        0                         3     -3        0
  MONTH TO DATE   49                        39     10       19
  SINCE JUN 1     89                       134    -45      117
  SINCE JUL 1     62                        56      6       54

 COOLING
  YESTERDAY        6                         3      3        0
  MONTH TO DATE  139                       146     -7      106
  SINCE JUN 1    459                       448     11      288
  SINCE JAN 1    467                       470     -3      329
..................................................................


WIND (MPH)
  HIGHEST WIND SPEED    21   HIGHEST WIND DIRECTION     S (160)
  HIGHEST GUST SPEED    27   HIGHEST GUST DIRECTION     S (170)
  AVERAGE WIND SPEED    13.8


SKY COVER
  POSSIBLE SUNSHINE  MM
  AVERAGE SKY COVER 0.0


WEATHER CONDITIONS
 THE FOLLOWING WEATHER WAS RECORDED YESTERDAY.
  FOG


RELATIVE HUMIDITY (PERCENT)
 HIGHEST   100           100 AM
 LOWEST     62           200 PM
 AVERAGE    81

..........................................................


THE WATERTOWN SD CLIMATE NORMALS FOR TODAY
                         NORMAL    RECORD    YEAR
 MAXIMUM TEMPERATURE (F)   77        94      1930
 MINIMUM TEMPERATURE (F)   54        38      1987


SUNRISE AND SUNSET
AUGUST 31 2015........SUNRISE   649 AM CDT   SUNSET   808 PM CDT
SEPTEMBER  1 2015.....SUNRISE   650 AM CDT   SUNSET   806 PM CDT


-  INDICATES NEGATIVE NUMBERS.
R  INDICATES RECORD WAS SET OR TIED.
MM INDICATES DATA IS MISSING.
T  INDICATES TRACE AMOUNT.




$$
