000
CDUS44 KEWX 302254
CLIAUS


CLIMATE REPORT
NATIONAL WEATHER SERVICE AUSTIN/SAN ANTONIO, TX
553 PM CDT THU JUL 30 2015


...................................

...THE AUSTIN BERGSTROM CLIMATE SUMMARY FOR JULY 30 2015...
VALID TODAY AS OF 553 PM LOCAL TIME.

CLIMATE NORMAL PERIOD 1981 TO 2010
CLIMATE RECORD PERIOD 1943 TO 2015


WEATHER ITEM   OBSERVED TIME   RECORD YEAR NORMAL DEPARTURE LAST
                VALUE   (LST)  VALUE       VALUE  FROM      YEAR
                                                  NORMAL
..................................................................
TEMPERATURE (F)
 TODAY
  MAXIMUM        100    333 PM 105    1957  96      4       97
  MINIMUM         69    425 AM  67    1971  72     -3       71
  AVERAGE         85                        84      1       84

PRECIPITATION (IN)
  TODAY            0.00          0.26 1971   0.06  -0.06     0.00
  MONTH TO DATE    0.01                      2.39  -2.38     2.05
  SINCE JUN 1      3.22                      7.02  -3.80     3.73
  SINCE JAN 1     28.79                     20.63   8.16    15.55

SNOWFALL (IN)
  TODAY            0.0
  MONTH TO DATE    0.0
  SINCE JUN 1      0.0
  SINCE JUL 1      0.0
  SNOW DEPTH       0

DEGREE DAYS
 HEATING
  TODAY            0                         0      0        0
  MONTH TO DATE    0                         0      0        0
  SINCE JUN 1      0                         0      0        0
  SINCE JUL 1      0                         0      0        0

 COOLING
  TODAY           20                        19      1       19
  MONTH TO DATE  544                       554    -10      536
  SINCE JUN 1    974                      1035    -61     1043
  SINCE JAN 1   1467                      1542    -75     1498
..................................................................


WIND (MPH)
  HIGHEST WIND SPEED    12   HIGHEST WIND DIRECTION    SE (130)
  HIGHEST GUST SPEED    15   HIGHEST GUST DIRECTION    SE (120)
  AVERAGE WIND SPEED     3.0


SKY COVER
  AVERAGE SKY COVER 0.2


WEATHER CONDITIONS
 THE FOLLOWING WEATHER WAS RECORDED TODAY.
  NO SIGNIFICANT WEATHER WAS OBSERVED.


RELATIVE HUMIDITY (PERCENT)
 HIGHEST   100           500 AM
 LOWEST     29           200 PM
 AVERAGE    65

..........................................................


THE AUSTIN BERGSTROM CLIMATE NORMALS FOR TOMORROW
                         NORMAL    RECORD    YEAR
 MAXIMUM TEMPERATURE (F)   97       103      2013
                                             1998
 MINIMUM TEMPERATURE (F)   72        64      1965


SUNRISE AND SUNSET
JULY 30 2015..........SUNRISE   648 AM CDT   SUNSET   826 PM CDT
JULY 31 2015..........SUNRISE   649 AM CDT   SUNSET   825 PM CDT


-  INDICATES NEGATIVE NUMBERS.
R  INDICATES RECORD WAS SET OR TIED.
MM INDICATES DATA IS MISSING.
T  INDICATES TRACE AMOUNT.




$$
