057
CDUS44 KEWX 250719
CLIAUS


CLIMATE REPORT
NATIONAL WEATHER SERVICE AUSTIN/SAN ANTONIO, TX
219 AM CDT TUE APR 25 2017


...................................

...THE AUSTIN BERGSTROM CLIMATE SUMMARY FOR APRIL 24 2017...

CLIMATE NORMAL PERIOD 1981 TO 2010
CLIMATE RECORD PERIOD 1943 TO 2017


WEATHER ITEM   OBSERVED TIME   RECORD YEAR NORMAL DEPARTURE LAST
                VALUE   (LST)  VALUE       VALUE  FROM      YEAR
                                                  NORMAL
..................................................................
TEMPERATURE (F)
 YESTERDAY
  MAXIMUM         82    507 PM  94    2003  82      0       78
  MINIMUM         44    457 AM  41    2005  57    -13       60
                                      1995
  AVERAGE         63                        69     -6       69

PRECIPITATION (IN)
  YESTERDAY        0.00          1.86 1957   0.09  -0.09      T
  MONTH TO DATE    0.99                      1.69  -0.70     4.92
  SINCE MAR 1      4.32                      4.47  -0.15     8.73
  SINCE JAN 1     11.63                      8.98   2.65    10.91

SNOWFALL (IN)
  YESTERDAY        0.0
  MONTH TO DATE    0.0
  SINCE MAR 1      0.0
  SINCE JUL 1      0.0
  SNOW DEPTH       0

DEGREE DAYS
 HEATING
  YESTERDAY        2                         1      1        0
  MONTH TO DATE   13                        58    -45       35
  SINCE MAR 1     86                       280   -194      143
  SINCE JUL 1    960                      1895   -935     1377

 COOLING
  YESTERDAY        0                         5     -5        4
  MONTH TO DATE  134                        94     40       64
  SINCE MAR 1    287                       136    151      136
  SINCE JAN 1    396                       152    244      159
..................................................................


WIND (MPH)
  HIGHEST WIND SPEED    18   HIGHEST WIND DIRECTION     S (190)
  HIGHEST GUST SPEED    26   HIGHEST GUST DIRECTION     S (180)
  AVERAGE WIND SPEED     8.3


SKY COVER
  AVERAGE SKY COVER 0.3


WEATHER CONDITIONS
 THE FOLLOWING WEATHER WAS RECORDED YESTERDAY.
  NO SIGNIFICANT WEATHER WAS OBSERVED.


RELATIVE HUMIDITY (PERCENT)
 HIGHEST    93           400 AM
 LOWEST     33           200 PM
 AVERAGE    63

..........................................................


THE AUSTIN BERGSTROM CLIMATE NORMALS FOR TODAY
                         NORMAL    RECORD    YEAR
 MAXIMUM TEMPERATURE (F)   82        93      2011
 MINIMUM TEMPERATURE (F)   57        42      2001


SUNRISE AND SUNSET
APRIL 25 2017.........SUNRISE   653 AM CDT   SUNSET   805 PM CDT
APRIL 26 2017.........SUNRISE   652 AM CDT   SUNSET   805 PM CDT


-  INDICATES NEGATIVE NUMBERS.
R  INDICATES RECORD WAS SET OR TIED.
MM INDICATES DATA IS MISSING.
T  INDICATES TRACE AMOUNT.




$$
