000
CDUS44 KEWX 042223
CLIAUS


CLIMATE REPORT
NATIONAL WEATHER SERVICE AUSTIN/SAN ANTONIO, TX
523 PM CDT FRI SEP 4 2015


...................................

...THE AUSTIN BERGSTROM CLIMATE SUMMARY FOR SEPTEMBER 4 2015...
VALID TODAY AS OF 523 PM LOCAL TIME.

CLIMATE NORMAL PERIOD 1981 TO 2010
CLIMATE RECORD PERIOD 1943 TO 2015


WEATHER ITEM   OBSERVED TIME   RECORD YEAR NORMAL DEPARTURE LAST
                VALUE   (LST)  VALUE       VALUE  FROM      YEAR
                                                  NORMAL
..................................................................
TEMPERATURE (F)
 TODAY
  MAXIMUM         96    356 PM 110    2000  93      3       97
  MINIMUM         73    244 AM  58    1974  69      4       71
  AVERAGE         85                        81      4       84

PRECIPITATION (IN)
  TODAY            0.00          1.31 2013   0.09  -0.09     0.08
  MONTH TO DATE    0.03                      0.35  -0.32     0.08
  SINCE SEP 1      0.03                      0.35  -0.32     0.08
  SINCE JAN 1     29.56                     23.06   6.50    15.63

SNOWFALL (IN)
  TODAY            0.0
  MONTH TO DATE    0.0
  SINCE SEP 1      0.0
  SINCE JUL 1      0.0
  SNOW DEPTH       0

DEGREE DAYS
 HEATING
  TODAY            0                         0      0        0
  MONTH TO DATE    0                         0      0        0
  SINCE SEP 1      0                         0      0        0
  SINCE JUL 1      0                         0      0        0

 COOLING
  TODAY           20                        16      4       19
  MONTH TO DATE   65                        65      0       85
  SINCE SEP 1     65                        65      0       85
  SINCE JAN 1   2160                      2205    -45     2245
..................................................................


WIND (MPH)
  HIGHEST WIND SPEED    15   HIGHEST WIND DIRECTION     E (110)
  HIGHEST GUST SPEED    23   HIGHEST GUST DIRECTION     E (110)
  AVERAGE WIND SPEED     5.6


SKY COVER
  AVERAGE SKY COVER 0.6


WEATHER CONDITIONS
 THE FOLLOWING WEATHER WAS RECORDED TODAY.
  FOG


RELATIVE HUMIDITY (PERCENT)
 HIGHEST    94           400 AM
 LOWEST     35           400 PM
 AVERAGE    65

..........................................................


THE AUSTIN BERGSTROM CLIMATE NORMALS FOR TOMORROW
                         NORMAL    RECORD    YEAR
 MAXIMUM TEMPERATURE (F)   93       112      2000
 MINIMUM TEMPERATURE (F)   68        55      1974


SUNRISE AND SUNSET
SEPTEMBER  4 2015.....SUNRISE   709 AM CDT   SUNSET   750 PM CDT
SEPTEMBER  5 2015.....SUNRISE   710 AM CDT   SUNSET   749 PM CDT


-  INDICATES NEGATIVE NUMBERS.
R  INDICATES RECORD WAS SET OR TIED.
MM INDICATES DATA IS MISSING.
T  INDICATES TRACE AMOUNT.




$$
