000
CDUS44 KEWX 072227
CLIAUS


CLIMATE REPORT
NATIONAL WEATHER SERVICE AUSTIN/SAN ANTONIO, TX
527 PM CDT TUE JUL 7 2015


...................................

...THE AUSTIN BERGSTROM CLIMATE SUMMARY FOR JULY 7 2015...
VALID TODAY AS OF 0527 PM LOCAL TIME.

CLIMATE NORMAL PERIOD 1981 TO 2010
CLIMATE RECORD PERIOD 1943 TO 2015


WEATHER ITEM   OBSERVED TIME   RECORD YEAR NORMAL DEPARTURE LAST
                VALUE   (LST)  VALUE       VALUE  FROM      YEAR
                                                  NORMAL
..................................................................
TEMPERATURE (F)
 TODAY
  MAXIMUM         92    215 PM 104    2005  94     -2       94
  MINIMUM         77    622 AM  64    1968  71      6       69
  AVERAGE         85                        83      2       82

PRECIPITATION (IN)
  TODAY            T             2.80 1979   0.10  -0.10     0.00
  MONTH TO DATE    0.01                      0.71  -0.70     0.69
  SINCE JUN 1      3.22                      5.34  -2.12     2.37
  SINCE JAN 1     28.79                     18.95   9.84    14.19

SNOWFALL (IN)
  TODAY            0.0
  MONTH TO DATE    0.0
  SINCE JUN 1      0.0
  SINCE JUL 1      0.0
  SNOW DEPTH       0

DEGREE DAYS
 HEATING
  TODAY            0                         0      0        0
  MONTH TO DATE    0                         0      0        0
  SINCE JUN 1      0                         0      0        0
  SINCE JUL 1      0                         0      0        0

 COOLING
  TODAY           20                        18      2       17
  MONTH TO DATE  117                       126     -9      118
  SINCE JUN 1    547                       607    -60      625
  SINCE JAN 1   1040                      1114    -74     1080
..................................................................


WIND (MPH)
  HIGHEST WIND SPEED    24   HIGHEST WIND DIRECTION     S (160)
  HIGHEST GUST SPEED    31   HIGHEST GUST DIRECTION     S (160)
  AVERAGE WIND SPEED    13.7


SKY COVER
  AVERAGE SKY COVER 0.8


WEATHER CONDITIONS
 THE FOLLOWING WEATHER WAS RECORDED TODAY.
  FOG


RELATIVE HUMIDITY (PERCENT)
 HIGHEST    94          1200 AM
 LOWEST     52           200 PM
 AVERAGE    73

..........................................................


THE AUSTIN BERGSTROM CLIMATE NORMALS FOR TOMORROW
                         NORMAL    RECORD    YEAR
 MAXIMUM TEMPERATURE (F)   95       105      2009
 MINIMUM TEMPERATURE (F)   72        68      2008
                                             2000


SUNRISE AND SUNSET
JULY  7 2015..........SUNRISE   635 AM CDT   SUNSET   836 PM CDT
JULY  8 2015..........SUNRISE   636 AM CDT   SUNSET   836 PM CDT


-  INDICATES NEGATIVE NUMBERS.
R  INDICATES RECORD WAS SET OR TIED.
MM INDICATES DATA IS MISSING.
T  INDICATES TRACE AMOUNT.




$$
