342
CDUS44 KEWX 200708
CLIAUS


CLIMATE REPORT
NATIONAL WEATHER SERVICE AUSTIN/SAN ANTONIO, TX
207 AM CDT WED SEP 20 2017


...................................

...THE AUSTIN BERGSTROM CLIMATE SUMMARY FOR SEPTEMBER 19 2017...

CLIMATE NORMAL PERIOD 1981 TO 2010
CLIMATE RECORD PERIOD 1943 TO 2017


WEATHER ITEM   OBSERVED TIME   RECORD YEAR NORMAL DEPARTURE LAST
                VALUE   (LST)  VALUE       VALUE  FROM      YEAR
                                                  NORMAL
..................................................................
TEMPERATURE (F)
 YESTERDAY
  MAXIMUM         94    320 PM 101    1956  90      4       96
  MINIMUM         76    140 AM  47    1981  64     12       73
  AVERAGE         85                        77      8       85

PRECIPITATION (IN)
  YESTERDAY        0.00          2.01 1958   0.09  -0.09     0.00
  MONTH TO DATE    T                         1.67  -1.67     1.00
  SINCE SEP 1      T                         1.67  -1.67     1.00
  SINCE JAN 1     31.26                     24.38   6.88    45.88

SNOWFALL (IN)
  YESTERDAY        0.0
  MONTH TO DATE    0.0
  SINCE SEP 1      0.0
  SINCE JUL 1      0.0
  SNOW DEPTH       0

DEGREE DAYS
 HEATING
  YESTERDAY        0                         0      0        0
  MONTH TO DATE    0                         0      0        0
  SINCE SEP 1      0                         0      0        0
  SINCE JUL 1      0                         0      0        0

 COOLING
  YESTERDAY       20                        12      8       20
  MONTH TO DATE  240                       273    -33      337
  SINCE SEP 1    240                       273    -33      337
  SINCE JAN 1   2881                      2413    468     2594
..................................................................


WIND (MPH)
  HIGHEST WIND SPEED    18   HIGHEST WIND DIRECTION     S (190)
  HIGHEST GUST SPEED    25   HIGHEST GUST DIRECTION     S (180)
  AVERAGE WIND SPEED     8.7


SKY COVER
  AVERAGE SKY COVER 0.7


WEATHER CONDITIONS
 THE FOLLOWING WEATHER WAS RECORDED YESTERDAY.
  FOG


RELATIVE HUMIDITY (PERCENT)
 HIGHEST    94           200 AM
 LOWEST     49           300 PM
 AVERAGE    72

..........................................................


THE AUSTIN BERGSTROM CLIMATE NORMALS FOR TODAY
                         NORMAL    RECORD    YEAR
 MAXIMUM TEMPERATURE (F)   89       103      1956
 MINIMUM TEMPERATURE (F)   64        52      1971


SUNRISE AND SUNSET
SEPTEMBER 20 2017.....SUNRISE   718 AM CDT   SUNSET   729 PM CDT
SEPTEMBER 21 2017.....SUNRISE   719 AM CDT   SUNSET   728 PM CDT


-  INDICATES NEGATIVE NUMBERS.
R  INDICATES RECORD WAS SET OR TIED.
MM INDICATES DATA IS MISSING.
T  INDICATES TRACE AMOUNT.




$$
