000
CDUS44 KEWX 180722
CLIAUS


CLIMATE REPORT
NATIONAL WEATHER SERVICE AUSTIN/SAN ANTONIO, TX
118 AM CST THU DEC 18 2014


...................................

...THE AUSTIN BERGSTROM CLIMATE SUMMARY FOR DECEMBER 17 2014...

CLIMATE NORMAL PERIOD 1981 TO 2010
CLIMATE RECORD PERIOD 1943 TO 2014


WEATHER ITEM   OBSERVED TIME   RECORD YEAR NORMAL DEPARTURE LAST
                VALUE   (LST)  VALUE       VALUE  FROM      YEAR
                                                  NORMAL
..................................................................
TEMPERATURE (F)
 YESTERDAY
  MAXIMUM         53   1058 PM  85    1990  63    -10       72
  MINIMUM         49    239 PM  21    1972  37     12       28
  AVERAGE         51                        50      1       50

PRECIPITATION (IN)
  YESTERDAY        0.19          0.50 2009   0.07   0.12     0.00
                                      1949
  MONTH TO DATE    0.41                      1.24  -0.83     0.27
  SINCE DEC 1      0.41                      1.24  -0.83     0.27
  SINCE JAN 1     27.76                     34.14  -6.38    36.45

SNOWFALL (IN)
  YESTERDAY        0.0
  MONTH TO DATE    0.0
  SINCE DEC 1      0.0
  SINCE JUL 1      0.0
  SNOW DEPTH       0

DEGREE DAYS
 HEATING
  YESTERDAY       14                        15     -1       15
  MONTH TO DATE  143                       240    -97      315
  SINCE DEC 1    143                       240    -97      315
  SINCE JUL 1    481                       525    -44      640

 COOLING
  YESTERDAY        0                         0      0        0
  MONTH TO DATE    4                         5     -1        1
  SINCE DEC 1      4                         5     -1        1
  SINCE JAN 1   2832                      2746     86     3041
..................................................................


WIND (MPH)
  HIGHEST WIND SPEED    16   HIGHEST WIND DIRECTION    SE (120)
  HIGHEST GUST SPEED    19   HIGHEST GUST DIRECTION    SE (120)
  AVERAGE WIND SPEED     6.2


SKY COVER
  AVERAGE SKY COVER 1.0


WEATHER CONDITIONS
 THE FOLLOWING WEATHER WAS RECORDED YESTERDAY.
  THUNDERSTORM
  RAIN
  LIGHT RAIN
  FOG


RELATIVE HUMIDITY (PERCENT)
 HIGHEST   100           800 PM
 LOWEST     54           200 AM
 AVERAGE    77

..........................................................


THE AUSTIN BERGSTROM CLIMATE NORMALS FOR TODAY
                         NORMAL    RECORD    YEAR
 MAXIMUM TEMPERATURE (F)   63        81      2012
 MINIMUM TEMPERATURE (F)   37        25      2003
                                             1997
                                             1979


SUNRISE AND SUNSET
DECEMBER 18 2014......SUNRISE   721 AM CST   SUNSET   533 PM CST
DECEMBER 19 2014......SUNRISE   722 AM CST   SUNSET   534 PM CST


-  INDICATES NEGATIVE NUMBERS.
R  INDICATES RECORD WAS SET OR TIED.
MM INDICATES DATA IS MISSING.
T  INDICATES TRACE AMOUNT.




$$
