000
CDUS44 KEWX 272224
CLIAUS


CLIMATE REPORT
NATIONAL WEATHER SERVICE AUSTIN/SAN ANTONIO, TX
423 PM CST TUE JAN 27 2015


...................................

...THE AUSTIN BERGSTROM CLIMATE SUMMARY FOR JANUARY 27 2015...
VALID TODAY AS OF 423 PM LOCAL TIME.

CLIMATE NORMAL PERIOD 1981 TO 2010
CLIMATE RECORD PERIOD 1943 TO 2015


WEATHER ITEM   OBSERVED TIME   RECORD YEAR NORMAL DEPARTURE LAST
                VALUE   (LST)  VALUE       VALUE  FROM      YEAR
                                                  NORMAL
..................................................................
TEMPERATURE (F)
 TODAY
  MAXIMUM         80    359 PM  84    1975  62     18       52
  MINIMUM         35    539 AM  21    2004  37     -2       33
                                      1963
  AVERAGE         58                        50      8       43

PRECIPITATION (IN)
  TODAY            0.00          1.35 2005   0.08  -0.08     0.01
  MONTH TO DATE    5.02                      1.99   3.03     0.53
  SINCE DEC 1      7.14                      4.20   2.94     1.39
  SINCE JAN 1      5.02                      1.99   3.03     0.53

SNOWFALL (IN)
  TODAY            0.0
  MONTH TO DATE    T
  SINCE DEC 1      T
  SINCE JUL 1      T
  SNOW DEPTH       0

DEGREE DAYS
 HEATING
  TODAY            7                        16     -9       22
  MONTH TO DATE  543                       432    111      489
  SINCE DEC 1    903                       894      9     1033
  SINCE JUL 1   1241                      1179     62     1358

 COOLING
  TODAY            0                         0      0        0
  MONTH TO DATE    0                         0      0        0
  SINCE DEC 1      4                        10     -6        5
  SINCE JAN 1      0                         0      0        0
..................................................................


WIND (MPH)
  HIGHEST WIND SPEED    13   HIGHEST WIND DIRECTION    NW (320)
  HIGHEST GUST SPEED    18   HIGHEST GUST DIRECTION    NW (310)
  AVERAGE WIND SPEED     4.5


SKY COVER
  AVERAGE SKY COVER 0.3


WEATHER CONDITIONS
 THE FOLLOWING WEATHER WAS RECORDED TODAY.
  NO SIGNIFICANT WEATHER WAS OBSERVED.


RELATIVE HUMIDITY (PERCENT)
 HIGHEST    85           500 AM
 LOWEST     23           400 PM
 AVERAGE    54

..........................................................


THE AUSTIN BERGSTROM CLIMATE NORMALS FOR TOMORROW
                         NORMAL    RECORD    YEAR
 MAXIMUM TEMPERATURE (F)   62        78      2013
                                             1984
                                             1975
 MINIMUM TEMPERATURE (F)   37        18      1948


SUNRISE AND SUNSET
JANUARY 27 2015.......SUNRISE   724 AM CST   SUNSET   603 PM CST
JANUARY 28 2015.......SUNRISE   724 AM CST   SUNSET   604 PM CST


-  INDICATES NEGATIVE NUMBERS.
R  INDICATES RECORD WAS SET OR TIED.
MM INDICATES DATA IS MISSING.
T  INDICATES TRACE AMOUNT.




$$
