000
CDUS44 KEWX 232341
CLIAUS


CLIMATE REPORT
NATIONAL WEATHER SERVICE AUSTIN/SAN ANTONIO, TX
541 PM CST THU FEB 23 2017


...................................

...THE AUSTIN BERGSTROM CLIMATE SUMMARY FOR FEBRUARY 23 2017...
VALID TODAY AS OF 540 PM LOCAL TIME.

CLIMATE NORMAL PERIOD 1981 TO 2010
CLIMATE RECORD PERIOD 1943 TO 2017


WEATHER ITEM   OBSERVED TIME   RECORD YEAR NORMAL DEPARTURE LAST
                VALUE   (LST)  VALUE       VALUE  FROM      YEAR
                                                  NORMAL
..................................................................
TEMPERATURE (F)
 TODAY
  MAXIMUM         90    314 PM  94    1996  66     24       62
  MINIMUM         45    700 AM  24    2009  41      4       48
  AVERAGE         68                        54     14       55

PRECIPITATION (IN)
  TODAY            0.00          1.42 1979   0.07  -0.07     1.14
  MONTH TO DATE    2.65                      1.85   0.80     1.14
  SINCE DEC 1     10.41                      6.26   4.15     4.47
  SINCE JAN 1      7.30                      4.05   3.25     2.18

SNOWFALL (IN)
  TODAY            0.0
  MONTH TO DATE    0.0
  SINCE DEC 1      0.0
  SINCE JUL 1      0.0
  SNOW DEPTH       0

DEGREE DAYS
 HEATING
  TODAY            0                        12    -12       10
  MONTH TO DATE   91                       316   -225      206
  SINCE DEC 1    755                      1273   -518     1000
  SINCE JUL 1    849                      1558   -709     1178

 COOLING
  TODAY            3                         1      2        0
  MONTH TO DATE   66                         3     63       18
  SINCE DEC 1    130                        18    112       37
  SINCE JAN 1     88                         8     80       18
..................................................................


WIND (MPH)
  HIGHEST WIND SPEED    23   HIGHEST WIND DIRECTION     S (190)
  HIGHEST GUST SPEED    28   HIGHEST GUST DIRECTION     S (170)
  AVERAGE WIND SPEED     8.5


SKY COVER
  AVERAGE SKY COVER 0.0


WEATHER CONDITIONS
 THE FOLLOWING WEATHER WAS RECORDED TODAY.
  NO SIGNIFICANT WEATHER WAS OBSERVED.


RELATIVE HUMIDITY (PERCENT)
 HIGHEST    93           700 AM
 LOWEST     24           300 PM
 AVERAGE    59

..........................................................


THE AUSTIN BERGSTROM CLIMATE NORMALS FOR TOMORROW
                         NORMAL    RECORD    YEAR
 MAXIMUM TEMPERATURE (F)   67        86      1977
 MINIMUM TEMPERATURE (F)   41        24      1965


SUNRISE AND SUNSET
FEBRUARY 23 2017......SUNRISE   703 AM CST   SUNSET   626 PM CST
FEBRUARY 24 2017......SUNRISE   702 AM CST   SUNSET   626 PM CST


-  INDICATES NEGATIVE NUMBERS.
R  INDICATES RECORD WAS SET OR TIED.
MM INDICATES DATA IS MISSING.
T  INDICATES TRACE AMOUNT.




$$
