000
CDUS43 KGRB 302134
CLIAUW


CLIMATE REPORT
NATIONAL WEATHER SERVICE GREEN BAY
433 PM CDT SAT JUL 30 2016


...................................

...THE WAUSAU WI CLIMATE SUMMARY FOR JULY 30 2016...
VALID TODAY AS OF 0400 PM LOCAL TIME.

CLIMATE NORMAL PERIOD 1981 TO 2010
CLIMATE RECORD PERIOD 1896 TO 2016


WEATHER ITEM   OBSERVED TIME   RECORD YEAR NORMAL DEPARTURE LAST
                VALUE   (LST)  VALUE       VALUE  FROM      YEAR
                                                  NORMAL
..................................................................
TEMPERATURE (F)
 TODAY
  MAXIMUM         78    242 PM  99    1933  80     -2       85
  MINIMUM         58    346 AM  41    1902  59     -1       64
  AVERAGE         68                        69     -1       75

PRECIPITATION (IN)
  TODAY            0.00          2.20 1919   0.13  -0.13     0.00
  MONTH TO DATE    4.60                      3.70   0.90     3.08
  SINCE JUN 1      9.82                      8.01   1.81     7.64
  SINCE JAN 1     21.48                     17.92   3.56    18.37

SNOWFALL (IN)
  TODAY            0.0           0.0    MM   0.0             0.0
  MONTH TO DATE    0.0                       0.0             0.0
  SINCE JUN 1      0.0                       0.0             0.0
  SINCE JUL 1      0.0                       0.0             0.0
  SNOW DEPTH       0

DEGREE DAYS
 HEATING
  TODAY            0                         1     -1        0
  MONTH TO DATE    9                        30    -21       18
  SINCE JUN 1     39                       119    -80       79
  SINCE JUL 1      9                        30    -21       18

 COOLING
  TODAY            3                         5     -2       10
  MONTH TO DATE  170                       150     20      157
  SINCE JAN 1    321                       254     67      222
..................................................................


WIND (MPH)
  HIGHEST WIND SPEED    14   HIGHEST WIND DIRECTION    SE (120)
  HIGHEST GUST SPEED    17   HIGHEST GUST DIRECTION     E (110)
  AVERAGE WIND SPEED     4.7


SKY COVER
  POSSIBLE SUNSHINE  MM
  AVERAGE SKY COVER 0.4


WEATHER CONDITIONS
 THE FOLLOWING WEATHER WAS RECORDED TODAY.
  NO SIGNIFICANT WEATHER WAS OBSERVED.


RELATIVE HUMIDITY (PERCENT)
 HIGHEST    90          1200 AM
 LOWEST     50           300 PM
 AVERAGE    70

..........................................................


THE WAUSAU WI CLIMATE NORMALS FOR TOMORROW
                         NORMAL    RECORD    YEAR
 MAXIMUM TEMPERATURE (F)   80        98      2006
 MINIMUM TEMPERATURE (F)   59        45      1962
                                             1952
                                             1902


SUNRISE AND SUNSET
JULY 30 2016..........SUNRISE   542 AM CDT   SUNSET   827 PM CDT
JULY 31 2016..........SUNRISE   543 AM CDT   SUNSET   825 PM CDT


-  INDICATES NEGATIVE NUMBERS.
R  INDICATES RECORD WAS SET OR TIED.
MM INDICATES DATA IS MISSING.
T  INDICATES TRACE AMOUNT.




$$
