000
CDUS43 KGRB 020644
CLIAUW


CLIMATE REPORT
NATIONAL WEATHER SERVICE GREEN BAY
1242 AM CST FRI DEC 2 2016


...................................

...THE WAUSAU WI CLIMATE SUMMARY FOR DECEMBER 1 2016...

CLIMATE NORMAL PERIOD 1981 TO 2010
CLIMATE RECORD PERIOD 1896 TO 2016


WEATHER ITEM   OBSERVED TIME   RECORD YEAR NORMAL DEPARTURE LAST
                VALUE   (LST)  VALUE       VALUE  FROM      YEAR
                                                  NORMAL
..................................................................
TEMPERATURE (F)
 YESTERDAY
  MAXIMUM         38    112 PM  56    1998  32      6       36
  MINIMUM         31   1159 PM -12    1919  17     14       28
  AVERAGE         35                        24     11

PRECIPITATION (IN)
  YESTERDAY        T             0.69 1985   0.05  -0.05     0.20
  MONTH TO DATE    T                         0.05  -0.05     0.20
  SINCE DEC 1      T                         0.05  -0.05     0.20
  SINCE JAN 1     34.32                     31.10   3.22    32.55

SNOWFALL (IN)
  YESTERDAY        T             9.9  1985   0.4   -0.4      0.5
  MONTH TO DATE    T                         0.4   -0.4      0.5
  SINCE JUL 1      3.1                       8.7   -5.6      0.7
  SNOW DEPTH       0

DEGREE DAYS
 HEATING
  YESTERDAY       30                        41    -11       33
  MONTH TO DATE   30                        41    -11       33
  SINCE DEC 1     30                        41    -11       33
  SINCE JUL 1   1308                      1900   -592     1439

 COOLING
  YESTERDAY        0                         0      0        0
  MONTH TO DATE    0                         0      0        0
  SINCE DEC 1      0                         0      0        0
  SINCE JAN 1    512                       407    105      435
..................................................................


WIND (MPH)
  HIGHEST WIND SPEED    17   HIGHEST WIND DIRECTION    NW (300)
  HIGHEST GUST SPEED    21   HIGHEST GUST DIRECTION    NW (300)
  AVERAGE WIND SPEED     9.5


SKY COVER
  POSSIBLE SUNSHINE  MM
  AVERAGE SKY COVER 1.0


WEATHER CONDITIONS
 THE FOLLOWING WEATHER WAS RECORDED YESTERDAY.
  LIGHT RAIN
  LIGHT SNOW
  FOG


RELATIVE HUMIDITY (PERCENT)
 HIGHEST   100           100 AM
 LOWEST     66           900 PM
 AVERAGE    83

..........................................................


THE WAUSAU WI CLIMATE NORMALS FOR TODAY
                         NORMAL    RECORD    YEAR
 MAXIMUM TEMPERATURE (F)   31        61      1982
 MINIMUM TEMPERATURE (F)   17       -15      1897


SUNRISE AND SUNSET
DECEMBER  2 2016......SUNRISE   718 AM CST   SUNSET   418 PM CST
DECEMBER  3 2016......SUNRISE   719 AM CST   SUNSET   418 PM CST


-  INDICATES NEGATIVE NUMBERS.
R  INDICATES RECORD WAS SET OR TIED.
MM INDICATES DATA IS MISSING.
T  INDICATES TRACE AMOUNT.




$$
