000
CDUS43 KGRB 200730
CLIAUW


CLIMATE REPORT
NATIONAL WEATHER SERVICE GREEN BAY
130 AM CST MON NOV 20 2017


...................................

...THE WAUSAU WI CLIMATE SUMMARY FOR NOVEMBER 19 2017...

CLIMATE NORMAL PERIOD 1981 TO 2010
CLIMATE RECORD PERIOD 1896 TO 2017


WEATHER ITEM   OBSERVED TIME   RECORD YEAR NORMAL DEPARTURE LAST
                VALUE   (LST)  VALUE       VALUE  FROM      YEAR
                                                  NORMAL
..................................................................
TEMPERATURE (F)
 YESTERDAY
  MAXIMUM         29    359 PM  63    1941  38     -9       32
                                      1930
  MINIMUM         18    906 AM   0    1914  23     -5       22
  AVERAGE         24                        31     -7

PRECIPITATION (IN)
  YESTERDAY        0.00          0.67 1953   0.07  -0.07     0.02
  MONTH TO DATE    1.18                      1.33  -0.15     0.07
  SINCE SEP 1      6.74                      8.17  -1.43     7.15
  SINCE JAN 1     36.06                     30.38   5.68    32.50

SNOWFALL (IN)
  YESTERDAY        0.0           3.4  2000   0.3   -0.3      0.1
  MONTH TO DATE    8.3                       3.2    5.1      0.1
  SINCE JUL 1      8.3                       4.6    3.7      0.1
  SNOW DEPTH       0

DEGREE DAYS
 HEATING
  YESTERDAY       41                        34      7       38
  MONTH TO DATE  669                       565    104      359
  SINCE SEP 1   1284                      1383    -99      908
  SINCE JUL 1   1342                      1449   -107      930

 COOLING
  YESTERDAY        0                         0      0        0
  MONTH TO DATE    0                         0      0        0
  SINCE SEP 1     67                        32     35       25
  SINCE JAN 1    339                       407    -68      512
..................................................................


WIND (MPH)
  HIGHEST WIND SPEED    20   HIGHEST WIND DIRECTION     N (340)
  HIGHEST GUST SPEED    26   HIGHEST GUST DIRECTION     N (340)
  AVERAGE WIND SPEED     8.8


SKY COVER
  POSSIBLE SUNSHINE  MM
  AVERAGE SKY COVER 0.6


WEATHER CONDITIONS
 THE FOLLOWING WEATHER WAS RECORDED YESTERDAY.
  NO SIGNIFICANT WEATHER WAS OBSERVED.


RELATIVE HUMIDITY (PERCENT)
 HIGHEST    74           800 AM
 LOWEST     50          1200 PM
 AVERAGE    62

..........................................................


THE WAUSAU WI CLIMATE NORMALS FOR TODAY
                         NORMAL    RECORD    YEAR
 MAXIMUM TEMPERATURE (F)   38        60      2003
                                             1982
                                             1913
 MINIMUM TEMPERATURE (F)   23        -3      1921


SUNRISE AND SUNSET
NOVEMBER 20 2017......SUNRISE   703 AM CST   SUNSET   425 PM CST
NOVEMBER 21 2017......SUNRISE   704 AM CST   SUNSET   424 PM CST


-  INDICATES NEGATIVE NUMBERS.
R  INDICATES RECORD WAS SET OR TIED.
MM INDICATES DATA IS MISSING.
T  INDICATES TRACE AMOUNT.




$$
