000
CDUS43 KGRB 290708
CLIAUW


CLIMATE REPORT
NATIONAL WEATHER SERVICE GREEN BAY
206 AM CDT FRI APR 29 2016


...................................

...THE WAUSAU WI CLIMATE SUMMARY FOR APRIL 28 2016...

CLIMATE NORMAL PERIOD 1981 TO 2010
CLIMATE RECORD PERIOD 1896 TO 2016


WEATHER ITEM   OBSERVED TIME   RECORD YEAR NORMAL DEPARTURE LAST
                VALUE   (LST)  VALUE       VALUE  FROM      YEAR
                                                  NORMAL
..................................................................
TEMPERATURE (F)
 YESTERDAY
  MAXIMUM         48    134 PM  91    1952  61    -13       70
  MINIMUM         39   1159 PM  25    1958  38      1       34
                                      1953
  AVERAGE         44                        50     -6

PRECIPITATION (IN)
  YESTERDAY        0.08          1.13 1938   0.10  -0.02     0.00
  MONTH TO DATE    2.39                      2.51  -0.12     3.15
  SINCE MAR 1      7.34                      4.27   3.07     3.97
  SINCE JAN 1      8.77                      6.21   2.56     4.72

SNOWFALL (IN)
  YESTERDAY       MM             1.0  1969   0.1   MM        0.0
  MONTH TO DATE    5.8                       4.0    1.8      5.2
  SINCE JUL 1     43.4                      59.3  -15.9     53.7
  SNOW DEPTH       0

DEGREE DAYS
 HEATING
  YESTERDAY       21                        16      5       13
  MONTH TO DATE  582                       601    -19      541
  SINCE MAR 1   1390                      1686   -296     1574
  SINCE JUL 1   6513                      7822  -1309     8154

 COOLING
  YESTERDAY        0                         0      0        0
  MONTH TO DATE    2                         0      2        0
  SINCE MAR 1      2                         0      2        0
  SINCE JAN 1      2                         0      2        0
..................................................................


WIND (MPH)
  HIGHEST WIND SPEED    18   HIGHEST WIND DIRECTION     E (70)
  HIGHEST GUST SPEED    25   HIGHEST GUST DIRECTION     E (70)
  AVERAGE WIND SPEED     9.2


SKY COVER
  POSSIBLE SUNSHINE  MM
  AVERAGE SKY COVER 0.9


WEATHER CONDITIONS
 THE FOLLOWING WEATHER WAS RECORDED YESTERDAY.
  LIGHT RAIN
  FOG


RELATIVE HUMIDITY (PERCENT)
 HIGHEST    85           700 PM
 LOWEST     30           100 AM
 AVERAGE    58

..........................................................


THE WAUSAU WI CLIMATE NORMALS FOR TODAY
                         NORMAL    RECORD    YEAR
 MAXIMUM TEMPERATURE (F)   61        91      1952
 MINIMUM TEMPERATURE (F)   39        19      1958
                                             1956


SUNRISE AND SUNSET
APRIL 29 2016.........SUNRISE   550 AM CDT   SUNSET   802 PM CDT
APRIL 30 2016.........SUNRISE   549 AM CDT   SUNSET   803 PM CDT


-  INDICATES NEGATIVE NUMBERS.
R  INDICATES RECORD WAS SET OR TIED.
MM INDICATES DATA IS MISSING.
T  INDICATES TRACE AMOUNT.

$$
