000
CDUS43 KGRB 250728
CLIAUW

CLIMATE REPORT
NATIONAL WEATHER SERVICE GREEN BAY
226 AM CDT SUN SEP 25 2016

...................................

...THE WAUSAU WI CLIMATE SUMMARY FOR SEPTEMBER 24 2016...

CLIMATE NORMAL PERIOD 1981 TO 2010
CLIMATE RECORD PERIOD 1896 TO 2016

WEATHER ITEM   OBSERVED TIME   RECORD YEAR NORMAL DEPARTURE LAST
                VALUE   (LST)  VALUE       VALUE  FROM      YEAR
                                                  NORMAL
..................................................................
TEMPERATURE (F)
 YESTERDAY
  MAXIMUM         70    252 PM  88    1937  65      5       73
  MINIMUM         54    408 AM  28    1989  44     10       56
                                      1976
  AVERAGE         62                        55      7

PRECIPITATION (IN)
  YESTERDAY        0.00          2.31 1984   0.14  -0.14     0.00
  MONTH TO DATE    4.10                      3.13   0.97     4.99
  SINCE SEP 1      4.10                      3.13   0.97     4.99
  SINCE JAN 1     29.45                     25.34   4.11    26.98

SNOWFALL (IN)
  YESTERDAY        0.0           T    1985   0.0    0.0      0.0
                                      1928
  MONTH TO DATE    0.0                       0.0    0.0      0.0
  SINCE JUL 1      0.0                       0.0    0.0      0.0
  SNOW DEPTH       0

DEGREE DAYS
 HEATING
  YESTERDAY        3                        11     -8        0
  MONTH TO DATE   51                       155   -104       62
  SINCE SEP 1     51                       155   -104       62
  SINCE JUL 1     73                       221   -148      124

COOLING
  YESTERDAY        0                         0      0        0
  MONTH TO DATE   24                        29     -5       95
  SINCE SEP 1     24                        29     -5       95
  SINCE JAN 1    511                       404    107      433
..................................................................

WIND (MPH)
  HIGHEST WIND SPEED    17   HIGHEST WIND DIRECTION    SE (150)
  HIGHEST GUST SPEED    21   HIGHEST GUST DIRECTION    SE (120)
  AVERAGE WIND SPEED     9.8

SKY COVER
  POSSIBLE SUNSHINE  MM
  AVERAGE SKY COVER 0.7

WEATHER CONDITIONS
 THE FOLLOWING WEATHER WAS RECORDED YESTERDAY.
  NO SIGNIFICANT WEATHER WAS OBSERVED.

RELATIVE HUMIDITY (PERCENT)
 HIGHEST    93          1200 AM
 LOWEST     57           300 PM
 AVERAGE    75
..........................................................

THE WAUSAU WI CLIMATE NORMALS FOR TODAY
                         NORMAL    RECORD    YEAR
 MAXIMUM TEMPERATURE (F)   65        87      1920
 MINIMUM TEMPERATURE (F)   44        23      1947

SUNRISE AND SUNSET
SEPTEMBER 25 2016.....SUNRISE   650 AM CDT   SUNSET   649 PM CDT
SEPTEMBER 26 2016.....SUNRISE   651 AM CDT   SUNSET   647 PM CDT

-  INDICATES NEGATIVE NUMBERS.
R  INDICATES RECORD WAS SET OR TIED.
MM INDICATES DATA IS MISSING.
T  INDICATES TRACE AMOUNT.

$$
