000
CDUS43 KGRB 232127
CLIAUW

CLIMATE REPORT
NATIONAL WEATHER SERVICE GREEN BAY
424 PM CDT WED APR 23 2014

...................................

...THE WAUSAU WI CLIMATE SUMMARY FOR APRIL 23 2014...
VALID TODAY AS OF 0400 PM LOCAL TIME.

CLIMATE NORMAL PERIOD 1981 TO 2010
CLIMATE RECORD PERIOD 1896 TO 2014

WEATHER ITEM   OBSERVED TIME   RECORD YEAR NORMAL DEPARTURE LAST
                VALUE   (LST)  VALUE       VALUE  FROM      YEAR
                                                  NORMAL
..................................................................
TEMPERATURE (F)
 TODAY
  MAXIMUM         52    244 PM  83    1925  59     -7       43
  MINIMUM         27    500 AM  20    1909  37    -10       27
  AVERAGE         40                        48     -8       35

PRECIPITATION (IN)
  TODAY            0.00          0.95 1975   0.10  -0.10     0.21
  MONTH TO DATE    2.19                      1.99   0.20     3.57
  SINCE MAR 1      2.94                      3.75  -0.81     5.75
  SINCE JAN 1      5.88                      5.69   0.19     8.90

SNOWFALL (IN)
  TODAY            0.0           2.0  1910   0.1              T
  MONTH TO DATE    8.4                       3.5             8.2
  SINCE MAR 1     14.7                      13.5            20.9
  SINCE JUL 1     84.3                      58.8            76.9
  SNOW DEPTH       0

DEGREE DAYS
 HEATING
  TODAY           25                        18      7       30
  MONTH TO DATE  600                       519     81      714
  SINCE MAR 1   1932                      1604    328     1966
  SINCE JUL 1   8879                      7740   1139     7790

COOLING
  TODAY            0                         0      0        0
  MONTH TO DATE    0                         0      0        0
  SINCE JAN 1      0                         0      0        0
..................................................................

WIND (MPH)
  HIGHEST WIND SPEED    12   HIGHEST WIND DIRECTION    SE (140)
  HIGHEST GUST SPEED    16   HIGHEST GUST DIRECTION     S (160)
  AVERAGE WIND SPEED     4.4

SKY COVER
  POSSIBLE SUNSHINE  MM
  AVERAGE SKY COVER 0.0

WEATHER CONDITIONS
 THE FOLLOWING WEATHER WAS RECORDED TODAY.
  NO SIGNIFICANT WEATHER WAS OBSERVED.

RELATIVE HUMIDITY (PERCENT)
 HIGHEST    92           500 AM
 LOWEST     32           300 PM
 AVERAGE    62
..........................................................

THE WAUSAU WI CLIMATE NORMALS FOR TOMORROW
                         NORMAL    RECORD    YEAR
 MAXIMUM TEMPERATURE (F)   59        84      1990
 MINIMUM TEMPERATURE (F)   37        20      1956

SUNRISE AND SUNSET
APRIL 23 2014.........SUNRISE   600 AM CDT   SUNSET   754 PM CDT
APRIL 24 2014.........SUNRISE   559 AM CDT   SUNSET   755 PM CDT

-  INDICATES NEGATIVE NUMBERS.
R  INDICATES RECORD WAS SET OR TIED.
MM INDICATES DATA IS MISSING.
T  INDICATES TRACE AMOUNT.

$$
