000
CDUS43 KGRB 260738
CLIAUW


CLIMATE REPORT
NATIONAL WEATHER SERVICE GREEN BAY
236 AM CDT TUE MAY 26 2015


...................................

...THE WAUSAU WI CLIMATE SUMMARY FOR MAY 25 2015...

CLIMATE NORMAL PERIOD 1981 TO 2010
CLIMATE RECORD PERIOD 1896 TO 2015


WEATHER ITEM   OBSERVED TIME   RECORD YEAR NORMAL DEPARTURE LAST
                VALUE   (LST)  VALUE       VALUE  FROM      YEAR
                                                  NORMAL
..................................................................
TEMPERATURE (F)
 YESTERDAY
  MAXIMUM         74    533 PM  88    1972  70      4       81
  MINIMUM         55   1226 AM  30    1913  47      8       49
                                      1897
  AVERAGE         65                        58      7

PRECIPITATION (IN)
  YESTERDAY        0.25          1.92 1939   0.12   0.13     0.00
  MONTH TO DATE    2.95                      2.73   0.22     3.09
  SINCE MAR 1      6.92                      7.22  -0.30     8.11
  SINCE JAN 1      7.67                      9.16  -1.49    11.05

SNOWFALL (IN)
  YESTERDAY        0.0           T    1925   0.0    0.0      0.0
  MONTH TO DATE    T                         0.2   -0.2      0.0
  SINCE JUL 1     53.7                      59.6   -5.9     84.3
  SNOW DEPTH       0

DEGREE DAYS
 HEATING
  YESTERDAY        0                         7     -7        0
  MONTH TO DATE  213                       269    -56      276
  SINCE MAR 1   1814                      1985   -171     2371
  SINCE JUL 1   8394                      8121    273     9318

 COOLING
  YESTERDAY        0                         1     -1        0
  MONTH TO DATE    8                         8      0        0
  SINCE MAR 1      8                        10     -2        0
  SINCE JAN 1      8                        10     -2        0
..................................................................


WIND (MPH)
  HIGHEST WIND SPEED    23   HIGHEST WIND DIRECTION    SW (220)
  HIGHEST GUST SPEED    31   HIGHEST GUST DIRECTION     W (250)
  AVERAGE WIND SPEED     8.0


SKY COVER
  POSSIBLE SUNSHINE  MM
  AVERAGE SKY COVER 0.8


WEATHER CONDITIONS
 THE FOLLOWING WEATHER WAS RECORDED YESTERDAY.
  THUNDERSTORM
  HEAVY RAIN
  LIGHT RAIN
  FOG


RELATIVE HUMIDITY (PERCENT)
 HIGHEST   100           100 AM
 LOWEST     61           400 PM
 AVERAGE    81

..........................................................


THE WAUSAU WI CLIMATE NORMALS FOR TODAY
                         NORMAL    RECORD    YEAR
 MAXIMUM TEMPERATURE (F)   70        91      1967
 MINIMUM TEMPERATURE (F)   47        30      1905


SUNRISE AND SUNSET
MAY 26 2015...........SUNRISE   519 AM CDT   SUNSET   832 PM CDT
MAY 27 2015...........SUNRISE   519 AM CDT   SUNSET   833 PM CDT


-  INDICATES NEGATIVE NUMBERS.
R  INDICATES RECORD WAS SET OR TIED.
MM INDICATES DATA IS MISSING.
T  INDICATES TRACE AMOUNT.

$$
