000
CDUS43 KGRB 220618
CLIAUW


CLIMATE REPORT
NATIONAL WEATHER SERVICE GREEN BAY
117 AM CDT FRI AUG 22 2014


...................................

...THE WAUSAU WI CLIMATE SUMMARY FOR AUGUST 21 2014...

CLIMATE NORMAL PERIOD 1981 TO 2010
CLIMATE RECORD PERIOD 1896 TO 2014


WEATHER ITEM   OBSERVED TIME   RECORD YEAR NORMAL DEPARTURE LAST
                VALUE   (LST)  VALUE       VALUE  FROM      YEAR
                                                  NORMAL
..................................................................
TEMPERATURE (F)
 YESTERDAY
  MAXIMUM         69        MM  99    1955  77     -8       90
  MINIMUM         59        MM  39    2004  57      2       63
  AVERAGE         64                        67     -3

PRECIPITATION (IN)
  YESTERDAY        0.17          2.98 1924   0.13   0.04     1.34
  MONTH TO DATE    3.64                      2.87   0.77     1.59
  SINCE JUN 1     11.75                     11.01   0.74    11.22
  SINCE JAN 1     23.19                     20.92   2.27    25.69

SNOWFALL (IN)
  YESTERDAY        0.0           0.0    MM   0.0    0.0      0.0
  MONTH TO DATE    0.0                       0.0    0.0      0.0
  SINCE JUN 1      0.0                       0.0    0.0      0.0
  SINCE JUL 1      0.0                       0.0    0.0      0.0
  SNOW DEPTH       0

DEGREE DAYS
 HEATING
  YESTERDAY        1                         1      0        0
  MONTH TO DATE   11                        21    -10       26
  SINCE JUN 1     72                       133    -61      142
  SINCE JUL 1     50                        44      6       56

 COOLING
  YESTERDAY        0                         3     -3       12
  MONTH TO DATE   58                        88    -30       45
  SINCE JUN 1    252                       329    -77      314
  SINCE JAN 1    277                       348    -71      351
..................................................................


WIND (MPH)
  HIGHEST WIND SPEED    12   HIGHEST WIND DIRECTION    SE (130)
  HIGHEST GUST SPEED    MM   HIGHEST GUST DIRECTION    MM
  AVERAGE WIND SPEED     7.1


SKY COVER
  POSSIBLE SUNSHINE  MM
  AVERAGE SKY COVER 0.8


WEATHER CONDITIONS
 THE FOLLOWING WEATHER WAS RECORDED YESTERDAY.
  LIGHT RAIN
  FOG


RELATIVE HUMIDITY (PERCENT)
 HIGHEST   100           600 AM
 LOWEST     87           200 PM
 AVERAGE    94

..........................................................


THE WAUSAU WI CLIMATE NORMALS FOR TODAY
                         NORMAL    RECORD    YEAR
 MAXIMUM TEMPERATURE (F)   77        93      1947
 MINIMUM TEMPERATURE (F)   56        39      1967
                                             1950
                                             1920


SUNRISE AND SUNSET
AUGUST 22 2014........SUNRISE   609 AM CDT   SUNSET   753 PM CDT
AUGUST 23 2014........SUNRISE   610 AM CDT   SUNSET   751 PM CDT


-  INDICATES NEGATIVE NUMBERS.
R  INDICATES RECORD WAS SET OR TIED.
MM INDICATES DATA IS MISSING.
T  INDICATES TRACE AMOUNT.




$$
