000
CDUS43 KGRB 212140
CLIAUW


CLIMATE REPORT
NATIONAL WEATHER SERVICE GREEN BAY
440 PM CDT MON JUL 21 2014


...................................

...THE WAUSAU WI CLIMATE SUMMARY FOR JULY 21 2014...
VALID TODAY AS OF 0400 PM LOCAL TIME.

CLIMATE NORMAL PERIOD 1981 TO 2010
CLIMATE RECORD PERIOD 1896 TO 2014


WEATHER ITEM   OBSERVED TIME   RECORD YEAR NORMAL DEPARTURE LAST
                VALUE   (LST)  VALUE       VALUE  FROM      YEAR
                                                  NORMAL
..................................................................
TEMPERATURE (F)
 TODAY
  MAXIMUM         86    259 PM  95    2002  80      6       71
                                      1940
  MINIMUM         68    607 AM  37    1904  59      9       56
  AVERAGE         77                        70      7       64

PRECIPITATION (IN)
  TODAY            0.00          1.30 1935   0.13  -0.13     0.01
  MONTH TO DATE    1.85                      2.55  -0.70     3.12
  SINCE JUN 1      7.36                      6.86   0.50     8.93
  SINCE JAN 1     18.80                     16.77   2.03    23.40

SNOWFALL (IN)
  TODAY            0.0           0.0    MM   0.0             0.0
  MONTH TO DATE    0.0                       0.0             0.0
  SINCE JUN 1      0.0                       0.0             0.0
  SINCE JUL 1      0.0                       0.0             0.0
  SNOW DEPTH       0

DEGREE DAYS
 HEATING
  TODAY            0                         1     -1        1
  MONTH TO DATE   35                        21     14        4
  SINCE JUN 1     57                       110    -53       90
  SINCE JUL 1     35                        21     14        4

 COOLING
  TODAY           12                         5      7        0
  MONTH TO DATE   57                       105    -48      174
  SINCE JAN 1    192                       209    -17      295
..................................................................


WIND (MPH)
  HIGHEST WIND SPEED    14   HIGHEST WIND DIRECTION     S (170)
  HIGHEST GUST SPEED    17   HIGHEST GUST DIRECTION     S (170)
  AVERAGE WIND SPEED     7.6


SKY COVER
  POSSIBLE SUNSHINE  MM
  AVERAGE SKY COVER 0.7


WEATHER CONDITIONS
 THE FOLLOWING WEATHER WAS RECORDED TODAY.
  NO SIGNIFICANT WEATHER WAS OBSERVED.


RELATIVE HUMIDITY (PERCENT)
 HIGHEST    87           600 AM
 LOWEST     57           300 PM
 AVERAGE    72

..........................................................


THE WAUSAU WI CLIMATE NORMALS FOR TOMORROW
                         NORMAL    RECORD    YEAR
 MAXIMUM TEMPERATURE (F)   80        92      1964
                                             1940
                                             1929
 MINIMUM TEMPERATURE (F)   59        38      1947


SUNRISE AND SUNSET
JULY 21 2014..........SUNRISE   532 AM CDT   SUNSET   837 PM CDT
JULY 22 2014..........SUNRISE   533 AM CDT   SUNSET   836 PM CDT


-  INDICATES NEGATIVE NUMBERS.
R  INDICATES RECORD WAS SET OR TIED.
MM INDICATES DATA IS MISSING.
T  INDICATES TRACE AMOUNT.




$$
