000
CDUS43 KGRB 280705
CLIAUW


CLIMATE REPORT
NATIONAL WEATHER SERVICE GREEN BAY
203 AM CDT SAT MAY 28 2016


...................................

...THE WAUSAU WI CLIMATE SUMMARY FOR MAY 27 2016...

CLIMATE NORMAL PERIOD 1981 TO 2010
CLIMATE RECORD PERIOD 1896 TO 2016


WEATHER ITEM   OBSERVED TIME   RECORD YEAR NORMAL DEPARTURE LAST
                VALUE   (LST)  VALUE       VALUE  FROM      YEAR
                                                  NORMAL
..................................................................
TEMPERATURE (F)
 YESTERDAY
  MAXIMUM         76    202 PM  88    1978  70      6       76
                                      1911
  MINIMUM         56    436 AM  32    1906  48      8       54
                                      1902
  AVERAGE         66                        59      7

PRECIPITATION (IN)
  YESTERDAY        0.29          2.08 1969   0.13   0.16     0.48
  MONTH TO DATE    2.18                      2.97  -0.79     5.27
  SINCE MAR 1      9.52                      7.46   2.06     9.24
  SINCE JAN 1     10.95                      9.40   1.55     9.99

SNOWFALL (IN)
  YESTERDAY        0.0           0.0    MM   0.0    0.0      0.0
  MONTH TO DATE    T                         0.2   -0.2       T
  SINCE JUL 1     43.4                      59.6  -16.2     53.7
  SNOW DEPTH       0

DEGREE DAYS
 HEATING
  YESTERDAY        0                         7     -7        0
  MONTH TO DATE  237                       283    -46      213
  SINCE MAR 1   1660                      1999   -339     1814
  SINCE JUL 1   6783                      8135  -1352     8394

 COOLING
  YESTERDAY        1                         1      0        0
  MONTH TO DATE   30                        10     20       10
  SINCE MAR 1     32                        12     20       10
  SINCE JAN 1     32                        12     20       10
..................................................................


WIND (MPH)
  HIGHEST WIND SPEED    21   HIGHEST WIND DIRECTION    SE (130)
  HIGHEST GUST SPEED    28   HIGHEST GUST DIRECTION    SE (130)
  AVERAGE WIND SPEED     6.9


SKY COVER
  POSSIBLE SUNSHINE  MM
  AVERAGE SKY COVER 0.7


WEATHER CONDITIONS
 THE FOLLOWING WEATHER WAS RECORDED YESTERDAY.
  RAIN
  LIGHT RAIN
  FOG


RELATIVE HUMIDITY (PERCENT)
 HIGHEST    93           200 AM
 LOWEST     57           200 PM
 AVERAGE    75

..........................................................


THE WAUSAU WI CLIMATE NORMALS FOR TODAY
                         NORMAL    RECORD    YEAR
 MAXIMUM TEMPERATURE (F)   71        91      2006
 MINIMUM TEMPERATURE (F)   48        32      1947
                                             1932


SUNRISE AND SUNSET
MAY 28 2016...........SUNRISE   517 AM CDT   SUNSET   835 PM CDT
MAY 29 2016...........SUNRISE   517 AM CDT   SUNSET   836 PM CDT


-  INDICATES NEGATIVE NUMBERS.
R  INDICATES RECORD WAS SET OR TIED.
MM INDICATES DATA IS MISSING.
T  INDICATES TRACE AMOUNT.

$$
