000
CDUS43 KGRB 050704
CLIAUW

CLIMATE REPORT
NATIONAL WEATHER SERVICE GREEN BAY
202 AM CDT SAT SEP 5 2015

...................................

...THE WAUSAU WI CLIMATE SUMMARY FOR SEPTEMBER 4 2015...

CLIMATE NORMAL PERIOD 1981 TO 2010
CLIMATE RECORD PERIOD 1896 TO 2015


WEATHER ITEM   OBSERVED TIME   RECORD YEAR NORMAL DEPARTURE LAST
                VALUE   (LST)  VALUE       VALUE  FROM      YEAR
                                                  NORMAL
..................................................................
TEMPERATURE (F)
 YESTERDAY
  MAXIMUM         83    253 PM  90    1922  74      9       74
  MINIMUM         60    602 AM  37    1974  53      7       64
  AVERAGE         72                        63      9

PRECIPITATION (IN)
  YESTERDAY        0.00          3.71 1941   0.13  -0.13     2.91
  MONTH TO DATE    0.66                      0.52   0.14     3.61
  SINCE SEP 1      0.66                      0.52   0.14     3.61
  SINCE JAN 1     22.65                     22.73  -0.08    30.26

SNOWFALL (IN)
  YESTERDAY        0.0           0.0    MM   0.0    0.0      0.0
  MONTH TO DATE    0.0                       0.0    0.0      0.0
  SINCE JUL 1      0.0                       0.0    0.0      0.0
  SNOW DEPTH       0

DEGREE DAYS
 HEATING
  YESTERDAY        0                         4     -4        0
  MONTH TO DATE    0                        14    -14        0
  SINCE SEP 1      0                        14    -14        0
  SINCE JUL 1     62                        80    -18       54

COOLING
  YESTERDAY        7                         2      5        4
  MONTH TO DATE   35                         8     27        5
  SINCE SEP 1     35                         8     27        5
  SINCE JAN 1    373                       383    -10      331
..................................................................

WIND (MPH)
  HIGHEST WIND SPEED    13   HIGHEST WIND DIRECTION    SE (120)
  HIGHEST GUST SPEED    16   HIGHEST GUST DIRECTION    SE (150)
  AVERAGE WIND SPEED     5.0

SKY COVER
  POSSIBLE SUNSHINE  MM
  AVERAGE SKY COVER 0.2

WEATHER CONDITIONS
 THE FOLLOWING WEATHER WAS RECORDED YESTERDAY.
  FOG

RELATIVE HUMIDITY (PERCENT)
 HIGHEST   100           100 AM
 LOWEST     58           200 PM
 AVERAGE    79
..........................................................

THE WAUSAU WI CLIMATE NORMALS FOR TODAY
                         NORMAL    RECORD    YEAR
 MAXIMUM TEMPERATURE (F)   73        91      1912
 MINIMUM TEMPERATURE (F)   53        35      1903

SUNRISE AND SUNSET
SEPTEMBER  5 2015.....SUNRISE   625 AM CDT   SUNSET   729 PM CDT
SEPTEMBER  6 2015.....SUNRISE   626 AM CDT   SUNSET   727 PM CDT

-  INDICATES NEGATIVE NUMBERS.
R  INDICATES RECORD WAS SET OR TIED.
MM INDICATES DATA IS MISSING.
T  INDICATES TRACE AMOUNT.

$$
