000
CDUS43 KGRB 250709
CLIAUW


CLIMATE REPORT
NATIONAL WEATHER SERVICE GREEN BAY
107 AM CST SAT FEB 25 2017


...................................

...THE WAUSAU WI CLIMATE SUMMARY FOR FEBRUARY 24 2017...

CLIMATE NORMAL PERIOD 1981 TO 2010
CLIMATE RECORD PERIOD 1896 TO 2017


WEATHER ITEM   OBSERVED TIME   RECORD YEAR NORMAL DEPARTURE LAST
                VALUE   (LST)  VALUE       VALUE  FROM      YEAR
                                                  NORMAL
..................................................................
TEMPERATURE (F)
 YESTERDAY
  MAXIMUM         32   1232 AM  54    1976  31      1       38
  MINIMUM         18   1159 PM -19    1913  13      5       29
  AVERAGE         25                        22      3

PRECIPITATION (IN)
  YESTERDAY        0.50          0.90 1930   0.04   0.46     0.00
  MONTH TO DATE    1.38                      0.75   0.63     0.55
  SINCE DEC 1      6.38                      3.13   3.25     6.34
  SINCE JAN 1      3.72                      1.77   1.95     1.39

SNOWFALL (IN)
  YESTERDAY        5.0           6.0  1915   0.4    4.6      0.0
  MONTH TO DATE    5.4                       8.2   -2.8      8.8
  SINCE JUL 1     51.5                      43.9    7.6     24.2
  SNOW DEPTH       5

DEGREE DAYS
 HEATING
  YESTERDAY       40                        43     -3       31
  MONTH TO DATE  930                      1116   -186     1041
  SINCE DEC 1   3800                      4107   -307     3549
  SINCE JUL 1   5078                      5966   -888     4955

 COOLING
  YESTERDAY        0                         0      0        0
  MONTH TO DATE    0                         0      0        0
  SINCE DEC 1      0                         0      0        0
  SINCE JAN 1      0                         0      0        0
..................................................................


WIND (MPH)
  HIGHEST WIND SPEED    20   HIGHEST WIND DIRECTION     N (10)
  HIGHEST GUST SPEED    27   HIGHEST GUST DIRECTION     N (10)
  AVERAGE WIND SPEED    12.0


SKY COVER
  POSSIBLE SUNSHINE  MM
  AVERAGE SKY COVER 1.0


WEATHER CONDITIONS
 THE FOLLOWING WEATHER WAS RECORDED YESTERDAY.
  HEAVY SNOW
  SNOW
  LIGHT SNOW
  FOG
  FOG W/VISIBILITY <= 1/4 MILE


RELATIVE HUMIDITY (PERCENT)
 HIGHEST   100           200 AM
 LOWEST     74           300 PM
 AVERAGE    87

..........................................................


THE WAUSAU WI CLIMATE NORMALS FOR TODAY
                         NORMAL    RECORD    YEAR
 MAXIMUM TEMPERATURE (F)   32        54      1976
 MINIMUM TEMPERATURE (F)   13       -26      1928


SUNRISE AND SUNSET
FEBRUARY 25 2017......SUNRISE   643 AM CST   SUNSET   541 PM CST
FEBRUARY 26 2017......SUNRISE   641 AM CST   SUNSET   542 PM CST


-  INDICATES NEGATIVE NUMBERS.
R  INDICATES RECORD WAS SET OR TIED.
MM INDICATES DATA IS MISSING.
T  INDICATES TRACE AMOUNT.




$$
