023
CDUS42 KGSP 080632
CLIAVL

CLIMATE REPORT
NATIONAL WEATHER SERVICE GREENVILLE-SPARTANBURG SC
131 AM EST THU DEC 8 2016


...................................

...THE ASHEVILLE NC CLIMATE SUMMARY FOR DECEMBER 7 2016...

CLIMATE NORMAL PERIOD 1981 TO 2010
CLIMATE RECORD PERIOD 1869 TO 2016


WEATHER ITEM   OBSERVED TIME   RECORD YEAR NORMAL DEPARTURE LAST
                VALUE   (LST)  VALUE       VALUE  FROM      YEAR
                                                  NORMAL
..................................................................
TEMPERATURE (F)
 YESTERDAY
  MAXIMUM         58    232 PM  75    1998  51      7       59
                                      1956
  MINIMUM         40    810 AM   5    1977  31      9       30
                                      1937
  AVERAGE         49                        41      8       45

PRECIPITATION (IN)
  YESTERDAY        0.00          2.25 1950   0.13  -0.13     0.00
  MONTH TO DATE    1.85                      0.92   0.93     1.78
  SINCE DEC 1      1.85                      0.92   0.93     1.78
  SINCE JAN 1     32.94                     42.90  -9.96    47.37

SNOWFALL (IN)
  YESTERDAY        0.0           1.0  1959   0.0             0.0
                                      1977
  MONTH TO DATE    0.0                       0.1             0.0
  SINCE DEC 1      0.0                       0.1             0.0
  SINCE JUL 1      0.0                       0.2             0.0
  SNOW DEPTH       0

DEGREE DAYS
 HEATING
  YESTERDAY       16                        24     -8       20
  MONTH TO DATE  138                       162    -24      145
  SINCE DEC 1    138                       162    -24      145
  SINCE JUL 1    709                      1029   -320      820

 COOLING
  YESTERDAY        0                         0      0        0
  MONTH TO DATE    0                         0      0        0
  SINCE DEC 1      0                         0      0        0
  SINCE JAN 1   1317                       863    454     1156
..................................................................


WIND (MPH)
  HIGHEST WIND SPEED    20   HIGHEST WIND DIRECTION    NW (330)
  HIGHEST GUST SPEED    24   HIGHEST GUST DIRECTION     N (350)
  AVERAGE WIND SPEED     7.6


SKY COVER
  POSSIBLE SUNSHINE  MM
  AVERAGE SKY COVER 0.1


WEATHER CONDITIONS
 THE FOLLOWING WEATHER WAS RECORDED YESTERDAY.
  NO SIGNIFICANT WEATHER WAS OBSERVED.


RELATIVE HUMIDITY (PERCENT)
 HIGHEST    83           900 PM
 LOWEST     51           200 PM
 AVERAGE    67

..........................................................


THE ASHEVILLE NC CLIMATE NORMALS FOR TODAY
                         NORMAL    RECORD    YEAR
 MAXIMUM TEMPERATURE (F)   51        75      1956
 MINIMUM TEMPERATURE (F)   31        12      1977


SUNRISE AND SUNSET
DECEMBER  8 2016......SUNRISE   727 AM EST   SUNSET   517 PM EST
DECEMBER  9 2016......SUNRISE   728 AM EST   SUNSET   518 PM EST


-  INDICATES NEGATIVE NUMBERS.
R  INDICATES RECORD WAS SET OR TIED.
MM INDICATES DATA IS MISSING.
T  INDICATES TRACE AMOUNT.




$$
