000
CDUS42 KGSP 210631 RRA
CLIAVL

CLIMATE REPORT
NATIONAL WEATHER SERVICE GREENVILLE-SPARTANBURG SC
131 AM EST TUE NOV 21 2017


...................................

...THE ASHEVILLE NC CLIMATE SUMMARY FOR NOVEMBER 20 2017...

CLIMATE NORMAL PERIOD 1981 TO 2010
CLIMATE RECORD PERIOD 1869 TO 2017


WEATHER ITEM   OBSERVED TIME   RECORD YEAR NORMAL DEPARTURE LAST
                VALUE   (LST)  VALUE       VALUE  FROM      YEAR
                                                  NORMAL
..................................................................
TEMPERATURE (F)
 YESTERDAY
  MAXIMUM         55    344 PM  76    1942  57     -2       45
  MINIMUM         29    709 AM   9    1914  35     -6       30
  AVERAGE         42                        46     -4       38

PRECIPITATION (IN)
  YESTERDAY        0.00          0.77 1988   0.14  -0.14     0.00
  MONTH TO DATE    1.59                      2.29  -0.70      T
  SINCE SEP 1     15.02                      9.01   6.01     1.10
  SINCE JAN 1     51.63                     40.62  11.01    29.55

SNOWFALL (IN)
  YESTERDAY        0.0           1.3  1914   0.0             0.0
                                      1981
  MONTH TO DATE    0.0                       0.0             0.0
  SINCE SEP 1      T                         0.0             0.0
  SINCE JUL 1      T                         0.0             0.0
  SNOW DEPTH       0

DEGREE DAYS
 HEATING
  YESTERDAY       23                        19      4       27
  MONTH TO DATE  257                       324    -67      257
  SINCE SEP 1    526                       657   -131      403
  SINCE JUL 1    526                       659   -133      403

 COOLING
  YESTERDAY        0                         0      0        0
  MONTH TO DATE    0                         0      0        2
  SINCE SEP 1    176                       105     71      234
  SINCE JAN 1   1042                       862    180     1317
..................................................................


WIND (MPH)
  HIGHEST WIND SPEED    15   HIGHEST WIND DIRECTION     N (340)
  HIGHEST GUST SPEED    21   HIGHEST GUST DIRECTION     N (350)
  AVERAGE WIND SPEED     6.7


SKY COVER
  POSSIBLE SUNSHINE  MM
  AVERAGE SKY COVER 0.0


WEATHER CONDITIONS
 THE FOLLOWING WEATHER WAS RECORDED YESTERDAY.
  NO SIGNIFICANT WEATHER WAS OBSERVED.


RELATIVE HUMIDITY (PERCENT)
 HIGHEST    85           700 AM
 LOWEST     21           100 PM
 AVERAGE    53

..........................................................


THE ASHEVILLE NC CLIMATE NORMALS FOR TODAY
                         NORMAL    RECORD    YEAR
 MAXIMUM TEMPERATURE (F)   57        76      1994
 MINIMUM TEMPERATURE (F)   34        11      1914


SUNRISE AND SUNSET
NOVEMBER 21 2017......SUNRISE   712 AM EST   SUNSET   520 PM EST
NOVEMBER 22 2017......SUNRISE   713 AM EST   SUNSET   520 PM EST


-  INDICATES NEGATIVE NUMBERS.
R  INDICATES RECORD WAS SET OR TIED.
MM INDICATES DATA IS MISSING.
T  INDICATES TRACE AMOUNT.

$$
