000
CDUS42 KGSP 310633
CLIAVL

CLIMATE REPORT
NATIONAL WEATHER SERVICE GREENVILLE-SPARTANBURG SC
226 AM EDT FRI JUL 31 2015


...................................

...THE ASHEVILLE NC CLIMATE SUMMARY FOR JULY 30 2015...

CLIMATE NORMAL PERIOD 1981 TO 2010
CLIMATE RECORD PERIOD 1869 TO 2015


WEATHER ITEM   OBSERVED TIME   RECORD YEAR NORMAL DEPARTURE LAST
                VALUE   (LST)  VALUE       VALUE  FROM      YEAR
                                                  NORMAL
..................................................................
TEMPERATURE (F)
 YESTERDAY
  MAXIMUM         91    245 PM  93    1954  84      7       77
  MINIMUM         68    412 AM  54    2014  64      4       54
                                      1897
                                      1895
  AVERAGE         80                        74      6       66

PRECIPITATION (IN)
  YESTERDAY        0.00          1.70 1936   0.14  -0.14     0.00
  MONTH TO DATE    2.66                      4.17  -1.51     4.75
  SINCE JUN 1      9.08                      8.82   0.26    10.14
  SINCE JAN 1     23.33                     27.07  -3.74    26.65

SNOWFALL (IN)
  YESTERDAY        0.0           0.0    MM   0.0             0.0
  MONTH TO DATE    0.0                       0.0             0.0
  SINCE JUN 1      0.0                       0.0             0.0
  SINCE JUL 1      0.0                       0.0             0.0
  SNOW DEPTH       0

DEGREE DAYS
 HEATING
  YESTERDAY        0                         0      0        0
  MONTH TO DATE    0                         0      0        1
  SINCE JUN 1      0                        14    -14        1
  SINCE JUL 1      0                         0      0        1

 COOLING
  YESTERDAY       15                         9      6        1
  MONTH TO DATE  328                       266     62      208
  SINCE JUN 1    591                       443    148      434
  SINCE JAN 1    713                       501    212      515
..................................................................


WIND (MPH)
  HIGHEST WIND SPEED    18   HIGHEST WIND DIRECTION     N (340)
  HIGHEST GUST SPEED    23   HIGHEST GUST DIRECTION     N (350)
  AVERAGE WIND SPEED     8.7


SKY COVER
  POSSIBLE SUNSHINE  MM
  AVERAGE SKY COVER 0.2


WEATHER CONDITIONS
 THE FOLLOWING WEATHER WAS RECORDED YESTERDAY.
  FOG
  HAZE


RELATIVE HUMIDITY (PERCENT)
 HIGHEST    97           500 AM
 LOWEST     44           500 PM
 AVERAGE    71

..........................................................


THE ASHEVILLE NC CLIMATE NORMALS FOR TODAY
                         NORMAL    RECORD    YEAR
 MAXIMUM TEMPERATURE (F)   84        95      1999
 MINIMUM TEMPERATURE (F)   64        53      1986
                                             1914


SUNRISE AND SUNSET
JULY 31 2015..........SUNRISE   638 AM EDT   SUNSET   835 PM EDT
AUGUST  1 2015........SUNRISE   639 AM EDT   SUNSET   834 PM EDT


-  INDICATES NEGATIVE NUMBERS.
R  INDICATES RECORD WAS SET OR TIED.
MM INDICATES DATA IS MISSING.
T  INDICATES TRACE AMOUNT.

$$
07
