000
CDUS42 KGSP 280637
CLIAVL

CLIMATE REPORT
NATIONAL WEATHER SERVICE GREENVILLE-SPARTANBURG SC
236 AM EDT THU MAY 28 2015


...................................

...THE ASHEVILLE NC CLIMATE SUMMARY FOR MAY 27 2015...

CLIMATE NORMAL PERIOD 1981 TO 2010
CLIMATE RECORD PERIOD 1869 TO 2015


WEATHER ITEM   OBSERVED TIME   RECORD YEAR NORMAL DEPARTURE LAST
                VALUE   (LST)  VALUE       VALUE  FROM      YEAR
                                                  NORMAL
..................................................................
TEMPERATURE (F)
 YESTERDAY
  MAXIMUM         78    344 PM  93    1890  77      1       82
  MINIMUM         60    713 AM  36    1961  55      5       60
  AVERAGE         69                        66      3       71

PRECIPITATION (IN)
  YESTERDAY        0.00          4.39 1973   0.13  -0.13     0.02
  MONTH TO DATE    1.33                      3.15  -1.82     3.60
  SINCE MAR 1      8.39                     10.31  -1.92    10.99
  SINCE JAN 1     14.23                     17.74  -3.51    16.34

SNOWFALL (IN)
  YESTERDAY        0.0           0.0    MM   0.0             0.0
  MONTH TO DATE    0.0                       0.0             0.0
  SINCE MAR 1      T                         2.6             0.4
  SINCE JUL 1     13.3                       9.9             9.8
  SNOW DEPTH       0

DEGREE DAYS
 HEATING
  YESTERDAY        0                         2     -2        0
  MONTH TO DATE   43                       103    -60       83
  SINCE MAR 1    674                       958   -284      975
  SINCE JUL 1   3983                      4175   -192     4294

 COOLING
  YESTERDAY        4                         3      1        6
  MONTH TO DATE   81                        41     40       58
  SINCE MAR 1    100                        49     51       60
  SINCE JAN 1    100                        49     51       60
..................................................................


WIND (MPH)
  HIGHEST WIND SPEED    14   HIGHEST WIND DIRECTION     S (160)
  HIGHEST GUST SPEED    18   HIGHEST GUST DIRECTION     S (170)
  AVERAGE WIND SPEED     4.2


SKY COVER
  POSSIBLE SUNSHINE  MM
  AVERAGE SKY COVER 0.4


WEATHER CONDITIONS
 THE FOLLOWING WEATHER WAS RECORDED YESTERDAY.
  FOG
  HAZE


RELATIVE HUMIDITY (PERCENT)
 HIGHEST    97           300 AM
 LOWEST     60           200 PM
 AVERAGE    79

..........................................................


THE ASHEVILLE NC CLIMATE NORMALS FOR TODAY
                         NORMAL    RECORD    YEAR
 MAXIMUM TEMPERATURE (F)   77        91      1941
                                             1914
 MINIMUM TEMPERATURE (F)   55        35      1961


SUNRISE AND SUNSET
MAY 28 2015...........SUNRISE   618 AM EDT   SUNSET   837 PM EDT
MAY 29 2015...........SUNRISE   618 AM EDT   SUNSET   838 PM EDT


-  INDICATES NEGATIVE NUMBERS.
R  INDICATES RECORD WAS SET OR TIED.
MM INDICATES DATA IS MISSING.
T  INDICATES TRACE AMOUNT.




$$
