000
CDUS42 KGSP 280638
CLIAVL

CLIMATE REPORT
NATIONAL WEATHER SERVICE GREENVILLE-SPARTANBURG SC
236 AM EDT TUE MAR 28 2017


...................................

...THE ASHEVILLE NC CLIMATE SUMMARY FOR MARCH 27 2017...

CLIMATE NORMAL PERIOD 1981 TO 2010
CLIMATE RECORD PERIOD 1869 TO 2017


WEATHER ITEM   OBSERVED TIME   RECORD YEAR NORMAL DEPARTURE LAST
                VALUE   (LST)  VALUE       VALUE  FROM      YEAR
                                                  NORMAL
..................................................................
TEMPERATURE (F)
 YESTERDAY
  MAXIMUM         74    120 PM  80    1907  62     12       63
  MINIMUM         55    636 AM  11    1955  38     17       54
                                      1894
  AVERAGE         65                        50     15       59

PRECIPITATION (IN)
  YESTERDAY        0.19          3.79 1994   0.13   0.06     0.12
  MONTH TO DATE    2.26                      3.33  -1.07     1.19
  SINCE MAR 1      2.26                      3.33  -1.07     1.19
  SINCE JAN 1      6.68                     10.76  -4.08    10.17

SNOWFALL (IN)
  YESTERDAY        0.0           2.4  1947   0.0             0.0
  MONTH TO DATE    2.1                       1.7              T
  SINCE MAR 1      2.1                       1.7              T
  SINCE JUL 1      9.4                       9.0            13.9
  SNOW DEPTH       0

DEGREE DAYS
 HEATING
  YESTERDAY        0                        15    -15        6
  MONTH TO DATE  489                       496     -7      320
  SINCE MAR 1    489                       496     -7      320
  SINCE JUL 1   2883                      3713   -830     3067

 COOLING
  YESTERDAY        0                         0      0        0
  MONTH TO DATE    0                         0      0        0
  SINCE MAR 1      0                         0      0        0
  SINCE JAN 1      0                         0      0        0
..................................................................


WIND (MPH)
  HIGHEST WIND SPEED    21   HIGHEST WIND DIRECTION    SW (210)
  HIGHEST GUST SPEED    28   HIGHEST GUST DIRECTION     S (180)
  AVERAGE WIND SPEED     7.2


SKY COVER
  POSSIBLE SUNSHINE  MM
  AVERAGE SKY COVER 0.5


WEATHER CONDITIONS
 THE FOLLOWING WEATHER WAS RECORDED YESTERDAY.
  THUNDERSTORM
  HEAVY RAIN
  RAIN
  LIGHT RAIN
  FOG


RELATIVE HUMIDITY (PERCENT)
 HIGHEST    93           100 AM
 LOWEST     41           500 PM
 AVERAGE    67

..........................................................


THE ASHEVILLE NC CLIMATE NORMALS FOR TODAY
                         NORMAL    RECORD    YEAR
 MAXIMUM TEMPERATURE (F)   62        86      1907
 MINIMUM TEMPERATURE (F)   38        11      1887


SUNRISE AND SUNSET
MARCH 28 2017.........SUNRISE   722 AM EDT   SUNSET   749 PM EDT
MARCH 29 2017.........SUNRISE   721 AM EDT   SUNSET   750 PM EDT


-  INDICATES NEGATIVE NUMBERS.
R  INDICATES RECORD WAS SET OR TIED.
MM INDICATES DATA IS MISSING.
T  INDICATES TRACE AMOUNT.




$$
