000
CDUS42 KGSP 292031
CLIAVL

CLIMATE REPORT
NATIONAL WEATHER SERVICE GREENVILLE-SPARTANBURG SC
430 PM EDT MON MAY 29 2017


...................................

...THE ASHEVILLE NC CLIMATE SUMMARY FOR MAY 29 2017...VALID TODAY AS
OF 430 PM LOCAL TIME.

CLIMATE NORMAL PERIOD 1981 TO 2010
CLIMATE RECORD PERIOD 1869 TO 2017


WEATHER ITEM   OBSERVED TIME   RECORD YEAR NORMAL DEPARTURE LAST
                VALUE   (LST)  VALUE       VALUE  FROM      YEAR
                                                  NORMAL
..................................................................
TEMPERATURE (F)
 TODAY
  MAXIMUM         80   1236 PM  92    1941  78      2       76
  MINIMUM         57    347 AM  40    1894  55      2       62
  AVERAGE         69                        66      3       69

PRECIPITATION (IN)
  TODAY            0.00          1.94 1976   0.12  -0.12      T
  MONTH TO DATE    7.00                      3.40   3.60     1.83
  SINCE MAR 1     18.57                     10.56   8.01     5.89
  SINCE JAN 1     22.99                     17.99   5.00    14.87

SNOWFALL (IN)
  TODAY            0.0           0.0    MM   0.0    0.0      0.0
  MONTH TO DATE    0.0                       0.0    0.0      0.0
  SINCE MAR 1      2.1                       2.6   -0.5       T
  SINCE JUL 1      9.4                       9.9   -0.5     13.9
  SNOW DEPTH       0

DEGREE DAYS
 HEATING
  TODAY            0                         2     -2        0
  MONTH TO DATE   70                       107    -37       93
  SINCE MAR 1    729                       962   -233      709
  SINCE JUL 1   3123                      4179  -1056     3456

 COOLING
  TODAY            4                         3      1        4
  MONTH TO DATE   60                        47     13       44
  SINCE MAR 1     88                        55     33       60
  SINCE JAN 1     88                        55     33       60
..................................................................


WIND (MPH)
  HIGHEST WIND SPEED    21   HIGHEST WIND DIRECTION     N (350)
  HIGHEST GUST SPEED    27   HIGHEST GUST DIRECTION     N (340)
  AVERAGE WIND SPEED     4.2


SKY COVER
  POSSIBLE SUNSHINE  MM
  AVERAGE SKY COVER 0.4


WEATHER CONDITIONS
 THE FOLLOWING WEATHER WAS RECORDED TODAY.
  FOG


RELATIVE HUMIDITY (PERCENT)
 HIGHEST    93           100 AM
 LOWEST     48           100 PM
 AVERAGE    71

..........................................................


THE ASHEVILLE NC CLIMATE NORMALS FOR TOMORROW
                         NORMAL    RECORD    YEAR
 MAXIMUM TEMPERATURE (F)   78        91      1969
 MINIMUM TEMPERATURE (F)   55        40      1893


SUNRISE AND SUNSET
MAY 29 2017...........SUNRISE   617 AM EDT   SUNSET   838 PM EDT
MAY 30 2017...........SUNRISE   617 AM EDT   SUNSET   839 PM EDT


-  INDICATES NEGATIVE NUMBERS.
R  INDICATES RECORD WAS SET OR TIED.
MM INDICATES DATA IS MISSING.
T  INDICATES TRACE AMOUNT.




$$
