000
CDUS41 KBGM 220251
CLIAVP


CLIMATE REPORT
NATIONAL WEATHER SERVICE BINGHAMTON NY
1051 PM EDT SUN MAY 21 2017


...................................

...THE AVOCA PA CLIMATE SUMMARY FOR MAY 21 2017...
VALID AS OF 1000 PM LOCAL TIME.

CLIMATE NORMAL PERIOD 1981 TO 2010
CLIMATE RECORD PERIOD 1901 TO 2017


WEATHER ITEM   OBSERVED TIME   RECORD YEAR NORMAL DEPARTURE LAST
                VALUE   (LST)  VALUE       VALUE  FROM      YEAR
                                                  NORMAL
..................................................................
TEMPERATURE (F)
 TODAY
  MAXIMUM         69    242 PM  92    1934  71     -2       66
                                      1911
  MINIMUM         49    206 AM  30    2002  49      0       51
  AVERAGE         59                        60     -1       59

PRECIPITATION (IN)
  TODAY            0.00          1.52 1947   0.12  -0.12     0.03
  MONTH TO DATE    2.62                      2.31   0.31     2.25
  SINCE MAR 1     11.06                      8.19   2.87     6.72
  SINCE JAN 1     17.29                     12.59   4.70    12.52

SNOWFALL (IN)
  TODAY            0.0           0.0    MM   0.0    0.0      0.0
  MONTH TO DATE    0.0                       0.3   -0.3      0.0
  SINCE MAR 1     30.7                      12.6   18.1      3.5
  SINCE JUL 1     55.5                      46.5    9.0     15.5

DEGREE DAYS
 HEATING
  TODAY            6                         6      0        6
  MONTH TO DATE  187                       178      9      219
  SINCE MAR 1   1411                      1545   -134     1360
  SINCE JUL 1   5166                      6151   -985     4930

 COOLING
  TODAY            0                         1     -1        0
  MONTH TO DATE   26                        14     12        0
  SINCE MAR 1     48                        20     28        1
  SINCE JAN 1     48                        20     28        1
..................................................................


WIND (MPH)
  HIGHEST WIND SPEED    13   HIGHEST WIND DIRECTION     S (170)
  HIGHEST GUST SPEED    23   HIGHEST GUST DIRECTION     S (190)
  AVERAGE WIND SPEED     5.8


SKY COVER
  AVERAGE SKY COVER 0.6


WEATHER CONDITIONS
 THE FOLLOWING WEATHER WAS RECORDED TODAY.
  NO SIGNIFICANT WEATHER WAS OBSERVED.


RELATIVE HUMIDITY (PERCENT)
 HIGHEST    93           200 AM
 LOWEST     28           900 AM
 AVERAGE    61

..........................................................


THE AVOCA PA CLIMATE NORMALS FOR TOMORROW
                         NORMAL    RECORD    YEAR
 MAXIMUM TEMPERATURE (F)   71        93      1911
 MINIMUM TEMPERATURE (F)   49        31      2002


SUNRISE AND SUNSET
MAY 21 2017...........SUNRISE   539 AM EDT   SUNSET   821 PM EDT
MAY 22 2017...........SUNRISE   538 AM EDT   SUNSET   822 PM EDT


-  INDICATES NEGATIVE NUMBERS.
R  INDICATES RECORD WAS SET OR TIED.
MM INDICATES DATA IS MISSING.
T  INDICATES TRACE AMOUNT.




$$
