000
CDUS41 KBGM 200609
CLIAVP


CLIMATE REPORT
NATIONAL WEATHER SERVICE BINGHAMTON NY
208 AM EDT SUN AUG 20 2017


...................................

...THE AVOCA PA CLIMATE SUMMARY FOR AUGUST 19 2017...

CLIMATE NORMAL PERIOD 1981 TO 2010
CLIMATE RECORD PERIOD 1901 TO 2017


WEATHER ITEM   OBSERVED TIME   RECORD YEAR NORMAL DEPARTURE LAST
                VALUE   (LST)  VALUE       VALUE  FROM      YEAR
                                                  NORMAL
..................................................................
TEMPERATURE (F)
 YESTERDAY
  MAXIMUM         84    319 PM  91    1916  80      4       85
                                      1914
  MINIMUM         63   1109 PM  44    1924  59      4       65
  AVERAGE         74                        70      4       75

PRECIPITATION (IN)
  YESTERDAY        0.35          0.91 1954   0.12   0.23     0.00
  MONTH TO DATE    1.55                      2.16  -0.61     2.16
  SINCE JUN 1     11.24                      9.98   1.26     7.83
  SINCE JAN 1     29.57                     23.78   5.79    20.65

SNOWFALL (IN)
  YESTERDAY        0.0           0.0  1995   0.0    0.0      0.0
  MONTH TO DATE    0.0                       0.0    0.0      0.0
  SINCE JUN 1      0.0                       0.0    0.0      0.0
  SINCE JUL 1      0.0                       0.0    0.0      0.0

DEGREE DAYS
 HEATING
  YESTERDAY        0                         1     -1        0
  MONTH TO DATE    2                         2      0        0
  SINCE JUN 1     45                        64    -19       24
  SINCE JUL 1      2                        10     -8        0

 COOLING
  YESTERDAY        9                         5      4       10
  MONTH TO DATE  127                       110     17      215
  SINCE JUN 1    554                       433    121      708
  SINCE JAN 1    606                       470    136      780
..................................................................


WIND (MPH)
  HIGHEST WIND SPEED    29   HIGHEST WIND DIRECTION    NW (330)
  HIGHEST GUST SPEED    39   HIGHEST GUST DIRECTION    NW (330)
  AVERAGE WIND SPEED     6.4


SKY COVER
  AVERAGE SKY COVER 0.5



RELATIVE HUMIDITY (PERCENT)
 HIGHEST   100           500 AM
 LOWEST     51           100 PM
 AVERAGE    76

..........................................................


THE AVOCA PA CLIMATE NORMALS FOR TODAY
                         NORMAL    RECORD    YEAR
 MAXIMUM TEMPERATURE (F)   80        94      1983
                                             1937
 MINIMUM TEMPERATURE (F)   59        45      1998
                                             1944


SUNRISE AND SUNSET
AUGUST 20 2017........SUNRISE   617 AM EDT   SUNSET   754 PM EDT
AUGUST 21 2017........SUNRISE   618 AM EDT   SUNSET   753 PM EDT


-  INDICATES NEGATIVE NUMBERS.
R  INDICATES RECORD WAS SET OR TIED.
MM INDICATES DATA IS MISSING.
T  INDICATES TRACE AMOUNT.




$$
