000
CDUS41 KBGM 270534
CLIAVP


CLIMATE REPORT
NATIONAL WEATHER SERVICE BINGHAMTON NY
132 AM EDT TUE JUN 27 2017


...................................

...THE AVOCA PA CLIMATE SUMMARY FOR JUNE 26 2017...

CLIMATE NORMAL PERIOD 1981 TO 2010
CLIMATE RECORD PERIOD 1901 TO 2017


WEATHER ITEM   OBSERVED TIME   RECORD YEAR NORMAL DEPARTURE LAST
                VALUE   (LST)  VALUE       VALUE  FROM      YEAR
                                                  NORMAL
..................................................................
TEMPERATURE (F)
 YESTERDAY
  MAXIMUM         78    328 PM  98    1952  80     -2       87
  MINIMUM         51    511 AM  43    1979  59     -8       61
  AVERAGE         65                        70     -5       74

PRECIPITATION (IN)
  YESTERDAY        0.14          1.45 2006   0.13   0.01     0.00
  MONTH TO DATE    3.42                      3.53  -0.11     1.52
  SINCE JUN 1      3.42                      3.53  -0.11     1.52
  SINCE JAN 1     21.75                     17.33   4.42    14.34

SNOWFALL (IN)
  YESTERDAY        0.0           0.0  1995   0.0    0.0      0.0
  MONTH TO DATE    0.0                       0.0    0.0      0.0
  SINCE JUN 1      0.0                       0.0    0.0      0.0
  SINCE JUL 1     55.5                      46.2    9.3     15.5

DEGREE DAYS
 HEATING
  YESTERDAY        0                         1     -1        0
  MONTH TO DATE   41                        53    -12       24
  SINCE JUN 1     41                        53    -12       24
  SINCE JUL 1   5232                      6254  -1022     4966

 COOLING
  YESTERDAY        0                         5     -5        9
  MONTH TO DATE  133                        94     39      117
  SINCE JUN 1    133                        94     39      117
  SINCE JAN 1    185                       131     54      189
..................................................................


WIND (MPH)
  HIGHEST WIND SPEED    17   HIGHEST WIND DIRECTION     W (250)
  HIGHEST GUST SPEED    25   HIGHEST GUST DIRECTION    SW (220)
  AVERAGE WIND SPEED     7.3


SKY COVER
  AVERAGE SKY COVER 0.4



RELATIVE HUMIDITY (PERCENT)
 HIGHEST    86           200 AM
 LOWEST     33           200 PM
 AVERAGE    60

..........................................................


THE AVOCA PA CLIMATE NORMALS FOR TODAY
                         NORMAL    RECORD    YEAR
 MAXIMUM TEMPERATURE (F)   80        94      1966
                                             1921
 MINIMUM TEMPERATURE (F)   59        46      2004


SUNRISE AND SUNSET
JUNE 27 2017..........SUNRISE   532 AM EDT   SUNSET   840 PM EDT
JUNE 28 2017..........SUNRISE   532 AM EDT   SUNSET   840 PM EDT


-  INDICATES NEGATIVE NUMBERS.
R  INDICATES RECORD WAS SET OR TIED.
MM INDICATES DATA IS MISSING.
T  INDICATES TRACE AMOUNT.




$$
