000
CDUS41 KBGM 011047
CLIAVP


CLIMATE REPORT
NATIONAL WEATHER SERVICE BINGHAMTON NY
646 AM EDT SAT OCT 1 2016


...................................

...THE AVOCA PA CLIMATE SUMMARY FOR SEPTEMBER 30 2016...

CLIMATE NORMAL PERIOD 1981 TO 2010
CLIMATE RECORD PERIOD 1901 TO 2016


WEATHER ITEM   OBSERVED TIME   RECORD YEAR NORMAL DEPARTURE LAST
                VALUE   (LST)  VALUE       VALUE  FROM      YEAR
                                                  NORMAL
..................................................................
TEMPERATURE (F)
 YESTERDAY
  MAXIMUM         58    531 PM  87    1953  67     -9       70
  MINIMUM         50    813 AM  32    1991  47      3       52
                                      1951
                                      1932
  AVERAGE         54                        56     -2       61

PRECIPITATION (IN)
  YESTERDAY        0.80          3.69 2010   0.14   0.66     1.47
  MONTH TO DATE    3.00                      4.07  -1.07     2.61
  SINCE SEP 1      3.00                      4.07  -1.07     2.61
  SINCE JAN 1     24.56                     29.10  -4.54    23.76

SNOWFALL (IN)
  YESTERDAY        0.0           0.0    MM   0.0    0.0      0.0
  MONTH TO DATE    0.0                       0.0    0.0      0.0
  SINCE SEP 1      0.0                       0.0    0.0      0.0
  SINCE JUL 1      0.0                       0.0    0.0      0.0

DEGREE DAYS
 HEATING
  YESTERDAY       11                         9      2        4
  MONTH TO DATE   59                       136    -77       29
  SINCE SEP 1     59                       136    -77       29
  SINCE JUL 1     60                       162   -102       29

 COOLING
  YESTERDAY        0                         0      0        0
  MONTH TO DATE  127                        52     75      151
  SINCE SEP 1    127                        52     75      151
  SINCE JAN 1    993                       576    417      927
..................................................................


WIND (MPH)
  HIGHEST WIND SPEED    17   HIGHEST WIND DIRECTION    NE (60)
  HIGHEST GUST SPEED    25   HIGHEST GUST DIRECTION    NE (40)
  AVERAGE WIND SPEED     9.1


SKY COVER
  AVERAGE SKY COVER 1.0



RELATIVE HUMIDITY (PERCENT)
 HIGHEST    93           600 AM
 LOWEST     77          1200 AM
 AVERAGE    85

..........................................................


THE AVOCA PA CLIMATE NORMALS FOR TODAY
                         NORMAL    RECORD    YEAR
 MAXIMUM TEMPERATURE (F)   66        87      1905
 MINIMUM TEMPERATURE (F)   46        30      1993


SUNRISE AND SUNSET
OCTOBER  1 2016.......SUNRISE   700 AM EDT   SUNSET   644 PM EDT
OCTOBER  2 2016.......SUNRISE   701 AM EDT   SUNSET   642 PM EDT


-  INDICATES NEGATIVE NUMBERS.
R  INDICATES RECORD WAS SET OR TIED.
MM INDICATES DATA IS MISSING.
T  INDICATES TRACE AMOUNT.




$$
