000
CDUS41 KBGM 080558
CLIAVP


CLIMATE REPORT
NATIONAL WEATHER SERVICE BINGHAMTON NY
1257 AM EST MON FEB 8 2016


...................................

...THE AVOCA PA CLIMATE SUMMARY FOR FEBRUARY 7 2016...

CLIMATE NORMAL PERIOD 1981 TO 2010
CLIMATE RECORD PERIOD 1901 TO 2016


WEATHER ITEM   OBSERVED TIME   RECORD YEAR NORMAL DEPARTURE LAST
                VALUE   (LST)  VALUE       VALUE  FROM      YEAR
                                                  NORMAL
..................................................................
TEMPERATURE (F)
 YESTERDAY
  MAXIMUM         47    445 PM  55    1925  35     12       38
                                      1904
  MINIMUM         22    623 AM  -4    1966  20      2       15
                                      1910
                                      1907
  AVERAGE         35                        27      8       27

PRECIPITATION (IN)
  YESTERDAY        0.00          1.18 1951   0.08  -0.08     0.00
  MONTH TO DATE    0.49                      0.55  -0.06     0.56
  SINCE DEC 1      4.83                      5.60  -0.77     5.21
  SINCE JAN 1      2.28                      2.92  -0.64     2.43

SNOWFALL (IN)
  YESTERDAY        0.0           8.0  1994   0.4   -0.4      0.0
  MONTH TO DATE    0.0                       2.5   -2.5      6.8
  SINCE DEC 1      5.3                      24.1  -18.8     26.7
  SINCE JUL 1      5.3                      27.1  -21.8     35.6

DEGREE DAYS
 HEATING
  YESTERDAY       30                        38     -8       38
  MONTH TO DATE  187                       267    -80      309
  SINCE DEC 1   1950                      2545   -595     2492
  SINCE JUL 1   2858                      3858  -1000     3682

 COOLING
  YESTERDAY        0                         0      0        0
  MONTH TO DATE    0                         0      0        0
  SINCE DEC 1      0                         0      0        0
  SINCE JAN 1      0                         0      0        0
..................................................................


WIND (MPH)
  HIGHEST WIND SPEED     8   HIGHEST WIND DIRECTION    NE (60)
  HIGHEST GUST SPEED    11   HIGHEST GUST DIRECTION    NE (60)
  AVERAGE WIND SPEED     2.1


SKY COVER
  AVERAGE SKY COVER 0.0



RELATIVE HUMIDITY (PERCENT)
 HIGHEST    81           600 AM
 LOWEST     38           300 PM
 AVERAGE    60

..........................................................


THE AVOCA PA CLIMATE NORMALS FOR TODAY
                         NORMAL    RECORD    YEAR
 MAXIMUM TEMPERATURE (F)   35        59      1925
 MINIMUM TEMPERATURE (F)   20       -15      1934


SUNRISE AND SUNSET
FEBRUARY  8 2016......SUNRISE   707 AM EST   SUNSET   528 PM EST
FEBRUARY  9 2016......SUNRISE   706 AM EST   SUNSET   529 PM EST


-  INDICATES NEGATIVE NUMBERS.
R  INDICATES RECORD WAS SET OR TIED.
MM INDICATES DATA IS MISSING.
T  INDICATES TRACE AMOUNT.




$$
