000
CDUS41 KBGM 300539
CLIAVP


CLIMATE REPORT
NATIONAL WEATHER SERVICE BINGHAMTON NY
137 AM EDT SUN AUG 30 2015


...................................

...THE AVOCA PA CLIMATE SUMMARY FOR AUGUST 29 2015...

CLIMATE NORMAL PERIOD 1981 TO 2010
CLIMATE RECORD PERIOD 1901 TO 2015


WEATHER ITEM   OBSERVED TIME   RECORD YEAR NORMAL DEPARTURE LAST
                VALUE   (LST)  VALUE       VALUE  FROM      YEAR
                                                  NORMAL
..................................................................
TEMPERATURE (F)
 YESTERDAY
  MAXIMUM         84    230 PM  95    1953  78      6       76
  MINIMUM         53    504 AM  38    1982  58     -5       50
  AVERAGE         69                        68      1       63

PRECIPITATION (IN)
  YESTERDAY        0.00          1.95 2006   0.10  -0.10     0.00
  MONTH TO DATE    2.36                      3.20  -0.84     3.80
  SINCE JUN 1     11.21                     11.02   0.19     8.45
  SINCE JAN 1     20.77                     24.82  -4.05    21.16

SNOWFALL (IN)
  YESTERDAY        0.0           0.0  1995   0.0    0.0      0.0
  MONTH TO DATE    0.0                       0.0    0.0      0.0
  SINCE JUN 1      0.0                       0.0    0.0      0.0
  SINCE JUL 1      0.0                       0.0    0.0      0.0

DEGREE DAYS
 HEATING
  YESTERDAY        0                         1     -1        2
  MONTH TO DATE    0                        12    -12        9
  SINCE JUN 1     24                        74    -50       22
  SINCE JUL 1      0                        20    -20       11

 COOLING
  YESTERDAY        4                         4      0        0
  MONTH TO DATE  199                       155     44      143
  SINCE JUN 1    607                       478    129      537
  SINCE JAN 1    755                       515    240      578
..................................................................


WIND (MPH)
  HIGHEST WIND SPEED    12   HIGHEST WIND DIRECTION     W (250)
  HIGHEST GUST SPEED    16   HIGHEST GUST DIRECTION     W (250)
  AVERAGE WIND SPEED     4.5


SKY COVER
  AVERAGE SKY COVER 0.2



RELATIVE HUMIDITY (PERCENT)
 HIGHEST    89           500 AM
 LOWEST     46           200 PM
 AVERAGE    68

..........................................................


THE AVOCA PA CLIMATE NORMALS FOR TODAY
                         NORMAL    RECORD    YEAR
 MAXIMUM TEMPERATURE (F)   78        96      1953
 MINIMUM TEMPERATURE (F)   58        41      1986
                                             1934


SUNRISE AND SUNSET
AUGUST 30 2015........SUNRISE   627 AM EDT   SUNSET   739 PM EDT
AUGUST 31 2015........SUNRISE   628 AM EDT   SUNSET   738 PM EDT


-  INDICATES NEGATIVE NUMBERS.
R  INDICATES RECORD WAS SET OR TIED.
MM INDICATES DATA IS MISSING.
T  INDICATES TRACE AMOUNT.

$$
