000
CDUS41 KBGM 300528
CLIAVP


CLIMATE REPORT
NATIONAL WEATHER SERVICE BINGHAMTON NY
128 AM EDT SAT JUL 30 2016


...................................

...THE AVOCA PA CLIMATE SUMMARY FOR JULY 29 2016...

CLIMATE NORMAL PERIOD 1981 TO 2010
CLIMATE RECORD PERIOD 1901 TO 2016


WEATHER ITEM   OBSERVED TIME   RECORD YEAR NORMAL DEPARTURE LAST
                VALUE   (LST)  VALUE       VALUE  FROM      YEAR
                                                  NORMAL
..................................................................
TEMPERATURE (F)
 YESTERDAY
  MAXIMUM         91    252 PM  96    1949  82      9       92
                                      1940
  MINIMUM         69    515 AM  51    1989  61      8       66
  AVERAGE         80                        71      9       79

PRECIPITATION (IN)
  YESTERDAY        0.02          2.04 1901   0.13  -0.11     0.00
  MONTH TO DATE    1.46                      3.52  -2.06     2.17
  SINCE JUN 1      3.05                      7.55  -4.50     8.69
  SINCE JAN 1     15.87                     21.35  -5.48    18.25

SNOWFALL (IN)
  YESTERDAY        0.0           0.0  1995   0.0    0.0      0.0
  MONTH TO DATE    0.0                       0.0    0.0      0.0
  SINCE JUN 1      0.0                       0.0    0.0      0.0
  SINCE JUL 1      0.0                       0.0    0.0      0.0

DEGREE DAYS
 HEATING
  YESTERDAY        0                         0      0        0
  MONTH TO DATE    0                         0      0        0
  SINCE JUN 1     24                        54    -30       24
  SINCE JUL 1      0                         0      0        0

 COOLING
  YESTERDAY       15                         7      8       14
  MONTH TO DATE  328                       198    130      231
  SINCE JUN 1    471                       315    156      386
  SINCE JAN 1    543                       352    191      534
..................................................................


WIND (MPH)
  HIGHEST WIND SPEED    15   HIGHEST WIND DIRECTION     N (340)
  HIGHEST GUST SPEED    19   HIGHEST GUST DIRECTION     N (360)
  AVERAGE WIND SPEED     4.6


SKY COVER
  AVERAGE SKY COVER 0.4



RELATIVE HUMIDITY (PERCENT)
 HIGHEST   100           400 AM
 LOWEST     40           500 PM
 AVERAGE    70

..........................................................


THE AVOCA PA CLIMATE NORMALS FOR TODAY
                         NORMAL    RECORD    YEAR
 MAXIMUM TEMPERATURE (F)   82        94      1933
 MINIMUM TEMPERATURE (F)   61        47      1997
                                             1956


SUNRISE AND SUNSET
JULY 30 2016..........SUNRISE   557 AM EDT   SUNSET   821 PM EDT
JULY 31 2016..........SUNRISE   558 AM EDT   SUNSET   820 PM EDT


-  INDICATES NEGATIVE NUMBERS.
R  INDICATES RECORD WAS SET OR TIED.
MM INDICATES DATA IS MISSING.
T  INDICATES TRACE AMOUNT.




$$
