000
CDUS41 KBGM 300708
CLIAVP


CLIMATE REPORT
NATIONAL WEATHER SERVICE BINGHAMTON NY
308 AM EDT THU MAR 30 2017


...................................

...THE AVOCA PA CLIMATE SUMMARY FOR MARCH 29 2017...

CLIMATE NORMAL PERIOD 1981 TO 2010
CLIMATE RECORD PERIOD 1901 TO 2017


WEATHER ITEM   OBSERVED TIME   RECORD YEAR NORMAL DEPARTURE LAST
                VALUE   (LST)  VALUE       VALUE  FROM      YEAR
                                                  NORMAL
..................................................................
TEMPERATURE (F)
 YESTERDAY
  MAXIMUM         52    349 PM  84    1905  52      0       48
  MINIMUM         35   1159 PM   7    1923  32      3       29
  AVERAGE         44                        42      2       39

PRECIPITATION (IN)
  YESTERDAY        0.00          0.82 1984   0.09  -0.09     0.00
  MONTH TO DATE    4.42                      2.36   2.06     1.78
  SINCE MAR 1      4.42                      2.36   2.06     1.78
  SINCE JAN 1     10.65                      6.76   3.89     7.58

SNOWFALL (IN)
  YESTERDAY        0.0          11.1  1970   0.1   -0.1      0.0
  MONTH TO DATE   30.6                       8.7   21.9      1.3
  SINCE MAR 1     30.6                       8.7   21.9      1.3
  SINCE JUL 1     55.4                      42.6   12.8     13.3

DEGREE DAYS
 HEATING
  YESTERDAY       21                        23     -2       26
  MONTH TO DATE  882                       826     56      601
  SINCE MAR 1    882                       826     56      601
  SINCE JUL 1   4637                      5432   -795     4171

 COOLING
  YESTERDAY        0                         0      0        0
  MONTH TO DATE    0                         0      0        0
  SINCE MAR 1      0                         0      0        0
  SINCE JAN 1      0                         0      0        0
..................................................................


WIND (MPH)
  HIGHEST WIND SPEED    25   HIGHEST WIND DIRECTION     N (340)
  HIGHEST GUST SPEED    31   HIGHEST GUST DIRECTION     N (360)
  AVERAGE WIND SPEED    12.9


SKY COVER
  AVERAGE SKY COVER 0.5



RELATIVE HUMIDITY (PERCENT)
 HIGHEST    89          1200 AM
 LOWEST     38           400 PM
 AVERAGE    64

..........................................................


THE AVOCA PA CLIMATE NORMALS FOR TODAY
                         NORMAL    RECORD    YEAR
 MAXIMUM TEMPERATURE (F)   52        84      1998
 MINIMUM TEMPERATURE (F)   32         6      1970


SUNRISE AND SUNSET
MARCH 30 2017.........SUNRISE   649 AM EDT   SUNSET   726 PM EDT
MARCH 31 2017.........SUNRISE   647 AM EDT   SUNSET   727 PM EDT


-  INDICATES NEGATIVE NUMBERS.
R  INDICATES RECORD WAS SET OR TIED.
MM INDICATES DATA IS MISSING.
T  INDICATES TRACE AMOUNT.




$$
