201
CDUS43 KGRR 201350
CLIAZO


CLIMATE REPORT
NATIONAL WEATHER SERVICE GRAND RAPIDS, MI
950 AM EDT WED SEP 20 2017


...................................

...THE KALAMAZOO MI CLIMATE SUMMARY FOR SEPTEMBER 20 2017...
VALID AS OF 0900 AM LOCAL TIME.

CLIMATE NORMAL PERIOD 1981 TO 2010
CLIMATE RECORD PERIOD 1998 TO 2017


WEATHER ITEM   OBSERVED TIME   NORMAL DEPARTURE LAST
                VALUE   (LST)  VALUE  FROM      YEAR
                                      NORMAL
......................................................
TEMPERATURE (F)
 TODAY
  MAXIMUM         68    759 AM  71     -3       82
  MINIMUM         67    741 AM  50     17       59
  AVERAGE         68            61      7       71

PRECIPITATION (IN)
  TODAY            0.00          0.13  -0.13     0.00
  MONTH TO DATE    1.72          2.64  -0.92     1.48
  SINCE SEP 1      1.72          2.64  -0.92     1.48
  SINCE JAN 1     22.75         26.23  -3.48    29.19

DEGREE DAYS
 HEATING
  TODAY            0             5     -5        0
  MONTH TO DATE   59            55      4        6
  SINCE SEP 1     59            55      4        6
  SINCE JUL 1     77            71      6        7

 COOLING
  TODAY            3             1      2        6
  MONTH TO DATE   44            48     -4       84
  SINCE SEP 1     44            48     -4       84
  SINCE JAN 1    660           659      1      878
......................................................


WIND (MPH)
  RESULTANT WIND SPEED   2   RESULTANT WIND DIRECTION   S (190)
  HIGHEST WIND SPEED     7   HIGHEST WIND DIRECTION     S (180)
  HIGHEST GUST SPEED     9   HIGHEST GUST DIRECTION     S (170)
  AVERAGE WIND SPEED     2.6


SKY COVER
  AVERAGE SKY COVER 1.0


WEATHER CONDITIONS
 THE FOLLOWING WEATHER WAS RECORDED TODAY.
  FOG
  HAZE


RELATIVE HUMIDITY (PERCENT)
 HIGHEST    93           100 AM
 LOWEST     81           800 AM
 AVERAGE    87

..........................................................


THE KALAMAZOO MI CLIMATE NORMALS FOR TOMORROW
                         NORMAL
 MAXIMUM TEMPERATURE (F)   71
 MINIMUM TEMPERATURE (F)   50


SUNRISE AND SUNSET
SEPTEMBER 20 2017.....SUNRISE   728 AM EDT   SUNSET   743 PM EDT
SEPTEMBER 21 2017.....SUNRISE   729 AM EDT   SUNSET   741 PM EDT


-  INDICATES NEGATIVE NUMBERS.
R  INDICATES RECORD WAS SET OR TIED.
MM INDICATES DATA IS MISSING.
T  INDICATES TRACE AMOUNT.




$$
