000
CDUS41 KBOX 240543
CLIBDL


CLIMATE REPORT
NATIONAL WEATHER SERVICE TAUNTON MA
142 AM EDT FRI OCT 24 2014


...................................

...THE HARTFORD CT CLIMATE SUMMARY FOR OCTOBER 23 2014...

CLIMATE NORMAL PERIOD 1981 TO 2010
CLIMATE RECORD PERIOD 1904 TO 2014


WEATHER ITEM   OBSERVED TIME   RECORD YEAR NORMAL DEPARTURE LAST
                VALUE   (LST)  VALUE       VALUE  FROM      YEAR
                                                  NORMAL
..................................................................
TEMPERATURE (F)
 YESTERDAY
  MAXIMUM         54    516 PM  85    1947  61     -7       51
  MINIMUM         50    814 AM  24    1982  39     11       35
  AVERAGE         52                        50      2       43

PRECIPITATION (IN)
  YESTERDAY        0.21          3.93 1923   0.13   0.08     0.00
  MONTH TO DATE    3.58                      3.35   0.23     2.08
  SINCE SEP 1      5.20                      7.23  -2.03     5.66
  SINCE JAN 1     37.17                     37.50  -0.33    43.66

SNOWFALL (IN)
  YESTERDAY        0.0           T    2002   0.0    0.0      0.0
  MONTH TO DATE    0.0                       0.0    0.0      0.0
  SINCE SEP 1      0.0                       0.0    0.0      0.0
  SINCE JUL 1      0.0                       0.0    0.0      0.0
  SNOW DEPTH       0

DEGREE DAYS
 HEATING
  YESTERDAY       13                        15     -2       22
  MONTH TO DATE  198                       273    -75      182
  SINCE SEP 1    282                       383   -101      313
  SINCE JUL 1    284                       395   -111      315

 COOLING
  YESTERDAY        0                         0      0        0
  MONTH TO DATE   15                         5     10        5
  SINCE SEP 1    112                        79     33       70
  SINCE JAN 1    771                       754     17      894
..................................................................


WIND (MPH)
  RESULTANT WIND SPEED  17   RESULTANT WIND DIRECTION   N (0)
  HIGHEST WIND SPEED    29   HIGHEST WIND DIRECTION     N (360)
  HIGHEST GUST SPEED    35   HIGHEST GUST DIRECTION     N (350)
  AVERAGE WIND SPEED    17.1


SKY COVER
  POSSIBLE SUNSHINE  MM
  AVERAGE SKY COVER 1.0


WEATHER CONDITIONS
 THE FOLLOWING WEATHER WAS RECORDED YESTERDAY.
  RAIN
  LIGHT RAIN
  FOG


RELATIVE HUMIDITY (PERCENT)
 HIGHEST    86          1200 AM
 LOWEST     77          1000 PM
 AVERAGE    82

..........................................................


THE HARTFORD CT CLIMATE NORMALS FOR TODAY
                         NORMAL    RECORD    YEAR
 MAXIMUM TEMPERATURE (F)   60        80      1972
 MINIMUM TEMPERATURE (F)   39        21      1969


SUNRISE AND SUNSET
OCTOBER 24 2014.......SUNRISE   714 AM EDT   SUNSET   556 PM EDT
OCTOBER 25 2014.......SUNRISE   715 AM EDT   SUNSET   554 PM EDT


-  INDICATES NEGATIVE NUMBERS.
R  INDICATES RECORD WAS SET OR TIED.
MM INDICATES DATA IS MISSING.
T  INDICATES TRACE AMOUNT.




$$
