000
CDUS41 KOKX 222037
CLIBDR


CLIMATE REPORT
NATIONAL WEATHER SERVICE NEW YORK NY
437 PM EDT FRI SEP 22 2017


...................................

...THE BRIDGEPORT CT CLIMATE SUMMARY FOR SEPTEMBER 22 2017...
VALID TODAY AS OF 0400 PM LOCAL TIME.

CLIMATE NORMAL PERIOD 1981 TO 2010
CLIMATE RECORD PERIOD 1948 TO 2017


WEATHER ITEM   OBSERVED TIME   RECORD YEAR NORMAL DEPARTURE LAST
                VALUE   (LST)  VALUE       VALUE  FROM      YEAR
                                                  NORMAL
..................................................................
TEMPERATURE (F)
 TODAY
  MAXIMUM         84    219 PM  89    1970  72     12       80
  MINIMUM         67    634 AM  42    1997  56     11       62
                                      1962
  AVERAGE         76                        64     12       71

PRECIPITATION (IN)
  TODAY            0.00          1.14 1979   0.11  -0.11     0.00
  MONTH TO DATE    1.72                      2.51  -0.79     2.32
  SINCE SEP 1      1.72                      2.51  -0.79     2.32
  SINCE JAN 1     30.31                     31.41  -1.10    27.08

SNOWFALL (IN)
  TODAY            0.0           0.0  2002   0.0    0.0      0.0
                                      2001
  MONTH TO DATE    0.0                       0.0    0.0      0.0
  SINCE OCT 1     40.9                      27.6   13.3     27.3
  SINCE JUL 1      0.0                       0.0    0.0      0.0
  SNOW DEPTH       0

DEGREE DAYS
 HEATING
  TODAY            0                         3     -3        0
  MONTH TO DATE   12                        30    -18        0
  SINCE SEP 1     12                        30    -18        0
  SINCE JUL 1     12                        34    -22        0

 COOLING
  TODAY           11                         2      9        6
  MONTH TO DATE  107                        87     20      182
  SINCE SEP 1    107                        87     20      182
  SINCE JAN 1    944                       805    139     1234
..................................................................


WIND (MPH)
  HIGHEST WIND SPEED    23   HIGHEST WIND DIRECTION     N (10)
  HIGHEST GUST SPEED    30   HIGHEST GUST DIRECTION     N (10)
  AVERAGE WIND SPEED    15.9


SKY COVER
  AVERAGE SKY COVER 0.3


WEATHER CONDITIONS
 THE FOLLOWING WEATHER WAS RECORDED TODAY.
  NO SIGNIFICANT WEATHER WAS OBSERVED.


RELATIVE HUMIDITY (PERCENT)
 HIGHEST    52           500 AM
 LOWEST     43           100 PM
 AVERAGE    48

..........................................................


THE BRIDGEPORT CT CLIMATE NORMALS FOR TOMORROW
                         NORMAL    RECORD    YEAR
 MAXIMUM TEMPERATURE (F)   72        91      1970
 MINIMUM TEMPERATURE (F)   56        40      1963


SUNRISE AND SUNSET
SEPTEMBER 22 2017.....SUNRISE   640 AM EDT   SUNSET   649 PM EDT
SEPTEMBER 23 2017.....SUNRISE   641 AM EDT   SUNSET   648 PM EDT


-  INDICATES NEGATIVE NUMBERS.
R  INDICATES RECORD WAS SET OR TIED.
MM INDICATES DATA IS MISSING.
T  INDICATES TRACE AMOUNT.




$$
