000
CDAK48 PABE 231303
CLIBET


CLIMATE REPORT
NATIONAL WEATHER SERVICE ANCHORAGE, AK
503 AM AKDT THU MAR 23 2017


...................................

...THE BETHEL CLIMATE SUMMARY FOR MARCH 22 2017...

CLIMATE NORMAL PERIOD 1981 TO 2010
CLIMATE RECORD PERIOD 1948 TO 2017


WEATHER ITEM   OBSERVED TIME   RECORD YEAR NORMAL DEPARTURE LAST
                VALUE   (LST)  VALUE       VALUE  FROM      YEAR
                                                  NORMAL
..................................................................
TEMPERATURE (F)
 YESTERDAY
  MAXIMUM         18    517 PM  48    1934  23     -5       40
  MINIMUM         -1    743 AM -31    1975   8     -9       27
  AVERAGE          9                        16     -7       34

PRECIPITATION (IN)
  YESTERDAY        0.00          0.39 1933   0.02  -0.02      T
  MONTH TO DATE    0.01                      0.50  -0.49      T
  SINCE MAR 1      0.01                      0.50  -0.49      T
  SINCE JAN 1      1.90                      2.00  -0.10     0.39

SNOWFALL (IN)
  YESTERDAY        0.0           3.5  1998   0.3   -0.3       T
  MONTH TO DATE    T                         5.9   -5.9       T
  SINCE MAR 1      T                         5.9   -5.9       T
  SINCE JUL 1     27.4                      51.7  -24.3     27.0
  SNOW DEPTH       5

DEGREE DAYS
 HEATING
  YESTERDAY       56                        49      7       31
  MONTH TO DATE 1337                      1115    222     1003
  SINCE MAR 1   1337                      1115    222     1003
  SINCE JUL 1   9597                      9853   -256     8260

 COOLING
  YESTERDAY        0                         0      0        0
  MONTH TO DATE    0                         0      0        0
  SINCE MAR 1      0                         0      0        0
  SINCE JAN 1      0                         0      0        0
..................................................................


WIND (MPH)
  RESULTANT WIND SPEED  10   RESULTANT WIND DIRECTION   N (350)
  HIGHEST WIND SPEED    18   HIGHEST WIND DIRECTION     N (10)
  HIGHEST GUST SPEED    21   HIGHEST GUST DIRECTION     N (10)
  AVERAGE WIND SPEED    10.4



WEATHER CONDITIONS
 THE FOLLOWING WEATHER WAS RECORDED YESTERDAY.
  NO SIGNIFICANT WEATHER WAS OBSERVED.


RELATIVE HUMIDITY (PERCENT)
 HIGHEST    80
 LOWEST     61
 AVERAGE    71

..........................................................


THE BETHEL CLIMATE NORMALS FOR TODAY
                         NORMAL    RECORD    YEAR
 MAXIMUM TEMPERATURE (F)   24        48      1934
 MINIMUM TEMPERATURE (F)    9       -30      1938


SUNRISE AND SUNSET
MARCH 23 2017.........SUNRISE   838 AM AKDT  SUNSET   911 PM AKDT
MARCH 24 2017.........SUNRISE   835 AM AKDT  SUNSET   913 PM AKDT


-  INDICATES NEGATIVE NUMBERS.
R  INDICATES RECORD WAS SET OR TIED.
MM INDICATES DATA IS MISSING.
T  INDICATES TRACE AMOUNT.




$$
