000
CDAK48 PAFC 190135
CLIBET


CLIMATE REPORT
NATIONAL WEATHER SERVICE ANCHORAGE, AK
434 PM AKST SAT NOV 18 2017


...................................

...THE BETHEL CLIMATE SUMMARY FOR NOVEMBER 18 2017...
VALID TODAY AS OF 0400 PM LOCAL TIME.

CLIMATE NORMAL PERIOD 1981 TO 2010
CLIMATE RECORD PERIOD 1948 TO 2017


WEATHER ITEM   OBSERVED TIME   RECORD YEAR NORMAL DEPARTURE LAST
                VALUE   (LST)  VALUE       VALUE  FROM      YEAR
                                                  NORMAL
..................................................................
TEMPERATURE (F)
 TODAY
  MAXIMUM         29        MM  42    2001  22      7       13
  MINIMUM         26        MM -12    2009  11     15        4
                                      1936
  AVERAGE         28                        16     12        9

PRECIPITATION (IN)
  TODAY            0.09          0.77 2003   0.06   0.03     0.01
  MONTH TO DATE    1.03                      0.99   0.04     0.17
  SINCE SEP 1      7.80                      5.39   2.41     4.08
  SINCE JAN 1     22.73                     16.81   5.92    15.00

SNOWFALL (IN)
  TODAY            T             4.1  2003   0.5   -0.5      0.1
  MONTH TO DATE    2.2                       7.3   -5.1      0.1
  SINCE SEP 1      3.4                      12.3   -8.9      0.1
  SINCE JUL 1      3.4                      12.3   -8.9      0.1
  SNOW DEPTH       0

DEGREE DAYS
 HEATING
  TODAY           37                        49    -12       56
  MONTH TO DATE  613                       826   -213      786
  SINCE SEP 1   2053                      2485   -432     2112
  SINCE JUL 1   2604                      3121   -517     2474

 COOLING
  TODAY            0                         0      0        0
  MONTH TO DATE    0                         0      0        0
  SINCE SEP 1      0                         0      0        0
  SINCE JAN 1      6                         4      2       13
..................................................................


WIND (MPH)
  RESULTANT WIND SPEED   6   RESULTANT WIND DIRECTION  SE (120)
  HIGHEST WIND SPEED    14   HIGHEST WIND DIRECTION    SE (120)
  HIGHEST GUST SPEED    MM   HIGHEST GUST DIRECTION    MM
  AVERAGE WIND SPEED     5.8



WEATHER CONDITIONS
 THE FOLLOWING WEATHER WAS RECORDED TODAY.
  LT FREEZING RAIN
  LIGHT SNOW
  FOG


RELATIVE HUMIDITY (PERCENT)
 HIGHEST   100
 LOWEST     58
 AVERAGE    79

..........................................................


THE BETHEL CLIMATE NORMALS FOR TOMORROW
                         NORMAL    RECORD    YEAR
 MAXIMUM TEMPERATURE (F)   22        42      2001
                                             1977
 MINIMUM TEMPERATURE (F)   10       -22      1939


SUNRISE AND SUNSET
NOVEMBER 18 2017......SUNRISE   959 AM AKST  SUNSET   505 PM AKST
NOVEMBER 19 2017......SUNRISE  1002 AM AKST  SUNSET   503 PM AKST


-  INDICATES NEGATIVE NUMBERS.
R  INDICATES RECORD WAS SET OR TIED.
MM INDICATES DATA IS MISSING.
T  INDICATES TRACE AMOUNT.




$$
