938
CDAK48 PAFC 251330
CLIBET

CLIMATE REPORT
NATIONAL WEATHER SERVICE ANCHORAGE, AK
509 AM AKDT SUN SEP 25 2016


...................................

...THE BETHEL CLIMATE SUMMARY FOR SEPTEMBER 24 2016...

CLIMATE NORMAL PERIOD 1981 TO 2010
CLIMATE RECORD PERIOD 1948 TO 2016


WEATHER ITEM   OBSERVED TIME   RECORD YEAR NORMAL DEPARTURE LAST
                VALUE   (LST)  VALUE       VALUE  FROM      YEAR
                                                  NORMAL
..................................................................
TEMPERATURE (F)
 YESTERDAY
  MAXIMUM         48    404 PM  64    1934  49     -1       49
  MINIMUM         35    853 AM  19    1992  36     -1       42
  AVERAGE         42                        42      0       46

PRECIPITATION (IN)
  YESTERDAY        T             1.02 1924   0.09  -0.09     0.05
  MONTH TO DATE    3.07                      2.25   0.82     3.09
  SINCE SEP 1      3.07                      2.25   0.82     3.09
  SINCE JAN 1     13.99                     13.67   0.32    12.65

SNOWFALL (IN)
  YESTERDAY        0.0          MM      MM   0.0    0.0     MM
  MONTH TO DATE    0.0                       0.3   -0.3      0.0
  SINCE SEP 1      0.0                       0.3   -0.3      0.0
  SINCE JUL 1      0.0                       0.3   -0.3      0.0
  SNOW DEPTH       0

DEGREE DAYS
 HEATING
  YESTERDAY       23                        23      0       19
  MONTH TO DATE  371                       434    -63      459
  SINCE SEP 1    371                       434    -63      459
  SINCE JUL 1    733                      1070   -337     1061

 COOLING
  YESTERDAY        0                         0      0        0
  MONTH TO DATE    0                         0      0        0
  SINCE SEP 1      0                         0      0        0
  SINCE JAN 1     13                         4      9       11
..................................................................


WIND (MPH)
  RESULTANT WIND SPEED   5   RESULTANT WIND DIRECTION   W (250)
  HIGHEST WIND SPEED    17   HIGHEST WIND DIRECTION    NW (300)
  HIGHEST GUST SPEED    22   HIGHEST GUST DIRECTION    NW (300)
  AVERAGE WIND SPEED     5.6



WEATHER CONDITIONS
 THE FOLLOWING WEATHER WAS RECORDED YESTERDAY.
  LIGHT RAIN


RELATIVE HUMIDITY (PERCENT)
 HIGHEST   100
 LOWEST     71
 AVERAGE    86

..........................................................


THE BETHEL CLIMATE NORMALS FOR TODAY
                         NORMAL    RECORD    YEAR
 MAXIMUM TEMPERATURE (F)   48        63      1926
 MINIMUM TEMPERATURE (F)   35        21      1983


SUNRISE AND SUNSET
SEPTEMBER 25 2016.....SUNRISE   840 AM AKDT  SUNSET   835 PM AKDT
SEPTEMBER 26 2016.....SUNRISE   843 AM AKDT  SUNSET   832 PM AKDT

CIVIL TWILIGHT
SEPTEMBER 25 2016       START   711 AM AKDT     END   831 PM AKDT
SEPTEMBER 26 2016       START   713 AM AKDT     END   828 PM AKDT



-  INDICATES NEGATIVE NUMBERS.
R  INDICATES RECORD WAS SET OR TIED.
MM INDICATES DATA IS MISSING.
T  INDICATES TRACE AMOUNT.




$$
&&
------------------------------------------------------
AMOUNT OF DAYLIGHT TODAY  (HOUR:MIN)........11:55
GAIN/LOSS SINCE YESTERDAY (HOUR:MIN:SEC)....-0:05:39

$$
