000
CDAK48 PAFC 220114 CCA
CLIBET

CLIMATE REPORT
NATIONAL WEATHER SERVICE ANCHORAGE, AK
343 PM AKST SUN JAN 21 2018


...................................

...THE BETHEL CLIMATE SUMMARY FOR JANUARY 21 2018...
VALID TODAY AS OF 0300 PM LOCAL TIME.

CLIMATE NORMAL PERIOD 1981 TO 2010
CLIMATE RECORD PERIOD 1948 TO 2018


WEATHER ITEM   OBSERVED TIME   RECORD YEAR NORMAL DEPARTURE LAST
                VALUE   (LST)  VALUE       VALUE  FROM      YEAR
                                                  NORMAL
..................................................................
TEMPERATURE (F)
 TODAY
  MAXIMUM          0    117 AM  43    1937  12    -12      -10
  MINIMUM         -7   1133 AM -46    1973   1     -8      -30
  AVERAGE         -3                         6     -9      -20

PRECIPITATION (IN)
  TODAY            0.00          0.67 1963   0.02  -0.02     0.00
  MONTH TO DATE    0.29                      0.55  -0.26     0.64
  SINCE SEP 1     10.07                      7.67   2.40     5.78
  SINCE JAN 1      0.29                      0.55  -0.26     0.64

SNOWFALL (IN)
  TODAY            0             4.6  1969   0.3   MM        0.0
  MONTH TO DATE    1.2                       6.9   -5.7      4.3
  SINCE SEP 1     19.6                      36.2  -16.6     15.4
  SINCE JUL 1     19.6                      36.2  -16.6     15.4
  SNOW DEPTH       1

DEGREE DAYS
 HEATING
  TODAY           68                        59      9       85
  MONTH TO DATE  985                      1234   -249     1252
  SINCE DEC 1   2221                      2928   -707     2841
  SINCE JUL 1   5387                      6651  -1264     6069

 COOLING
  TODAY            0                         0      0        0
  MONTH TO DATE    0                         0      0        0
  SINCE DEC 1      0                         0      0        0
  SINCE JAN 1      0                         0      0        0
..................................................................


WIND (MPH)
  RESULTANT WIND SPEED  15   RESULTANT WIND DIRECTION   N (340)
  HIGHEST WIND SPEED    25   HIGHEST WIND DIRECTION     N (340)
  HIGHEST GUST SPEED    30   HIGHEST GUST DIRECTION     N (340)
  AVERAGE WIND SPEED    15.5



WEATHER CONDITIONS
 THE FOLLOWING WEATHER WAS RECORDED TODAY.
  NO SIGNIFICANT WEATHER WAS OBSERVED.


RELATIVE HUMIDITY (PERCENT)
 HIGHEST    87
 LOWEST     65
 AVERAGE    76

..........................................................


THE BETHEL CLIMATE NORMALS FOR TOMORROW
                         NORMAL    RECORD    YEAR
 MAXIMUM TEMPERATURE (F)   12        40      1937
 MINIMUM TEMPERATURE (F)    1       -39      1973


SUNRISE AND SUNSET
JANUARY 21 2018.......SUNRISE  1029 AM AKST  SUNSET   529 PM AKST
JANUARY 22 2018.......SUNRISE  1027 AM AKST  SUNSET   531 PM AKST


-  INDICATES NEGATIVE NUMBERS.
R  INDICATES RECORD WAS SET OR TIED.
MM INDICATES DATA IS MISSING.
T  INDICATES TRACE AMOUNT.




$$
