000
CDAK48 PABE 262315
CLIBET

CLIMATE REPORT
NATIONAL WEATHER SERVICE BETHEL, AK
215 PM AKST WED NOV 26 2014

...................................
...THE BETHEL AP CLIMATE SUMMARY FOR NOVEMBER 26 2014...
VALID TODAY AS OF 2:00 PM LOCAL TIME

CLIMATE NORMAL PERIOD  1981 TO  2010
CLIMATE RECORD PERIOD  1948 TO  2014

WEATHER ITEM   OBSERVED TIME    RECORD YEAR NORMAL DEPARTURE LAST
               VALUE    (LST)   VALUE       VALUE  FROM      YEAR
                                                   NORMAL
...................................................................
TEMPERATURE
TODAY
 MAXIMUM            33  0132 AM    43  1943     21      12     15
 MINIMUM            25  0726 AM   -24  1927      8      17      6
 AVERAGE            29                          14      15     11

PRECIPITATION
(INCHES)
 TODAY            0.00           0.35  2010   0.05   -0.05   0.00
 MONTH TO DATE    1.08                        1.41   -0.33   2.48
 SINCE SEP 1      4.43                        5.81   -1.38   9.22
 SINCE JAN 1     13.74                       17.23   -3.49  19.70

SNOWFALL
(INCHES)
 TODAY             0.0            3.8  1960    0.5    -0.5    0.0
 MONTH TO DATE     0.6                        11.1   -10.5    6.8
 SINCE SEP 1       7.4                        16.1    -8.7    6.8
 SINCE JUL 1       7.4                        16.1    -8.7    6.8
 SNOW DEPTH (IN)     T                                          2

DEGREE DAYS
 HEATING
  TODAY             36                          51     -15     54
  MONTH TO DATE    981                        1224    -243   1121
  SINCE SEP 1     2614                        2884    -270   2550
  SINCE JUL 1     3135                        3526    -391   3137

 COOLING
  TODAY              0                           0       0      0
  MONTH TO DATE      0                           0       0      0
  SINCE SEP 1        0                           0       0      0
  SINCE JAN 1        0                           0       0     18
...................................................................

WIND (MPH)
 HIGHEST WIND SPEED     8     HIGHEST WIND DIRECTION     90
 HIGHEST GUST SPEED    10     HIGHEST GUST DIRECTION    140
 AVERAGE WIND SPEED    MM

WEATHER CONDITIONS
 THE FOLLOWING WEATHER WAS RECORDED TODAY.
NO SIGNIFICANT WEATHER WAS OBSERVED.
...................................................................

THE BETHEL CLIMATE NORMALS FOR TOMORROW
                        NORMAL    RECORD   YEAR
 MAXIMUM TEMPERATURE      21        42     2007
 MINIMUM TEMPERATURE       8       -25     1927

SUNRISE AND SUNSET
 NOV 26 2014..........SUNRISE 10:19 AM      SUNSET  4:51 PM
 NOV 27 2014..........SUNRISE 10:21 AM      SUNSET  4:49 PM

-  INDICATES NEGATIVE NUMBERS.
R  INDICATES RECORD HAS BEEN SET OR TIED.
MM INDICATES DATA IS MISSING.
T  INDICATES TRACE OF PRECIPITATION.

&&
-------------------------------------------------------------------

AMOUNT OF DAYLIGHT TODAY  (HOUR:MIN)........6 HOURS 32 MINUTES
LOSS SINCE YESTERDAY (HOUR:MIN:SEC)....-0:04:03

$$
