000
CDAK48 PABE 230935
CLIBET


CLIMATE REPORT
NATIONAL WEATHER SERVICE ANCHORAGE, AK
135 AM AKDT SUN JUL 23 2017


...................................

...THE BETHEL CLIMATE SUMMARY FOR JULY 22 2017...

CLIMATE NORMAL PERIOD 1981 TO 2010
CLIMATE RECORD PERIOD 1948 TO 2017


WEATHER ITEM   OBSERVED TIME   RECORD YEAR NORMAL DEPARTURE LAST
                VALUE   (LST)  VALUE       VALUE  FROM      YEAR
                                                  NORMAL
..................................................................
TEMPERATURE (F)
 YESTERDAY
  MAXIMUM         76    405 PM  79    1980  63     13       57
  MINIMUM         57    618 AM  38    1942  49      8       51
  AVERAGE         67                        56     11       54

PRECIPITATION (IN)
  YESTERDAY        0.00          0.76 2004   0.08  -0.08     0.43
  MONTH TO DATE    2.17                      1.52   0.65     1.46
  SINCE JUN 1      3.56                      3.24   0.32     2.89
  SINCE JAN 1      8.53                      7.33   1.20     6.13

SNOWFALL (IN)
  YESTERDAY        0.0          MM      MM   0.0    0.0      0.0
  MONTH TO DATE    0.0                       0.0    0.0      0.0
  SINCE JUN 1      0.0                       T      0.0      0.0
  SINCE JUL 1      0.0                       0.0    0.0      0.0
  SNOW DEPTH       0

DEGREE DAYS
 HEATING
  YESTERDAY        0                         9     -9       11
  MONTH TO DATE  145                       198    -53      115
  SINCE JUN 1    420                       576   -156      388
  SINCE JUL 1    145                       198    -53      115

 COOLING
  YESTERDAY        2                         0      2        0
  MONTH TO DATE    3                         0      3       12
  SINCE JUN 1      3                         1      2       13
  SINCE JAN 1      3                         1      2       13
..................................................................


WIND (MPH)
  RESULTANT WIND SPEED   6   RESULTANT WIND DIRECTION  NW (300)
  HIGHEST WIND SPEED    16   HIGHEST WIND DIRECTION     W (270)
  HIGHEST GUST SPEED    23   HIGHEST GUST DIRECTION     W (250)
  AVERAGE WIND SPEED     7.2



WEATHER CONDITIONS
 THE FOLLOWING WEATHER WAS RECORDED YESTERDAY.
  NO SIGNIFICANT WEATHER WAS OBSERVED.


RELATIVE HUMIDITY (PERCENT)
 HIGHEST    93
 LOWEST     49
 AVERAGE    71

..........................................................


THE BETHEL CLIMATE NORMALS FOR TODAY
                         NORMAL    RECORD    YEAR
 MAXIMUM TEMPERATURE (F)   63        81      1966
 MINIMUM TEMPERATURE (F)   49        39      1937


SUNRISE AND SUNSET
JULY 23 2017..........SUNRISE   602 AM AKDT  SUNSET  1144 PM AKDT
JULY 24 2017..........SUNRISE   604 AM AKDT  SUNSET  1141 PM AKDT


-  INDICATES NEGATIVE NUMBERS.
R  INDICATES RECORD WAS SET OR TIED.
MM INDICATES DATA IS MISSING.
T  INDICATES TRACE AMOUNT.




$$
