659
CDAK48 PABE 141239
CLIBET

CLIMATE REPORT
NATIONAL WEATHER SERVICE BETHEL, AK
339 AM AKST SUN FEB 14 2016

...................................
...THE BETHEL AP CLIMATE SUMMARY FOR FEBRUARY 13 2016...

CLIMATE NORMAL PERIOD  1981 TO  2010
CLIMATE RECORD PERIOD  1923 TO  2016

WEATHER ITEM   OBSERVED TIME    RECORD YEAR NORMAL DEPARTURE LAST
               VALUE    (LST)   VALUE       VALUE  FROM      YEAR
                                                   NORMAL
...................................................................
TEMPERATURE
YESTERDAY
 MAXIMUM            23  0332 PM    51  1927     18       5     21
 MINIMUM            11  0708 AM   -34  1964      4       7     13
 AVERAGE            17                          11       6     17

PRECIPITATION
(INCHES)
 YESTERDAY        0.00           0.46  2005   0.03   -0.03   0.00
 MONTH TO DATE    0.05                        0.33   -0.28   0.20
 SINCE DEC 1      1.52                        2.23   -0.71   2.30
 SINCE JAN 1      0.28                        1.11   -0.83   0.71

SNOWFALL
(INCHES)
 YESTERDAY         0.0            6.5  2005    0.3    -0.3    0.0
 MONTH TO DATE     0.5                         3.1    -2.6    1.4
 SINCE DEC 1      16.3                        24.1    -7.8    9.1
 SINCE JUL 1      25.7                        42.0   -16.3   21.3
 SNOW DEPTH (IN)     2                                          2

DEGREE DAYS
 HEATING
  YESTERDAY         48                          54      -6     48
  MONTH TO DATE    579                         720    -141    793
  SINCE DEC 1     3495                        4226    -731   3957
  SINCE JUL 1     6783                        7956   -1173   7239

 COOLING
  YESTERDAY          0                           0       0      0
  MONTH TO DATE      0                           0       0      0
  SINCE DEC 1        0                           0       0      0
  SINCE JAN 1        0                           0       0      0
...................................................................

WIND (MPH)
 HIGHEST WIND SPEED    21     HIGHEST WIND DIRECTION     20
 HIGHEST GUST SPEED    25     HIGHEST GUST DIRECTION     20
 AVERAGE WIND SPEED  13.1

WEATHER CONDITIONS
 THE FOLLOWING WEATHER WAS RECORDED YESTERDAY.
 NO SIGNIFICANT WEATHER WAS OBSERVED.

...................................................................

THE BETHEL CLIMATE NORMALS FOR TODAY
                           NORMAL    RECORD   YEAR
 MAXIMUM TEMPERATURE (F)     18        47     1927
 MINIMUM TEMPERATURE (F)      5       -35     1964

SUNRISE AND SUNSET
 FEB 14 2016..........SUNRISE  9:32 AM      SUNSET  6:33 PM
 FEB 15 2016..........SUNRISE  9:29 AM      SUNSET  6:36 PM

-  INDICATES NEGATIVE NUMBERS.
R  INDICATES RECORD HAS BEEN SET OR TIED.
MM INDICATES DATA IS MISSING.
T  INDICATES TRACE OF PRECIPITATION.

&&
-------------------------------------------------------------------

AMOUNT OF DAYLIGHT TODAY  (HOUR:MIN)........9 HOURS 1 MINUTES
GAIN SINCE YESTERDAY (HOUR:MIN:SEC)....+0:05:30

$$
CR FEB 16
