000
CDAK48 PABE 261255
CLIBET


CLIMATE REPORT
NATIONAL WEATHER SERVICE ANCHORAGE, AK
454 AM AKDT FRI MAY 26 2017


...................................

...THE BETHEL CLIMATE SUMMARY FOR MAY 25 2017...

CLIMATE NORMAL PERIOD 1981 TO 2010
CLIMATE RECORD PERIOD 1948 TO 2017


WEATHER ITEM   OBSERVED TIME   RECORD YEAR NORMAL DEPARTURE LAST
                VALUE   (LST)  VALUE       VALUE  FROM      YEAR
                                                  NORMAL
..................................................................
TEMPERATURE (F)
 YESTERDAY
  MAXIMUM         45        MM  79    1969  54     -9       49
  MINIMUM         32        MM  21    1926  37     -5       41
  AVERAGE         39                        45     -6       45

PRECIPITATION (IN)
  YESTERDAY        0.24          0.57 1951   0.03   0.21     0.01
  MONTH TO DATE    2.09                      0.89   1.20     1.44
  SINCE MAR 1      2.86                      2.34   0.52     2.84
  SINCE JAN 1      4.75                      3.84   0.91     3.23

SNOWFALL (IN)
  YESTERDAY        T             0.6  2001   0.1   -0.1      0.0
  MONTH TO DATE    T                         2.0   -2.0      0.0
  SINCE MAR 1      3.8                      15.9  -12.1      2.9
  SINCE JUL 1     31.2                      61.7  -30.5     29.9
  SNOW DEPTH       0

DEGREE DAYS
 HEATING
  YESTERDAY       26                        20      6       20
  MONTH TO DATE  511                       606    -95      401
  SINCE MAR 1   3202                      3293    -91     2411
  SINCE JUL 1  11462                     12031   -569     9668

 COOLING
  YESTERDAY        0                         0      0        0
  MONTH TO DATE    0                         0      0        0
  SINCE MAR 1      0                         0      0        0
  SINCE JAN 1      0                         0      0        0
..................................................................


WIND (MPH)
  RESULTANT WIND SPEED  10   RESULTANT WIND DIRECTION  SW (230)
  HIGHEST WIND SPEED    17   HIGHEST WIND DIRECTION    SW (220)
  HIGHEST GUST SPEED    24   HIGHEST GUST DIRECTION     W (250)
  AVERAGE WIND SPEED    13.0



WEATHER CONDITIONS
 THE FOLLOWING WEATHER WAS RECORDED YESTERDAY.
  LIGHT RAIN
  LIGHT SNOW
  FOG


RELATIVE HUMIDITY (PERCENT)
 HIGHEST   100
 LOWEST     70
 AVERAGE    85

..........................................................


THE BETHEL CLIMATE NORMALS FOR TODAY
                         NORMAL    RECORD    YEAR
 MAXIMUM TEMPERATURE (F)   55        78      1969
 MINIMUM TEMPERATURE (F)   37        26      2001
                                             1939


SUNRISE AND SUNSET
MAY 26 2017...........SUNRISE   538 AM AKDT  SUNSET  1152 PM AKDT
MAY 27 2017...........SUNRISE   536 AM AKDT  SUNSET  1154 PM AKDT


-  INDICATES NEGATIVE NUMBERS.
R  INDICATES RECORD WAS SET OR TIED.
MM INDICATES DATA IS MISSING.
T  INDICATES TRACE AMOUNT.




$$
