000
CDUS41 KCTP 312117
CLIBFD


CLIMATE REPORT
NATIONAL WEATHER SERVICE STATE COLLEGE PA
516 PM EDT THU JUL 31 2014


...................................

...THE BRADFORD CLIMATE SUMMARY FOR JULY 31 2014...
VALID TODAY AS OF 0500 PM LOCAL TIME.

CLIMATE NORMAL PERIOD 1981 TO 2010
CLIMATE RECORD PERIOD 1957 TO 2014


WEATHER ITEM   OBSERVED TIME   RECORD YEAR NORMAL DEPARTURE LAST
                VALUE   (LST)  VALUE       VALUE  FROM      YEAR
                                                  NORMAL
..................................................................
TEMPERATURE (F)
 TODAY
  MAXIMUM         72    359 PM  92    1975  77     -5       75
  MINIMUM         52    115 AM  41    1964  53     -1       47
  AVERAGE         62                        65     -3       61

PRECIPITATION (IN)
  TODAY            0.00          2.93 2012   0.14  -0.14     0.00
  MONTH TO DATE    3.58                      4.19  -0.61     2.62
  SINCE JUN 1      9.62                      9.10   0.52     7.23
  SINCE JAN 1     25.57                     25.84  -0.27    18.26

DEGREE DAYS
 HEATING
  TODAY            3                         0      3        4
  MONTH TO DATE   94                         1     93       52
  SINCE JUN 1    179                       209    -30      156
  SINCE JUL 1     94                        64     30       52

 COOLING
  TODAY            0                         2     -2        0
  MONTH TO DATE   63                        74    -11      148
  SINCE JUN 1    119                       114      5      198
  SINCE JAN 1    137                       124     13      241
..................................................................


WIND (MPH)
  HIGHEST WIND SPEED    14   HIGHEST WIND DIRECTION     W (280)
  HIGHEST GUST SPEED    19   HIGHEST GUST DIRECTION     W (290)
  AVERAGE WIND SPEED     6.0


SKY COVER
  POSSIBLE SUNSHINE  MM
  AVERAGE SKY COVER 0.7


WEATHER CONDITIONS
 THE FOLLOWING WEATHER WAS RECORDED TODAY.
  FOG


RELATIVE HUMIDITY (PERCENT)
 HIGHEST   100           100 AM
 LOWEST     41           300 PM
 AVERAGE    71

..........................................................


THE BRADFORD CLIMATE NORMALS FOR TOMORROW
                         NORMAL    RECORD    YEAR
 MAXIMUM TEMPERATURE (F)   77        91      1975
 MINIMUM TEMPERATURE (F)   53        41      1960


SUNRISE AND SUNSET
JULY 31 2014..........SUNRISE   607 AM EDT   SUNSET   834 PM EDT
AUGUST  1 2014........SUNRISE   608 AM EDT   SUNSET   833 PM EDT


-  INDICATES NEGATIVE NUMBERS.
R  INDICATES RECORD WAS SET OR TIED.
MM INDICATES DATA IS MISSING.
T  INDICATES TRACE AMOUNT.




$$
