000
CDUS41 KCTP 260618
CLIBFD


CLIMATE REPORT
NATIONAL WEATHER SERVICE STATE COLLEGE PA
217 AM EDT FRI AUG 26 2016


...................................

...THE BRADFORD CLIMATE SUMMARY FOR AUGUST 25 2016...

CLIMATE NORMAL PERIOD 1981 TO 2010
CLIMATE RECORD PERIOD 1957 TO 2016


WEATHER ITEM   OBSERVED TIME   RECORD YEAR NORMAL DEPARTURE LAST
                VALUE   (LST)  VALUE       VALUE  FROM      YEAR
                                                  NORMAL
..................................................................
TEMPERATURE (F)
 YESTERDAY
  MAXIMUM         82    342 PM  86    1959  75      7       67
  MINIMUM         68    745 AM  36    1963  51     17       44
  AVERAGE         75                        63     12       56

PRECIPITATION (IN)
  YESTERDAY        0.25          0.96 2011   0.13   0.12      T
  MONTH TO DATE    6.91                      3.35   3.56     1.16
  SINCE JUN 1     14.44                     12.45   1.99    11.32
  SINCE JAN 1     28.87                     29.19  -0.32    23.75

DEGREE DAYS
 HEATING
  YESTERDAY        0                         1     -1        9
  MONTH TO DATE   12                        17     -5       52
  SINCE JUN 1    135                       226    -91      206
  SINCE JUL 1     43                        81    -38       99

 COOLING
  YESTERDAY       10                         1      9        0
  MONTH TO DATE  133                        46     87       46
  SINCE JUN 1    286                       160    126      156
  SINCE JAN 1    305                       170    135      200
..................................................................


WIND (MPH)
  HIGHEST WIND SPEED    15   HIGHEST WIND DIRECTION     W (280)
  HIGHEST GUST SPEED    22   HIGHEST GUST DIRECTION     W (280)
  AVERAGE WIND SPEED     5.8


SKY COVER
  POSSIBLE SUNSHINE  MM
  AVERAGE SKY COVER 0.6


WEATHER CONDITIONS
 THE FOLLOWING WEATHER WAS RECORDED YESTERDAY.
  HEAVY RAIN
  RAIN
  LIGHT RAIN
  FOG


RELATIVE HUMIDITY (PERCENT)
 HIGHEST   100           700 AM
 LOWEST     65           300 PM
 AVERAGE    83

..........................................................


THE BRADFORD CLIMATE NORMALS FOR TODAY
                         NORMAL    RECORD    YEAR
 MAXIMUM TEMPERATURE (F)   74        88      1959
 MINIMUM TEMPERATURE (F)   51        36      1958


SUNRISE AND SUNSET
AUGUST 26 2016........SUNRISE   635 AM EDT   SUNSET   757 PM EDT
AUGUST 27 2016........SUNRISE   636 AM EDT   SUNSET   755 PM EDT


-  INDICATES NEGATIVE NUMBERS.
R  INDICATES RECORD WAS SET OR TIED.
MM INDICATES DATA IS MISSING.
T  INDICATES TRACE AMOUNT.




$$
