000
CDUS41 KCTP 260710
CLIBFD


CLIMATE REPORT
NATIONAL WEATHER SERVICE STATE COLLEGE PA
310 AM EDT MON SEP 26 2016


...................................

...THE BRADFORD CLIMATE SUMMARY FOR SEPTEMBER 25 2016...

CLIMATE NORMAL PERIOD 1981 TO 2010
CLIMATE RECORD PERIOD 1957 TO 2016


WEATHER ITEM   OBSERVED TIME   RECORD YEAR NORMAL DEPARTURE LAST
                VALUE   (LST)  VALUE       VALUE  FROM      YEAR
                                                  NORMAL
..................................................................
TEMPERATURE (F)
 YESTERDAY
  MAXIMUM         66    315 PM  83    2007  65      1       71
  MINIMUM         32    609 AM  25    1976  42    -10       47
  AVERAGE         49                        53     -4       59

PRECIPITATION (IN)
  YESTERDAY        0.00          0.57 1975   0.13  -0.13     0.00
  MONTH TO DATE    1.86                      3.27  -1.41     1.56
  SINCE SEP 1      1.86                      3.27  -1.41     1.56
  SINCE JAN 1     30.86                     33.22  -2.36    25.40

DEGREE DAYS
 HEATING
  YESTERDAY       16                         8      8        6
  MONTH TO DATE   91                       104    -13      104
  SINCE SEP 1     91                       104    -13      104
  SINCE JUL 1    134                       257   -123      230

 COOLING
  YESTERDAY        0                         0      0        0
  MONTH TO DATE   42                        13     29       52
  SINCE SEP 1     42                        13     29       52
  SINCE JAN 1    367                       190    177      260
..................................................................


WIND (MPH)
  HIGHEST WIND SPEED     9   HIGHEST WIND DIRECTION     E (70)
  HIGHEST GUST SPEED    12   HIGHEST GUST DIRECTION    NE (40)
  AVERAGE WIND SPEED     1.7


SKY COVER
  POSSIBLE SUNSHINE  MM
  AVERAGE SKY COVER 0.0


WEATHER CONDITIONS
 THE FOLLOWING WEATHER WAS RECORDED YESTERDAY.
  FOG


RELATIVE HUMIDITY (PERCENT)
 HIGHEST   100           100 AM
 LOWEST     40           200 PM
 AVERAGE    70

..........................................................


THE BRADFORD CLIMATE NORMALS FOR TODAY
                         NORMAL    RECORD    YEAR
 MAXIMUM TEMPERATURE (F)   64        79      1998
 MINIMUM TEMPERATURE (F)   42        27      1957


SUNRISE AND SUNSET
SEPTEMBER 26 2016.....SUNRISE   707 AM EDT   SUNSET   704 PM EDT
SEPTEMBER 27 2016.....SUNRISE   708 AM EDT   SUNSET   702 PM EDT


-  INDICATES NEGATIVE NUMBERS.
R  INDICATES RECORD WAS SET OR TIED.
MM INDICATES DATA IS MISSING.
T  INDICATES TRACE AMOUNT.




$$
