000
CDUS41 KCTP 071319
CLIBFD


CLIMATE REPORT
NATIONAL WEATHER SERVICE STATE COLLEGE PA
819 AM EST WED DEC 7 2016


...................................

...THE BRADFORD CLIMATE SUMMARY FOR DECEMBER 6 2016...

CLIMATE NORMAL PERIOD 1981 TO 2010
CLIMATE RECORD PERIOD 1957 TO 2016


WEATHER ITEM   OBSERVED TIME   RECORD YEAR NORMAL DEPARTURE LAST
                VALUE   (LST)  VALUE       VALUE  FROM      YEAR
                                                  NORMAL
..................................................................
TEMPERATURE (F)
 YESTERDAY
  MAXIMUM         34   1159 PM  64    1998  36     -2       49
  MINIMUM         27    545 AM  -4    2007  22      5       18
  AVERAGE         31                        29      2       34

PRECIPITATION (IN)
  YESTERDAY        0.25          0.85 1962   0.12   0.13     0.00
  MONTH TO DATE    0.61                      0.71  -0.10     0.62
  SINCE DEC 1      0.61                      0.71  -0.10     0.62
  SINCE JAN 1     41.87                     41.77   0.10    35.05

DEGREE DAYS
 HEATING
  YESTERDAY       34                        31      3       31
  MONTH TO DATE  189                       183      6      173
  SINCE DEC 1    189                       183      6      173
  SINCE JUL 1   1577                      2018   -441     1653

 COOLING
  YESTERDAY        0                         0      0        0
  MONTH TO DATE    0                         0      0        0
  SINCE DEC 1      0                         0      0        0
  SINCE JAN 1    370                       193    177      260
..................................................................


WIND (MPH)
  HIGHEST WIND SPEED    24   HIGHEST WIND DIRECTION    SE (140)
  HIGHEST GUST SPEED    34   HIGHEST GUST DIRECTION    SE (120)
  AVERAGE WIND SPEED    10.4


SKY COVER
  POSSIBLE SUNSHINE  MM
  AVERAGE SKY COVER 0.7


WEATHER CONDITIONS
 THE FOLLOWING WEATHER WAS RECORDED YESTERDAY.
  LIGHT RAIN
  FREEZING RAIN
  LT FREEZING RAIN
  LIGHT SNOW
  FOG


RELATIVE HUMIDITY (PERCENT)
 HIGHEST   100           100 AM
 LOWEST     75          1100 AM
 AVERAGE    88

..........................................................


THE BRADFORD CLIMATE NORMALS FOR TODAY
                         NORMAL    RECORD    YEAR
 MAXIMUM TEMPERATURE (F)   36        63      1998
 MINIMUM TEMPERATURE (F)   21         0      1970


SUNRISE AND SUNSET
DECEMBER  7 2016......SUNRISE   729 AM EST   SUNSET   444 PM EST
DECEMBER  8 2016......SUNRISE   730 AM EST   SUNSET   444 PM EST


-  INDICATES NEGATIVE NUMBERS.
R  INDICATES RECORD WAS SET OR TIED.
MM INDICATES DATA IS MISSING.
T  INDICATES TRACE AMOUNT.




$$
