000
CDUS41 KCTP 280633
CLIBFD


CLIMATE REPORT
NATIONAL WEATHER SERVICE STATE COLLEGE PA
133 AM EST WED JAN 28 2015


...................................

...THE BRADFORD CLIMATE SUMMARY FOR JANUARY 27 2015...

CLIMATE NORMAL PERIOD 1981 TO 2010
CLIMATE RECORD PERIOD 1957 TO 2015


WEATHER ITEM   OBSERVED TIME   RECORD YEAR NORMAL DEPARTURE LAST
                VALUE   (LST)  VALUE       VALUE  FROM      YEAR
                                                  NORMAL
..................................................................
TEMPERATURE (F)
 YESTERDAY
  MAXIMUM         19    259 PM  55    2002  29    -10       35
  MINIMUM          4   1144 PM -10    2003  14    -10        0
  AVERAGE         12                        22    -10       18

PRECIPITATION (IN)
  YESTERDAY        0.02          0.62 1976   0.10  -0.08      T
  MONTH TO DATE    1.69                      2.90  -1.21     1.94
  SINCE DEC 1      3.89                      6.30  -2.41     4.76
  SINCE JAN 1      1.69                      2.90  -1.21     1.94

DEGREE DAYS
 HEATING
  YESTERDAY       53                        38     15       47
  MONTH TO DATE 1284                      1026    258     1220
  SINCE DEC 1   2356                      2247    109     2368
  SINCE JUL 1   4174                      4082     92     4156

 COOLING
  YESTERDAY        0                         0      0        0
  MONTH TO DATE    0                         0      0        0
  SINCE DEC 1      0                         0      0        0
  SINCE JAN 1      0                         0      0        0
..................................................................


WIND (MPH)
  HIGHEST WIND SPEED    18   HIGHEST WIND DIRECTION     N (340)
  HIGHEST GUST SPEED    24   HIGHEST GUST DIRECTION    NW (330)
  AVERAGE WIND SPEED     8.7


SKY COVER
  POSSIBLE SUNSHINE  MM
  AVERAGE SKY COVER 0.8


WEATHER CONDITIONS
 THE FOLLOWING WEATHER WAS RECORDED YESTERDAY.
  LIGHT SNOW
  FOG
  HAZE


RELATIVE HUMIDITY (PERCENT)
 HIGHEST    87          1100 PM
 LOWEST     51           300 PM
 AVERAGE    69

..........................................................


THE BRADFORD CLIMATE NORMALS FOR TODAY
                         NORMAL    RECORD    YEAR
 MAXIMUM TEMPERATURE (F)   29        55      2002
 MINIMUM TEMPERATURE (F)   14       -18      1977


SUNRISE AND SUNSET
JANUARY 28 2015.......SUNRISE   731 AM EST   SUNSET   524 PM EST
JANUARY 29 2015.......SUNRISE   730 AM EST   SUNSET   526 PM EST


-  INDICATES NEGATIVE NUMBERS.
R  INDICATES RECORD WAS SET OR TIED.
MM INDICATES DATA IS MISSING.
T  INDICATES TRACE AMOUNT.




$$
