000
CDUS41 KCTP 270628
CLIBFD


CLIMATE REPORT
NATIONAL WEATHER SERVICE STATE COLLEGE PA
227 AM EDT FRI MAR 27 2015


...................................

...THE BRADFORD CLIMATE SUMMARY FOR MARCH 26 2015...

CLIMATE NORMAL PERIOD 1981 TO 2010
CLIMATE RECORD PERIOD 1957 TO 2015


WEATHER ITEM   OBSERVED TIME   RECORD YEAR NORMAL DEPARTURE LAST
                VALUE   (LST)  VALUE       VALUE  FROM      YEAR
                                                  NORMAL
..................................................................
TEMPERATURE (F)
 YESTERDAY
  MAXIMUM         39    944 AM  73    2007  46     -7       21
  MINIMUM         29    325 AM   3    1960  25      4        7
  AVERAGE         34                        35     -1       14

PRECIPITATION (IN)
  YESTERDAY        0.26          0.72 2002   0.12   0.14      T
  MONTH TO DATE    1.88                      2.79  -0.91     1.34
  SINCE MAR 1      1.88                      2.79  -0.91     1.34
  SINCE JAN 1      4.72                      8.43  -3.71     4.87

DEGREE DAYS
 HEATING
  YESTERDAY       31                        24      7       51
  MONTH TO DATE  974                       745    229     1022
  SINCE MAR 1    974                       745    229     1022
  SINCE JUL 1   6873                      6315    558     6688

 COOLING
  YESTERDAY        0                         0      0        0
  MONTH TO DATE    0                         0      0        0
  SINCE MAR 1      0                         0      0        0
  SINCE JAN 1      0                         0      0        0
..................................................................


WIND (MPH)
  HIGHEST WIND SPEED    14   HIGHEST WIND DIRECTION    NW (310)
  HIGHEST GUST SPEED    19   HIGHEST GUST DIRECTION    NW (310)
  AVERAGE WIND SPEED     5.6


SKY COVER
  POSSIBLE SUNSHINE  MM
  AVERAGE SKY COVER 1.0


WEATHER CONDITIONS
 THE FOLLOWING WEATHER WAS RECORDED YESTERDAY.
  RAIN
  LIGHT RAIN
  LIGHT SNOW
  FOG
  FOG W/VISIBILITY <= 1/4 MILE


RELATIVE HUMIDITY (PERCENT)
 HIGHEST   100           100 AM
 LOWEST     85          1100 PM
 AVERAGE    93

..........................................................


THE BRADFORD CLIMATE NORMALS FOR TODAY
                         NORMAL    RECORD    YEAR
 MAXIMUM TEMPERATURE (F)   46        77      1989
 MINIMUM TEMPERATURE (F)   26         5      2014


SUNRISE AND SUNSET
MARCH 27 2015.........SUNRISE   706 AM EDT   SUNSET   734 PM EDT
MARCH 28 2015.........SUNRISE   705 AM EDT   SUNSET   735 PM EDT


-  INDICATES NEGATIVE NUMBERS.
R  INDICATES RECORD WAS SET OR TIED.
MM INDICATES DATA IS MISSING.
T  INDICATES TRACE AMOUNT.




$$
