000
CDUS41 KCTP 190619
CLIBFD


CLIMATE REPORT
NATIONAL WEATHER SERVICE STATE COLLEGE PA
219 AM EDT SAT APR 19 2014


...................................

...THE BRADFORD CLIMATE SUMMARY FOR APRIL 18 2014...

CLIMATE NORMAL PERIOD 1981 TO 2010
CLIMATE RECORD PERIOD 1957 TO 2014


WEATHER ITEM   OBSERVED TIME   RECORD YEAR NORMAL DEPARTURE LAST
                VALUE   (LST)  VALUE       VALUE  FROM      YEAR
                                                  NORMAL
..................................................................
TEMPERATURE (F)
 YESTERDAY
  MAXIMUM         63    411 PM  84    1976  56      7       72
  MINIMUM         33    500 AM  21    1983  33      0       53
  AVERAGE         48                        45      3       63

PRECIPITATION (IN)
  YESTERDAY        0.00          0.96 1969   0.12  -0.12     0.00
  MONTH TO DATE    2.92                      2.17   0.75     1.69
  SINCE MAR 1      4.92                      5.54  -0.62     3.20
  SINCE JAN 1      8.45                     11.18  -2.73     5.99

DEGREE DAYS
 HEATING
  YESTERDAY       17                        15      2        3
  MONTH TO DATE  382                       330     52      375
  SINCE MAR 1   1559                      1367    192     1477
  SINCE JUL 1   7225                      6937    288     6385

 COOLING
  YESTERDAY        0                         0      0        0
  MONTH TO DATE    2                         0      2        0
  SINCE MAR 1      2                         0      2        0
  SINCE JAN 1      2                         0      2        0
..................................................................


WIND (MPH)
  HIGHEST WIND SPEED    18   HIGHEST WIND DIRECTION    NW (310)
  HIGHEST GUST SPEED    23   HIGHEST GUST DIRECTION    NW (310)
  AVERAGE WIND SPEED     9.2


SKY COVER
  POSSIBLE SUNSHINE  MM
  AVERAGE SKY COVER 0.2


WEATHER CONDITIONS
 THE FOLLOWING WEATHER WAS RECORDED YESTERDAY.
  NO SIGNIFICANT WEATHER WAS OBSERVED.


RELATIVE HUMIDITY (PERCENT)
 HIGHEST    82          1100 PM
 LOWEST     23           400 PM
 AVERAGE    53

..........................................................


THE BRADFORD CLIMATE NORMALS FOR TODAY
                         NORMAL    RECORD    YEAR
 MAXIMUM TEMPERATURE (F)   57        81      1976
 MINIMUM TEMPERATURE (F)   34        17      2001


SUNRISE AND SUNSET
APRIL 19 2014.........SUNRISE   628 AM EDT   SUNSET   800 PM EDT
APRIL 20 2014.........SUNRISE   627 AM EDT   SUNSET   801 PM EDT


-  INDICATES NEGATIVE NUMBERS.
R  INDICATES RECORD WAS SET OR TIED.
MM INDICATES DATA IS MISSING.
T  INDICATES TRACE AMOUNT.




$$
