000
CDUS41 KCTP 270615
CLIBFD


CLIMATE REPORT
NATIONAL WEATHER SERVICE STATE COLLEGE PA
214 AM EDT SAT MAY 27 2017


...................................

...THE BRADFORD CLIMATE SUMMARY FOR MAY 26 2017...

CLIMATE NORMAL PERIOD 1981 TO 2010
CLIMATE RECORD PERIOD 1957 TO 2017


WEATHER ITEM   OBSERVED TIME   RECORD YEAR NORMAL DEPARTURE LAST
                VALUE   (LST)  VALUE       VALUE  FROM      YEAR
                                                  NORMAL
..................................................................
TEMPERATURE (F)
 YESTERDAY
  MAXIMUM         60    139 PM  85    2012  68     -8       80
  MINIMUM         53   1159 PM  29    1988  44      9       52
  AVERAGE         57                        56      1       66

PRECIPITATION (IN)
  YESTERDAY        0.14          0.71 1994   0.13   0.01      T
  MONTH TO DATE    4.86                      3.46   1.40     3.21
  SINCE MAR 1     13.41                     10.38   3.03     9.82
  SINCE JAN 1     20.49                     16.02   4.47    14.43

DEGREE DAYS
 HEATING
  YESTERDAY        8                         6      2        0
  MONTH TO DATE  333                       218    115      366
  SINCE MAR 1   1818                      1899    -81     1801
  SINCE JUL 1   6401                      7469  -1068     6501

 COOLING
  YESTERDAY        0                         0      0        1
  MONTH TO DATE   18                         0     18        1
  SINCE MAR 1     19                         2     17        1
  SINCE JAN 1     19                         2     17        1
..................................................................


WIND (MPH)
  HIGHEST WIND SPEED    16   HIGHEST WIND DIRECTION     W (290)
  HIGHEST GUST SPEED    23   HIGHEST GUST DIRECTION     W (280)
  AVERAGE WIND SPEED     8.3


SKY COVER
  POSSIBLE SUNSHINE  MM
  AVERAGE SKY COVER 1.0


WEATHER CONDITIONS
 THE FOLLOWING WEATHER WAS RECORDED YESTERDAY.
  LIGHT RAIN
  FOG


RELATIVE HUMIDITY (PERCENT)
 HIGHEST   100          1200 AM
 LOWEST     80           200 PM
 AVERAGE    90

..........................................................


THE BRADFORD CLIMATE NORMALS FOR TODAY
                         NORMAL    RECORD    YEAR
 MAXIMUM TEMPERATURE (F)   69        84      2010
 MINIMUM TEMPERATURE (F)   44        26      1983


SUNRISE AND SUNSET
MAY 27 2017...........SUNRISE   545 AM EDT   SUNSET   839 PM EDT
MAY 28 2017...........SUNRISE   544 AM EDT   SUNSET   840 PM EDT


-  INDICATES NEGATIVE NUMBERS.
R  INDICATES RECORD WAS SET OR TIED.
MM INDICATES DATA IS MISSING.
T  INDICATES TRACE AMOUNT.




$$
