000
CDUS41 KCTP 200645
CLIBFD


CLIMATE REPORT
NATIONAL WEATHER SERVICE STATE COLLEGE PA
145 AM EST SAT JAN 20 2018


...................................

...THE BRADFORD CLIMATE SUMMARY FOR JANUARY 19 2018...

CLIMATE NORMAL PERIOD 1981 TO 2010
CLIMATE RECORD PERIOD 1957 TO 2018


WEATHER ITEM   OBSERVED TIME   RECORD YEAR NORMAL DEPARTURE LAST
                VALUE   (LST)  VALUE       VALUE  FROM      YEAR
                                                  NORMAL
..................................................................
TEMPERATURE (F)
 YESTERDAY
  MAXIMUM         34    427 PM  47    1973  29      5       36
  MINIMUM         16    824 AM -26    1994  13      3       32
  AVERAGE         25                        21      4       34

PRECIPITATION (IN)
  YESTERDAY        0.00          2.00 1988   0.11  -0.11     0.00
  MONTH TO DATE    2.77                      2.07   0.70     3.34
  SINCE DEC 1      4.89                      5.47  -0.58     6.58
  SINCE JAN 1      2.77                      2.07   0.70     3.34

DEGREE DAYS
 HEATING
  YESTERDAY       40                        38      2       31
  MONTH TO DATE  953                       722    231      750
  SINCE DEC 1   2241                      1943    298     1918
  SINCE JUL 1   3775                      3778     -3     3306

 COOLING
  YESTERDAY        0                         0      0        0
  MONTH TO DATE    0                         0      0        0
  SINCE DEC 1      0                         0      0        0
  SINCE JAN 1      0                         0      0        0
..................................................................


WIND (MPH)
  HIGHEST WIND SPEED    17   HIGHEST WIND DIRECTION    SW (240)
  HIGHEST GUST SPEED    26   HIGHEST GUST DIRECTION    SW (240)
  AVERAGE WIND SPEED     9.0


SKY COVER
  POSSIBLE SUNSHINE  MM
  AVERAGE SKY COVER 0.0


WEATHER CONDITIONS
 THE FOLLOWING WEATHER WAS RECORDED YESTERDAY.
  NO SIGNIFICANT WEATHER WAS OBSERVED.


RELATIVE HUMIDITY (PERCENT)
 HIGHEST    74          1200 AM
 LOWEST     51           200 PM
 AVERAGE    63

..........................................................


THE BRADFORD CLIMATE NORMALS FOR TODAY
                         NORMAL    RECORD    YEAR
 MAXIMUM TEMPERATURE (F)   29        50      2006
 MINIMUM TEMPERATURE (F)   14       -18      1984


SUNRISE AND SUNSET
JANUARY 20 2018.......SUNRISE   737 AM EST   SUNSET   515 PM EST
JANUARY 21 2018.......SUNRISE   736 AM EST   SUNSET   516 PM EST


-  INDICATES NEGATIVE NUMBERS.
R  INDICATES RECORD WAS SET OR TIED.
MM INDICATES DATA IS MISSING.
T  INDICATES TRACE AMOUNT.




$$
