187
CDUS41 KCTP 110623
CLIBFD


CLIMATE REPORT
NATIONAL WEATHER SERVICE STATE COLLEGE PA
123 AM EST THU FEB 11 2016


...................................

...THE BRADFORD CLIMATE SUMMARY FOR FEBRUARY 10 2016...

CLIMATE NORMAL PERIOD 1981 TO 2010
CLIMATE RECORD PERIOD 1957 TO 2016


WEATHER ITEM   OBSERVED TIME   RECORD YEAR NORMAL DEPARTURE LAST
                VALUE   (LST)  VALUE       VALUE  FROM      YEAR
                                                  NORMAL
..................................................................
TEMPERATURE (F)
 YESTERDAY
  MAXIMUM         25   1231 AM  53    2001  31     -6       20
  MINIMUM          8   1155 PM -10    1972  14     -6       13
  AVERAGE         17                        23     -6       17

PRECIPITATION (IN)
  YESTERDAY        0.06          0.96 1959   0.08  -0.02     0.00
  MONTH TO DATE    1.00                      0.84   0.16     0.75
  SINCE DEC 1      6.95                      7.53  -0.58     4.79
  SINCE JAN 1      2.15                      4.13  -1.98     2.59

DEGREE DAYS
 HEATING
  YESTERDAY       48                        37     11       48
  MONTH TO DATE  352                       372    -20      445
  SINCE DEC 1   2459                      2948   -489     3007
  SINCE JUL 1   3939                      4783   -844     4825

 COOLING
  YESTERDAY        0                         0      0        0
  MONTH TO DATE    0                         0      0        0
  SINCE DEC 1      0                         0      0        0
  SINCE JAN 1      0                         0      0        0
..................................................................


WIND (MPH)
  HIGHEST WIND SPEED    20   HIGHEST WIND DIRECTION    NW (300)
  HIGHEST GUST SPEED    26   HIGHEST GUST DIRECTION    NW (310)
  AVERAGE WIND SPEED     9.7


SKY COVER
  POSSIBLE SUNSHINE  MM
  AVERAGE SKY COVER 1.0


WEATHER CONDITIONS
 THE FOLLOWING WEATHER WAS RECORDED YESTERDAY.
  HEAVY SNOW
  SNOW
  LIGHT SNOW
  FOG
  FOG W/VISIBILITY <= 1/4 MILE
  HAZE


RELATIVE HUMIDITY (PERCENT)
 HIGHEST    88          1200 AM
 LOWEST     67           700 PM
 AVERAGE    78

..........................................................


THE BRADFORD CLIMATE NORMALS FOR TODAY
                         NORMAL    RECORD    YEAR
 MAXIMUM TEMPERATURE (F)   32        55      2009
 MINIMUM TEMPERATURE (F)   14       -30      1979


SUNRISE AND SUNSET
FEBRUARY 11 2016......SUNRISE   716 AM EST   SUNSET   542 PM EST
FEBRUARY 12 2016......SUNRISE   715 AM EST   SUNSET   543 PM EST


-  INDICATES NEGATIVE NUMBERS.
R  INDICATES RECORD WAS SET OR TIED.
MM INDICATES DATA IS MISSING.
T  INDICATES TRACE AMOUNT.




$$
