000
CDUS41 KCTP 260620
CLIBFD


CLIMATE REPORT
NATIONAL WEATHER SERVICE STATE COLLEGE PA
120 AM EST WED NOV 26 2014


...................................

...THE BRADFORD CLIMATE SUMMARY FOR NOVEMBER 25 2014...

CLIMATE NORMAL PERIOD 1981 TO 2010
CLIMATE RECORD PERIOD 1957 TO 2014


WEATHER ITEM   OBSERVED TIME   RECORD YEAR NORMAL DEPARTURE LAST
                VALUE   (LST)  VALUE       VALUE  FROM      YEAR
                                                  NORMAL
..................................................................
TEMPERATURE (F)
 YESTERDAY
  MAXIMUM         41    106 PM  61    2006  41      0       28
  MINIMUM         30   1157 PM   8    2005  26      4       10
  AVERAGE         36                        33      3       19

PRECIPITATION (IN)
  YESTERDAY        0.00          1.33 2001   0.13  -0.13      T
  MONTH TO DATE    2.26                      3.10  -0.84     3.08
  SINCE SEP 1      8.72                     10.45  -1.73     9.74
  SINCE JAN 1     40.06                     40.40  -0.34    31.15

DEGREE DAYS
 HEATING
  YESTERDAY       29                        27      2       46
  MONTH TO DATE  764                       562    202      744
  SINCE SEP 1   1462                      1402     60     1437
  SINCE JUL 1   1646                      1555     91     1573

 COOLING
  YESTERDAY        0                         0      0        0
  MONTH TO DATE    0                         0      0        0
  SINCE SEP 1     26                        16     10       39
  SINCE JAN 1    196                       193      3      334
..................................................................


WIND (MPH)
  HIGHEST WIND SPEED    21   HIGHEST WIND DIRECTION    SW (220)
  HIGHEST GUST SPEED    33   HIGHEST GUST DIRECTION    SW (220)
  AVERAGE WIND SPEED     9.7


SKY COVER
  POSSIBLE SUNSHINE  MM
  AVERAGE SKY COVER 0.6


WEATHER CONDITIONS
 THE FOLLOWING WEATHER WAS RECORDED YESTERDAY.
  NO SIGNIFICANT WEATHER WAS OBSERVED.


RELATIVE HUMIDITY (PERCENT)
 HIGHEST    70           900 AM
 LOWEST     54           200 AM
 AVERAGE    62

..........................................................


THE BRADFORD CLIMATE NORMALS FOR TODAY
                         NORMAL    RECORD    YEAR
 MAXIMUM TEMPERATURE (F)   40        62      2006
 MINIMUM TEMPERATURE (F)   26         6      1974


SUNRISE AND SUNSET
NOVEMBER 26 2014......SUNRISE   717 AM EST   SUNSET   447 PM EST
NOVEMBER 27 2014......SUNRISE   718 AM EST   SUNSET   446 PM EST


-  INDICATES NEGATIVE NUMBERS.
R  INDICATES RECORD WAS SET OR TIED.
MM INDICATES DATA IS MISSING.
T  INDICATES TRACE AMOUNT.




$$
