000
CDUS45 KCYS 280726
CLIBFF


CLIMATE REPORT
NATIONAL WEATHER SERVICE CHEYENNE WY
1226 AM MST SAT FEB 28 2015


...................................

...THE SCOTTSBLUFF NEBRASKA AIRPORT CLIMATE SUMMARY FOR FEBRUARY 27 2015...

CLIMATE NORMAL PERIOD 1981 TO 2010
CLIMATE RECORD PERIOD 1871 TO 2015


WEATHER ITEM   OBSERVED TIME   RECORD YEAR NORMAL DEPARTURE LAST
                VALUE   (LST)  VALUE       VALUE  FROM      YEAR
                                                  NORMAL
..................................................................
TEMPERATURE (F)
 YESTERDAY
  MAXIMUM         24    327 PM  74    1932  48    -24       31
  MINIMUM          7    721 AM -20    1962  19    -12        2
  AVERAGE         16                        33    -17       17

PRECIPITATION (IN)
  YESTERDAY        T             0.50 1978   0.02  -0.02     0.00
  MONTH TO DATE    0.39                      0.57  -0.18     1.12
  SINCE JAN 1      0.84                      0.98  -0.14     1.58

SNOWFALL (IN)
  YESTERDAY       MM             6.2  1978   0.2   MM        0.0
  MONTH TO DATE    5.8                       6.7   -0.9     20.8
  SINCE JUL 1     42.2                      28.1   14.1     51.0
  SNOW DEPTH      MM

DEGREE DAYS
 HEATING
  YESTERDAY       49                        32     17       48
  MONTH TO DATE  835                       939   -104     1190
  SINCE DEC 1   3225                      3316    -91     3484
  SINCE JUL 1   4670                      4881   -211     4989

 COOLING
  YESTERDAY        0                         0      0        0
  MONTH TO DATE    0                         0      0        0
  SINCE DEC 1      0                         0      0        0
  SINCE JAN 1      0                         0      0        0
..................................................................


WIND (MPH)
  HIGHEST WIND SPEED    24   HIGHEST WIND DIRECTION     S (160)
  HIGHEST GUST SPEED    31   HIGHEST GUST DIRECTION     S (160)
  AVERAGE WIND SPEED    15.9


SKY COVER
  AVERAGE SKY COVER 1.0


WEATHER CONDITIONS
 THE FOLLOWING WEATHER WAS RECORDED YESTERDAY.
  LIGHT SNOW
  HAZE


RELATIVE HUMIDITY (PERCENT)
 HIGHEST    80           100 AM
 LOWEST     52           500 PM
 AVERAGE    66

..........................................................


THE SCOTTSBLUFF NEBRASKA AIRPORT CLIMATE NORMALS FOR TODAY
                         NORMAL    RECORD    YEAR
 MAXIMUM TEMPERATURE (F)   48        74      2006
 MINIMUM TEMPERATURE (F)   19       -28      1962


SUNRISE AND SUNSET
FEBRUARY 28 2015......SUNRISE   631 AM MST   SUNSET   543 PM MST
MARCH  1 2015.........SUNRISE   630 AM MST   SUNSET   544 PM MST


-  INDICATES NEGATIVE NUMBERS.
R  INDICATES RECORD WAS SET OR TIED.
MM INDICATES DATA IS MISSING.
T  INDICATES TRACE AMOUNT.




$$
