000
CDUS46 KHNX 240822
CLIBFL


CLIMATE REPORT
NATIONAL WEATHER SERVICE SAN JOAQUIN VALLEY, CA
1222 AM PST SAT FEB 24 2018


...................................

...THE BAKERSFIELD CLIMATE SUMMARY FOR FEBRUARY 23 2018...

CLIMATE NORMAL PERIOD 1981 TO 2010
CLIMATE RECORD PERIOD 1889 TO 2018


WEATHER ITEM   OBSERVED TIME   RECORD YEAR NORMAL DEPARTURE
                VALUE   (LST)  VALUE       VALUE  FROM
                                                  NORMAL
...............................................................
TEMPERATURE (F)
 YESTERDAY
  MAXIMUM         55    327 PM  81    1981  65    -10
  MINIMUM         37    721 AM  31    1942  44     -7
                                      1893
  AVERAGE         46                        54     -8

PRECIPITATION (IN)
  YESTERDAY        T             0.88 1998   0.04  -0.04
  MONTH TO DATE    T                         1.02  -1.02
  SINCE OCT 1      1.10                      4.14  -3.04
  SINCE JAN 1      1.03                      2.18  -1.15

SNOWFALL (IN)
  YESTERDAY        0.0
  MONTH TO DATE    0.0
  SINCE DEC 1      0.0
  SINCE JUL 1      0.0
  SNOW DEPTH       0

DEGREE DAYS
 HEATING
  YESTERDAY       19                                8
  MONTH TO DATE  214                              -84
  SINCE DEC 1   1015                             -351
  SINCE JUL 1   1192                             -532

 COOLING
  YESTERDAY        0                                0
  MONTH TO DATE    0                                0
  SINCE DEC 1      0                                0
  SINCE JAN 1      0                                0
...............................................................


WIND (MPH)
  HIGHEST WIND SPEED    18   HIGHEST WIND DIRECTION    NW (320)
  HIGHEST GUST SPEED    22   HIGHEST GUST DIRECTION    NW (310)
  AVERAGE WIND SPEED     8.7




RELATIVE HUMIDITY (PERCENT)
 HIGHEST    76
 LOWEST     26
 AVERAGE    51

..........................................................


THE BAKERSFIELD CLIMATE NORMALS FOR TODAY
                         NORMAL    RECORD    YEAR
 MAXIMUM TEMPERATURE (F)   65        82      2016
 MINIMUM TEMPERATURE (F)   44        29      1908


SUNRISE AND SUNSET
FEBRUARY 24 2018......SUNRISE   632 AM PST   SUNSET   547 PM PST
FEBRUARY 25 2018......SUNRISE   631 AM PST   SUNSET   548 PM PST


-  INDICATES NEGATIVE NUMBERS.
R  INDICATES RECORD WAS SET OR TIED.
MM INDICATES DATA IS MISSING.
T  INDICATES TRACE AMOUNT.




$$
