000
CDUS46 KHNX 230822
CLIBFL


CLIMATE REPORT
NATIONAL WEATHER SERVICE SAN JOAQUIN VALLEY, CA
122 AM PDT TUE MAY 23 2017


...................................

...THE BAKERSFIELD CLIMATE SUMMARY FOR MAY 22 2017...

CLIMATE NORMAL PERIOD 1981 TO 2010
CLIMATE RECORD PERIOD 1889 TO 2017


WEATHER ITEM   OBSERVED TIME   RECORD YEAR NORMAL DEPARTURE
                VALUE   (LST)  VALUE       VALUE  FROM
                                                  NORMAL
...............................................................
TEMPERATURE (F)
 YESTERDAY
  MAXIMUM        101        MM 102    2001  85     16
                                      2000
                                      1967
  MINIMUM         68        MM  36    1903  59      9
  AVERAGE         85                        72     13

PRECIPITATION (IN)
  YESTERDAY        0.00          0.30 2015   0.01  -0.01
  MONTH TO DATE    0.05                      0.15  -0.10
  SINCE OCT 1      7.81                      6.24   1.57
  SINCE JAN 1      4.78                      4.28   0.50

SNOWFALL (IN)
  YESTERDAY        0.0
  MONTH TO DATE    0.0
  SINCE MAR 1      0.0
  SINCE JUL 1      0.0
  SNOW DEPTH       0

DEGREE DAYS
 HEATING
  YESTERDAY        0                               -1
  MONTH TO DATE   23                               -5
  SINCE MAR 1    247                             -149
  SINCE JUL 1   1615                             -555

 COOLING
  YESTERDAY       20                               12
  MONTH TO DATE  167                               41
  SINCE MAR 1    244                               52
  SINCE JAN 1    246                               54
...............................................................


WIND (MPH)
  HIGHEST WIND SPEED    18   HIGHEST WIND DIRECTION    NW (300)
  HIGHEST GUST SPEED    MM   HIGHEST GUST DIRECTION    MM
  AVERAGE WIND SPEED     6.9




RELATIVE HUMIDITY (PERCENT)
 HIGHEST    38
 LOWEST     16
 AVERAGE    27

..........................................................


THE BAKERSFIELD CLIMATE NORMALS FOR TODAY
                         NORMAL    RECORD    YEAR
 MAXIMUM TEMPERATURE (F)   85       107      1904
 MINIMUM TEMPERATURE (F)   59        44      1903


SUNRISE AND SUNSET
MAY 23 2017...........SUNRISE   546 AM PDT   SUNSET   800 PM PDT
MAY 24 2017...........SUNRISE   546 AM PDT   SUNSET   801 PM PDT


-  INDICATES NEGATIVE NUMBERS.
R  INDICATES RECORD WAS SET OR TIED.
MM INDICATES DATA IS MISSING.
T  INDICATES TRACE AMOUNT.




$$
