000
CDUS46 KHNX 290825
CLIBFL


CLIMATE REPORT
NATIONAL WEATHER SERVICE SAN JOAQUIN VALLEY, CA
123 AM PDT SUN MAY 29 2016


...................................

...THE BAKERSFIELD CLIMATE SUMMARY FOR MAY 28 2016...

CLIMATE NORMAL PERIOD 1981 TO 2010
CLIMATE RECORD PERIOD 1889 TO 2016


WEATHER ITEM   OBSERVED TIME   RECORD YEAR NORMAL DEPARTURE
                VALUE   (LST)  VALUE       VALUE  FROM
                                                  NORMAL
...............................................................
TEMPERATURE (F)
 YESTERDAY
  MAXIMUM         92    421 PM 107    1973  86      6
  MINIMUM         67    436 AM  43    1906  60      7
  AVERAGE         80                        73      7

PRECIPITATION (IN)
  YESTERDAY        0.00          0.43 1953   0.00   0.00
  MONTH TO DATE    0.55                      0.17   0.38
  SINCE OCT 1      5.43                      6.26  -0.83
  SINCE JAN 1      4.10                      4.30  -0.20

SNOWFALL (IN)
  YESTERDAY        0.0
  MONTH TO DATE    0.0
  SINCE MAR 1      0.0
  SINCE JUL 1      0.0
  SNOW DEPTH       0

DEGREE DAYS
 HEATING
  YESTERDAY        0                                0
  MONTH TO DATE    6                              -24
  SINCE MAR 1    174                             -224
  SINCE JUL 1   1692                             -480

 COOLING
  YESTERDAY       15                                6
  MONTH TO DATE  203                               28
  SINCE MAR 1    305                               64
  SINCE JAN 1    305                               64
...............................................................


WIND (MPH)
  HIGHEST WIND SPEED    15   HIGHEST WIND DIRECTION    NW (300)
  HIGHEST GUST SPEED    22   HIGHEST GUST DIRECTION    NW (320)
  AVERAGE WIND SPEED     6.7




RELATIVE HUMIDITY (PERCENT)
 HIGHEST    49
 LOWEST     17
 AVERAGE    33

..........................................................


THE BAKERSFIELD CLIMATE NORMALS FOR TODAY
                         NORMAL    RECORD    YEAR
 MAXIMUM TEMPERATURE (F)   87       106      1973
 MINIMUM TEMPERATURE (F)   60        45      1927
                                             1893


SUNRISE AND SUNSET
MAY 29 2016...........SUNRISE   543 AM PDT   SUNSET   804 PM PDT
MAY 30 2016...........SUNRISE   543 AM PDT   SUNSET   805 PM PDT


-  INDICATES NEGATIVE NUMBERS.
R  INDICATES RECORD WAS SET OR TIED.
MM INDICATES DATA IS MISSING.
T  INDICATES TRACE AMOUNT.




$$
