000
CDUS46 KHNX 190825
CLIBFL


CLIMATE REPORT
NATIONAL WEATHER SERVICE SAN JOAQUIN VALLEY, CA
1223 AM PST SUN FEB 19 2017


...................................

...THE BAKERSFIELD CLIMATE SUMMARY FOR FEBRUARY 18 2017...

CLIMATE NORMAL PERIOD 1981 TO 2010
CLIMATE RECORD PERIOD 1889 TO 2017


WEATHER ITEM   OBSERVED TIME   RECORD YEAR NORMAL DEPARTURE
                VALUE   (LST)  VALUE       VALUE  FROM
                                                  NORMAL
...............................................................
TEMPERATURE (F)
 YESTERDAY
  MAXIMUM         65    356 PM  87    1930  64      1
  MINIMUM         49    559 AM  27    1903  43      6
  AVERAGE         57                        53      4

PRECIPITATION (IN)
  YESTERDAY        T             0.82 2005   0.04  -0.04
  MONTH TO DATE    1.18                      0.79   0.39
  SINCE OCT 1      6.97                      3.91   3.06
  SINCE JAN 1      3.94                      1.95   1.99

SNOWFALL (IN)
  YESTERDAY       MM
  MONTH TO DATE    0.0
  SINCE DEC 1      0.0
  SINCE JUL 1      0.0
  SNOW DEPTH       0

DEGREE DAYS
 HEATING
  YESTERDAY        8                               -4
  MONTH TO DATE  112                             -131
  SINCE DEC 1   1027                             -284
  SINCE JUL 1   1232                             -437

 COOLING
  YESTERDAY        0                                0
  MONTH TO DATE    0                                0
  SINCE DEC 1      2                                2
  SINCE JAN 1      2                                2
...............................................................


WIND (MPH)
  HIGHEST WIND SPEED    17   HIGHEST WIND DIRECTION    NW (320)
  HIGHEST GUST SPEED    21   HIGHEST GUST DIRECTION    NW (330)
  AVERAGE WIND SPEED     7.1




RELATIVE HUMIDITY (PERCENT)
 HIGHEST    86
 LOWEST     48
 AVERAGE    67

..........................................................


THE BAKERSFIELD CLIMATE NORMALS FOR TODAY
                         NORMAL    RECORD    YEAR
 MAXIMUM TEMPERATURE (F)   64        85      1977
 MINIMUM TEMPERATURE (F)   43        28      1953


SUNRISE AND SUNSET
FEBRUARY 19 2017......SUNRISE   638 AM PST   SUNSET   543 PM PST
FEBRUARY 20 2017......SUNRISE   637 AM PST   SUNSET   544 PM PST


-  INDICATES NEGATIVE NUMBERS.
R  INDICATES RECORD WAS SET OR TIED.
MM INDICATES DATA IS MISSING.
T  INDICATES TRACE AMOUNT.




$$
