000
CDUS46 KHNX 270024
CLIBFL


CLIMATE REPORT
NATIONAL WEATHER SERVICE SAN JOAQUIN VALLEY, CA
523 PM PDT TUE JUL 26 2016


...................................

...THE BAKERSFIELD CLIMATE SUMMARY FOR JULY 26 2016...
VALID AS OF 0400 PM LOCAL TIME.

CLIMATE NORMAL PERIOD 1981 TO 2010
CLIMATE RECORD PERIOD 1889 TO 2016


WEATHER ITEM   OBSERVED TIME   RECORD YEAR NORMAL DEPARTURE LAST
                VALUE   (LST)  VALUE       VALUE  FROM      YEAR
                                                  NORMAL
..................................................................
TEMPERATURE (F)
 TODAY
  MAXIMUM        105    359 PM 117    1931  98      7       97
  MINIMUM         75    439 AM  55    1903  71      4       69
  AVERAGE         90                        85      5       83

PRECIPITATION (IN)
  TODAY            0.00          T    2013   0.00   0.00     0.00
  MONTH TO DATE    0.00                      0.00   0.00     0.04
  SINCE OCT 1      5.43                      6.35  -0.92     5.33
  SINCE JAN 1      4.10                      4.39  -0.29     2.66

SNOWFALL (IN)
  TODAY            0.0
  MONTH TO DATE    0.0
  SINCE JUN 1      0.0
  SINCE JUL 1      0.0
  SNOW DEPTH       0

DEGREE DAYS
 HEATING
  TODAY            0                         0      0        0
  MONTH TO DATE    0                         0      0        0
  SINCE JUN 1      0                         2     -2        0
  SINCE JUL 1      0                         0      0        0

 COOLING
  TODAY           25                        20      5       18
  MONTH TO DATE  521                       487     34      494
  SINCE JUN 1   1055                       866    189     1047
  SINCE JAN 1   1412                      1133    279     1392
..................................................................


WIND (MPH)
  HIGHEST WIND SPEED    15   HIGHEST WIND DIRECTION    NW (310)
  HIGHEST GUST SPEED    20   HIGHEST GUST DIRECTION    NW (310)
  AVERAGE WIND SPEED     5.5




RELATIVE HUMIDITY (PERCENT)
 HIGHEST    36
 LOWEST     12
 AVERAGE    24

..........................................................


THE BAKERSFIELD CLIMATE NORMALS FOR TOMORROW
                         NORMAL    RECORD    YEAR
 MAXIMUM TEMPERATURE (F)   98       117      1933
                                             1908
 MINIMUM TEMPERATURE (F)   71        52      1914


SUNRISE AND SUNSET
JULY 26 2016..........SUNRISE   601 AM PDT   SUNSET   804 PM PDT
JULY 27 2016..........SUNRISE   601 AM PDT   SUNSET   804 PM PDT


-  INDICATES NEGATIVE NUMBERS.
R  INDICATES RECORD WAS SET OR TIED.
MM INDICATES DATA IS MISSING.
T  INDICATES TRACE AMOUNT.




$$
