000
CDUS46 KHNX 250820
CLIBFL


CLIMATE REPORT
NATIONAL WEATHER SERVICE SAN JOAQUIN VALLEY, CA
120 AM PDT MON MAY 25 2015


...................................

...THE BAKERSFIELD CLIMATE SUMMARY FOR MAY 24 2015...

CLIMATE NORMAL PERIOD 1981 TO 2010
CLIMATE RECORD PERIOD 1889 TO 2015


WEATHER ITEM   OBSERVED TIME   RECORD YEAR NORMAL DEPARTURE
                VALUE   (LST)  VALUE       VALUE  FROM
                                                  NORMAL
...............................................................
TEMPERATURE (F)
 YESTERDAY
  MAXIMUM         81    529 PM 107    1982  86     -5
  MINIMUM         58    534 AM  41    1916  59     -1
  AVERAGE         70                        72     -2

PRECIPITATION (IN)
  YESTERDAY        0.00          0.03 1980   0.00   0.00
                                      1931
  MONTH TO DATE    0.68                      0.15   0.53
  SINCE OCT 1      5.29                      6.24  -0.95
  SINCE JAN 1      2.62                      4.28  -1.66

SNOWFALL (IN)
  YESTERDAY        0.0
  MONTH TO DATE    0.0
  SINCE MAR 1      0.0
  SINCE JUL 1      0.0
  SNOW DEPTH       0

DEGREE DAYS
 HEATING
  YESTERDAY        0                               -1
  MONTH TO DATE   19                              -11
  SINCE MAR 1    172                             -226
  SINCE JUL 1   1307                             -865

 COOLING
  YESTERDAY        5                               -3
  MONTH TO DATE   90                              -52
  SINCE MAR 1    252                               44
  SINCE JAN 1    256                               48
...............................................................


WIND (MPH)
  HIGHEST WIND SPEED    15   HIGHEST WIND DIRECTION     W (290)
  HIGHEST GUST SPEED    19   HIGHEST GUST DIRECTION    NW (310)
  AVERAGE WIND SPEED     4.5




RELATIVE HUMIDITY (PERCENT)
 HIGHEST    78
 LOWEST     30
 AVERAGE    54

..........................................................


THE BAKERSFIELD CLIMATE NORMALS FOR TODAY
                         NORMAL    RECORD    YEAR
 MAXIMUM TEMPERATURE (F)   86       106      1982
 MINIMUM TEMPERATURE (F)   59        39      1893


SUNRISE AND SUNSET
MAY 25 2015...........SUNRISE   545 AM PDT   SUNSET   801 PM PDT
MAY 26 2015...........SUNRISE   545 AM PDT   SUNSET   802 PM PDT


-  INDICATES NEGATIVE NUMBERS.
R  INDICATES RECORD WAS SET OR TIED.
MM INDICATES DATA IS MISSING.
T  INDICATES TRACE AMOUNT.




$$
