000
CDUS46 KHNX 250821
CLIBFL


CLIMATE REPORT
NATIONAL WEATHER SERVICE SAN JOAQUIN VALLEY, CA
121 AM PDT SAT OCT 25 2014


...................................

...THE BAKERSFIELD CLIMATE SUMMARY FOR OCTOBER 24 2014...

CLIMATE NORMAL PERIOD 1981 TO 2010
CLIMATE RECORD PERIOD 1889 TO 2014


WEATHER ITEM   OBSERVED TIME   RECORD YEAR NORMAL DEPARTURE
                VALUE   (LST)  VALUE       VALUE  FROM
                                                  NORMAL
...............................................................
TEMPERATURE (F)
 YESTERDAY
  MAXIMUM         84    306 PM  95    1959  76      8
  MINIMUM         55    639 AM  32    1912  52      3
  AVERAGE         70                        64      6

PRECIPITATION (IN)
  YESTERDAY        0.00          0.24 1998   0.02  -0.02
  MONTH TO DATE    0.00                      0.19  -0.19
  SINCE JUL 1      0.01                      0.31  -0.30
  SINCE JAN 1      1.35                      4.70  -3.35

SNOWFALL (IN)
  YESTERDAY        0.0
  MONTH TO DATE    0.0
  SINCE SEP 1      0.0
  SINCE JUL 1      0.0
  SNOW DEPTH       0

DEGREE DAYS
 HEATING
  YESTERDAY        0                               -3
  MONTH TO DATE    0                              -28
  SINCE SEP 1      0                              -30
  SINCE JUL 1      0                              -30

 COOLING
  YESTERDAY        5                                3
  MONTH TO DATE  204                               89
  SINCE SEP 1    689                              212
  SINCE JAN 1   2970                              725
...............................................................


WIND (MPH)
  HIGHEST WIND SPEED    10   HIGHEST WIND DIRECTION    NE (30)
  HIGHEST GUST SPEED    13   HIGHEST GUST DIRECTION     W (280)
  AVERAGE WIND SPEED     3.5




RELATIVE HUMIDITY (PERCENT)
 HIGHEST    61
 LOWEST     28
 AVERAGE    45

..........................................................


THE BAKERSFIELD CLIMATE NORMALS FOR TODAY
                         NORMAL    RECORD    YEAR
 MAXIMUM TEMPERATURE (F)   75        94      1917
 MINIMUM TEMPERATURE (F)   52        35      1899


SUNRISE AND SUNSET
OCTOBER 25 2014.......SUNRISE   711 AM PDT   SUNSET   609 PM PDT
OCTOBER 26 2014.......SUNRISE   712 AM PDT   SUNSET   608 PM PDT


-  INDICATES NEGATIVE NUMBERS.
R  INDICATES RECORD WAS SET OR TIED.
MM INDICATES DATA IS MISSING.
T  INDICATES TRACE AMOUNT.




$$
