000
CDUS46 KHNX 200821
CLIBFL


CLIMATE REPORT
NATIONAL WEATHER SERVICE SAN JOAQUIN VALLEY, CA
121 AM PDT SAT SEP 20 2014


...................................

...THE BAKERSFIELD CLIMATE SUMMARY FOR SEPTEMBER 19 2014...

CLIMATE NORMAL PERIOD 1981 TO 2010
CLIMATE RECORD PERIOD 1889 TO 2014


WEATHER ITEM   OBSERVED TIME   RECORD YEAR NORMAL DEPARTURE
                VALUE   (LST)  VALUE       VALUE  FROM
                                                  NORMAL
...............................................................
TEMPERATURE (F)
 YESTERDAY
  MAXIMUM         88    436 PM 104    1939  89     -1
                                      1935
  MINIMUM         67    620 AM  39    1908  63      4
  AVERAGE         78                        76      2

PRECIPITATION (IN)
  YESTERDAY        0.00          0.50 1963   0.00   0.00
  MONTH TO DATE    0.01                      0.04  -0.03
  SINCE JUL 1      0.01                      0.08  -0.07
  SINCE JAN 1      1.35                      4.47  -3.12

SNOWFALL (IN)
  YESTERDAY        0.0
  MONTH TO DATE    0.0
  SINCE SEP 1      0.0
  SINCE JUL 1      0.0
  SNOW DEPTH       0

DEGREE DAYS
 HEATING
  YESTERDAY        0                                0
  MONTH TO DATE    0                                0
  SINCE SEP 1      0                                0
  SINCE JUL 1      0                                0

 COOLING
  YESTERDAY       13                                2
  MONTH TO DATE  370                              116
  SINCE SEP 1    370                              116
  SINCE JAN 1   2651                              629
...............................................................


WIND (MPH)
  HIGHEST WIND SPEED    16   HIGHEST WIND DIRECTION     N (340)
  HIGHEST GUST SPEED    19   HIGHEST GUST DIRECTION     N (340)
  AVERAGE WIND SPEED     6.0




RELATIVE HUMIDITY (PERCENT)
 HIGHEST    63
 LOWEST     34
 AVERAGE    49

..........................................................


THE BAKERSFIELD CLIMATE NORMALS FOR TODAY
                         NORMAL    RECORD    YEAR
 MAXIMUM TEMPERATURE (F)   89       104      1899
 MINIMUM TEMPERATURE (F)   63        38      1908


SUNRISE AND SUNSET
SEPTEMBER 20 2014.....SUNRISE   643 AM PDT   SUNSET   656 PM PDT
SEPTEMBER 21 2014.....SUNRISE   643 AM PDT   SUNSET   654 PM PDT


-  INDICATES NEGATIVE NUMBERS.
R  INDICATES RECORD WAS SET OR TIED.
MM INDICATES DATA IS MISSING.
T  INDICATES TRACE AMOUNT.




$$
