000
CDUS46 KHNX 190823
CLIBFL


CLIMATE REPORT
NATIONAL WEATHER SERVICE SAN JOAQUIN VALLEY, CA
123 AM PDT THU OCT 19 2017


...................................

...THE BAKERSFIELD CLIMATE SUMMARY FOR OCTOBER 18 2017...

CLIMATE NORMAL PERIOD 1981 TO 2010
CLIMATE RECORD PERIOD 1889 TO 2017


WEATHER ITEM   OBSERVED TIME   RECORD YEAR NORMAL DEPARTURE
                VALUE   (LST)  VALUE       VALUE  FROM
                                                  NORMAL
...............................................................
TEMPERATURE (F)
 YESTERDAY
  MAXIMUM         85    213 PM  96    1913  79      6
                                      1912
                                      1903
  MINIMUM         61   1159 PM  36    1908  54      7
  AVERAGE         73                        66      7

PRECIPITATION (IN)
  YESTERDAY        0.00          0.50 1972   0.01  -0.01
  MONTH TO DATE    T                         0.12  -0.12
  SINCE OCT 1      T                         0.12  -0.12
  SINCE JAN 1      5.31                      4.63   0.68

SNOWFALL (IN)
  YESTERDAY        0.0
  MONTH TO DATE    0.0
  SINCE SEP 1      0.0
  SINCE JUL 1      0.0
  SNOW DEPTH       0

DEGREE DAYS
 HEATING
  YESTERDAY        0                               -2
  MONTH TO DATE   10                               -4
  SINCE SEP 1     11                               -5
  SINCE JUL 1     11                               -5

 COOLING
  YESTERDAY        8                                5
  MONTH TO DATE   73                              -27
  SINCE SEP 1    508                               46
  SINCE JAN 1   2876                              646
...............................................................


WIND (MPH)
  HIGHEST WIND SPEED    10   HIGHEST WIND DIRECTION    NW (300)
  HIGHEST GUST SPEED    14   HIGHEST GUST DIRECTION     W (280)
  AVERAGE WIND SPEED     4.7




RELATIVE HUMIDITY (PERCENT)
 HIGHEST    48
 LOWEST     20
 AVERAGE    34

..........................................................


THE BAKERSFIELD CLIMATE NORMALS FOR TODAY
                         NORMAL    RECORD    YEAR
 MAXIMUM TEMPERATURE (F)   78        96      1973
 MINIMUM TEMPERATURE (F)   54        35      1908


SUNRISE AND SUNSET
OCTOBER 19 2017.......SUNRISE   706 AM PDT   SUNSET   615 PM PDT
OCTOBER 20 2017.......SUNRISE   707 AM PDT   SUNSET   614 PM PDT


-  INDICATES NEGATIVE NUMBERS.
R  INDICATES RECORD WAS SET OR TIED.
MM INDICATES DATA IS MISSING.
T  INDICATES TRACE AMOUNT.




$$
