000
CDUS46 KHNX 230821
CLIBFL


CLIMATE REPORT
NATIONAL WEATHER SERVICE SAN JOAQUIN VALLEY, CA
1221 AM PST SUN NOV 23 2014


...................................

...THE BAKERSFIELD CLIMATE SUMMARY FOR NOVEMBER 22 2014...

CLIMATE NORMAL PERIOD 1981 TO 2010
CLIMATE RECORD PERIOD 1889 TO 2014


WEATHER ITEM   OBSERVED TIME   RECORD YEAR NORMAL DEPARTURE
                VALUE   (LST)  VALUE       VALUE  FROM
                                                  NORMAL
...............................................................
TEMPERATURE (F)
 YESTERDAY
  MAXIMUM         66    418 PM  80    1945  63      3
                                      1926
                                      1917
  MINIMUM         46    520 AM  27    1931  43      3
  AVERAGE         56                        53      3

PRECIPITATION (IN)
  YESTERDAY        0.00          0.65 1899   0.03  -0.03
  MONTH TO DATE    0.01                      0.45  -0.44
  SINCE JUL 1      0.66                      0.87  -0.21
  SINCE JAN 1      2.00                      5.26  -3.26

SNOWFALL (IN)
  YESTERDAY        0.0
  MONTH TO DATE    0.0
  SINCE SEP 1      0.0
  SINCE JUL 1      0.0
  SNOW DEPTH       0

DEGREE DAYS
 HEATING
  YESTERDAY        9                               -3
  MONTH TO DATE  108                              -82
  SINCE SEP 1    118                             -130
  SINCE JUL 1    118                             -130

 COOLING
  YESTERDAY        0                                0
  MONTH TO DATE    4                                1
  SINCE SEP 1    702                              213
  SINCE JAN 1   2983                              726
...............................................................


WIND (MPH)
  HIGHEST WIND SPEED    14   HIGHEST WIND DIRECTION     N (360)
  HIGHEST GUST SPEED    17   HIGHEST GUST DIRECTION     N (340)
  AVERAGE WIND SPEED     4.5




RELATIVE HUMIDITY (PERCENT)
 HIGHEST    86
 LOWEST     42
 AVERAGE    64

..........................................................


THE BAKERSFIELD CLIMATE NORMALS FOR TODAY
                         NORMAL    RECORD    YEAR
 MAXIMUM TEMPERATURE (F)   63        81      1907
 MINIMUM TEMPERATURE (F)   42        22      1931


SUNRISE AND SUNSET
NOVEMBER 23 2014......SUNRISE   639 AM PST   SUNSET   446 PM PST
NOVEMBER 24 2014......SUNRISE   640 AM PST   SUNSET   445 PM PST


-  INDICATES NEGATIVE NUMBERS.
R  INDICATES RECORD WAS SET OR TIED.
MM INDICATES DATA IS MISSING.
T  INDICATES TRACE AMOUNT.




$$
