000
CDUS46 KHNX 300821
CLIBFL


CLIMATE REPORT
NATIONAL WEATHER SERVICE SAN JOAQUIN VALLEY, CA
120 AM PDT TUE JUN 30 2015


...................................

...THE BAKERSFIELD CLIMATE SUMMARY FOR JUNE 29 2015...

CLIMATE NORMAL PERIOD 1981 TO 2010
CLIMATE RECORD PERIOD 1889 TO 2015


WEATHER ITEM   OBSERVED TIME   RECORD YEAR NORMAL DEPARTURE
                VALUE   (LST)  VALUE       VALUE  FROM
                                                  NORMAL
...............................................................
TEMPERATURE (F)
 YESTERDAY
  MAXIMUM         97    420 PM 112    1901  94      3
  MINIMUM         74    525 AM  47    1907  68      6
  AVERAGE         86                        81      5

PRECIPITATION (IN)
  YESTERDAY        0.00          0.40 1982   0.00   0.00
  MONTH TO DATE    T                         0.08  -0.08
  SINCE OCT 1      5.29                      6.35  -1.06
  SINCE JAN 1      2.62                      4.39  -1.77

SNOWFALL (IN)
  YESTERDAY        0.0
  MONTH TO DATE    0.0
  SINCE JUN 1      0.0
  SINCE JUL 1      0.0
  SNOW DEPTH       0

DEGREE DAYS
 HEATING
  YESTERDAY        0                                0
  MONTH TO DATE    0                                0
  SINCE JUN 1      0                                0
  SINCE JUL 1   1307                             -866

 COOLING
  YESTERDAY       21                                5
  MONTH TO DATE  525                              163
  SINCE JUN 1    525                              163
  SINCE JAN 1    870                              241
...............................................................


WIND (MPH)
  HIGHEST WIND SPEED    12   HIGHEST WIND DIRECTION     W (290)
  HIGHEST GUST SPEED    14   HIGHEST GUST DIRECTION     W (280)
  AVERAGE WIND SPEED     4.7




RELATIVE HUMIDITY (PERCENT)
 HIGHEST    61
 LOWEST     24
 AVERAGE    43

..........................................................


THE BAKERSFIELD CLIMATE NORMALS FOR TODAY
                         NORMAL    RECORD    YEAR
 MAXIMUM TEMPERATURE (F)   95       111      1950
                                             1932
 MINIMUM TEMPERATURE (F)   68        44      1907


SUNRISE AND SUNSET
JUNE 30 2015..........SUNRISE   544 AM PDT   SUNSET   815 PM PDT
JULY  1 2015..........SUNRISE   545 AM PDT   SUNSET   815 PM PDT


-  INDICATES NEGATIVE NUMBERS.
R  INDICATES RECORD WAS SET OR TIED.
MM INDICATES DATA IS MISSING.
T  INDICATES TRACE AMOUNT.




$$
