000
CDUS46 KHNX 120825
CLIBFL


CLIMATE REPORT
NATIONAL WEATHER SERVICE SAN JOAQUIN VALLEY, CA
1223 AM PST TUE DEC 12 2017


...................................

...THE BAKERSFIELD CLIMATE SUMMARY FOR DECEMBER 11 2017...

CLIMATE NORMAL PERIOD 1981 TO 2010
CLIMATE RECORD PERIOD 1889 TO 2017


WEATHER ITEM   OBSERVED TIME   RECORD YEAR NORMAL DEPARTURE
                VALUE   (LST)  VALUE       VALUE  FROM
                                                  NORMAL
...............................................................
TEMPERATURE (F)
 YESTERDAY
  MAXIMUM         67    337 PM  81    1912  57     10
  MINIMUM         39    721 AM  24    1923  39      0
                                      1903
  AVERAGE         53                        48      5

PRECIPITATION (IN)
  YESTERDAY        0.00          0.50 1907   0.03  -0.03
  MONTH TO DATE    0.00                      0.31  -0.31
  SINCE OCT 1      0.03                      1.25  -1.22
  SINCE JAN 1      5.34                      5.76  -0.42

SNOWFALL (IN)
  YESTERDAY        0.0
  MONTH TO DATE    0.0
  SINCE DEC 1      0.0
  SINCE JUL 1      0.0
  SNOW DEPTH       0

DEGREE DAYS
 HEATING
  YESTERDAY       12                               -5
  MONTH TO DATE  154                              -22
  SINCE DEC 1    154                              -22
  SINCE JUL 1    331                             -203

 COOLING
  YESTERDAY        0                                0
  MONTH TO DATE    0                                0
  SINCE DEC 1      0                                0
  SINCE JAN 1   2948                              690
...............................................................


WIND (MPH)
  HIGHEST WIND SPEED     8   HIGHEST WIND DIRECTION    NE (40)
  HIGHEST GUST SPEED    10   HIGHEST GUST DIRECTION    SW (240)
  AVERAGE WIND SPEED     2.4




RELATIVE HUMIDITY (PERCENT)
 HIGHEST    76
 LOWEST     32
 AVERAGE    54

..........................................................


THE BAKERSFIELD CLIMATE NORMALS FOR TODAY
                         NORMAL    RECORD    YEAR
 MAXIMUM TEMPERATURE (F)   57        75      1913
 MINIMUM TEMPERATURE (F)   39        20      1901


SUNRISE AND SUNSET
DECEMBER 12 2017......SUNRISE   656 AM PST   SUNSET   444 PM PST
DECEMBER 13 2017......SUNRISE   657 AM PST   SUNSET   444 PM PST


-  INDICATES NEGATIVE NUMBERS.
R  INDICATES RECORD WAS SET OR TIED.
MM INDICATES DATA IS MISSING.
T  INDICATES TRACE AMOUNT.




$$
