106
CDUS44 KAMA 200631
CLIBGD


CLIMATE REPORT
NATIONAL WEATHER SERVICE AMARILLO TX
129 AM CDT FRI OCT 20 2017


...................................

...THE BORGER CLIMATE SUMMARY FOR OCTOBER 19 2017...

CLIMATE NORMAL PERIOD 1981 TO 2010
CLIMATE RECORD PERIOD 1949 TO 2017


WEATHER ITEM   OBSERVED TIME   RECORD YEAR NORMAL DEPARTURE LAST
                VALUE   (LST)  VALUE       VALUE  FROM      YEAR
                                                  NORMAL
..................................................................
TEMPERATURE (F)
 YESTERDAY
  MAXIMUM         78    402 PM  92    2009  72      6       76
  MINIMUM         52    728 AM  26    1989  47      5       45
  AVERAGE         65                        59      6       61

PRECIPITATION (IN)
  YESTERDAY        0.00          0.87 2002   0.05  -0.05     0.00
  MONTH TO DATE    2.13                      1.19   0.94     0.05
  SINCE SEP 1      5.04                      3.57   1.47     1.07
  SINCE JAN 1     26.04                     19.58   6.46    15.41

SNOWFALL (IN)
  YESTERDAY        0.0           T    1949                   0.0
  MONTH TO DATE    0.0                                       0.0
  SINCE SEP 1      0.0                                       0.0
  SINCE JUL 1      0.0                                       0.0
  SNOW DEPTH       0

DEGREE DAYS
 HEATING
  YESTERDAY        0                         7     -7        4
  MONTH TO DATE   53                        89    -36       31
  SINCE SEP 1     78                       116    -38       35
  SINCE JUL 1     78                       117    -39       35

 COOLING
  YESTERDAY        0                         1     -1        0
  MONTH TO DATE   62                        43     19      111
  SINCE SEP 1    323                       278     45      403
  SINCE JAN 1   1986                      1828    158     2121
..................................................................


WIND (MPH)
  RESULTANT WIND SPEED   9   RESULTANT WIND DIRECTION   S (170)
  HIGHEST WIND SPEED    20   HIGHEST WIND DIRECTION     S (170)
  HIGHEST GUST SPEED    27   HIGHEST GUST DIRECTION     S (160)
  AVERAGE WIND SPEED     9.7


SKY COVER
  AVERAGE SKY COVER 0.1


WEATHER CONDITIONS
 THE FOLLOWING WEATHER WAS RECORDED YESTERDAY.
  NO SIGNIFICANT WEATHER WAS OBSERVED.


RELATIVE HUMIDITY (PERCENT)
 HIGHEST    71           800 AM
 LOWEST     30           100 PM
 AVERAGE    51

..........................................................


THE BORGER CLIMATE NORMALS FOR TODAY
                         NORMAL    RECORD    YEAR
 MAXIMUM TEMPERATURE (F)   72        92      2007
 MINIMUM TEMPERATURE (F)   46        27      1976


SUNRISE AND SUNSET
OCTOBER 20 2017.......SUNRISE   757 AM CDT   SUNSET   703 PM CDT
OCTOBER 21 2017.......SUNRISE   758 AM CDT   SUNSET   702 PM CDT


-  INDICATES NEGATIVE NUMBERS.
R  INDICATES RECORD WAS SET OR TIED.
MM INDICATES DATA IS MISSING.
T  INDICATES TRACE AMOUNT.




$$
