000
CDUS44 KAMA 040630
CLIBGD


CLIMATE REPORT
NATIONAL WEATHER SERVICE AMARILLO TX
130 AM CDT TUE AUG 4 2015


...................................

...THE BORGER CLIMATE SUMMARY FOR AUGUST 3 2015...

CLIMATE NORMAL PERIOD 1981 TO 2013
CLIMATE RECORD PERIOD 1949 TO 2015


WEATHER ITEM   OBSERVED TIME   RECORD YEAR NORMAL DEPARTURE LAST
                VALUE   (LST)  VALUE       VALUE  FROM      YEAR
                                                  NORMAL
..................................................................
TEMPERATURE (F)
 YESTERDAY
  MAXIMUM         89    455 PM 108    2012  94     -5       92
  MINIMUM         65   1034 PM  56    1974  70     -5       64
  AVERAGE         77                        82     -5       78

PRECIPITATION (IN)
  YESTERDAY        1.09          1.70 1957   0.07   1.02     0.00
  MONTH TO DATE    5.00                      0.23   4.77     0.00
  SINCE JUN 1     18.67                      6.02  12.65     4.91
  SINCE JAN 1     34.19                     13.07  21.12     7.03

SNOWFALL (IN)
  YESTERDAY        0.0           0.0  2013                   0.0
                                      2012
                                      2011
  MONTH TO DATE    0.0                                       0.0
  SINCE JUN 1      0.0                                       0.0
  SINCE JUL 1      0.0                                       0.0
  SNOW DEPTH       0

DEGREE DAYS
 HEATING
  YESTERDAY        0                         0      0        0
  MONTH TO DATE    0                         0      0        0
  SINCE JUN 1      0                         3     -3        4
  SINCE JUL 1      0                         0      0        1

 COOLING
  YESTERDAY       12                        17     -5       13
  MONTH TO DATE   39                        51    -12       36
  SINCE JUN 1    955                       935     20      913
  SINCE JAN 1   1079                      1132    -53     1227
..................................................................


WIND (MPH)
  RESULTANT WIND SPEED   9   RESULTANT WIND DIRECTION   S (160)
  HIGHEST WIND SPEED    37   HIGHEST WIND DIRECTION    NW (330)
  HIGHEST GUST SPEED    51   HIGHEST GUST DIRECTION    NW (330)
  AVERAGE WIND SPEED     9.8


SKY COVER
  AVERAGE SKY COVER 0.1


WEATHER CONDITIONS
 THE FOLLOWING WEATHER WAS RECORDED YESTERDAY.
  THUNDERSTORM
  HEAVY RAIN
  LIGHT RAIN
  FOG


RELATIVE HUMIDITY (PERCENT)
 HIGHEST    90           700 AM
 LOWEST     51           200 PM
 AVERAGE    71

..........................................................


THE BORGER CLIMATE NORMALS FOR TODAY
                         NORMAL    RECORD    YEAR
 MAXIMUM TEMPERATURE (F)   94       105      2000
 MINIMUM TEMPERATURE (F)   70        59      1978


SUNRISE AND SUNSET
AUGUST  4 2015........SUNRISE   656 AM CDT   SUNSET   847 PM CDT
AUGUST  5 2015........SUNRISE   657 AM CDT   SUNSET   846 PM CDT


-  INDICATES NEGATIVE NUMBERS.
R  INDICATES RECORD WAS SET OR TIED.
MM INDICATES DATA IS MISSING.
T  INDICATES TRACE AMOUNT.




$$
