000
CDUS44 KAMA 202137
CLIBGD


CLIMATE REPORT
NATIONAL WEATHER SERVICE AMARILLO TX
434 PM CDT SUN APR 20 2014


...................................

...THE BORGER CLIMATE SUMMARY FOR APRIL 20 2014...
VALID TODAY AS OF 0400 PM LOCAL TIME.

CLIMATE NORMAL PERIOD 1981 TO 2013
CLIMATE RECORD PERIOD 1949 TO 2014


WEATHER ITEM   OBSERVED TIME   RECORD YEAR NORMAL DEPARTURE LAST
                VALUE   (LST)  VALUE       VALUE  FROM      YEAR
                                                  NORMAL
..................................................................
TEMPERATURE (F)
 TODAY
  MAXIMUM         78    120 PM  91    1989  74      4       77
  MINIMUM         53    616 AM  25    1966  46      7       48
  AVERAGE         66                        60      6       63

PRECIPITATION (IN)
  TODAY            0.01          1.09 1952   0.07  -0.06     0.00
  MONTH TO DATE    0.11                      1.14  -1.03     0.05
  SINCE MAR 1      0.18                      2.55  -2.37     0.34
  SINCE JAN 1      0.56                      3.76  -3.20     3.39

SNOWFALL (IN)
  TODAY            0.0           T    1959                   0.0
  MONTH TO DATE    1.1                                        T
  SINCE MAR 1      2.1                                       0.3
  SINCE JUL 1     14.7                                      27.5
  SNOW DEPTH       0

DEGREE DAYS
 HEATING
  TODAY            0                         7     -7        2
  MONTH TO DATE  166                       174     -8      259
  SINCE MAR 1    668                       658     10      717
  SINCE JUL 1   3746                      3651     95     3439

 COOLING
  TODAY            1                         1      0        0
  MONTH TO DATE   23                        17      6        7
  SINCE MAR 1     25                        24      1        7
  SINCE JAN 1     25                        24      1        7
..................................................................


WIND (MPH)
  RESULTANT WIND SPEED   9   RESULTANT WIND DIRECTION   S (190)
  HIGHEST WIND SPEED    26   HIGHEST WIND DIRECTION     W (250)
  HIGHEST GUST SPEED    38   HIGHEST GUST DIRECTION    SW (240)
  AVERAGE WIND SPEED     9.6


SKY COVER
  AVERAGE SKY COVER 0.4


WEATHER CONDITIONS
 THE FOLLOWING WEATHER WAS RECORDED TODAY.
  THUNDERSTORM
  LIGHT RAIN


RELATIVE HUMIDITY (PERCENT)
 HIGHEST    83           700 AM
 LOWEST     36           100 PM
 AVERAGE    60

..........................................................


THE BORGER CLIMATE NORMALS FOR TOMORROW
                         NORMAL    RECORD    YEAR
 MAXIMUM TEMPERATURE (F)   74        92      1960
 MINIMUM TEMPERATURE (F)   47        31      1982


SUNRISE AND SUNSET
APRIL 20 2014.........SUNRISE   706 AM CDT   SUNSET   823 PM CDT
APRIL 21 2014.........SUNRISE   705 AM CDT   SUNSET   824 PM CDT


-  INDICATES NEGATIVE NUMBERS.
R  INDICATES RECORD WAS SET OR TIED.
MM INDICATES DATA IS MISSING.
T  INDICATES TRACE AMOUNT.




$$
