665
CDUS44 KAMA 220630
CLIBGD


CLIMATE REPORT
NATIONAL WEATHER SERVICE AMARILLO TX
127 AM CDT FRI MAY 22 2015


...................................

...THE BORGER CLIMATE SUMMARY FOR MAY 21 2015...

CLIMATE NORMAL PERIOD 1981 TO 2013
CLIMATE RECORD PERIOD 1949 TO 2015


WEATHER ITEM   OBSERVED TIME   RECORD YEAR NORMAL DEPARTURE LAST
                VALUE   (LST)  VALUE       VALUE  FROM      YEAR
                                                  NORMAL
..................................................................
TEMPERATURE (F)
 YESTERDAY
  MAXIMUM         59    533 PM 102    1966  82    -23       93
  MINIMUM         47    612 AM  43    2001  57    -10       63
  AVERAGE         53                        70    -17       78

PRECIPITATION (IN)
  YESTERDAY        0.48          1.52 1992   0.11   0.37     0.11
  MONTH TO DATE    7.01                      1.62   5.39     0.11
  SINCE MAR 1     11.68                      4.57   7.11     0.31
  SINCE JAN 1     13.53                      5.78   7.75     0.69

SNOWFALL (IN)
  YESTERDAY        0.0           0.0  2013                   0.0
                                      2012
                                      2011
  MONTH TO DATE    0.0                                       0.0
  SINCE MAR 1      T                                         2.1
  SINCE JUL 1     17.5                                      14.7
  SNOW DEPTH       0

DEGREE DAYS
 HEATING
  YESTERDAY       12                         1     11        0
  MONTH TO DATE   67                        54     13       56
  SINCE MAR 1    568                       764   -196      760
  SINCE JUL 1   3440                      3757   -317     3838

 COOLING
  YESTERDAY        0                         6     -6       13
  MONTH TO DATE   45                        84    -39      176
  SINCE MAR 1    101                       128    -27      241
  SINCE JAN 1    101                       128    -27      241
..................................................................


WIND (MPH)
  RESULTANT WIND SPEED   7   RESULTANT WIND DIRECTION   E (80)
  HIGHEST WIND SPEED    14   HIGHEST WIND DIRECTION    NE (60)
  HIGHEST GUST SPEED    19   HIGHEST GUST DIRECTION    NE (60)
  AVERAGE WIND SPEED     7.3


SKY COVER
  AVERAGE SKY COVER 1.0


WEATHER CONDITIONS
 THE FOLLOWING WEATHER WAS RECORDED YESTERDAY.
  THUNDERSTORM
  HEAVY RAIN
  RAIN
  LIGHT RAIN
  FOG


RELATIVE HUMIDITY (PERCENT)
 HIGHEST    96          1100 PM
 LOWEST     57           200 PM
 AVERAGE    77

..........................................................


THE BORGER CLIMATE NORMALS FOR TODAY
                         NORMAL    RECORD    YEAR
 MAXIMUM TEMPERATURE (F)   83       100      1996
 MINIMUM TEMPERATURE (F)   57        39      1967


SUNRISE AND SUNSET
MAY 22 2015...........SUNRISE   636 AM CDT   SUNSET   849 PM CDT
MAY 23 2015...........SUNRISE   635 AM CDT   SUNSET   850 PM CDT


-  INDICATES NEGATIVE NUMBERS.
R  INDICATES RECORD WAS SET OR TIED.
MM INDICATES DATA IS MISSING.
T  INDICATES TRACE AMOUNT.




$$
