000
CDUS44 KAMA 280731
CLIBGD


CLIMATE REPORT
NATIONAL WEATHER SERVICE AMARILLO TX
130 AM CST SUN DEC 28 2014


...................................

...THE BORGER CLIMATE SUMMARY FOR DECEMBER 27 2014...

CLIMATE NORMAL PERIOD 1981 TO 2013
CLIMATE RECORD PERIOD 1949 TO 2014


WEATHER ITEM   OBSERVED TIME   RECORD YEAR NORMAL DEPARTURE LAST
                VALUE   (LST)  VALUE       VALUE  FROM      YEAR
                                                  NORMAL
..................................................................
TEMPERATURE (F)
 YESTERDAY
  MAXIMUM         37    416 PM  72    1980  49    -12       58
  MINIMUM         20    821 AM   1    1987  25     -5       25
  AVERAGE         29                        37     -8       42

PRECIPITATION (IN)
  YESTERDAY        0.00          0.78 1982   0.03  -0.03     0.00
  MONTH TO DATE    0.13                      0.63  -0.50     0.27
  SINCE DEC 1      0.13                      0.63  -0.50     0.27
  SINCE JAN 1     10.77                     21.58 -10.81    15.20

SNOWFALL (IN)
  YESTERDAY        0.0          MM      MM                   0.0
  MONTH TO DATE    T                                         3.4
  SINCE DEC 1      T                                         3.4
  SINCE JUL 1      1.9                                       7.2
  SNOW DEPTH       0

DEGREE DAYS
 HEATING
  YESTERDAY       36                        28      8       23
  MONTH TO DATE  563                       710   -147      743
  SINCE DEC 1    563                       710   -147      743
  SINCE JUL 1   1248                      1427   -179     1457

 COOLING
  YESTERDAY        0                         0      0        0
  MONTH TO DATE    0                         0      0        0
  SINCE DEC 1      0                         0      0        0
  SINCE JAN 1   2053                      1839    214     2220
..................................................................


WIND (MPH)
  RESULTANT WIND SPEED   4   RESULTANT WIND DIRECTION   N (340)
  HIGHEST WIND SPEED    13   HIGHEST WIND DIRECTION     N (10)
  HIGHEST GUST SPEED    16   HIGHEST GUST DIRECTION     N (360)
  AVERAGE WIND SPEED     5.9


SKY COVER
  AVERAGE SKY COVER 0.0


WEATHER CONDITIONS
 THE FOLLOWING WEATHER WAS RECORDED YESTERDAY.
  NO SIGNIFICANT WEATHER WAS OBSERVED.


RELATIVE HUMIDITY (PERCENT)
 HIGHEST    77           700 AM
 LOWEST     35           400 PM
 AVERAGE    56

..........................................................


THE BORGER CLIMATE NORMALS FOR TODAY
                         NORMAL    RECORD    YEAR
 MAXIMUM TEMPERATURE (F)   49        74      1964
 MINIMUM TEMPERATURE (F)   25        10      1983


SUNRISE AND SUNSET
DECEMBER 28 2014......SUNRISE   754 AM CST   SUNSET   540 PM CST
DECEMBER 29 2014......SUNRISE   755 AM CST   SUNSET   541 PM CST


-  INDICATES NEGATIVE NUMBERS.
R  INDICATES RECORD WAS SET OR TIED.
MM INDICATES DATA IS MISSING.
T  INDICATES TRACE AMOUNT.




$$
