000
CDUS44 KAMA 120729
CLIBGD


CLIMATE REPORT
NATIONAL WEATHER SERVICE AMARILLO TX
128 AM CST FRI FEB 12 2016


...................................

...THE BORGER CLIMATE SUMMARY FOR FEBRUARY 11 2016...

CLIMATE NORMAL PERIOD 1981 TO 2010
CLIMATE RECORD PERIOD 1949 TO 2016


WEATHER ITEM   OBSERVED TIME   RECORD YEAR NORMAL DEPARTURE LAST
                VALUE   (LST)  VALUE       VALUE  FROM      YEAR
                                                  NORMAL
..................................................................
TEMPERATURE (F)
 YESTERDAY
  MAXIMUM         69    516 PM  88    1962  54     15       45
  MINIMUM         38    809 AM  -5    1981  29      9       31
  AVERAGE         54                        41     13       38

PRECIPITATION (IN)
  YESTERDAY        0.00          0.37 1958   0.03  -0.03      T
  MONTH TO DATE    0.23                      0.28  -0.05      T
  SINCE DEC 1      1.35                      1.64  -0.29     1.37
  SINCE JAN 1      0.51                      0.87  -0.36     1.23

SNOWFALL (IN)
  YESTERDAY        0.0           4.0  1958                    T
  MONTH TO DATE    0.0                                        T
  SINCE DEC 1      6.7                                       9.1
  SINCE JUL 1      7.5                                      11.0
  SNOW DEPTH       0

DEGREE DAYS
 HEATING
  YESTERDAY       11                        24    -13       27
  MONTH TO DATE  254                       267    -13      184
  SINCE DEC 1   1695                      1902   -207     1720
  SINCE JUL 1   2267                      2619   -352     2405

 COOLING
  YESTERDAY        0                         0      0        0
  MONTH TO DATE    0                         0      0        0
  SINCE DEC 1      0                         0      0        0
  SINCE JAN 1      0                         0      0        0
..................................................................


WIND (MPH)
  RESULTANT WIND SPEED   0   RESULTANT WIND DIRECTION  SE (130)
  HIGHEST WIND SPEED    12   HIGHEST WIND DIRECTION     S (180)
  HIGHEST GUST SPEED    16   HIGHEST GUST DIRECTION     S (200)
  AVERAGE WIND SPEED     4.1


SKY COVER
  AVERAGE SKY COVER 0.0


WEATHER CONDITIONS
 THE FOLLOWING WEATHER WAS RECORDED YESTERDAY.
  NO SIGNIFICANT WEATHER WAS OBSERVED.


RELATIVE HUMIDITY (PERCENT)
 HIGHEST    59           800 AM
 LOWEST     17           400 PM
 AVERAGE    38

..........................................................


THE BORGER CLIMATE NORMALS FOR TODAY
                         NORMAL    RECORD    YEAR
 MAXIMUM TEMPERATURE (F)   54        88      1962
 MINIMUM TEMPERATURE (F)   29         7      1986


SUNRISE AND SUNSET
FEBRUARY 12 2016......SUNRISE   736 AM CST   SUNSET   624 PM CST
FEBRUARY 13 2016......SUNRISE   735 AM CST   SUNSET   625 PM CST


-  INDICATES NEGATIVE NUMBERS.
R  INDICATES RECORD WAS SET OR TIED.
MM INDICATES DATA IS MISSING.
T  INDICATES TRACE AMOUNT.




$$
