000
CDUS44 KAMA 072132
CLIBGD


CLIMATE REPORT
NATIONAL WEATHER SERVICE AMARILLO TX
431 PM CDT TUE JUL 7 2015


...................................

...THE BORGER CLIMATE SUMMARY FOR JULY 7 2015...
VALID TODAY AS OF 0400 PM LOCAL TIME.

CLIMATE NORMAL PERIOD 1981 TO 2013
CLIMATE RECORD PERIOD 1949 TO 2015


WEATHER ITEM   OBSERVED TIME   RECORD YEAR NORMAL DEPARTURE LAST
                VALUE   (LST)  VALUE       VALUE  FROM      YEAR
                                                  NORMAL
..................................................................
TEMPERATURE (F)
 TODAY
  MAXIMUM         69    258 PM 104    1970  94    -25       99
  MINIMUM         62   1006 AM  57    1952  69     -7       75
  AVERAGE         66                        81    -15       87

PRECIPITATION (IN)
  TODAY            0.17          3.24 1988   0.08   0.09     0.00
  MONTH TO DATE    3.60                      0.71   2.89     0.90
  SINCE JUN 1      8.75                      3.88   4.87     2.64
  SINCE JAN 1     24.27                     10.93  13.34     4.76

SNOWFALL (IN)
  TODAY            0.0           0.0  2013                   0.0
                                      2012
                                      2011
  MONTH TO DATE    0.0                                       0.0
  SINCE JUN 1      0.0                                       0.0
  SINCE JUL 1      0.0                                       0.0
  SNOW DEPTH       0

DEGREE DAYS
 HEATING
  TODAY            0                         0      0        0
  MONTH TO DATE    0                         0      0        0
  SINCE JUN 1      0                         3     -3        3
  SINCE JUL 1      0                         0      0        0

 COOLING
  TODAY            1                        16    -15       22
  MONTH TO DATE   94                       111    -17      101
  SINCE JUN 1    507                       469     38      508
  SINCE JAN 1    631                       666    -35      822
..................................................................


WIND (MPH)
  RESULTANT WIND SPEED  10   RESULTANT WIND DIRECTION  NE (40)
  HIGHEST WIND SPEED    18   HIGHEST WIND DIRECTION    NE (30)
  HIGHEST GUST SPEED    23   HIGHEST GUST DIRECTION    NE (30)
  AVERAGE WIND SPEED    10.6


SKY COVER
  AVERAGE SKY COVER 1.0


WEATHER CONDITIONS
 THE FOLLOWING WEATHER WAS RECORDED TODAY.
  RAIN
  LIGHT RAIN
  FOG
  HAZE


RELATIVE HUMIDITY (PERCENT)
 HIGHEST   100          1200 AM
 LOWEST     73           100 PM
 AVERAGE    87

..........................................................


THE BORGER CLIMATE NORMALS FOR TOMORROW
                         NORMAL    RECORD    YEAR
 MAXIMUM TEMPERATURE (F)   94       106      2011
 MINIMUM TEMPERATURE (F)   69        56      1994


SUNRISE AND SUNSET
JULY  7 2015..........SUNRISE   636 AM CDT   SUNSET   905 PM CDT
JULY  8 2015..........SUNRISE   637 AM CDT   SUNSET   904 PM CDT


-  INDICATES NEGATIVE NUMBERS.
R  INDICATES RECORD WAS SET OR TIED.
MM INDICATES DATA IS MISSING.
T  INDICATES TRACE AMOUNT.




$$
