000
CDUS41 KBGM 300708
CLIBGM


CLIMATE REPORT
NATIONAL WEATHER SERVICE BINGHAMTON NY
308 AM EDT THU MAR 30 2017


...................................

...THE BINGHAMTON NY CLIMATE SUMMARY FOR MARCH 29 2017...

CLIMATE NORMAL PERIOD 1981 TO 2010
CLIMATE RECORD PERIOD 1951 TO 2017


WEATHER ITEM   OBSERVED TIME   RECORD YEAR NORMAL DEPARTURE LAST
                VALUE   (LST)  VALUE       VALUE  FROM      YEAR
                                                  NORMAL
..................................................................
TEMPERATURE (F)
 YESTERDAY
  MAXIMUM         45    323 PM  75    1986  46     -1       39
                                      1985
  MINIMUM         30   1159 PM   9    1959  29      1       28
  AVERAGE         38                        38      0       34

PRECIPITATION (IN)
  YESTERDAY        0.00          1.01 2014   0.11  -0.11      T
  MONTH TO DATE    4.68                      2.77   1.91     1.40
  SINCE MAR 1      4.68                      2.77   1.91     1.40
  SINCE JAN 1     10.95                      7.53   3.42     6.71

SNOWFALL (IN)
  YESTERDAY        0.0           8.5  1984   0.3   -0.3       T
  MONTH TO DATE   39.6                      14.5   25.1      1.0
  SINCE MAR 1     39.6                      14.5   25.1      1.0
  SINCE JUL 1    133.1                      78.4   54.7     22.7
  SNOW DEPTH       0

DEGREE DAYS
 HEATING
  YESTERDAY       27                        27      0       31
  MONTH TO DATE 1051                       944    107      739
  SINCE MAR 1   1051                       944    107      739
  SINCE JUL 1   5664                      6143   -479     5097

 COOLING
  YESTERDAY        0                         0      0        0
  MONTH TO DATE    0                         0      0        0
  SINCE MAR 1      0                         0      0        0
  SINCE JAN 1      0                         0      0        0
..................................................................


WIND (MPH)
  HIGHEST WIND SPEED    25   HIGHEST WIND DIRECTION     N (10)
  HIGHEST GUST SPEED    33   HIGHEST GUST DIRECTION     N (350)
  AVERAGE WIND SPEED    13.7


SKY COVER
  AVERAGE SKY COVER 0.5


WEATHER CONDITIONS
 THE FOLLOWING WEATHER WAS RECORDED YESTERDAY.
  NO SIGNIFICANT WEATHER WAS OBSERVED.


RELATIVE HUMIDITY (PERCENT)
 HIGHEST    92          1200 AM
 LOWEST     45           200 PM
 AVERAGE    69

..........................................................


THE BINGHAMTON NY CLIMATE NORMALS FOR TODAY
                         NORMAL    RECORD    YEAR
 MAXIMUM TEMPERATURE (F)   47        82      1998
                                             1977
 MINIMUM TEMPERATURE (F)   30         9      1970


SUNRISE AND SUNSET
MARCH 30 2017.........SUNRISE   650 AM EDT   SUNSET   728 PM EDT
MARCH 31 2017.........SUNRISE   648 AM EDT   SUNSET   729 PM EDT


-  INDICATES NEGATIVE NUMBERS.
R  INDICATES RECORD WAS SET OR TIED.
MM INDICATES DATA IS MISSING.
T  INDICATES TRACE AMOUNT.




$$
