000
CDUS41 KBGM 050553
CLIBGM


CLIMATE REPORT
NATIONAL WEATHER SERVICE BINGHAMTON NY
152 AM EDT SAT SEP 5 2015


...................................

...THE BINGHAMTON NY CLIMATE SUMMARY FOR SEPTEMBER 4 2015...

CLIMATE NORMAL PERIOD 1981 TO 2010
CLIMATE RECORD PERIOD 1951 TO 2015


WEATHER ITEM   OBSERVED TIME   RECORD YEAR NORMAL DEPARTURE LAST
                VALUE   (LST)  VALUE       VALUE  FROM      YEAR
                                                  NORMAL
..................................................................
TEMPERATURE (F)
 YESTERDAY
  MAXIMUM         83    341 PM  91    1953  73     10       80
  MINIMUM         63    535 AM  40    1987  55      8       58
  AVERAGE         73                        64      9       69

PRECIPITATION (IN)
  YESTERDAY        0.00          1.06 1988   0.12  -0.12     0.00
  MONTH TO DATE    0.00                      0.46  -0.46     0.66
  SINCE SEP 1      0.00                      0.46  -0.46     0.66
  SINCE JAN 1     31.52                     26.67   4.85    29.69

SNOWFALL (IN)
  YESTERDAY        0.0           0.0  2002   0.0    0.0      0.0
                                      2001
                                      2000
  MONTH TO DATE    0.0                       0.0    0.0      0.0
  SINCE SEP 1      0.0                       0.0    0.0      0.0
  SINCE JUL 1      T                         0.0    0.0       T
  SNOW DEPTH       0

DEGREE DAYS
 HEATING
  YESTERDAY        0                         3     -3        0
  MONTH TO DATE    0                        12    -12        0
  SINCE SEP 1      0                        12    -12        0
  SINCE JUL 1     49                        75    -26       66

 COOLING
  YESTERDAY        8                         2      6        4
  MONTH TO DATE   31                         8     23       24
  SINCE SEP 1     31                         8     23       24
  SINCE JAN 1    373                       356     17      326
..................................................................


WIND (MPH)
  HIGHEST WIND SPEED    14   HIGHEST WIND DIRECTION    SE (140)
  HIGHEST GUST SPEED    17   HIGHEST GUST DIRECTION    SE (140)
  AVERAGE WIND SPEED     6.2


SKY COVER
  AVERAGE SKY COVER 0.4


WEATHER CONDITIONS
 THE FOLLOWING WEATHER WAS RECORDED YESTERDAY.
  FOG
  FOG W/VISIBILITY <= 1/4 MILE


RELATIVE HUMIDITY (PERCENT)
 HIGHEST   100           200 AM
 LOWEST     55           300 PM
 AVERAGE    78

..........................................................


THE BINGHAMTON NY CLIMATE NORMALS FOR TODAY
                         NORMAL    RECORD    YEAR
 MAXIMUM TEMPERATURE (F)   72        87      1983
 MINIMUM TEMPERATURE (F)   55        38      2000


SUNRISE AND SUNSET
SEPTEMBER  5 2015.....SUNRISE   633 AM EDT   SUNSET   731 PM EDT
SEPTEMBER  6 2015.....SUNRISE   634 AM EDT   SUNSET   730 PM EDT


-  INDICATES NEGATIVE NUMBERS.
R  INDICATES RECORD WAS SET OR TIED.
MM INDICATES DATA IS MISSING.
T  INDICATES TRACE AMOUNT.




$$
