000
CDUS41 KBGM 060556
CLIBGM


CLIMATE REPORT
NATIONAL WEATHER SERVICE BINGHAMTON NY
1255 AM EST SAT FEB 6 2016


...................................

...THE BINGHAMTON NY CLIMATE SUMMARY FOR FEBRUARY 5 2016...

CLIMATE NORMAL PERIOD 1981 TO 2010
CLIMATE RECORD PERIOD 1951 TO 2016


WEATHER ITEM   OBSERVED TIME   RECORD YEAR NORMAL DEPARTURE LAST
                VALUE   (LST)  VALUE       VALUE  FROM      YEAR
                                                  NORMAL
..................................................................
TEMPERATURE (F)
 YESTERDAY
  MAXIMUM         32   1043 AM  55    1991  30      2       24
  MINIMUM         22   1145 PM  -7    1978  16      6       -1
  AVERAGE         27                        23      4       12

PRECIPITATION (IN)
  YESTERDAY        T             1.29 2014   0.08  -0.08     0.06
  MONTH TO DATE    0.78                      0.40   0.38     0.82
  SINCE DEC 1      5.70                      5.68   0.02     6.05
  SINCE JAN 1      2.09                      2.85  -0.76     2.75

SNOWFALL (IN)
  YESTERDAY        T            13.2  2014   0.6   -0.6      1.5
  MONTH TO DATE    T                         3.1   -3.1     17.3
  SINCE DEC 1     12.4                      43.1  -30.7     46.5
  SINCE JUL 1     13.5                      49.9  -36.4     60.2
  SNOW DEPTH       0

DEGREE DAYS
 HEATING
  YESTERDAY       38                        42     -4       53
  MONTH TO DATE  140                       210    -70      246
  SINCE DEC 1   2148                      2707   -559     2775
  SINCE JUL 1   3418                      4282   -864     4310

 COOLING
  YESTERDAY        0                         0      0        0
  MONTH TO DATE    0                         0      0        0
  SINCE DEC 1      0                         0      0        0
  SINCE JAN 1      0                         0      0        0
..................................................................


WIND (MPH)
  HIGHEST WIND SPEED    22   HIGHEST WIND DIRECTION     N (340)
  HIGHEST GUST SPEED    31   HIGHEST GUST DIRECTION     N (350)
  AVERAGE WIND SPEED    10.3


SKY COVER
  AVERAGE SKY COVER 0.7


WEATHER CONDITIONS
 THE FOLLOWING WEATHER WAS RECORDED YESTERDAY.
  LIGHT SNOW


RELATIVE HUMIDITY (PERCENT)
 HIGHEST    85           300 AM
 LOWEST     53          1200 PM
 AVERAGE    69

..........................................................


THE BINGHAMTON NY CLIMATE NORMALS FOR TODAY
                         NORMAL    RECORD    YEAR
 MAXIMUM TEMPERATURE (F)   30        50      2012
                                             2005
 MINIMUM TEMPERATURE (F)   16        -7      1995


SUNRISE AND SUNSET
FEBRUARY  6 2016......SUNRISE   712 AM EST   SUNSET   524 PM EST
FEBRUARY  7 2016......SUNRISE   711 AM EST   SUNSET   526 PM EST


-  INDICATES NEGATIVE NUMBERS.
R  INDICATES RECORD WAS SET OR TIED.
MM INDICATES DATA IS MISSING.
T  INDICATES TRACE AMOUNT.




$$
