000
CDUS41 KBGM 040545
CLIBGM


CLIMATE REPORT
NATIONAL WEATHER SERVICE BINGHAMTON NY
1243 AM EST WED MAR 4 2015


...................................

...THE BINGHAMTON NY CLIMATE SUMMARY FOR MARCH 3 2015...

CLIMATE NORMAL PERIOD 1981 TO 2010
CLIMATE RECORD PERIOD 1951 TO 2015


WEATHER ITEM   OBSERVED TIME   RECORD YEAR NORMAL DEPARTURE LAST
                VALUE   (LST)  VALUE       VALUE  FROM      YEAR
                                                  NORMAL
..................................................................
TEMPERATURE (F)
 YESTERDAY
  MAXIMUM         28   1159 PM  56    1991  36     -8       13
  MINIMUM          9    541 AM  -3    2003  21    -12        2
  AVERAGE         19                        28     -9        8

PRECIPITATION (IN)
  YESTERDAY        0.34          1.19 1994   0.08   0.26      T
  MONTH TO DATE    0.72                      0.25   0.47     0.02
  SINCE MAR 1      0.72                      0.25   0.47     0.02
  SINCE JAN 1      4.66                      5.01  -0.35     5.71

SNOWFALL (IN)
  YESTERDAY        2.2           9.2  1994   0.7    1.5       T
  MONTH TO DATE    5.6                       1.9    3.7      0.3
  SINCE MAR 1      5.6                       1.9    3.7      0.3
  SINCE JUL 1     81.4                      65.8   15.6     82.8
  SNOW DEPTH      18

DEGREE DAYS
 HEATING
  YESTERDAY       46                        37      9       57
  MONTH TO DATE  139                       111     28      148
  SINCE MAR 1    139                       111     28      148
  SINCE JUL 1   5671                      5310    361     5619

 COOLING
  YESTERDAY        0                         0      0        0
  MONTH TO DATE    0                         0      0        0
  SINCE MAR 1      0                         0      0        0
  SINCE JAN 1      0                         0      0        0
..................................................................


WIND (MPH)
  HIGHEST WIND SPEED    22   HIGHEST WIND DIRECTION     S (170)
  HIGHEST GUST SPEED    32   HIGHEST GUST DIRECTION     S (170)
  AVERAGE WIND SPEED     9.4


SKY COVER
  AVERAGE SKY COVER 0.7


WEATHER CONDITIONS
 THE FOLLOWING WEATHER WAS RECORDED YESTERDAY.
  SNOW
  LIGHT SNOW
  FOG
  FOG W/VISIBILITY <= 1/4 MILE
  HAZE


RELATIVE HUMIDITY (PERCENT)
 HIGHEST    91           700 PM
 LOWEST     62          1200 PM
 AVERAGE    77

..........................................................


THE BINGHAMTON NY CLIMATE NORMALS FOR TODAY
                         NORMAL    RECORD    YEAR
 MAXIMUM TEMPERATURE (F)   37        64      1974
 MINIMUM TEMPERATURE (F)   21        -3      2014


SUNRISE AND SUNSET
MARCH  4 2015.........SUNRISE   635 AM EST   SUNSET   557 PM EST
MARCH  5 2015.........SUNRISE   633 AM EST   SUNSET   558 PM EST


-  INDICATES NEGATIVE NUMBERS.
R  INDICATES RECORD WAS SET OR TIED.
MM INDICATES DATA IS MISSING.
T  INDICATES TRACE AMOUNT.

$$
