000
CDUS41 KCAR 110526
CLIBGR


CLIMATE REPORT
NATIONAL WEATHER SERVICE CARIBOU, ME
126 AM EDT FRI JUL 11 2014


...................................

...THE BANGOR ME CLIMATE SUMMARY FOR JULY 10 2014...

CLIMATE NORMAL PERIOD 1981 TO 2010
CLIMATE RECORD PERIOD 1925 TO 2014


WEATHER ITEM   OBSERVED TIME   RECORD YEAR NORMAL DEPARTURE LAST
                VALUE   (LST)  VALUE       VALUE  FROM      YEAR
                                                  NORMAL
..................................................................
TEMPERATURE (F)
 YESTERDAY
  MAXIMUM         80    127 PM  96    1937  79      1       73
  MINIMUM         56   1154 PM  44    1942  58     -2       62
  AVERAGE         68                        68      0       68

PRECIPITATION (IN)
  YESTERDAY        T             0.98 1972   0.11  -0.11     0.01
  MONTH TO DATE    3.70                      1.05   2.65     0.87
  SINCE JUN 1      7.29                      4.81   2.48     6.33
  SINCE JAN 1     21.70                     20.86   0.84    17.62

SNOWFALL (IN)
  YESTERDAY        0.0           0.0  2002   0.0             0.0
                                      2001
  MONTH TO DATE    0.0                       0.0             0.0
  SINCE JUN 1      0.0                       0.0             0.0
  SINCE JUL 1      0.0                       0.0             0.0
  SNOW DEPTH       0

DEGREE DAYS
 HEATING
  YESTERDAY        0                         1     -1        0
  MONTH TO DATE    5                        10     -5        3
  SINCE JUN 1     76                       117    -41      103
  SINCE JUL 1      5                        10     -5        3

 COOLING
  YESTERDAY        3                         4     -1        3
  MONTH TO DATE   79                        38     41       66
  SINCE JUN 1    125                        90     35      123
  SINCE JAN 1    125                        96     29      131
..................................................................


WIND (MPH)
  RESULTANT WIND SPEED   4   RESULTANT WIND DIRECTION   W (280)
  HIGHEST WIND SPEED    13   HIGHEST WIND DIRECTION     W (280)
  HIGHEST GUST SPEED    18   HIGHEST GUST DIRECTION     W (280)


SKY COVER
  POSSIBLE SUNSHINE  MM
  AVERAGE SKY COVER 0.3


WEATHER CONDITIONS
 THE FOLLOWING WEATHER WAS RECORDED YESTERDAY.
  LIGHT RAIN
  FOG


RELATIVE HUMIDITY (PERCENT)
 HIGHEST    93
 LOWEST     39
 AVERAGE    66

..........................................................


THE BANGOR ME CLIMATE NORMALS FOR TODAY
                         NORMAL    RECORD    YEAR
 MAXIMUM TEMPERATURE (F)   79        94      1935
 MINIMUM TEMPERATURE (F)   58        47      2002


SUNRISE AND SUNSET
JULY 11 2014..........SUNRISE   500 AM EDT   SUNSET   821 PM EDT
JULY 12 2014..........SUNRISE   501 AM EDT   SUNSET   820 PM EDT


-  INDICATES NEGATIVE NUMBERS.
R  INDICATES RECORD WAS SET OR TIED.
MM INDICATES DATA IS MISSING.
T  INDICATES TRACE AMOUNT.




$$
