000
CDUS41 KCAR 090528
CLIBGR


CLIMATE REPORT
NATIONAL WEATHER SERVICE CARIBOU, ME
1228 AM EST FRI DEC 9 2016


...................................

...THE BANGOR ME CLIMATE SUMMARY FOR DECEMBER 8 2016...

CLIMATE NORMAL PERIOD 1981 TO 2010
CLIMATE RECORD PERIOD 1925 TO 2016


WEATHER ITEM   OBSERVED TIME   RECORD YEAR NORMAL DEPARTURE LAST
                VALUE   (LST)  VALUE       VALUE  FROM      YEAR
                                                  NORMAL
..................................................................
TEMPERATURE (F)
 YESTERDAY
  MAXIMUM         38    135 PM  56    1974  36      2       36
  MINIMUM         25    954 PM -12    1964  19      6       22
  AVERAGE         32                        28      4       29

PRECIPITATION (IN)
  YESTERDAY        T             0.79 2011   0.13  -0.13     0.00
  MONTH TO DATE    0.96                      1.05  -0.09     0.80
  SINCE DEC 1      0.96                      1.05  -0.09     0.80
  SINCE JAN 1     31.54                     39.50  -7.96    32.27

SNOWFALL (IN)
  YESTERDAY        T             3.4  1964   0.5             0.0
  MONTH TO DATE    1.8                       3.0              T
  SINCE DEC 1      1.8                       3.0              T
  SINCE JUL 1      3.3                       5.4             2.5
  SNOW DEPTH       2

DEGREE DAYS
 HEATING
  YESTERDAY       33                        37     -4       36
  MONTH TO DATE  291                       284      7      246
  SINCE DEC 1    291                       284      7      246
  SINCE JUL 1   1710                      1953   -243     1747

 COOLING
  YESTERDAY        0                         0      0        0
  MONTH TO DATE    0                         0      0        0
  SINCE DEC 1      0                         0      0        0
  SINCE JAN 1    448                       318    130      406
..................................................................


WIND (MPH)
  RESULTANT WIND SPEED   0   RESULTANT WIND DIRECTION   W (280)
  HIGHEST WIND SPEED     9   HIGHEST WIND DIRECTION    SE (140)
  HIGHEST GUST SPEED    12   HIGHEST GUST DIRECTION     W (290)


SKY COVER
  POSSIBLE SUNSHINE  MM
  AVERAGE SKY COVER 0.8


WEATHER CONDITIONS
 THE FOLLOWING WEATHER WAS RECORDED YESTERDAY.
  FOG
  FOG W/VISIBILITY <= 1/4 MILE


RELATIVE HUMIDITY (PERCENT)
 HIGHEST   100
 LOWEST     76
 AVERAGE    88

..........................................................


THE BANGOR ME CLIMATE NORMALS FOR TODAY
                         NORMAL    RECORD    YEAR
 MAXIMUM TEMPERATURE (F)   36        58      1974
 MINIMUM TEMPERATURE (F)   19       -10      1970


SUNRISE AND SUNSET
DECEMBER  9 2016......SUNRISE   701 AM EST   SUNSET   354 PM EST
DECEMBER 10 2016......SUNRISE   702 AM EST   SUNSET   354 PM EST


-  INDICATES NEGATIVE NUMBERS.
R  INDICATES RECORD WAS SET OR TIED.
MM INDICATES DATA IS MISSING.
T  INDICATES TRACE AMOUNT.




$$
