000
CDUS41 KCAR 130527
CLIBGR


CLIMATE REPORT
NATIONAL WEATHER SERVICE CARIBOU, ME
1226 AM EST SAT FEB 13 2016


...................................

...THE BANGOR ME CLIMATE SUMMARY FOR FEBRUARY 12 2016...

CLIMATE NORMAL PERIOD 1981 TO 2010
CLIMATE RECORD PERIOD 1925 TO 2016


WEATHER ITEM   OBSERVED TIME   RECORD YEAR NORMAL DEPARTURE LAST
                VALUE   (LST)  VALUE       VALUE  FROM      YEAR
                                                  NORMAL
..................................................................
TEMPERATURE (F)
 YESTERDAY
  MAXIMUM         14    424 PM  55    1981  31    -17        9
  MINIMUM         -4   1133 PM -17    1967   9    -13       -2
  AVERAGE          5                        20    -15        4

PRECIPITATION (IN)
  YESTERDAY        0.00          0.90 1952   0.09  -0.09      T
  MONTH TO DATE    1.23                      1.05   0.18     1.22
  SINCE DEC 1      7.67                      7.42   0.25     9.14
  SINCE JAN 1      3.61                      3.94  -0.33     3.91

SNOWFALL (IN)
  YESTERDAY        0.0          14.0  1944   0.5              T
  MONTH TO DATE   14.2                       6.4            21.9
  SINCE DEC 1     30.7                      40.0            70.7
  SINCE JUL 1     33.2                      42.4            96.6
  SNOW DEPTH      11

DEGREE DAYS
 HEATING
  YESTERDAY       60                        45     15       61
  MONTH TO DATE  487                       555    -68      710
  SINCE DEC 1   2753                      3293   -540     3376
  SINCE JUL 1   4254                      4962   -708     4960

 COOLING
  YESTERDAY        0                         0      0        0
  MONTH TO DATE    0                         0      0        0
  SINCE DEC 1      0                         0      0        0
  SINCE JAN 1      0                         0      0        0
..................................................................


WIND (MPH)
  RESULTANT WIND SPEED   3   RESULTANT WIND DIRECTION   W (270)
  HIGHEST WIND SPEED    15   HIGHEST WIND DIRECTION    NW (320)
  HIGHEST GUST SPEED    19   HIGHEST GUST DIRECTION    NW (320)


SKY COVER
  POSSIBLE SUNSHINE  MM
  AVERAGE SKY COVER 0.2


WEATHER CONDITIONS
 THE FOLLOWING WEATHER WAS RECORDED YESTERDAY.
  NO SIGNIFICANT WEATHER WAS OBSERVED.


RELATIVE HUMIDITY (PERCENT)
 HIGHEST    79
 LOWEST     38
 AVERAGE    59

..........................................................


THE BANGOR ME CLIMATE NORMALS FOR TODAY
                         NORMAL    RECORD    YEAR
 MAXIMUM TEMPERATURE (F)   31        51      1937
 MINIMUM TEMPERATURE (F)   10       -20      2003
                                             1929


SUNRISE AND SUNSET
FEBRUARY 13 2016......SUNRISE   639 AM EST   SUNSET   500 PM EST
FEBRUARY 14 2016......SUNRISE   638 AM EST   SUNSET   501 PM EST


-  INDICATES NEGATIVE NUMBERS.
R  INDICATES RECORD WAS SET OR TIED.
MM INDICATES DATA IS MISSING.
T  INDICATES TRACE AMOUNT.




$$
