000
CDUS41 KCAR 250533
CLIBGR


CLIMATE REPORT
NATIONAL WEATHER SERVICE CARIBOU, ME
130 AM EDT WED MAY 25 2016


...................................

...THE BANGOR ME CLIMATE SUMMARY FOR MAY 24 2016...

CLIMATE NORMAL PERIOD 1981 TO 2010
CLIMATE RECORD PERIOD 1925 TO 2016


WEATHER ITEM   OBSERVED TIME   RECORD YEAR NORMAL DEPARTURE LAST
                VALUE   (LST)  VALUE       VALUE  FROM      YEAR
                                                  NORMAL
..................................................................
TEMPERATURE (F)
 YESTERDAY
  MAXIMUM         72   1137 AM  91    1964  68      4       77
  MINIMUM         55    315 AM  32    1956  45     10       44
  AVERAGE         64                        56      8       61

PRECIPITATION (IN)
  YESTERDAY        0.00          1.84 1986   0.12  -0.12     0.02
  MONTH TO DATE    1.84                      2.77  -0.93     0.95
  SINCE MAR 1      7.69                      9.77  -2.08     4.79
  SINCE JAN 1     13.96                     15.18  -1.22     9.68

SNOWFALL (IN)
  YESTERDAY        0.0           0.0  2002   0.0             0.0
                                      2001
  MONTH TO DATE    T                         0.1             0.0
  SINCE MAR 1      6.0                      15.5            21.9
  SINCE JUL 1     44.6                      66.2           139.0
  SNOW DEPTH       0

DEGREE DAYS
 HEATING
  YESTERDAY        1                         9     -8        4
  MONTH TO DATE  216                       301    -85      244
  SINCE MAR 1   1929                      2053   -124     2219
  SINCE JUL 1   6844                      7699   -855     8109

 COOLING
  YESTERDAY        0                         0      0        0
  MONTH TO DATE    5                         0      5        1
  SINCE MAR 1      5                         0      5        1
  SINCE JAN 1      5                         0      5        1
..................................................................


WIND (MPH)
  RESULTANT WIND SPEED   4   RESULTANT WIND DIRECTION  SE (130)
  HIGHEST WIND SPEED    13   HIGHEST WIND DIRECTION    SE (150)
  HIGHEST GUST SPEED    16   HIGHEST GUST DIRECTION    SE (150)


SKY COVER
  POSSIBLE SUNSHINE  MM
  AVERAGE SKY COVER 0.9


WEATHER CONDITIONS
 THE FOLLOWING WEATHER WAS RECORDED YESTERDAY.
  HAZE


RELATIVE HUMIDITY (PERCENT)
 HIGHEST    93
 LOWEST     57
 AVERAGE    75

..........................................................


THE BANGOR ME CLIMATE NORMALS FOR TODAY
                         NORMAL    RECORD    YEAR
 MAXIMUM TEMPERATURE (F)   68        92      2010
                                             2007
 MINIMUM TEMPERATURE (F)   45        31      1956


SUNRISE AND SUNSET
MAY 25 2016...........SUNRISE   457 AM EDT   SUNSET   808 PM EDT
MAY 26 2016...........SUNRISE   456 AM EDT   SUNSET   809 PM EDT


-  INDICATES NEGATIVE NUMBERS.
R  INDICATES RECORD WAS SET OR TIED.
MM INDICATES DATA IS MISSING.
T  INDICATES TRACE AMOUNT.




$$
