000
CDUS41 KCAR 020530
CLIBGR


CLIMATE REPORT
NATIONAL WEATHER SERVICE CARIBOU, ME
127 AM EDT THU JUL 2 2015


...................................

...THE BANGOR ME CLIMATE SUMMARY FOR JULY 1 2015...

CLIMATE NORMAL PERIOD 1981 TO 2010
CLIMATE RECORD PERIOD 1925 TO 2015


WEATHER ITEM   OBSERVED TIME   RECORD YEAR NORMAL DEPARTURE LAST
                VALUE   (LST)  VALUE       VALUE  FROM      YEAR
                                                  NORMAL
..................................................................
TEMPERATURE (F)
 YESTERDAY
  MAXIMUM         66   1239 PM  92    1971  78    -12       88
  MINIMUM         57    413 AM  45    1943  56      1       65
  AVERAGE         62                        67     -5       77

PRECIPITATION (IN)
  YESTERDAY        0.07          1.27 1973   0.11  -0.04     0.00
  MONTH TO DATE    0.07                      0.11  -0.04     0.00
  SINCE JUN 1      4.97                      3.87   1.10     3.59
  SINCE JAN 1     16.02                     19.92  -3.90    18.00

SNOWFALL (IN)
  YESTERDAY        0.0           0.0  2002   0.0             0.0
                                      2001
  MONTH TO DATE    0.0                       0.0             0.0
  SINCE JUN 1      0.0                       0.0             0.0
  SINCE JUL 1      0.0                       0.0             0.0
  SNOW DEPTH       0

DEGREE DAYS
 HEATING
  YESTERDAY        3                         1      2        0
  MONTH TO DATE    3                         1      2        0
  SINCE JUN 1    182                       108     74       71
  SINCE JUL 1      3                         1      2        0

 COOLING
  YESTERDAY        0                         3     -3       12
  MONTH TO DATE    0                         3     -3       12
  SINCE JUN 1     24                        55    -31       58
  SINCE JAN 1     47                        61    -14       58
..................................................................


WIND (MPH)
  RESULTANT WIND SPEED   7   RESULTANT WIND DIRECTION   S (160)
  HIGHEST WIND SPEED    17   HIGHEST WIND DIRECTION    SE (150)
  HIGHEST GUST SPEED    23   HIGHEST GUST DIRECTION    SE (150)


SKY COVER
  POSSIBLE SUNSHINE  MM
  AVERAGE SKY COVER 1.0


WEATHER CONDITIONS
 THE FOLLOWING WEATHER WAS RECORDED YESTERDAY.
  LIGHT RAIN
  FOG
  FOG W/VISIBILITY <= 1/4 MILE


RELATIVE HUMIDITY (PERCENT)
 HIGHEST   100
 LOWEST     73
 AVERAGE    87

..........................................................


THE BANGOR ME CLIMATE NORMALS FOR TODAY
                         NORMAL    RECORD    YEAR
 MAXIMUM TEMPERATURE (F)   78        93      1941
 MINIMUM TEMPERATURE (F)   56        41      1943


SUNRISE AND SUNSET
JULY  2 2015..........SUNRISE   454 AM EDT   SUNSET   825 PM EDT
JULY  3 2015..........SUNRISE   454 AM EDT   SUNSET   824 PM EDT


-  INDICATES NEGATIVE NUMBERS.
R  INDICATES RECORD WAS SET OR TIED.
MM INDICATES DATA IS MISSING.
T  INDICATES TRACE AMOUNT.




$$
