000
CDUS41 KCAR 240546
CLIBGR


CLIMATE REPORT
NATIONAL WEATHER SERVICE CARIBOU, ME
143 AM EDT SAT JUN 24 2017


...................................

...THE BANGOR ME CLIMATE SUMMARY FOR JUNE 23 2017...

CLIMATE NORMAL PERIOD 1981 TO 2010
CLIMATE RECORD PERIOD 1925 TO 2017


WEATHER ITEM   OBSERVED TIME   RECORD YEAR NORMAL DEPARTURE LAST
                VALUE   (LST)  VALUE       VALUE  FROM      YEAR
                                                  NORMAL
..................................................................
TEMPERATURE (F)
 YESTERDAY
  MAXIMUM         74    421 PM  97    1938  76     -2       73
  MINIMUM         53    407 AM  42    1940  54     -1       48
  AVERAGE         64                        65     -1       61

PRECIPITATION (IN)
  YESTERDAY        T             1.44 1990   0.12  -0.12     0.08
  MONTH TO DATE    3.03                      2.96   0.07     2.40
  SINCE JUN 1      3.03                      2.96   0.07     2.40
  SINCE JAN 1     21.33                     19.01   2.32    16.61

SNOWFALL (IN)
  YESTERDAY        0.0           0.0  2002   0.0             0.0
                                      2001
  MONTH TO DATE    T                         0.0             0.0
  SINCE JUN 1      T                         0.0             0.0
  SINCE JUL 1     82.6                      66.1            44.6
  SNOW DEPTH       0

DEGREE DAYS
 HEATING
  YESTERDAY        1                         2     -1        4
  MONTH TO DATE   86                        96    -10      100
  SINCE JUN 1     86                        96    -10      100
  SINCE JUL 1   7378                      7849   -471     7043

 COOLING
  YESTERDAY        0                         2     -2        0
  MONTH TO DATE   44                        33     11        5
  SINCE JUN 1     44                        33     11        5
  SINCE JAN 1     51                        39     12       15
..................................................................


WIND (MPH)
  RESULTANT WIND SPEED   7   RESULTANT WIND DIRECTION   S (180)
  HIGHEST WIND SPEED    17   HIGHEST WIND DIRECTION     S (170)
  HIGHEST GUST SPEED    21   HIGHEST GUST DIRECTION     S (170)


SKY COVER
  POSSIBLE SUNSHINE  MM
  AVERAGE SKY COVER 0.8


WEATHER CONDITIONS
 THE FOLLOWING WEATHER WAS RECORDED YESTERDAY.
  LIGHT RAIN
  FOG


RELATIVE HUMIDITY (PERCENT)
 HIGHEST   100
 LOWEST     68
 AVERAGE    84

..........................................................


THE BANGOR ME CLIMATE NORMALS FOR TODAY
                         NORMAL    RECORD    YEAR
 MAXIMUM TEMPERATURE (F)   77        93      1995
                                             1975
                                             1963
 MINIMUM TEMPERATURE (F)   55        43      1941


SUNRISE AND SUNSET
JUNE 24 2017..........SUNRISE   450 AM EDT   SUNSET   825 PM EDT
JUNE 25 2017..........SUNRISE   451 AM EDT   SUNSET   825 PM EDT


-  INDICATES NEGATIVE NUMBERS.
R  INDICATES RECORD WAS SET OR TIED.
MM INDICATES DATA IS MISSING.
T  INDICATES TRACE AMOUNT.




$$
