000
CDUS41 KCAR 222131
CLIBGR


CLIMATE REPORT
NATIONAL WEATHER SERVICE CARIBOU, ME
430 PM EST MON DEC 22 2014


...................................

...THE BANGOR ME CLIMATE SUMMARY FOR DECEMBER 22 2014...
VALID TODAY AS OF 0400 PM LOCAL TIME.

CLIMATE NORMAL PERIOD 1981 TO 2010
CLIMATE RECORD PERIOD 1925 TO 2014


WEATHER ITEM   OBSERVED TIME   RECORD YEAR NORMAL DEPARTURE LAST
                VALUE   (LST)  VALUE       VALUE  FROM      YEAR
                                                  NORMAL
..................................................................
TEMPERATURE (F)
 TODAY
  MAXIMUM         35    352 PM  55    1949  32      3       27
  MINIMUM         20   1203 AM -23    1980  13      7       22
  AVERAGE         28                        22      6       25

PRECIPITATION (IN)
  TODAY            T             1.95 1969   0.10  -0.10     0.70
  MONTH TO DATE    4.06                      2.62   1.44     1.99
  SINCE DEC 1      4.06                      2.62   1.44     1.99
  SINCE JAN 1     42.75                     41.07   1.68    39.12

SNOWFALL (IN)
  TODAY            T            13.8  1962   0.5   -0.5      2.0
  MONTH TO DATE    6.5                       9.5   -3.0     15.9
  SINCE DEC 1      6.5                       9.5   -3.0     15.9
  SINCE JUL 1     32.4                      11.9   20.5     16.6
  SNOW DEPTH       2

DEGREE DAYS
 HEATING
  TODAY           37                        43     -6       40
  MONTH TO DATE  811                       849    -38      974
  SINCE DEC 1    811                       849    -38      974
  SINCE JUL 1   2395                      2518   -123     2559

 COOLING
  TODAY            0                         0      0        0
  MONTH TO DATE    0                         0      0        0
  SINCE DEC 1      0                         0      0        0
  SINCE JAN 1    363                       318     45      355
..................................................................


WIND (MPH)
  HIGHEST WIND SPEED     6   HIGHEST WIND DIRECTION     N (10)
  HIGHEST GUST SPEED     6   HIGHEST GUST DIRECTION    NE (40)
  AVERAGE WIND SPEED     1.2


SKY COVER
  POSSIBLE SUNSHINE  MM
  AVERAGE SKY COVER 0.9


WEATHER CONDITIONS
 THE FOLLOWING WEATHER WAS RECORDED TODAY.
  LIGHT SNOW
  FOG


RELATIVE HUMIDITY (PERCENT)
 HIGHEST   100          1200 AM
 LOWEST     70           200 PM
 AVERAGE    85

..........................................................


THE BANGOR ME CLIMATE NORMALS FOR TOMORROW
                         NORMAL    RECORD    YEAR
 MAXIMUM TEMPERATURE (F)   31        59      1990
 MINIMUM TEMPERATURE (F)   12       -16      1943


SUNRISE AND SUNSET
DECEMBER 22 2014......SUNRISE   710 AM EST   SUNSET   358 PM EST
DECEMBER 23 2014......SUNRISE   711 AM EST   SUNSET   358 PM EST


-  INDICATES NEGATIVE NUMBERS.
R  INDICATES RECORD WAS SET OR TIED.
MM INDICATES DATA IS MISSING.
T  INDICATES TRACE AMOUNT.




$$
