000
CDUS41 KCAR 222026
CLIBGR


CLIMATE REPORT
NATIONAL WEATHER SERVICE CARIBOU, ME
426 PM EDT FRI MAY 22 2015


...................................

...THE BANGOR ME CLIMATE SUMMARY FOR MAY 22 2015...
VALID TODAY AS OF 0400 PM LOCAL TIME.

CLIMATE NORMAL PERIOD 1981 TO 2010
CLIMATE RECORD PERIOD 1925 TO 2015


WEATHER ITEM   OBSERVED TIME   RECORD YEAR NORMAL DEPARTURE LAST
                VALUE   (LST)  VALUE       VALUE  FROM      YEAR
                                                  NORMAL
..................................................................
TEMPERATURE (F)
 TODAY
  MAXIMUM         64   1231 PM  96    1992  67     -3       71
  MINIMUM         48    114 AM  30    1936  44      4       47
  AVERAGE         56                        56      0       59

PRECIPITATION (IN)
  TODAY            0.04          0.96 1971   0.12  -0.08     0.00
  MONTH TO DATE    0.73                      2.52  -1.79     2.87
  SINCE MAR 1      4.57                      9.52  -4.95     8.80
  SINCE JAN 1      9.46                     14.93  -5.47    13.97

SNOWFALL (IN)
  TODAY            0.0           0.0  2002   0.0    0.0      0.0
                                      2001
  MONTH TO DATE    0.0                       0.1   -0.1      0.0
  SINCE MAR 1     21.9                      15.5    6.4     16.8
  SINCE JUL 1    139.0                      66.2   72.8     80.0
  SNOW DEPTH       0

DEGREE DAYS
 HEATING
  TODAY            9                        10     -1        6
  MONTH TO DATE  220                       283    -63      237
  SINCE MAR 1   2195                      2035    160     2230
  SINCE JUL 1   8085                      7681    404     7982

 COOLING
  TODAY            0                         0      0        0
  MONTH TO DATE    1                         0      1        0
  SINCE MAR 1      1                         0      1        0
  SINCE JAN 1      1                         0      1        0
..................................................................


WIND (MPH)
  HIGHEST WIND SPEED    18   HIGHEST WIND DIRECTION     S (160)
  HIGHEST GUST SPEED    21   HIGHEST GUST DIRECTION     S (170)
  AVERAGE WIND SPEED     8.9


SKY COVER
  POSSIBLE SUNSHINE  MM
  AVERAGE SKY COVER 0.7


WEATHER CONDITIONS
 THE FOLLOWING WEATHER WAS RECORDED TODAY.
  THUNDERSTORM
  LIGHT RAIN
  HAZE


RELATIVE HUMIDITY (PERCENT)
 HIGHEST    86           500 AM
 LOWEST     56          1200 PM
 AVERAGE    71

..........................................................


THE BANGOR ME CLIMATE NORMALS FOR TOMORROW
                         NORMAL    RECORD    YEAR
 MAXIMUM TEMPERATURE (F)   68        91      1992
 MINIMUM TEMPERATURE (F)   45        31      1929


SUNRISE AND SUNSET
MAY 22 2015...........SUNRISE   500 AM EDT   SUNSET   804 PM EDT
MAY 23 2015...........SUNRISE   459 AM EDT   SUNSET   805 PM EDT


-  INDICATES NEGATIVE NUMBERS.
R  INDICATES RECORD WAS SET OR TIED.
MM INDICATES DATA IS MISSING.
T  INDICATES TRACE AMOUNT.




$$
