000
CDUS41 KCAR 202138
CLIBGR


CLIMATE REPORT
NATIONAL WEATHER SERVICE CARIBOU, ME
438 PM EST SAT JAN 20 2018


...................................

...THE BANGOR ME CLIMATE SUMMARY FOR JANUARY 20 2018...
VALID TODAY AS OF 0400 PM LOCAL TIME.

CLIMATE NORMAL PERIOD 1981 TO 2010
CLIMATE RECORD PERIOD 1925 TO 2018


WEATHER ITEM   OBSERVED TIME   RECORD YEAR NORMAL DEPARTURE LAST
                VALUE   (LST)  VALUE       VALUE  FROM      YEAR
                                                  NORMAL
..................................................................
TEMPERATURE (F)
 TODAY
  MAXIMUM         44    243 PM  54    1996  27     17       36
                                      1929
  MINIMUM         27    101 AM -25    1971   6     21       29
  AVERAGE         36                        16     20       33

PRECIPITATION (IN)
  TODAY            0.00          0.99 1947   0.09  -0.09     0.00
  MONTH TO DATE    4.08                      1.87   2.21     1.91
  SINCE DEC 1      7.91                      5.35   2.56     5.68
  SINCE JAN 1      4.08                      1.87   2.21     1.91

SNOWFALL (IN)
  TODAY            0.0           8.0  2010   0.6   -0.6      0.0
                                      1998
  MONTH TO DATE   26.4                      12.5   13.9      4.8
  SINCE DEC 1     54.1                      26.9   27.2     23.2
  SINCE JUL 1     54.1                      29.3   24.8     24.7
  SNOW DEPTH       6

DEGREE DAYS
 HEATING
  TODAY           29                        49    -20       32
  MONTH TO DATE  968                       957     11      851
  SINCE DEC 1   2415                      2209    206     2170
  SINCE JUL 1   3674                      3878   -204     3589

 COOLING
  TODAY            0                         0      0        0
  MONTH TO DATE    0                         0      0        0
  SINCE DEC 1      0                         0      0        0
  SINCE JAN 1      0                         0      0        0
..................................................................


WIND (MPH)
  HIGHEST WIND SPEED    16   HIGHEST WIND DIRECTION     W (290)
  HIGHEST GUST SPEED    27   HIGHEST GUST DIRECTION     W (280)
  AVERAGE WIND SPEED     7.8


SKY COVER
  POSSIBLE SUNSHINE  MM
  AVERAGE SKY COVER 0.9


WEATHER CONDITIONS
 THE FOLLOWING WEATHER WAS RECORDED TODAY.
  NO SIGNIFICANT WEATHER WAS OBSERVED.


RELATIVE HUMIDITY (PERCENT)
 HIGHEST    81           100 AM
 LOWEST     53           200 PM
 AVERAGE    67

..........................................................


THE BANGOR ME CLIMATE NORMALS FOR TOMORROW
                         NORMAL    RECORD    YEAR
 MAXIMUM TEMPERATURE (F)   27        51      2006
 MINIMUM TEMPERATURE (F)    6       -16      1934


SUNRISE AND SUNSET
JANUARY 20 2018.......SUNRISE   706 AM EST   SUNSET   427 PM EST
JANUARY 21 2018.......SUNRISE   705 AM EST   SUNSET   428 PM EST


-  INDICATES NEGATIVE NUMBERS.
R  INDICATES RECORD WAS SET OR TIED.
MM INDICATES DATA IS MISSING.
T  INDICATES TRACE AMOUNT.




$$
