000
CDUS41 KCAR 250532
CLIBGR


CLIMATE REPORT
NATIONAL WEATHER SERVICE CARIBOU, ME
131 AM EDT SAT MAR 25 2017


...................................

...THE BANGOR ME CLIMATE SUMMARY FOR MARCH 24 2017...

CLIMATE NORMAL PERIOD 1981 TO 2010
CLIMATE RECORD PERIOD 1925 TO 2017


WEATHER ITEM   OBSERVED TIME   RECORD YEAR NORMAL DEPARTURE LAST
                VALUE   (LST)  VALUE       VALUE  FROM      YEAR
                                                  NORMAL
..................................................................
TEMPERATURE (F)
 YESTERDAY
  MAXIMUM         33    615 PM  66    1938  43    -10       28
  MINIMUM         14    421 AM   4    2015  24    -10       22
                                      2014
                                      1940
  AVERAGE         24                        33     -9       25

PRECIPITATION (IN)
  YESTERDAY        0.11          0.55 1953   0.13  -0.02     0.00
  MONTH TO DATE    1.53                      2.55  -1.02     1.84
  SINCE MAR 1      1.53                      2.55  -1.02     1.84
  SINCE JAN 1      7.42                      7.96  -0.54     8.11

SNOWFALL (IN)
  YESTERDAY        1.7           3.1  1991   0.4             0.0
  MONTH TO DATE   16.3                       9.7             6.0
  SINCE MAR 1     16.3                       9.7             6.0
  SINCE JUL 1     79.6                      60.4            44.6
  SNOW DEPTH       6

DEGREE DAYS
 HEATING
  YESTERDAY       41                        32      9       40
  MONTH TO DATE  992                       865    127      789
  SINCE MAR 1    992                       865    127      789
  SINCE JUL 1   6120                      6511   -391     5704

 COOLING
  YESTERDAY        0                         0      0        0
  MONTH TO DATE    0                         0      0        0
  SINCE MAR 1      0                         0      0        0
  SINCE JAN 1      0                         0      0        0
..................................................................


WIND (MPH)
  RESULTANT WIND SPEED   6   RESULTANT WIND DIRECTION   S (190)
  HIGHEST WIND SPEED    21   HIGHEST WIND DIRECTION    SW (210)
  HIGHEST GUST SPEED    27   HIGHEST GUST DIRECTION     S (200)


SKY COVER
  POSSIBLE SUNSHINE  MM
  AVERAGE SKY COVER 1.0


WEATHER CONDITIONS
 THE FOLLOWING WEATHER WAS RECORDED YESTERDAY.
  LIGHT SNOW
  FOG


RELATIVE HUMIDITY (PERCENT)
 HIGHEST   100
 LOWEST     43
 AVERAGE    72

..........................................................


THE BANGOR ME CLIMATE NORMALS FOR TODAY
                         NORMAL    RECORD    YEAR
 MAXIMUM TEMPERATURE (F)   43        66      1987
 MINIMUM TEMPERATURE (F)   24         0      2014


SUNRISE AND SUNSET
MARCH 25 2017.........SUNRISE   629 AM EDT   SUNSET   654 PM EDT
MARCH 26 2017.........SUNRISE   627 AM EDT   SUNSET   656 PM EDT


-  INDICATES NEGATIVE NUMBERS.
R  INDICATES RECORD WAS SET OR TIED.
MM INDICATES DATA IS MISSING.
T  INDICATES TRACE AMOUNT.




$$
