000
CDUS41 KCAR 222126
CLIBGR


CLIMATE REPORT
NATIONAL WEATHER SERVICE CARIBOU, ME
426 PM EST SUN JAN 22 2017


...................................

...THE BANGOR ME CLIMATE SUMMARY FOR JANUARY 22 2017...
VALID TODAY AS OF 0400 PM LOCAL TIME.

CLIMATE NORMAL PERIOD 1981 TO 2010
CLIMATE RECORD PERIOD 1925 TO 2017


WEATHER ITEM   OBSERVED TIME   RECORD YEAR NORMAL DEPARTURE LAST
                VALUE   (LST)  VALUE       VALUE  FROM      YEAR
                                                  NORMAL
..................................................................
TEMPERATURE (F)
 TODAY
  MAXIMUM         36    151 PM  47    1959  27      9       25
                                      1957
  MINIMUM         30    715 AM -29    2005   6     24        7
  AVERAGE         33                        16     17       16

PRECIPITATION (IN)
  TODAY            0.01          0.72 1958   0.09  -0.08     0.00
  MONTH TO DATE    1.92                      2.06  -0.14     2.35
  SINCE DEC 1      5.69                      5.54   0.15     6.41
  SINCE JAN 1      1.92                      2.06  -0.14     2.35

SNOWFALL (IN)
  TODAY            T             6.0  1949   0.6   -0.6      0.0
  MONTH TO DATE    4.8                      13.7   -8.9      5.1
  SINCE DEC 1     23.2                      28.1   -4.9     16.2
  SINCE JUL 1     24.7                      30.5   -5.8     18.7
  SNOW DEPTH       T

DEGREE DAYS
 HEATING
  TODAY           32                        48    -16       49
  MONTH TO DATE  911                      1054   -143      954
  SINCE DEC 1   2230                      2306    -76     1907
  SINCE JUL 1   3649                      3975   -326     3408

 COOLING
  TODAY            0                         0      0        0
  MONTH TO DATE    0                         0      0        0
  SINCE DEC 1      0                         0      0        0
  SINCE JAN 1      0                         0      0        0
..................................................................


WIND (MPH)
  HIGHEST WIND SPEED    16   HIGHEST WIND DIRECTION     N (10)
  HIGHEST GUST SPEED    19   HIGHEST GUST DIRECTION     N (20)
  AVERAGE WIND SPEED     6.9


SKY COVER
  POSSIBLE SUNSHINE  MM
  AVERAGE SKY COVER 1.0


WEATHER CONDITIONS
 THE FOLLOWING WEATHER WAS RECORDED TODAY.
  LIGHT RAIN
  LIGHT SNOW
  FOG


RELATIVE HUMIDITY (PERCENT)
 HIGHEST   100           400 AM
 LOWEST     64           200 PM
 AVERAGE    82

..........................................................


THE BANGOR ME CLIMATE NORMALS FOR TOMORROW
                         NORMAL    RECORD    YEAR
 MAXIMUM TEMPERATURE (F)   27        51      1992
                                             1957
 MINIMUM TEMPERATURE (F)    6       -15      1976
                                             1930


SUNRISE AND SUNSET
JANUARY 22 2017.......SUNRISE   704 AM EST   SUNSET   430 PM EST
JANUARY 23 2017.......SUNRISE   703 AM EST   SUNSET   431 PM EST


-  INDICATES NEGATIVE NUMBERS.
R  INDICATES RECORD WAS SET OR TIED.
MM INDICATES DATA IS MISSING.
T  INDICATES TRACE AMOUNT.




$$
