000
CDUS44 KBMX 270744
CLIBHM


CLIMATE REPORT
NATIONAL WEATHER SERVICE BIRMINGHAM, AL
141 AM CST TUE JAN 27 2015


...................................

...THE BIRMINGHAM CLIMATE SUMMARY FOR JANUARY 26 2015...

CLIMATE NORMAL PERIOD 1981 TO 2010
CLIMATE RECORD PERIOD 2014 TO 2015


WEATHER ITEM   OBSERVED TIME   RECORD YEAR NORMAL DEPARTURE LAST
                VALUE   (LST)  VALUE       VALUE  FROM      YEAR
                                                  NORMAL
..................................................................
TEMPERATURE (F)
 YESTERDAY
  MAXIMUM         47    353 PM  76    1950  54     -7       59
  MINIMUM         38   1117 AM   1    1940  34      4       25
  AVERAGE         43                        44     -1       42

PRECIPITATION (IN)
  YESTERDAY        T             4.71 1996   0.16  -0.16     0.00
  MONTH TO DATE    4.38                      4.01   0.37     1.48
  SINCE DEC 1     11.53                      8.46   3.07     8.54
  SINCE JAN 1      4.38                      4.01   0.37     1.48

SNOWFALL (IN)
  YESTERDAY        0.0                       0.0    0.0      0.0
  MONTH TO DATE    T                         0.5   -0.5      0.0
  SINCE DEC 1      T                         0.6   -0.6      0.0
  SINCE JUL 1      T                         0.6   -0.6      0.0
  SNOW DEPTH       0

DEGREE DAYS
 HEATING
  YESTERDAY       22                        21      1       23
  MONTH TO DATE  596                       555     41      710
  SINCE DEC 1   1092                      1144    -52     1265
  SINCE JUL 1   1654                      1602     52     1793
..................................................................


WIND (MPH)
  HIGHEST WIND SPEED    21   HIGHEST WIND DIRECTION    NW (310)
  HIGHEST GUST SPEED    25   HIGHEST GUST DIRECTION    NW (320)
  AVERAGE WIND SPEED    10.9


SKY COVER
  AVERAGE SKY COVER 0.8


WEATHER CONDITIONS
 THE FOLLOWING WEATHER WAS RECORDED YESTERDAY.
  FOG


RELATIVE HUMIDITY (PERCENT)
 HIGHEST    83          1200 AM
 LOWEST     45           400 PM
 AVERAGE    64

..........................................................


THE BIRMINGHAM CLIMATE NORMALS FOR TODAY
                         NORMAL    RECORD    YEAR
 MAXIMUM TEMPERATURE (F)   55        76      1944
 MINIMUM TEMPERATURE (F)   34         1      1940


SUNRISE AND SUNSET
JANUARY 27 2015.......SUNRISE   647 AM CST   SUNSET   513 PM CST
JANUARY 28 2015.......SUNRISE   646 AM CST   SUNSET   514 PM CST


-  INDICATES NEGATIVE NUMBERS.
R  INDICATES RECORD WAS SET OR TIED.
MM INDICATES DATA IS MISSING.
T  INDICATES TRACE AMOUNT.




$$
