000
CDUS44 KBMX 270830
CLIBHM


CLIMATE REPORT
NATIONAL WEATHER SERVICE BIRMINGHAM, AL
229 AM CST FRI FEB 27 2015


...................................

...THE BIRMINGHAM CLIMATE SUMMARY FOR FEBRUARY 26 2015...

CLIMATE NORMAL PERIOD 1981 TO 2010
CLIMATE RECORD PERIOD 2014 TO 2015


WEATHER ITEM   OBSERVED TIME   RECORD YEAR NORMAL DEPARTURE LAST
                VALUE   (LST)  VALUE       VALUE  FROM      YEAR
                                                  NORMAL
..................................................................
TEMPERATURE (F)
 YESTERDAY
  MAXIMUM         39    514 PM  80    1977  62    -23       44
                                      1962
  MINIMUM         28    959 PM  13    1967  40    -12       27
  AVERAGE         34                        51    -17       36

PRECIPITATION (IN)
  YESTERDAY        0.00          1.68 1998   0.17  -0.17     0.37
  MONTH TO DATE    4.32                      4.18   0.14     5.33
  SINCE DEC 1     15.85                     13.47   2.38    13.95
  SINCE JAN 1      8.70                      9.02  -0.32     6.89

SNOWFALL (IN)
  YESTERDAY        0.0                       0.0    0.0      0.0
  MONTH TO DATE    0.7                       0.1    0.6      3.0
  SINCE DEC 1      0.7                       0.8   -0.1      5.0
  SINCE JUL 1      0.7                       0.8   -0.1      5.0
  SNOW DEPTH       0

DEGREE DAYS
 HEATING
  YESTERDAY       31                        15     16       29
  MONTH TO DATE  661                       459    202      474
  SINCE DEC 1   1856                      1706    150     1917
  SINCE JUL 1   2418                      2164    254     2445
..................................................................


WIND (MPH)
  HIGHEST WIND SPEED    14   HIGHEST WIND DIRECTION    NW (320)
  HIGHEST GUST SPEED    18   HIGHEST GUST DIRECTION     N (340)
  AVERAGE WIND SPEED     5.8


SKY COVER
  AVERAGE SKY COVER 0.7


WEATHER CONDITIONS
 THE FOLLOWING WEATHER WAS RECORDED YESTERDAY.
  FOG


RELATIVE HUMIDITY (PERCENT)
 HIGHEST    92          1200 AM
 LOWEST     76           400 PM
 AVERAGE    84

..........................................................


THE BIRMINGHAM CLIMATE NORMALS FOR TODAY
                         NORMAL    RECORD    YEAR
 MAXIMUM TEMPERATURE (F)   62        82      1962
 MINIMUM TEMPERATURE (F)   40        15      1963
                                             1934


SUNRISE AND SUNSET
FEBRUARY 27 2015......SUNRISE   618 AM CST   SUNSET   542 PM CST
FEBRUARY 28 2015......SUNRISE   617 AM CST   SUNSET   543 PM CST


-  INDICATES NEGATIVE NUMBERS.
R  INDICATES RECORD WAS SET OR TIED.
MM INDICATES DATA IS MISSING.
T  INDICATES TRACE AMOUNT.




$$
