000
CDUS44 KBMX 270115
CLIBHM


CLIMATE REPORT
NATIONAL WEATHER SERVICE BIRMINGHAM, AL
815 PM CDT THU MAY 26 2016


...................................

...THE BIRMINGHAM CLIMATE SUMMARY FOR MAY 26 2016...
VALID TODAY AS OF 0700 PM LOCAL TIME.

CLIMATE NORMAL PERIOD 1981 TO 2010
CLIMATE RECORD PERIOD 1895 TO 2016


WEATHER ITEM   OBSERVED TIME   RECORD YEAR NORMAL DEPARTURE LAST
                VALUE   (LST)  VALUE       VALUE  FROM      YEAR
                                                  NORMAL
..................................................................
TEMPERATURE (F)
 TODAY
  MAXIMUM         90    238 PM  97    1962  84      6       78
  MINIMUM         65    450 AM  41    1979  63      2       67
  AVERAGE         78                        73      5       73

PRECIPITATION (IN)
  TODAY            0.00          2.07 1974   0.15  -0.15      T
  MONTH TO DATE    1.38                      4.22  -2.84     0.93
  SINCE MAR 1     10.83                     13.83  -3.00    15.40
  SINCE JAN 1     21.57                     23.20  -1.63    24.10

DEGREE DAYS
 COOLING
  TODAY           13                         8      5        8
  MONTH TO DATE  137                       153    -16      201
  SINCE MAR 1    245                       233     12      283
  SINCE JAN 1    252                       237     15      283
..................................................................


WIND (MPH)
  HIGHEST WIND SPEED    16   HIGHEST WIND DIRECTION     S (170)
  HIGHEST GUST SPEED    24   HIGHEST GUST DIRECTION     S (200)
  AVERAGE WIND SPEED     6.1


SKY COVER
  AVERAGE SKY COVER 0.2


WEATHER CONDITIONS
 THE FOLLOWING WEATHER WAS RECORDED TODAY.
  NO SIGNIFICANT WEATHER WAS OBSERVED.


RELATIVE HUMIDITY (PERCENT)
 HIGHEST    87           300 AM
 LOWEST     34           200 PM
 AVERAGE    61

..........................................................


THE BIRMINGHAM CLIMATE NORMALS FOR TOMORROW
                         NORMAL    RECORD    YEAR
 MAXIMUM TEMPERATURE (F)   84        98      1962
 MINIMUM TEMPERATURE (F)   63        42      1961


SUNRISE AND SUNSET
MAY 26 2016...........SUNRISE   540 AM CDT   SUNSET   749 PM CDT
MAY 27 2016...........SUNRISE   539 AM CDT   SUNSET   749 PM CDT


-  INDICATES NEGATIVE NUMBERS.
R  INDICATES RECORD WAS SET OR TIED.
MM INDICATES DATA IS MISSING.
T  INDICATES TRACE AMOUNT.




$$
