000
CDUS44 KBMX 010630
CLIBHM


CLIMATE REPORT
NATIONAL WEATHER SERVICE BIRMINGHAM, AL
129 AM CDT WED JUL 1 2015


...................................

...THE BIRMINGHAM CLIMATE SUMMARY FOR JUNE 30 2015...

CLIMATE NORMAL PERIOD 1981 TO 2010
CLIMATE RECORD PERIOD 2014 TO 2015


WEATHER ITEM   OBSERVED TIME   RECORD YEAR NORMAL DEPARTURE LAST
                VALUE   (LST)  VALUE       VALUE  FROM      YEAR
                                                  NORMAL
..................................................................
TEMPERATURE (F)
 YESTERDAY
  MAXIMUM         83   1140 AM 104    1931  90     -7       92
  MINIMUM         69    820 AM  53    1923  70     -1       75
  AVERAGE         76                        80     -4       84

PRECIPITATION (IN)
  YESTERDAY        0.11          1.66 1951   0.16  -0.05     0.00
  MONTH TO DATE    1.70                      4.38  -2.68     4.81
  SINCE JUN 1      1.70                      4.38  -2.68     4.81
  SINCE JAN 1     27.43                     28.35  -0.92    27.67

DEGREE DAYS
 COOLING
  YESTERDAY       11                        15     -4       19
  MONTH TO DATE  466                       382     84      406
  SINCE JUN 1    466                       382     84      406
  SINCE JAN 1    801                       664    137      699
..................................................................


WIND (MPH)
  HIGHEST WIND SPEED    23   HIGHEST WIND DIRECTION     W (250)
  HIGHEST GUST SPEED    29   HIGHEST GUST DIRECTION    SW (240)
  AVERAGE WIND SPEED     9.8


SKY COVER
  AVERAGE SKY COVER 0.7


WEATHER CONDITIONS
 THE FOLLOWING WEATHER WAS RECORDED YESTERDAY.
  THUNDERSTORM
  RAIN
  LIGHT RAIN
  FOG


RELATIVE HUMIDITY (PERCENT)
 HIGHEST    90           800 AM
 LOWEST     51           400 PM
 AVERAGE    71

..........................................................


THE BIRMINGHAM CLIMATE NORMALS FOR TODAY
                         NORMAL    RECORD    YEAR
 MAXIMUM TEMPERATURE (F)   90       104      2012
 MINIMUM TEMPERATURE (F)   71        54      1950


SUNRISE AND SUNSET
JULY  1 2015..........SUNRISE   540 AM CDT   SUNSET   801 PM CDT
JULY  2 2015..........SUNRISE   541 AM CDT   SUNSET   801 PM CDT


-  INDICATES NEGATIVE NUMBERS.
R  INDICATES RECORD WAS SET OR TIED.
MM INDICATES DATA IS MISSING.
T  INDICATES TRACE AMOUNT.




$$
