000
CDUS44 KBMX 190741
CLIBHM


CLIMATE REPORT
NATIONAL WEATHER SERVICE BIRMINGHAM, AL
241 AM CDT THU OCT 19 2017


...................................

...THE BIRMINGHAM CLIMATE SUMMARY FOR OCTOBER 18 2017...

CLIMATE NORMAL PERIOD 1981 TO 2010
CLIMATE RECORD PERIOD 1895 TO 2017


WEATHER ITEM   OBSERVED TIME   RECORD YEAR NORMAL DEPARTURE LAST
                VALUE   (LST)  VALUE       VALUE  FROM      YEAR
                                                  NORMAL
..................................................................
TEMPERATURE (F)
 YESTERDAY
  MAXIMUM         74    310 PM  89    2016  75     -1       89
  MINIMUM         46    501 AM  31    1948  52     -6       70
  AVERAGE         60                        63     -3       80

PRECIPITATION (IN)
  YESTERDAY        0.00          1.95 1937   0.10  -0.10     0.00
  MONTH TO DATE    3.14                      1.99   1.15      T
  SINCE SEP 1      5.62                      5.89  -0.27     0.68
  SINCE JAN 1     61.18                     42.97  18.21    35.85

SNOWFALL (IN)
  YESTERDAY        0.0                       0.0    0.0      0.0
  MONTH TO DATE    0.0                       0.0    0.0      0.0
  SINCE SEP 1      0.0                       0.0    0.0      0.0
  SINCE JUL 1      0.0                       0.0    0.0      0.0
  SNOW DEPTH       0

DEGREE DAYS
 HEATING
  YESTERDAY        5                         4      1        0
  MONTH TO DATE   13                        46    -33        0
  SINCE SEP 1     22                        55    -33        1
  SINCE JUL 1     22                        55    -33        1

 COOLING
  YESTERDAY        0                         2     -2       15
  MONTH TO DATE  144                        66     78      137
  SINCE SEP 1    427                       366     61      607
  SINCE JAN 1   2240                      2016    224     2573
..................................................................


WIND (MPH)
  HIGHEST WIND SPEED    14   HIGHEST WIND DIRECTION    SE (140)
  HIGHEST GUST SPEED    19   HIGHEST GUST DIRECTION    SE (140)
  AVERAGE WIND SPEED     2.9


SKY COVER
  AVERAGE SKY COVER 0.0


WEATHER CONDITIONS
 THE FOLLOWING WEATHER WAS RECORDED YESTERDAY.
  NO SIGNIFICANT WEATHER WAS OBSERVED.


RELATIVE HUMIDITY (PERCENT)
 HIGHEST    93           300 AM
 LOWEST     33           300 PM
 AVERAGE    63

..........................................................


THE BIRMINGHAM CLIMATE NORMALS FOR TODAY
                         NORMAL    RECORD    YEAR
 MAXIMUM TEMPERATURE (F)   74        91      2016
 MINIMUM TEMPERATURE (F)   52        29      1948


SUNRISE AND SUNSET
OCTOBER 19 2017.......SUNRISE   655 AM CDT   SUNSET   608 PM CDT
OCTOBER 20 2017.......SUNRISE   656 AM CDT   SUNSET   607 PM CDT


-  INDICATES NEGATIVE NUMBERS.
R  INDICATES RECORD WAS SET OR TIED.
MM INDICATES DATA IS MISSING.
T  INDICATES TRACE AMOUNT.




$$
