000
CDUS44 KBMX 240744
CLIBHM


CLIMATE REPORT
NATIONAL WEATHER SERVICE BIRMINGHAM, AL
243 AM CDT SAT SEP 24 2016


...................................

...THE BIRMINGHAM CLIMATE SUMMARY FOR SEPTEMBER 23 2016...

CLIMATE NORMAL PERIOD 1981 TO 2010
CLIMATE RECORD PERIOD 1895 TO 2016


WEATHER ITEM   OBSERVED TIME   RECORD YEAR NORMAL DEPARTURE LAST
                VALUE   (LST)  VALUE       VALUE  FROM      YEAR
                                                  NORMAL
..................................................................
TEMPERATURE (F)
 YESTERDAY
  MAXIMUM         96    333 PM  99    1931  83     13       85
  MINIMUM         69    539 AM  42    1999  62      7       68
  AVERAGE         83                        72     11       77

PRECIPITATION (IN)
  YESTERDAY        0.00          1.81 1975   0.13  -0.13     0.00
  MONTH TO DATE    0.68                      2.97  -2.29     1.26
  SINCE SEP 1      0.68                      2.97  -2.29     1.26
  SINCE JAN 1     35.85                     40.05  -4.20    43.33

DEGREE DAYS
 HEATING
  YESTERDAY        0                         1     -1        0
  MONTH TO DATE    0                         1     -1        1
  SINCE SEP 1      0                         1     -1        1
  SINCE JUL 1      0                         1     -1        1

 COOLING
  YESTERDAY       18                         8     10       12
  MONTH TO DATE  389                       255    134      250
  SINCE SEP 1    389                       255    134      250
  SINCE JAN 1   2355                      1905    450     2064
..................................................................


WIND (MPH)
  HIGHEST WIND SPEED    15   HIGHEST WIND DIRECTION     N (350)
  HIGHEST GUST SPEED    20   HIGHEST GUST DIRECTION     N (360)
  AVERAGE WIND SPEED     2.7


SKY COVER
  AVERAGE SKY COVER 0.1


WEATHER CONDITIONS
 THE FOLLOWING WEATHER WAS RECORDED YESTERDAY.
  NO SIGNIFICANT WEATHER WAS OBSERVED.


RELATIVE HUMIDITY (PERCENT)
 HIGHEST    90           400 AM
 LOWEST     28           300 PM
 AVERAGE    59

..........................................................


THE BIRMINGHAM CLIMATE NORMALS FOR TODAY
                         NORMAL    RECORD    YEAR
 MAXIMUM TEMPERATURE (F)   83        99      1931
 MINIMUM TEMPERATURE (F)   61        41      1990


SUNRISE AND SUNSET
SEPTEMBER 24 2016.....SUNRISE   637 AM CDT   SUNSET   640 PM CDT
SEPTEMBER 25 2016.....SUNRISE   637 AM CDT   SUNSET   639 PM CDT


-  INDICATES NEGATIVE NUMBERS.
R  INDICATES RECORD WAS SET OR TIED.
MM INDICATES DATA IS MISSING.
T  INDICATES TRACE AMOUNT.




$$
