000
CDUS44 KBMX 240735
CLIBHM


CLIMATE REPORT
NATIONAL WEATHER SERVICE BIRMINGHAM, AL
235 AM CDT WED MAY 24 2017


...................................

...THE BIRMINGHAM CLIMATE SUMMARY FOR MAY 23 2017...

CLIMATE NORMAL PERIOD 1981 TO 2010
CLIMATE RECORD PERIOD 1895 TO 2017


WEATHER ITEM   OBSERVED TIME   RECORD YEAR NORMAL DEPARTURE LAST
                VALUE   (LST)  VALUE       VALUE  FROM      YEAR
                                                  NORMAL
..................................................................
TEMPERATURE (F)
 YESTERDAY
  MAXIMUM         76   1255 PM  95    1996  83     -7       85
                                      1970
  MINIMUM         66   1159 PM  47    1954  62      4       54
  AVERAGE         71                        72     -1       70

PRECIPITATION (IN)
  YESTERDAY        0.74          2.32 1976   0.16   0.58     0.00
  MONTH TO DATE    6.03                      3.75   2.28     1.38
  SINCE MAR 1     17.36                     13.36   4.00    10.83
  SINCE JAN 1     27.02                     22.73   4.29    21.57

DEGREE DAYS
 COOLING
  YESTERDAY        6                         8     -2        5
  MONTH TO DATE  159                       129     30      104
  SINCE MAR 1    383                       209    174      212
  SINCE JAN 1    398                       213    185      219
..................................................................


WIND (MPH)
  HIGHEST WIND SPEED    14   HIGHEST WIND DIRECTION     W (280)
  HIGHEST GUST SPEED    19   HIGHEST GUST DIRECTION     W (270)
  AVERAGE WIND SPEED     4.1


SKY COVER
  AVERAGE SKY COVER 0.9


WEATHER CONDITIONS
 THE FOLLOWING WEATHER WAS RECORDED YESTERDAY.
  THUNDERSTORM
  HEAVY RAIN
  RAIN
  LIGHT RAIN
  FOG


RELATIVE HUMIDITY (PERCENT)
 HIGHEST   100           800 AM
 LOWEST     69           100 PM
 AVERAGE    85

..........................................................


THE BIRMINGHAM CLIMATE NORMALS FOR TODAY
                         NORMAL    RECORD    YEAR
 MAXIMUM TEMPERATURE (F)   83        96      1996
 MINIMUM TEMPERATURE (F)   62        46      1917


SUNRISE AND SUNSET
MAY 24 2017...........SUNRISE   541 AM CDT   SUNSET   747 PM CDT
MAY 25 2017...........SUNRISE   540 AM CDT   SUNSET   748 PM CDT


-  INDICATES NEGATIVE NUMBERS.
R  INDICATES RECORD WAS SET OR TIED.
MM INDICATES DATA IS MISSING.
T  INDICATES TRACE AMOUNT.




$$
