094
CDUS44 KBMX 280739
CLIBHM


CLIMATE REPORT
NATIONAL WEATHER SERVICE BIRMINGHAM, AL
239 AM CDT TUE MAR 28 2017


...................................

...THE BIRMINGHAM CLIMATE SUMMARY FOR MARCH 27 2017...

CLIMATE NORMAL PERIOD 1981 TO 2010
CLIMATE RECORD PERIOD 1895 TO 2017


WEATHER ITEM   OBSERVED TIME   RECORD YEAR NORMAL DEPARTURE LAST
                VALUE   (LST)  VALUE       VALUE  FROM      YEAR
                                                  NORMAL
..................................................................
TEMPERATURE (F)
 YESTERDAY
  MAXIMUM         82    409 PM  89    1919  70     12       67
  MINIMUM         64    743 PM  18    1955  46     18       62
  AVERAGE         73                        58     15       65

PRECIPITATION (IN)
  YESTERDAY        0.15          2.99 1902   0.16  -0.01     0.07
  MONTH TO DATE    4.12                      4.59  -0.47     4.80
  SINCE MAR 1      4.12                      4.59  -0.47     4.80
  SINCE JAN 1     13.78                     13.96  -0.18    15.54

SNOWFALL (IN)
  YESTERDAY        0.0                       0.0    0.0      0.0
  MONTH TO DATE    0.0                       0.6   -0.6      0.0
  SINCE MAR 1      0.0                       0.6   -0.6      0.0
  SINCE JUL 1      0.3                       1.4   -1.1       T
  SNOW DEPTH       0

DEGREE DAYS
 HEATING
  YESTERDAY        0                         8     -8        0
  MONTH TO DATE  250                       292    -42      179
  SINCE MAR 1    250                       292    -42      179
  SINCE JUL 1   1622                      2482   -860     1849

 COOLING
  YESTERDAY        8                         1      7        0
  MONTH TO DATE   32                        17     15       37
  SINCE MAR 1     32                        17     15       37
  SINCE JAN 1     47                        21     26       44
..................................................................


WIND (MPH)
  HIGHEST WIND SPEED    35   HIGHEST WIND DIRECTION    SW (220)
  HIGHEST GUST SPEED    52   HIGHEST GUST DIRECTION    SW (220)
  AVERAGE WIND SPEED    11.2


SKY COVER
  AVERAGE SKY COVER 0.7


WEATHER CONDITIONS
 THE FOLLOWING WEATHER WAS RECORDED YESTERDAY.
  THUNDERSTORM
  LIGHT RAIN
  FOG
  HAZE


RELATIVE HUMIDITY (PERCENT)
 HIGHEST    87           100 AM
 LOWEST     42           300 PM
 AVERAGE    65

..........................................................


THE BIRMINGHAM CLIMATE NORMALS FOR TODAY
                         NORMAL    RECORD    YEAR
 MAXIMUM TEMPERATURE (F)   70        89      1919
 MINIMUM TEMPERATURE (F)   46        28      1937


SUNRISE AND SUNSET
MARCH 28 2017.........SUNRISE   640 AM CDT   SUNSET   705 PM CDT
MARCH 29 2017.........SUNRISE   638 AM CDT   SUNSET   706 PM CDT


-  INDICATES NEGATIVE NUMBERS.
R  INDICATES RECORD WAS SET OR TIED.
MM INDICATES DATA IS MISSING.
T  INDICATES TRACE AMOUNT.




$$
