000
CDUS45 KVEF 110826
CLIBIH


CLIMATE REPORT
NATIONAL WEATHER SERVICE LAS VEGAS, NV
1225 AM PST MON DEC 11 2017


...................................

...THE BISHOP CA CLIMATE SUMMARY FOR DECEMBER 10 2017...

CLIMATE NORMAL PERIOD 1981 TO 2010
CLIMATE RECORD PERIOD 1943 TO 2017


WEATHER ITEM   OBSERVED TIME   RECORD YEAR NORMAL DEPARTURE LAST
                VALUE   (LST)  VALUE       VALUE  FROM      YEAR
                                                  NORMAL
..................................................................
TEMPERATURE (F)
 YESTERDAY
  MAXIMUM         67    229 PM  72    1958  54     13       57
  MINIMUM         20    706 AM   6    2013  22     -2       25
  AVERAGE         44                        38      6       41

PRECIPITATION (IN)
  YESTERDAY        0.00          0.14 1984   0.02  -0.02      T
  MONTH TO DATE    0.00                      0.19  -0.19      T
  SINCE OCT 1      0.16                      1.01  -0.85     0.09
  SINCE JAN 1      8.98                      4.56   4.42     3.16

SNOWFALL (IN)
  YESTERDAY        0.0           T    1985   0.0    0.0      0.0
                                      1943
  MONTH TO DATE    0.0                       0.2   -0.2       T
  SINCE DEC 1      0.0                       0.2   -0.2       T
  SINCE JUL 1      0.0                       0.5   -0.5       T
  SNOW DEPTH       0

DEGREE DAYS
 HEATING
  YESTERDAY       21                        27     -6       24
  MONTH TO DATE  228                       263    -35      241
  SINCE DEC 1    228                       263    -35      241
  SINCE JUL 1   1028                      1164   -136      984

 COOLING
  YESTERDAY        0                         0      0        0
  MONTH TO DATE    0                         0      0        0
  SINCE DEC 1      0                         0      0        0
  SINCE JAN 1   1407                      1104    303     1361
..................................................................


WIND (MPH)
  RESULTANT WIND SPEED   6   RESULTANT WIND DIRECTION  NW (330)
  HIGHEST WIND SPEED    13   HIGHEST WIND DIRECTION    NW (310)
  HIGHEST GUST SPEED    13   HIGHEST GUST DIRECTION    NW (310)
  AVERAGE WIND SPEED     6.3


SKY COVER
  POSSIBLE SUNSHINE  MM
  AVERAGE SKY COVER 0.0


WEATHER CONDITIONS
 THE FOLLOWING WEATHER WAS RECORDED YESTERDAY.
  NO SIGNIFICANT WEATHER WAS OBSERVED.


RELATIVE HUMIDITY (PERCENT)
 HIGHEST    40           100 AM
 LOWEST      4           200 PM
 AVERAGE    22

..........................................................


THE BISHOP CA CLIMATE NORMALS FOR TODAY
                         NORMAL    RECORD    YEAR
 MAXIMUM TEMPERATURE (F)   53        78      1958
 MINIMUM TEMPERATURE (F)   22         8      1971


SUNRISE AND SUNSET
DECEMBER 11 2017......SUNRISE   658 AM PST   SUNSET   436 PM PST
DECEMBER 12 2017......SUNRISE   659 AM PST   SUNSET   436 PM PST


-  INDICATES NEGATIVE NUMBERS.
R  INDICATES RECORD WAS SET OR TIED.
MM INDICATES DATA IS MISSING.
T  INDICATES TRACE AMOUNT.




$$
