000
CDUS45 KVEF 190826
CLIBIH


CLIMATE REPORT
NATIONAL WEATHER SERVICE LAS VEGAS, NV
1226 AM PST FRI DEC 19 2014


...................................

...THE BISHOP CA CLIMATE SUMMARY FOR DECEMBER 18 2014...

CLIMATE NORMAL PERIOD 1981 TO 2010
CLIMATE RECORD PERIOD 1943 TO 2014


WEATHER ITEM   OBSERVED TIME   RECORD YEAR NORMAL DEPARTURE LAST
                VALUE   (LST)  VALUE       VALUE  FROM      YEAR
                                                  NORMAL
..................................................................
TEMPERATURE (F)
 YESTERDAY
  MAXIMUM         51    205 PM  72    1999  53     -2       60
  MINIMUM         26   1126 PM   5    1984  22      4       33
  AVERAGE         39                        37      2       47

PRECIPITATION (IN)
  YESTERDAY        0.00          1.10 2010   0.02  -0.02     0.00
  MONTH TO DATE    0.46                      0.37   0.09     0.03
  SINCE OCT 1      0.46                      1.19  -0.73     0.22
  SINCE JAN 1      3.23                      4.75  -1.52     1.33

SNOWFALL (IN)
  YESTERDAY        0.0           4.0  1967   0.0    0.0      0.0
  MONTH TO DATE    0.0                       0.6   -0.6      0.5
  SINCE DEC 1      0.0                       0.6   -0.6      0.5
  SINCE JUL 1      0.0                       1.0   -1.0      0.5
  SNOW DEPTH       0

DEGREE DAYS
 HEATING
  YESTERDAY       26                        28     -2       18
  MONTH TO DATE  407                       485    -78      514
  SINCE DEC 1    407                       485    -78      514
  SINCE JUL 1   1058                      1386   -328     1517

 COOLING
  YESTERDAY        0                         0      0        0
  MONTH TO DATE    0                         0      0        0
  SINCE DEC 1      0                         0      0        0
  SINCE JAN 1   1384                      1104    280     1337
..................................................................


WIND (MPH)
  RESULTANT WIND SPEED   1   RESULTANT WIND DIRECTION  NW (330)
  HIGHEST WIND SPEED     9   HIGHEST WIND DIRECTION    NW (330)
  HIGHEST GUST SPEED    12   HIGHEST GUST DIRECTION     W (250)
  AVERAGE WIND SPEED     3.4


SKY COVER
  POSSIBLE SUNSHINE  MM
  AVERAGE SKY COVER 0.2


WEATHER CONDITIONS
 THE FOLLOWING WEATHER WAS RECORDED YESTERDAY.
  NO SIGNIFICANT WEATHER WAS OBSERVED.


RELATIVE HUMIDITY (PERCENT)
 HIGHEST    92           100 AM
 LOWEST     42           200 PM
 AVERAGE    67

..........................................................


THE BISHOP CA CLIMATE NORMALS FOR TODAY
                         NORMAL    RECORD    YEAR
 MAXIMUM TEMPERATURE (F)   53        69      1985
 MINIMUM TEMPERATURE (F)   22         8      1984
                                             1967


SUNRISE AND SUNSET
DECEMBER 19 2014......SUNRISE   703 AM PST   SUNSET   438 PM PST
DECEMBER 20 2014......SUNRISE   703 AM PST   SUNSET   439 PM PST


-  INDICATES NEGATIVE NUMBERS.
R  INDICATES RECORD WAS SET OR TIED.
MM INDICATES DATA IS MISSING.
T  INDICATES TRACE AMOUNT.




$$
