000
CDUS45 KVEF 260845
CLIBIH


CLIMATE REPORT
NATIONAL WEATHER SERVICE LAS VEGAS, NV
145 AM PDT WED JUL 26 2017


...................................

...THE BISHOP CA CLIMATE SUMMARY FOR JULY 25 2017...

CLIMATE NORMAL PERIOD 1981 TO 2010
CLIMATE RECORD PERIOD 1943 TO 2017


WEATHER ITEM   OBSERVED TIME   RECORD YEAR NORMAL DEPARTURE LAST
                VALUE   (LST)  VALUE       VALUE  FROM      YEAR
                                                  NORMAL
..................................................................
TEMPERATURE (F)
 YESTERDAY
  MAXIMUM         94    244 PM 107    2016  99     -5      107
                                      1980
                                      1975
  MINIMUM         61    527 AM  46    1995  57      4       57
                                      1972
  AVERAGE         78                        78      0       82

PRECIPITATION (IN)
  YESTERDAY        T             0.50 1946   0.01  -0.01     0.00
  MONTH TO DATE    T                         0.13  -0.13      T
  SINCE OCT 1      9.16                      4.82   4.34     3.88
  SINCE JAN 1      8.80                      3.20   5.60     3.07

SNOWFALL (IN)
  YESTERDAY        0.0          MM      MM   0.0    0.0      0.0
  MONTH TO DATE    0.0                       0.0    0.0      0.0
  SINCE JUN 1      0.0                       0.0    0.0      0.0
  SINCE JUL 1      0.0                       0.0    0.0      0.0
  SNOW DEPTH       0

DEGREE DAYS
 HEATING
  YESTERDAY        0                         0      0        0
  MONTH TO DATE    0                         0      0        0
  SINCE JUN 1     14                        19     -5        3
  SINCE JUL 1      0                         0      0        0

 COOLING
  YESTERDAY       13                        13      0       17
  MONTH TO DATE  406                       308     98      343
  SINCE JUN 1    739                       522    217      703
  SINCE JAN 1    796                       590    206      750
..................................................................


WIND (MPH)
  RESULTANT WIND SPEED   6   RESULTANT WIND DIRECTION   S (160)
  HIGHEST WIND SPEED    29   HIGHEST WIND DIRECTION     S (160)
  HIGHEST GUST SPEED    38   HIGHEST GUST DIRECTION    SE (150)
  AVERAGE WIND SPEED    10.4


SKY COVER
  POSSIBLE SUNSHINE  MM
  AVERAGE SKY COVER 0.1


WEATHER CONDITIONS
 THE FOLLOWING WEATHER WAS RECORDED YESTERDAY.
  LIGHT RAIN
  HAZE


RELATIVE HUMIDITY (PERCENT)
 HIGHEST    73           300 AM
 LOWEST     24           600 PM
 AVERAGE    49

..........................................................


THE BISHOP CA CLIMATE NORMALS FOR TODAY
                         NORMAL    RECORD    YEAR
 MAXIMUM TEMPERATURE (F)   99       108      1975
                                             1945
 MINIMUM TEMPERATURE (F)   57        46      1947


SUNRISE AND SUNSET
JULY 26 2017..........SUNRISE   553 AM PDT   SUNSET   806 PM PDT
JULY 27 2017..........SUNRISE   554 AM PDT   SUNSET   805 PM PDT


-  INDICATES NEGATIVE NUMBERS.
R  INDICATES RECORD WAS SET OR TIED.
MM INDICATES DATA IS MISSING.
T  INDICATES TRACE AMOUNT.




$$
