022
CDUS45 KVEF 300026
CLIBIH


CLIMATE REPORT
NATIONAL WEATHER SERVICE LAS VEGAS, NV
526 PM PDT MON MAY 29 2017


...................................

...THE BISHOP CA CLIMATE SUMMARY FOR MAY 29 2017...
VALID TODAY AS OF 0500 PM LOCAL TIME.

CLIMATE NORMAL PERIOD 1981 TO 2010
CLIMATE RECORD PERIOD 1943 TO 2017


WEATHER ITEM   OBSERVED RECORD YEAR NORMAL DEPARTURE LAST
                VALUE   VALUE       VALUE  FROM      YEAR
                                           NORMAL
...........................................................
TEMPERATURE (F)
 TODAY
  MAXIMUM         92     99    2003  87      5       86
  MINIMUM         45     34    2008  47     -2       47
                               1990
  AVERAGE         69

PRECIPITATION (IN)
  TODAY            0.00   0.04 2011   0.01  -0.01     0.00
  MONTH TO DATE    0.35               0.18   0.17     0.34
  SINCE OCT 1      9.16               4.49   4.67     3.38
  SINCE JAN 1      8.80               2.87   5.93     2.57

SNOWFALL (IN)
  TODAY            0.0   MM      MM   0.0    0.0      0.0
  MONTH TO DATE    0.0                0.0    0.0      0.0
  SINCE MAR 1      T                  0.6   -0.6       T
  SINCE JUL 1      8.6                8.0    0.6      2.0
  SNOW DEPTH       0

DEGREE DAYS
 HEATING
  TODAY            0                  2     -2        0
  MONTH TO DATE   98                113    -15       96
  SINCE MAR 1    782                948   -166      698
  SINCE JUL 1   3782               4155   -373     3754

 COOLING
  TODAY            4                  4      0        2
  MONTH TO DATE   49                 55     -6       31
  SINCE MAR 1     49                 59    -10       31
  SINCE JAN 1     49                 59    -10       31
...........................................................


WIND (MPH)
  RESULTANT WIND SPEED   1   RESULTANT WIND DIRECTION   W (280)
  HIGHEST WIND SPEED    17   HIGHEST WIND DIRECTION     S (190)
  HIGHEST GUST SPEED    23   HIGHEST GUST DIRECTION     S (190)
  AVERAGE WIND SPEED     6.3


SKY COVER
  POSSIBLE SUNSHINE  MM
  AVERAGE SKY COVER 0.0


WEATHER CONDITIONS
 THE FOLLOWING WEATHER WAS RECORDED TODAY.
  NO SIGNIFICANT WEATHER WAS OBSERVED.


RELATIVE HUMIDITY (PERCENT)
 HIGHEST    65           500 AM
 LOWEST      6           200 PM
 AVERAGE    36

..........................................................


THE BISHOP CA CLIMATE NORMALS FOR TOMORROW
                         NORMAL    RECORD    YEAR
 MAXIMUM TEMPERATURE (F)   87       100      1986
 MINIMUM TEMPERATURE (F)   47        30      2011


SUNRISE AND SUNSET
MAY 29 2017...........SUNRISE   535 AM PDT   SUNSET   807 PM PDT
MAY 30 2017...........SUNRISE   535 AM PDT   SUNSET   807 PM PDT


-  INDICATES NEGATIVE NUMBERS.
R  INDICATES RECORD WAS SET OR TIED.
MM INDICATES DATA IS MISSING.
T  INDICATES TRACE AMOUNT.




$$
