000
CDUS45 KVEF 210835
CLIBIH


CLIMATE REPORT
NATIONAL WEATHER SERVICE LAS VEGAS, NV
1235 AM PST FRI NOV 21 2014


...................................

...THE BISHOP CA CLIMATE SUMMARY FOR NOVEMBER 20 2014...

CLIMATE NORMAL PERIOD 1981 TO 2010
CLIMATE RECORD PERIOD 1943 TO 2014


WEATHER ITEM   OBSERVED TIME   RECORD YEAR NORMAL DEPARTURE LAST
                VALUE   (LST)  VALUE       VALUE  FROM      YEAR
                                                  NORMAL
..................................................................
TEMPERATURE (F)
 YESTERDAY
  MAXIMUM         61    245 PM  77    1962  60      1       66
  MINIMUM         21    650 AM  10    1985  26     -5       37
  AVERAGE         41                        43     -2       52

PRECIPITATION (IN)
  YESTERDAY        0.00          0.85 1951   0.02  -0.02     0.02
  MONTH TO DATE    T                         0.34  -0.34     0.02
  SINCE OCT 1      T                         0.64  -0.64     0.18
  SINCE JAN 1      2.77                      4.20  -1.43     1.29

SNOWFALL (IN)
  YESTERDAY        0.0           T    1961   0.0    0.0      0.0
  MONTH TO DATE    0.0                       0.2   -0.2      0.0
  SINCE SEP 1      0.0                       0.2   -0.2      0.0
  SINCE JUL 1      0.0                       0.2   -0.2      0.0
  SNOW DEPTH       0

DEGREE DAYS
 HEATING
  YESTERDAY       24                        22      2       13
  MONTH TO DATE  312                       359    -47      351
  SINCE SEP 1    470                       664   -194      774
  SINCE JUL 1    470                       666   -196      774

 COOLING
  YESTERDAY        0                         0      0        0
  MONTH TO DATE    0                         0      0        0
  SINCE SEP 1    237                       127    110      172
  SINCE JAN 1   1384                      1104    280     1337
..................................................................


WIND (MPH)
  RESULTANT WIND SPEED   2   RESULTANT WIND DIRECTION  NW (330)
  HIGHEST WIND SPEED    15   HIGHEST WIND DIRECTION     S (170)
  HIGHEST GUST SPEED    19   HIGHEST GUST DIRECTION     S (180)
  AVERAGE WIND SPEED     5.1


SKY COVER
  POSSIBLE SUNSHINE  MM
  AVERAGE SKY COVER 0.1


WEATHER CONDITIONS
 THE FOLLOWING WEATHER WAS RECORDED YESTERDAY.
  NO SIGNIFICANT WEATHER WAS OBSERVED.


RELATIVE HUMIDITY (PERCENT)
 HIGHEST    54           700 AM
 LOWEST     19           200 PM
 AVERAGE    37

..........................................................


THE BISHOP CA CLIMATE NORMALS FOR TODAY
                         NORMAL    RECORD    YEAR
 MAXIMUM TEMPERATURE (F)   60        78      1950
 MINIMUM TEMPERATURE (F)   26        14      1979


SUNRISE AND SUNSET
NOVEMBER 21 2014......SUNRISE   639 AM PST   SUNSET   439 PM PST
NOVEMBER 22 2014......SUNRISE   640 AM PST   SUNSET   439 PM PST


-  INDICATES NEGATIVE NUMBERS.
R  INDICATES RECORD WAS SET OR TIED.
MM INDICATES DATA IS MISSING.
T  INDICATES TRACE AMOUNT.




$$
