000
CDUS45 KVEF 240027
CLIBIH


CLIMATE REPORT
NATIONAL WEATHER SERVICE LAS VEGAS, NV
526 PM PDT SUN APR 23 2017


...................................

...THE BISHOP CA CLIMATE SUMMARY FOR APRIL 23 2017...
VALID TODAY AS OF 0500 PM LOCAL TIME.

CLIMATE NORMAL PERIOD 1981 TO 2010
CLIMATE RECORD PERIOD 1943 TO 2017


WEATHER ITEM   OBSERVED RECORD YEAR NORMAL DEPARTURE LAST
                VALUE   VALUE       VALUE  FROM      YEAR
                                           NORMAL
...........................................................
TEMPERATURE (F)
 TODAY
  MAXIMUM         78     90    2012  75      3       72
  MINIMUM         39     25    1968  38      1       38
                               1967
                               1960
  AVERAGE         59

PRECIPITATION (IN)
  TODAY            0.00   0.11 1980   0.01  -0.01     0.00
  MONTH TO DATE    0.92               0.22   0.70     1.03
  SINCE OCT 1      8.81               4.27   4.54     3.03
  SINCE JAN 1      8.45               2.65   5.80     2.22

SNOWFALL (IN)
  TODAY            0.0    T    1961   0.0    0.0      0.0
  MONTH TO DATE    0.0                0.1   -0.1      0.0
  SINCE MAR 1      T                  0.6   -0.6       T
  SINCE JUL 1      8.6                8.0    0.6      2.0
  SNOW DEPTH       0

DEGREE DAYS
 HEATING
  TODAY            6                  9     -3       10
  MONTH TO DATE  232                265    -33      141
  SINCE MAR 1    641                781   -140      536
  SINCE JUL 1   3641               3988   -347     3592

 COOLING
  TODAY            0                  0      0        0
  MONTH TO DATE    0                  0      0        0
  SINCE MAR 1      0                  0      0        0
  SINCE JAN 1      0                  0      0        0
...........................................................


WIND (MPH)
  RESULTANT WIND SPEED   8   RESULTANT WIND DIRECTION  NW (320)
  HIGHEST WIND SPEED    23   HIGHEST WIND DIRECTION    SW (240)
  HIGHEST GUST SPEED    28   HIGHEST GUST DIRECTION     N (10)
  AVERAGE WIND SPEED    10.8


SKY COVER
  POSSIBLE SUNSHINE  MM
  AVERAGE SKY COVER 0.0


WEATHER CONDITIONS
 THE FOLLOWING WEATHER WAS RECORDED TODAY.
  NO SIGNIFICANT WEATHER WAS OBSERVED.


RELATIVE HUMIDITY (PERCENT)
 HIGHEST    55           400 AM
 LOWEST      8           300 PM
 AVERAGE    32

..........................................................


THE BISHOP CA CLIMATE NORMALS FOR TOMORROW
                         NORMAL    RECORD    YEAR
 MAXIMUM TEMPERATURE (F)   75        87      1996
                                             1953
 MINIMUM TEMPERATURE (F)   38        27      1964


SUNRISE AND SUNSET
APRIL 23 2017.........SUNRISE   608 AM PDT   SUNSET   736 PM PDT
APRIL 24 2017.........SUNRISE   606 AM PDT   SUNSET   737 PM PDT


-  INDICATES NEGATIVE NUMBERS.
R  INDICATES RECORD WAS SET OR TIED.
MM INDICATES DATA IS MISSING.
T  INDICATES TRACE AMOUNT.




$$
