000
CDUS45 KVEF 220831
CLIBIH


CLIMATE REPORT
NATIONAL WEATHER SERVICE LAS VEGAS, NV
1229 AM PST THU FEB 22 2018


...................................

...THE BISHOP CA CLIMATE SUMMARY FOR FEBRUARY 21 2018...

CLIMATE NORMAL PERIOD 1981 TO 2010
CLIMATE RECORD PERIOD 1943 TO 2018


WEATHER ITEM   OBSERVED TIME   RECORD YEAR NORMAL DEPARTURE LAST
                VALUE   (LST)  VALUE       VALUE  FROM      YEAR
                                                  NORMAL
..................................................................
TEMPERATURE (F)
 YESTERDAY
  MAXIMUM         46    424 PM  75    1948  59    -13       61
  MINIMUM         14R   541 AM  16    1987  28    -14       35
  AVERAGE         30                        43    -13       48

PRECIPITATION (IN)
  YESTERDAY        0.00          0.97 1980   0.03  -0.03      T
  MONTH TO DATE    0.00                      0.63  -0.63     2.21
  SINCE OCT 1      0.20                      3.30  -3.10     7.80
  SINCE JAN 1      0.04                      1.68  -1.64     7.44

SNOWFALL (IN)
  YESTERDAY        0.0           6.0  1944   0.0    0.0     MM
  MONTH TO DATE    0.0                       0.6   -0.6      0.0
  SINCE DEC 1      0.0                       7.0   -7.0      8.6
  SINCE JUL 1      0.0                       7.3   -7.3      8.6
  SNOW DEPTH       0

DEGREE DAYS
 HEATING
  YESTERDAY       35                        22     13       17
  MONTH TO DATE  435                       494    -59      407
  SINCE DEC 1   1808                      2162   -354     2071
  SINCE JUL 1   2608                      3063   -455     2814

 COOLING
  YESTERDAY        0                         0      0        0
  MONTH TO DATE    0                         0      0        0
  SINCE DEC 1      0                         0      0        0
  SINCE JAN 1      0                         0      0        0
..................................................................


WIND (MPH)
  RESULTANT WIND SPEED   1   RESULTANT WIND DIRECTION   N (10)
  HIGHEST WIND SPEED    12   HIGHEST WIND DIRECTION     N (340)
  HIGHEST GUST SPEED    15   HIGHEST GUST DIRECTION     N (350)
  AVERAGE WIND SPEED     3.7


SKY COVER
  POSSIBLE SUNSHINE  MM
  AVERAGE SKY COVER 0.4


WEATHER CONDITIONS
 THE FOLLOWING WEATHER WAS RECORDED YESTERDAY.
  NO SIGNIFICANT WEATHER WAS OBSERVED.


RELATIVE HUMIDITY (PERCENT)
 HIGHEST    53           500 AM
 LOWEST     14           400 PM
 AVERAGE    34

..........................................................


THE BISHOP CA CLIMATE NORMALS FOR TODAY
                         NORMAL    RECORD    YEAR
 MAXIMUM TEMPERATURE (F)   60        75      2012
 MINIMUM TEMPERATURE (F)   28        14      1953


SUNRISE AND SUNSET
FEBRUARY 22 2018......SUNRISE   634 AM PST   SUNSET   540 PM PST
FEBRUARY 23 2018......SUNRISE   633 AM PST   SUNSET   541 PM PST


-  INDICATES NEGATIVE NUMBERS.
R  INDICATES RECORD WAS SET OR TIED.
MM INDICATES DATA IS MISSING.
T  INDICATES TRACE AMOUNT.




$$
