000
CDUS45 KVEF 010833
CLIBIH


CLIMATE REPORT
NATIONAL WEATHER SERVICE LAS VEGAS, NV
1232 AM PST SUN MAR 1 2015


...................................

...THE BISHOP CA CLIMATE SUMMARY FOR FEBRUARY 28 2015...

CLIMATE NORMAL PERIOD 1981 TO 2010
CLIMATE RECORD PERIOD 1943 TO 2015


WEATHER ITEM   OBSERVED TIME   RECORD YEAR NORMAL DEPARTURE LAST
                VALUE   (LST)  VALUE       VALUE  FROM      YEAR
                                                  NORMAL
..................................................................
TEMPERATURE (F)
 YESTERDAY
  MAXIMUM         59    112 PM  78    1986  61     -2       49
  MINIMUM         24    601 AM  11    1951  29     -5       36
  AVERAGE         42                        45     -3       43

PRECIPITATION (IN)
  YESTERDAY        T             0.95 2014   0.03  -0.03     0.95
  MONTH TO DATE    0.17                      0.85  -0.68     1.71
  SINCE OCT 1      0.72                      3.52  -2.80     2.13
  SINCE JAN 1      0.26                      1.90  -1.64     1.91

SNOWFALL (IN)
  YESTERDAY        0.0           5.6  1969   0.0    0.0      0.0
  MONTH TO DATE    0.0                       0.1   -0.1      0.0
  SINCE DEC 1      0.0                       5.5   -5.5      0.5
  SINCE JUL 1      0.0                       5.9   -5.9      0.5
  SNOW DEPTH       0

DEGREE DAYS
 HEATING
  YESTERDAY       23                        20      3       22
  MONTH TO DATE  403                       638   -235      524
  SINCE DEC 1   1790                      2306   -516     1947
  SINCE JUL 1   2441                      3207   -766     2950

 COOLING
  YESTERDAY        0                         0      0        0
  MONTH TO DATE    0                         0      0        0
  SINCE DEC 1      0                         0      0        0
  SINCE JAN 1      0                         0      0        0
..................................................................


WIND (MPH)
  RESULTANT WIND SPEED   2   RESULTANT WIND DIRECTION   N (340)
  HIGHEST WIND SPEED    25   HIGHEST WIND DIRECTION     N (360)
  HIGHEST GUST SPEED    33   HIGHEST GUST DIRECTION     N (360)
  AVERAGE WIND SPEED     5.8


SKY COVER
  POSSIBLE SUNSHINE  MM
  AVERAGE SKY COVER 0.3


WEATHER CONDITIONS
 THE FOLLOWING WEATHER WAS RECORDED YESTERDAY.
  NO SIGNIFICANT WEATHER WAS OBSERVED.


RELATIVE HUMIDITY (PERCENT)
 HIGHEST    59          1000 PM
 LOWEST     13          1200 PM
 AVERAGE    36

..........................................................


THE BISHOP CA CLIMATE NORMALS FOR TODAY
                         NORMAL    RECORD    YEAR
 MAXIMUM TEMPERATURE (F)   62        78      1986
 MINIMUM TEMPERATURE (F)   29         9      2007
                                             1969


SUNRISE AND SUNSET
MARCH  1 2015.........SUNRISE   625 AM PST   SUNSET   547 PM PST
MARCH  2 2015.........SUNRISE   624 AM PST   SUNSET   548 PM PST


-  INDICATES NEGATIVE NUMBERS.
R  INDICATES RECORD WAS SET OR TIED.
MM INDICATES DATA IS MISSING.
T  INDICATES TRACE AMOUNT.




$$
