000
CDUS45 KBYZ 230937
CLIBIL


CLIMATE REPORT
NATIONAL WEATHER SERVICE BILLINGS MT
332 AM MDT SAT AUG 23 2014


...................................

...THE BILLINGS MT CLIMATE SUMMARY FOR AUGUST 22 2014...

CLIMATE NORMAL PERIOD 1981 TO 2010
CLIMATE RECORD PERIOD 1934 TO 2014


WEATHER ITEM   OBSERVED TIME   RECORD YEAR NORMAL DEPARTURE LAST
                VALUE   (LST)  VALUE       VALUE  FROM      YEAR
                                                  NORMAL
..................................................................
TEMPERATURE (F)
 YESTERDAY
  MAXIMUM         65    228 PM 100    1971  85    -20       90
  MINIMUM         55    556 AM  37    1939  56     -1       59
  AVERAGE         60                        70    -10       75

PRECIPITATION (IN)
  YESTERDAY        0.41          0.51 1973   0.02   0.39     0.00
  MONTH TO DATE    1.00                      0.53   0.47     0.19
  SINCE OCT 1     15.81                     12.14   3.67    10.23
  SINCE JAN 1     10.92                      9.83   1.09     8.18

SNOWFALL (IN)
  YESTERDAY        0.0           0.0  2002   0.0    0.0      0.0
                                      2000
  MONTH TO DATE    0.0                       0.0    0.0       T
  SINCE JUN 1      T                         0.0    0.0       T
  SINCE JUL 1      0.0                       0.0    0.0       T
  SNOW DEPTH       0

DEGREE DAYS
 HEATING
  YESTERDAY        5                         1      4        0
  MONTH TO DATE   10                         7      3        0
  SINCE JUN 1    100                       118    -18       73
  SINCE JUL 1     11                        22    -11        0

 COOLING
  YESTERDAY        0                         6     -6       10
  MONTH TO DATE  197                       177     20      191
  SINCE JUN 1    520                       518      2      585
  SINCE JAN 1    536                       535      1      612
..................................................................


WIND (MPH)
  HIGHEST WIND SPEED    16   HIGHEST WIND DIRECTION     N (20)
  HIGHEST GUST SPEED    17   HIGHEST GUST DIRECTION    NE (50)
  AVERAGE WIND SPEED     7.4


SKY COVER
  POSSIBLE SUNSHINE  MM
  AVERAGE SKY COVER 0.9


WEATHER CONDITIONS
 THE FOLLOWING WEATHER WAS RECORDED YESTERDAY.
  HEAVY RAIN
  RAIN
  LIGHT RAIN
  FOG


RELATIVE HUMIDITY (PERCENT)
 HIGHEST   100           800 AM
 LOWEST     73           300 PM
 AVERAGE    87

..........................................................


THE BILLINGS MT CLIMATE NORMALS FOR TODAY
                         NORMAL    RECORD    YEAR
 MAXIMUM TEMPERATURE (F)   84        99      1969
 MINIMUM TEMPERATURE (F)   56        39      1992


SUNRISE AND SUNSET
AUGUST 23 2014........SUNRISE   624 AM MDT   SUNSET   808 PM MDT
AUGUST 24 2014........SUNRISE   625 AM MDT   SUNSET   807 PM MDT


-  INDICATES NEGATIVE NUMBERS.
R  INDICATES RECORD WAS SET OR TIED.
MM INDICATES DATA IS MISSING.
T  INDICATES TRACE AMOUNT.





&&

...THE CLIMATE SUMMARY FOR SOUTHWEST BILLINGS FOR 22 AUGUST 2014...

HIGH TEMPERATURE........................67
LOW TEMPERATURE.........................55

PRECIPITATION...........................0.40
MONTHLY PRECIPITATION TOTAL.............1.01
YEARLY PRECIPITATION TOTAL..............11.57

SNOWFALL................................0.0
MONTHLY SNOWFALL TOTAL..................0.0
TOTAL SNOWFALL SINCE JULY 1.............0.0

SNOW DEPTH AT MIDNIGHT..................0

$$
