000
CDUS45 KBYZ 230937
CLIBIL


CLIMATE REPORT
NATIONAL WEATHER SERVICE BILLINGS MT
336 AM MDT WED APR 23 2014


...................................

...THE BILLINGS MT CLIMATE SUMMARY FOR APRIL 22 2014...

CLIMATE NORMAL PERIOD 1981 TO 2010
CLIMATE RECORD PERIOD 1934 TO 2014


WEATHER ITEM   OBSERVED TIME   RECORD YEAR NORMAL DEPARTURE LAST
                VALUE   (LST)  VALUE       VALUE  FROM      YEAR
                                                  NORMAL
..................................................................
TEMPERATURE (F)
 YESTERDAY
  MAXIMUM         73    247 PM  84    1939  60     13       34
  MINIMUM         47    618 AM  17    1967  36     11       23
  AVERAGE         60                        48     12       29

PRECIPITATION (IN)
  YESTERDAY        0.00          0.87 1958   0.06  -0.06     0.02
  MONTH TO DATE    0.26                      1.17  -0.91     1.02
  SINCE OCT 1      9.55                      5.50   4.05     4.21
  SINCE JAN 1      4.66                      3.19   1.47     2.16

SNOWFALL (IN)
  YESTERDAY        0.0           4.9  1958   0.3   -0.3      0.3
  MONTH TO DATE    0.6                       6.7   -6.1      5.6
  SINCE MAR 1     11.2                      16.9   -5.7      8.3
  SINCE JUL 1    101.4                      51.4   50.0     40.4
  SNOW DEPTH       0

DEGREE DAYS
 HEATING
  YESTERDAY        5                        17    -12       36
  MONTH TO DATE  413                       442    -29      580
  SINCE MAR 1   1380                      1287     93     1422
  SINCE JUL 1   6653                      6252    401     5983

 COOLING
  YESTERDAY        0                         0      0        0
  MONTH TO DATE    0                         0      0        0
  SINCE MAR 1      0                         0      0        0
  SINCE JAN 1      0                         0      0        0
..................................................................


WIND (MPH)
  HIGHEST WIND SPEED    36   HIGHEST WIND DIRECTION    NW (310)
  HIGHEST GUST SPEED    42   HIGHEST GUST DIRECTION    NW (320)
  AVERAGE WIND SPEED     8.5


SKY COVER
  POSSIBLE SUNSHINE  MM
  AVERAGE SKY COVER 0.8


WEATHER CONDITIONS
 THE FOLLOWING WEATHER WAS RECORDED YESTERDAY.
  NO SIGNIFICANT WEATHER WAS OBSERVED.


RELATIVE HUMIDITY (PERCENT)
 HIGHEST    57          1100 PM
 LOWEST     24           300 PM
 AVERAGE    41

..........................................................


THE BILLINGS MT CLIMATE NORMALS FOR TODAY
                         NORMAL    RECORD    YEAR
 MAXIMUM TEMPERATURE (F)   60        87      2012
 MINIMUM TEMPERATURE (F)   37        20      2013
                                             1967


SUNRISE AND SUNSET
APRIL 23 2014.........SUNRISE   614 AM MDT   SUNSET   811 PM MDT
APRIL 24 2014.........SUNRISE   613 AM MDT   SUNSET   813 PM MDT


-  INDICATES NEGATIVE NUMBERS.
R  INDICATES RECORD WAS SET OR TIED.
MM INDICATES DATA IS MISSING.
T  INDICATES TRACE AMOUNT.





&&

...THE CLIMATE SUMMARY FOR SOUTHWEST BILLINGS FOR 22 APRIL 2014...

HIGH TEMPERATURE........................75
LOW TEMPERATURE.........................46

PRECIPITATION...........................0.00
MONTHLY PRECIPITATION TOTAL.............0.08
YEARLY PRECIPITATION TOTAL..............4.44

SNOWFALL................................0.0
MONTHLY SNOWFALL TOTAL..................0.8
TOTAL SNOWFALL SINCE JULY 1.............93.8

SNOW DEPTH AT MIDNIGHT..................0

$$
