000
CDUS45 KBYZ 180724
CLIBIL


CLIMATE REPORT
NATIONAL WEATHER SERVICE BILLINGS MT
1224 AM MST SAT NOV 18 2017


...................................

...THE BILLINGS MT CLIMATE SUMMARY FOR NOVEMBER 17 2017...

CLIMATE NORMAL PERIOD 1981 TO 2010
CLIMATE RECORD PERIOD 1934 TO 2017


WEATHER ITEM   OBSERVED TIME   RECORD YEAR NORMAL DEPARTURE LAST
                VALUE   (LST)  VALUE       VALUE  FROM      YEAR
                                                  NORMAL
..................................................................
TEMPERATURE (F)
 YESTERDAY
  MAXIMUM         45    242 PM  65    1995  44      1       32
  MINIMUM         32   1159 PM  -6    1955  26      6       26
  AVERAGE         39                        35      4       29

PRECIPITATION (IN)
  YESTERDAY        0.00          0.54 1994   0.02  -0.02     0.21
  MONTH TO DATE    1.17                      0.37   0.80     0.38
  SINCE OCT 1      1.66                      1.55   0.11     3.89
  SINCE JAN 1     15.64                     12.90   2.74    13.22

SNOWFALL (IN)
  YESTERDAY        0.0          12.4  1994   0.3   -0.3      2.1
  MONTH TO DATE   12.1                       3.3    8.8      2.3
  SINCE SEP 1     12.1                       8.5    3.6      5.3
  SINCE JUL 1     12.1                       8.5    3.6      5.3
  SNOW DEPTH       0

DEGREE DAYS
 HEATING
  YESTERDAY       26                        30     -4       36
  MONTH TO DATE  590                       447    143      259
  SINCE SEP 1   1324                      1162    162      871
  SINCE JUL 1   1326                      1199    127      899

 COOLING
  YESTERDAY        0                         0      0        0
  MONTH TO DATE    0                         0      0        0
  SINCE SEP 1    100                        54     46       54
  SINCE JAN 1    840                       636    204      738
..................................................................


WIND (MPH)
  HIGHEST WIND SPEED    25   HIGHEST WIND DIRECTION     W (290)
  HIGHEST GUST SPEED    33   HIGHEST GUST DIRECTION    NW (300)
  AVERAGE WIND SPEED    11.5


SKY COVER
  POSSIBLE SUNSHINE  MM
  AVERAGE SKY COVER 0.6


WEATHER CONDITIONS
 THE FOLLOWING WEATHER WAS RECORDED YESTERDAY.
  NO SIGNIFICANT WEATHER WAS OBSERVED.


RELATIVE HUMIDITY (PERCENT)
 HIGHEST    89           900 AM
 LOWEST     33           300 PM
 AVERAGE    61

..........................................................


THE BILLINGS MT CLIMATE NORMALS FOR TODAY
                         NORMAL    RECORD    YEAR
 MAXIMUM TEMPERATURE (F)   44        71      1995
 MINIMUM TEMPERATURE (F)   25        -5      1978


SUNRISE AND SUNSET
NOVEMBER 18 2017......SUNRISE   719 AM MST   SUNSET   440 PM MST
NOVEMBER 19 2017......SUNRISE   720 AM MST   SUNSET   439 PM MST


-  INDICATES NEGATIVE NUMBERS.
R  INDICATES RECORD WAS SET OR TIED.
MM INDICATES DATA IS MISSING.
T  INDICATES TRACE AMOUNT.




$$
