000
CDUS45 KBYZ 220723
CLIBIL


CLIMATE REPORT
NATIONAL WEATHER SERVICE BILLINGS MT
123 AM MDT SAT JUL 22 2017


...................................

...THE BILLINGS MT CLIMATE SUMMARY FOR JULY 21 2017...

CLIMATE NORMAL PERIOD 1981 TO 2010
CLIMATE RECORD PERIOD 1934 TO 2017


WEATHER ITEM   OBSERVED TIME   RECORD YEAR NORMAL DEPARTURE LAST
                VALUE   (LST)  VALUE       VALUE  FROM      YEAR
                                                  NORMAL
..................................................................
TEMPERATURE (F)
 YESTERDAY
  MAXIMUM         94    438 PM 103    1936  88      6       96
  MINIMUM         67    515 AM  44    1939  60      7       61
  AVERAGE         81                        74      7       79

PRECIPITATION (IN)
  YESTERDAY        0.00          0.88 2010   0.04  -0.04     0.00
  MONTH TO DATE    0.09                      0.95  -0.86     0.16
  SINCE OCT 1     16.59                     11.24   5.35     8.64
  SINCE JAN 1     11.03                      8.93   2.10     5.79

SNOWFALL (IN)
  YESTERDAY        0.0           0.0  2002   0.0    0.0      0.0
                                      2001
                                      2000
  MONTH TO DATE    0.0                       0.0    0.0      0.0
  SINCE JUN 1      0.0                       0.0    0.0       T
  SINCE JUL 1      0.0                       0.0    0.0      0.0
  SNOW DEPTH       0

DEGREE DAYS
 HEATING
  YESTERDAY        0                         0      0        0
  MONTH TO DATE    0                        12    -12        4
  SINCE JUN 1     38                       108    -70       15
  SINCE JUL 1      0                        12    -12        4

 COOLING
  YESTERDAY       16                         9      7       14
  MONTH TO DATE  293                       162    131      166
  SINCE JUN 1    396                       247    149      354
  SINCE JAN 1    411                       264    147      365
..................................................................


WIND (MPH)
  HIGHEST WIND SPEED    25   HIGHEST WIND DIRECTION     W (260)
  HIGHEST GUST SPEED    33   HIGHEST GUST DIRECTION     W (270)
  AVERAGE WIND SPEED     9.8


SKY COVER
  POSSIBLE SUNSHINE  MM
  AVERAGE SKY COVER 0.1


WEATHER CONDITIONS
 THE FOLLOWING WEATHER WAS RECORDED YESTERDAY.
  NO SIGNIFICANT WEATHER WAS OBSERVED.


RELATIVE HUMIDITY (PERCENT)
 HIGHEST    47           200 AM
 LOWEST      6           300 PM
 AVERAGE    27

..........................................................


THE BILLINGS MT CLIMATE NORMALS FOR TODAY
                         NORMAL    RECORD    YEAR
 MAXIMUM TEMPERATURE (F)   88       103      1936
 MINIMUM TEMPERATURE (F)   60        45      1939


SUNRISE AND SUNSET
JULY 22 2017..........SUNRISE   546 AM MDT   SUNSET   854 PM MDT
JULY 23 2017..........SUNRISE   547 AM MDT   SUNSET   853 PM MDT


-  INDICATES NEGATIVE NUMBERS.
R  INDICATES RECORD WAS SET OR TIED.
MM INDICATES DATA IS MISSING.
T  INDICATES TRACE AMOUNT.




$$
