000
CDUS43 KBIS 300726
CLIBIS


CLIMATE REPORT
NATIONAL WEATHER SERVICE BISMARCK ND
226 AM CDT MON MAR 30 2015


...................................

...THE BISMARCK ND CLIMATE SUMMARY FOR MARCH 29 2015...

CLIMATE NORMAL PERIOD 1981 TO 2010
CLIMATE RECORD PERIOD 1875 TO 2015


WEATHER ITEM   OBSERVED TIME   RECORD YEAR NORMAL DEPARTURE LAST
                VALUE   (LST)  VALUE       VALUE  FROM      YEAR
                                                  NORMAL
..................................................................
TEMPERATURE (F)
 YESTERDAY
  MAXIMUM         60    537 PM  80    1967  48     12       64
  MINIMUM         36   1159 PM  -7    1964  24     12       20
  AVERAGE         48                        36     12       42

PRECIPITATION (IN)
  YESTERDAY        0.13          0.60 1916   0.03   0.10     0.00
  MONTH TO DATE    0.45                      0.80  -0.35     0.23
  SINCE MAR 1      0.45                      0.80  -0.35     0.23
  SINCE JAN 1      1.59                      1.74  -0.15     0.80

SNOWFALL (IN)
  YESTERDAY        0.0           8.8  1916   0.3   -0.3      0.0
  MONTH TO DATE    0.8                       8.6   -7.8      2.2
  SINCE MAR 1      0.8                       8.6   -7.8      2.2
  SINCE JUL 1     23.7                      46.1  -22.4     27.4
  SNOW DEPTH       0

DEGREE DAYS
 HEATING
  YESTERDAY       17                        29    -12       23
  MONTH TO DATE  861                      1032   -171     1094
  SINCE MAR 1    861                      1032   -171     1094
  SINCE JUL 1   7222                      7463   -241     7946

 COOLING
  YESTERDAY        0                         0      0        0
  MONTH TO DATE    0                         0      0        0
  SINCE MAR 1      0                         0      0        0
  SINCE JAN 1      0                         0      0        0
..................................................................


WIND (MPH)
  HIGHEST WIND SPEED    38   HIGHEST WIND DIRECTION    NW (320)
  HIGHEST GUST SPEED    51   HIGHEST GUST DIRECTION     N (340)
  AVERAGE WIND SPEED    15.3


SKY COVER
  POSSIBLE SUNSHINE  MM
  AVERAGE SKY COVER 0.3


WEATHER CONDITIONS
 THE FOLLOWING WEATHER WAS RECORDED YESTERDAY.
  RAIN
  LIGHT RAIN
  FOG


RELATIVE HUMIDITY (PERCENT)
 HIGHEST    92           300 AM
 LOWEST     27           100 PM
 AVERAGE    60

..........................................................


THE BISMARCK ND CLIMATE NORMALS FOR TODAY
                         NORMAL    RECORD    YEAR
 MAXIMUM TEMPERATURE (F)   48        75      1966
 MINIMUM TEMPERATURE (F)   25        -9      1969


SUNRISE AND SUNSET
MARCH 30 2015.........SUNRISE   727 AM CDT   SUNSET   809 PM CDT
MARCH 31 2015.........SUNRISE   725 AM CDT   SUNSET   811 PM CDT


-  INDICATES NEGATIVE NUMBERS.
R  INDICATES RECORD WAS SET OR TIED.
MM INDICATES DATA IS MISSING.
T  INDICATES TRACE AMOUNT.




$$
