000
CDUS43 KBIS 311247
CLIBIS


CLIMATE REPORT
NATIONAL WEATHER SERVICE BISMARCK ND
736 AM CDT MON AUG 31 2015


...................................

...THE BISMARCK ND CLIMATE SUMMARY FOR AUGUST 30 2015...

CLIMATE NORMAL PERIOD 1981 TO 2010
CLIMATE RECORD PERIOD 1875 TO 2015


WEATHER ITEM   OBSERVED TIME   RECORD YEAR NORMAL DEPARTURE LAST
                VALUE   (LST)  VALUE       VALUE  FROM      YEAR
                                                  NORMAL
..................................................................
TEMPERATURE (F)
 YESTERDAY
  MAXIMUM         98    529 PM 100    2008  79     19       76
  MINIMUM         62    612 AM  37    1965  52     10       45
  AVERAGE         80                        66     14       61

PRECIPITATION (IN)
  YESTERDAY        0.00          2.00 1951   0.07  -0.07     0.33
  MONTH TO DATE    1.41                      2.22  -0.81     4.55
  SINCE JUN 1      7.90                      8.28  -0.38     8.30
  SINCE JAN 1     15.17                     13.75   1.42    12.49

SNOWFALL (IN)
  YESTERDAY        0.0           0.0  2002   0.0    0.0      0.0
                                      2001
  MONTH TO DATE    0.0                       0.0    0.0      0.0
  SINCE JUN 1      0.0                       0.0    0.0      0.0
  SINCE JUL 1      0.0                       0.0    0.0      0.0
  SNOW DEPTH       0

DEGREE DAYS
 HEATING
  YESTERDAY        0                         3     -3        4
  MONTH TO DATE   29                        37     -8       34
  SINCE JUN 1     79                       147    -68      156
  SINCE JUL 1     36                        54    -18       62

 COOLING
  YESTERDAY       15                         3     12        0
  MONTH TO DATE  191                       173     18      151
  SINCE JUN 1    510                       460     50      352
  SINCE JAN 1    516                       477     39      403
..................................................................


WIND (MPH)
  HIGHEST WIND SPEED    20   HIGHEST WIND DIRECTION     S (160)
  HIGHEST GUST SPEED    23   HIGHEST GUST DIRECTION     W (250)
  AVERAGE WIND SPEED     7.9


SKY COVER
  POSSIBLE SUNSHINE  MM
  AVERAGE SKY COVER 0.0


WEATHER CONDITIONS
 THE FOLLOWING WEATHER WAS RECORDED YESTERDAY.
  NO SIGNIFICANT WEATHER WAS OBSERVED.


RELATIVE HUMIDITY (PERCENT)
 HIGHEST    93           600 AM
 LOWEST     26           500 PM
 AVERAGE    60

..........................................................


THE BISMARCK ND CLIMATE NORMALS FOR TODAY
                         NORMAL    RECORD    YEAR
 MAXIMUM TEMPERATURE (F)   79       101      1953
 MINIMUM TEMPERATURE (F)   52        32      1895


SUNRISE AND SUNSET
AUGUST 31 2015........SUNRISE   701 AM CDT   SUNSET   825 PM CDT
SEPTEMBER  1 2015.....SUNRISE   702 AM CDT   SUNSET   823 PM CDT


-  INDICATES NEGATIVE NUMBERS.
R  INDICATES RECORD WAS SET OR TIED.
MM INDICATES DATA IS MISSING.
T  INDICATES TRACE AMOUNT.




$$
