000
CDUS43 KBIS 170733
CLIBIS


CLIMATE REPORT
NATIONAL WEATHER SERVICE BISMARCK ND
133 AM CST TUE JAN 17 2017


...................................

...THE BISMARCK ND CLIMATE SUMMARY FOR JANUARY 16 2017...

CLIMATE NORMAL PERIOD 1981 TO 2010
CLIMATE RECORD PERIOD 1875 TO 2017


WEATHER ITEM   OBSERVED TIME   RECORD YEAR NORMAL DEPARTURE LAST
                VALUE   (LST)  VALUE       VALUE  FROM      YEAR
                                                  NORMAL
..................................................................
TEMPERATURE (F)
 YESTERDAY
  MAXIMUM         27    400 PM  54    1961  23      4        1
  MINIMUM        -10    711 AM -35    1890   2    -12      -11
  AVERAGE          9                        12     -3       -5

PRECIPITATION (IN)
  YESTERDAY        0.00          0.59 1911   0.01  -0.01      T
  MONTH TO DATE    0.61                      0.24   0.37     0.12
  SINCE DEC 1      2.66                      0.73   1.93     1.03
  SINCE JAN 1      0.61                      0.24   0.37     0.12

SNOWFALL (IN)
  YESTERDAY        0.0           6.2  1933   0.3   -0.3      0.2
  MONTH TO DATE   14.0                       5.1    8.9      1.6
  SINCE DEC 1     38.5                      14.4   24.1     14.4
  SINCE JUL 1     57.5                      25.6   31.9     16.2
  SNOW DEPTH      11

DEGREE DAYS
 HEATING
  YESTERDAY       56                        53      3       70
  MONTH TO DATE 1079                       843    236      837
  SINCE DEC 1   2759                      2357    402     2160
  SINCE JUL 1   4239                      4343   -104     3745

 COOLING
  YESTERDAY        0                         0      0        0
  MONTH TO DATE    0                         0      0        0
  SINCE DEC 1      0                         0      0        0
  SINCE JAN 1      0                         0      0        0
..................................................................


WIND (MPH)
  HIGHEST WIND SPEED    12   HIGHEST WIND DIRECTION     W (290)
  HIGHEST GUST SPEED    13   HIGHEST GUST DIRECTION    NW (310)
  AVERAGE WIND SPEED     3.8


SKY COVER
  POSSIBLE SUNSHINE  MM
  AVERAGE SKY COVER 0.0


WEATHER CONDITIONS
 THE FOLLOWING WEATHER WAS RECORDED YESTERDAY.
  FOG
  HAZE


RELATIVE HUMIDITY (PERCENT)
 HIGHEST    91          1100 PM
 LOWEST     59           100 PM
 AVERAGE    75

..........................................................


THE BISMARCK ND CLIMATE NORMALS FOR TODAY
                         NORMAL    RECORD    YEAR
 MAXIMUM TEMPERATURE (F)   23        54      1926
 MINIMUM TEMPERATURE (F)    2       -40      1967


SUNRISE AND SUNSET
JANUARY 17 2017.......SUNRISE   822 AM CST   SUNSET   525 PM CST
JANUARY 18 2017.......SUNRISE   821 AM CST   SUNSET   526 PM CST


-  INDICATES NEGATIVE NUMBERS.
R  INDICATES RECORD WAS SET OR TIED.
MM INDICATES DATA IS MISSING.
T  INDICATES TRACE AMOUNT.




$$
