000
CDUS43 KBIS 250741
CLIBIS


CLIMATE REPORT
NATIONAL WEATHER SERVICE BISMARCK ND
241 AM CDT FRI JUL 25 2014


...................................

...THE BISMARCK ND CLIMATE SUMMARY FOR JULY 24 2014...

CLIMATE NORMAL PERIOD 1981 TO 2010
CLIMATE RECORD PERIOD 1875 TO 2014


WEATHER ITEM   OBSERVED TIME   RECORD YEAR NORMAL DEPARTURE LAST
                VALUE   (LST)  VALUE       VALUE  FROM      YEAR
                                                  NORMAL
..................................................................
TEMPERATURE (F)
 YESTERDAY
  MAXIMUM         81    515 PM 105    1976  86     -5       85
  MINIMUM         64    832 AM  41    1891  58      6       53
  AVERAGE         73                        72      1       69

PRECIPITATION (IN)
  YESTERDAY        0.01          0.96 2005   0.09  -0.08     0.00
  MONTH TO DATE    0.73                      2.30  -1.57     1.25
  SINCE JUN 1      3.75                      5.47  -1.72     3.96
  SINCE JAN 1      7.94                     10.94  -3.00    14.56

SNOWFALL (IN)
  YESTERDAY        0.0           0.0  2002   0.0    0.0      0.0
                                      2001
  MONTH TO DATE    0.0                       0.0    0.0      0.0
  SINCE JUN 1      0.0                       0.0    0.0      0.0
  SINCE JUL 1      0.0                       0.0    0.0      0.0
  SNOW DEPTH       0

DEGREE DAYS
 HEATING
  YESTERDAY        0                         0      0        0
  MONTH TO DATE   21                        13      8        1
  SINCE JUN 1    115                       106      9       87
  SINCE JUL 1     21                        13      8        1

 COOLING
  YESTERDAY        8                         7      1        4
  MONTH TO DATE  128                       151    -23      178
  SINCE JUN 1    181                       234    -53      262
  SINCE JAN 1    232                       251    -19      274
..................................................................


WIND (MPH)
  HIGHEST WIND SPEED    32   HIGHEST WIND DIRECTION     E (90)
  HIGHEST GUST SPEED    38   HIGHEST GUST DIRECTION     E (100)
  AVERAGE WIND SPEED    15.1


SKY COVER
  POSSIBLE SUNSHINE  MM
  AVERAGE SKY COVER 0.4


WEATHER CONDITIONS
 THE FOLLOWING WEATHER WAS RECORDED YESTERDAY.
  THUNDERSTORM
  LIGHT RAIN
  HAZE


RELATIVE HUMIDITY (PERCENT)
 HIGHEST    87           900 AM
 LOWEST     58           200 PM
 AVERAGE    73

..........................................................


THE BISMARCK ND CLIMATE NORMALS FOR TODAY
                         NORMAL    RECORD    YEAR
 MAXIMUM TEMPERATURE (F)   86       106      1931
 MINIMUM TEMPERATURE (F)   58        42      1911


SUNRISE AND SUNSET
JULY 25 2014..........SUNRISE   615 AM CDT   SUNSET   924 PM CDT
JULY 26 2014..........SUNRISE   616 AM CDT   SUNSET   922 PM CDT


-  INDICATES NEGATIVE NUMBERS.
R  INDICATES RECORD WAS SET OR TIED.
MM INDICATES DATA IS MISSING.
T  INDICATES TRACE AMOUNT.




$$
