255
CDUS43 KBIS 150027
CLIBIS


CLIMATE REPORT
NATIONAL WEATHER SERVICE BISMARCK ND
627 PM CST THU DEC 14 2017


...................................

...THE BISMARCK ND CLIMATE SUMMARY FOR DECEMBER 14 2017...
VALID TODAY AS OF 0600 PM LOCAL TIME.

CLIMATE NORMAL PERIOD 1981 TO 2010
CLIMATE RECORD PERIOD 1875 TO 2017


WEATHER ITEM   OBSERVED TIME   RECORD YEAR NORMAL DEPARTURE LAST
                VALUE   (LST)  VALUE       VALUE  FROM      YEAR
                                                  NORMAL
..................................................................
TEMPERATURE (F)
 TODAY
  MAXIMUM         36    326 PM  61    1998  26     10        7
  MINIMUM         26    229 AM -32    1989   6     20      -15
  AVERAGE         31                        16     15       -4

PRECIPITATION (IN)
  TODAY            T             0.29 2008   0.01  -0.01      T
  MONTH TO DATE    0.13                      0.21  -0.08     0.62
  SINCE DEC 1      0.13                      0.21  -0.08     0.62
  SINCE JAN 1     13.50                     17.57  -4.07    22.04

SNOWFALL (IN)
  TODAY            0.1           6.6  2008
  MONTH TO DATE    2.6
  SINCE DEC 1      2.6
  SINCE JUL 1      3.9

DEGREE DAYS
 HEATING
  TODAY           34                        49    -15       69
  MONTH TO DATE  464                       650   -186      797
  SINCE DEC 1    464                       650   -186      797
  SINCE JUL 1   2203                      2636   -433     2277

 COOLING
  TODAY            0                         0      0        0
  MONTH TO DATE    0                         0      0        0
  SINCE DEC 1      0                         0      0        0
  SINCE JAN 1    615                       520     95      548
..................................................................


WIND (MPH)
  RESULTANT WIND SPEED   9   RESULTANT WIND DIRECTION  NW (320)
  HIGHEST WIND SPEED    23   HIGHEST WIND DIRECTION    NW (320)
  HIGHEST GUST SPEED    28   HIGHEST GUST DIRECTION     N (350)
  AVERAGE WIND SPEED    10.0


SKY COVER
  POSSIBLE SUNSHINE  MM
  AVERAGE SKY COVER 0.9


WEATHER CONDITIONS
 THE FOLLOWING WEATHER WAS RECORDED TODAY.
  LIGHT SNOW
  FOG


RELATIVE HUMIDITY (PERCENT)
 HIGHEST   100           500 AM
 LOWEST     64           200 PM
 AVERAGE    82

..........................................................


THE BISMARCK ND CLIMATE NORMALS FOR TOMORROW
                         NORMAL    RECORD    YEAR
 MAXIMUM TEMPERATURE (F)   26        57      1939
 MINIMUM TEMPERATURE (F)    6       -30      1963


SUNRISE AND SUNSET
DECEMBER 14 2017......SUNRISE   821 AM CST   SUNSET   455 PM CST
DECEMBER 15 2017......SUNRISE   821 AM CST   SUNSET   455 PM CST


-  INDICATES NEGATIVE NUMBERS.
R  INDICATES RECORD WAS SET OR TIED.
MM INDICATES DATA IS MISSING.
T  INDICATES TRACE AMOUNT.




$$
