339
CDUS43 KBIS 180038
CLIBIS


CLIMATE REPORT
NATIONAL WEATHER SERVICE BISMARCK ND
738 PM CDT TUE OCT 17 2017


...................................

...THE BISMARCK ND CLIMATE SUMMARY FOR OCTOBER 17 2017...
VALID TODAY AS OF 0700 PM LOCAL TIME.

CLIMATE NORMAL PERIOD 1981 TO 2010
CLIMATE RECORD PERIOD 1875 TO 2017


WEATHER ITEM   OBSERVED TIME   RECORD YEAR NORMAL DEPARTURE LAST
                VALUE   (LST)  VALUE       VALUE  FROM      YEAR
                                                  NORMAL
..................................................................
TEMPERATURE (F)
 TODAY
  MAXIMUM         80    409 PM  84    1914  57     23       57
                                      1895
  MINIMUM         30    713 AM  11    1948  32     -2       37
  AVERAGE         55                        44     11       47

PRECIPITATION (IN)
  TODAY            0.00          0.83 1883   0.04  -0.04     0.01
  MONTH TO DATE    0.01                      0.72  -0.71     0.20
  SINCE SEP 1      1.40                      2.31  -0.91     1.42
  SINCE JAN 1     13.04                     16.12  -3.08    19.96

SNOWFALL (IN)
  TODAY            0.0           3.0  2006
  MONTH TO DATE    0.0
  SINCE SEP 1      0.0
  SINCE JUL 1      T

DEGREE DAYS
 HEATING
  TODAY           10                        20    -10       18
  MONTH TO DATE  275                       289    -14      277
  SINCE SEP 1    456                       520    -64      450
  SINCE JUL 1    468                       575   -107      483

 COOLING
  TODAY            0                         0      0        0
  MONTH TO DATE    0                         0      0        2
  SINCE SEP 1     49                        38     11       31
  SINCE JAN 1    615                       519     96      548
..................................................................


WIND (MPH)
  RESULTANT WIND SPEED   5   RESULTANT WIND DIRECTION  SW (230)
  HIGHEST WIND SPEED    23   HIGHEST WIND DIRECTION     W (250)
  HIGHEST GUST SPEED    27   HIGHEST GUST DIRECTION    SW (240)
  AVERAGE WIND SPEED     6.9


SKY COVER
  POSSIBLE SUNSHINE  MM
  AVERAGE SKY COVER 0.0


WEATHER CONDITIONS
 THE FOLLOWING WEATHER WAS RECORDED TODAY.
  NO SIGNIFICANT WEATHER WAS OBSERVED.


RELATIVE HUMIDITY (PERCENT)
 HIGHEST    89           400 AM
 LOWEST     13           400 PM
 AVERAGE    51

..........................................................


THE BISMARCK ND CLIMATE NORMALS FOR TOMORROW
                         NORMAL    RECORD    YEAR
 MAXIMUM TEMPERATURE (F)   57        83      1874
 MINIMUM TEMPERATURE (F)   31         9      1989


SUNRISE AND SUNSET
OCTOBER 17 2017.......SUNRISE   804 AM CDT   SUNSET   652 PM CDT
OCTOBER 18 2017.......SUNRISE   805 AM CDT   SUNSET   650 PM CDT


-  INDICATES NEGATIVE NUMBERS.
R  INDICATES RECORD WAS SET OR TIED.
MM INDICATES DATA IS MISSING.
T  INDICATES TRACE AMOUNT.




$$
