000
CDUS43 KBIS 100750
CLIBIS


CLIMATE REPORT
NATIONAL WEATHER SERVICE BISMARCK ND
150 AM CST SAT DEC 10 2016


...................................

...THE BISMARCK ND CLIMATE SUMMARY FOR DECEMBER 9 2016...

CLIMATE NORMAL PERIOD 1981 TO 2010
CLIMATE RECORD PERIOD 1875 TO 2016


WEATHER ITEM   OBSERVED TIME   RECORD YEAR NORMAL DEPARTURE LAST
                VALUE   (LST)  VALUE       VALUE  FROM      YEAR
                                                  NORMAL
..................................................................
TEMPERATURE (F)
 YESTERDAY
  MAXIMUM          1    222 PM  64    1939  28    -27       62
  MINIMUM        -21   1014 PM -26    1927   8    -29       30
  AVERAGE        -10                        18    -28       46

PRECIPITATION (IN)
  YESTERDAY        T             0.18 1929   0.01  -0.01     0.04
  MONTH TO DATE    0.46                      0.14   0.32     0.19
  SINCE DEC 1      0.46                      0.14   0.32     0.19
  SINCE JAN 1     21.88                     17.50   4.38    17.01

SNOWFALL (IN)
  YESTERDAY        T             4.2  1929   0.2   -0.2      0.0
  MONTH TO DATE    7.5                       2.5    5.0      1.9
  SINCE DEC 1      7.5                       2.5    5.0      1.9
  SINCE JUL 1     26.5                      13.7   12.8      3.7
  SNOW DEPTH       8

DEGREE DAYS
 HEATING
  YESTERDAY       75                        47     28       19
  MONTH TO DATE  458                       410     48      282
  SINCE DEC 1    458                       410     48      282
  SINCE JUL 1   1938                      2396   -458     1867

 COOLING
  YESTERDAY        0                         0      0        0
  MONTH TO DATE    0                         0      0        0
  SINCE DEC 1      0                         0      0        0
  SINCE JAN 1    548                       520     28      622
..................................................................


WIND (MPH)
  HIGHEST WIND SPEED    13   HIGHEST WIND DIRECTION    NW (320)
  HIGHEST GUST SPEED    17   HIGHEST GUST DIRECTION    NW (320)
  AVERAGE WIND SPEED     4.1


SKY COVER
  POSSIBLE SUNSHINE  MM
  AVERAGE SKY COVER 0.4


WEATHER CONDITIONS
 THE FOLLOWING WEATHER WAS RECORDED YESTERDAY.
  FOG
  HAZE


RELATIVE HUMIDITY (PERCENT)
 HIGHEST    91           500 AM
 LOWEST     72          1100 AM
 AVERAGE    82

..........................................................


THE BISMARCK ND CLIMATE NORMALS FOR TODAY
                         NORMAL    RECORD    YEAR
 MAXIMUM TEMPERATURE (F)   27        64      1890
 MINIMUM TEMPERATURE (F)    8       -26      1919
                                             1917


SUNRISE AND SUNSET
DECEMBER 10 2016......SUNRISE   817 AM CST   SUNSET   455 PM CST
DECEMBER 11 2016......SUNRISE   818 AM CST   SUNSET   455 PM CST


-  INDICATES NEGATIVE NUMBERS.
R  INDICATES RECORD WAS SET OR TIED.
MM INDICATES DATA IS MISSING.
T  INDICATES TRACE AMOUNT.




$$
