000
CDUS43 KBIS 290034
CLIBIS


CLIMATE REPORT
NATIONAL WEATHER SERVICE BISMARCK ND
734 PM CDT FRI APR 28 2017


...................................

...THE BISMARCK ND CLIMATE SUMMARY FOR APRIL 28 2017...
VALID TODAY AS OF 0700 PM LOCAL TIME.

CLIMATE NORMAL PERIOD 1981 TO 2010
CLIMATE RECORD PERIOD 1875 TO 2017


WEATHER ITEM   OBSERVED TIME   RECORD YEAR NORMAL DEPARTURE LAST
                VALUE   (LST)  VALUE       VALUE  FROM      YEAR
                                                  NORMAL
..................................................................
TEMPERATURE (F)
 TODAY
  MAXIMUM         58    459 PM  92    1952  63     -5       57
  MINIMUM         22    459 AM  18    2008  36    -14       36
  AVERAGE         40                        49     -9       47

PRECIPITATION (IN)
  TODAY            0.00          1.51 1970   0.06  -0.06     0.01
  MONTH TO DATE    0.96                      1.15  -0.19     4.15
  SINCE MAR 1      1.48                      2.02  -0.54     4.58
  SINCE JAN 1      2.88                      2.96  -0.08     5.22

SNOWFALL (IN)
  TODAY            0.0           6.7  1914   0.1   -0.1      0.0
  MONTH TO DATE    0.0                       4.1   -4.1      0.2
  SINCE MAR 1      8.7                      13.2   -4.5      3.5
  SINCE JUL 1     71.6                      50.7   20.9     24.1
  SNOW DEPTH       0

DEGREE DAYS
 HEATING
  TODAY           25                        16      9       18
  MONTH TO DATE  548                       606    -58      562
  SINCE MAR 1   1591                      1694   -103     1360
  SINCE JUL 1   7593                      8125   -532     6680

 COOLING
  TODAY            0                         0      0        0
  MONTH TO DATE    0                         0      0        0
  SINCE MAR 1      0                         0      0        0
  SINCE JAN 1      0                         0      0        0
..................................................................


WIND (MPH)
  RESULTANT WIND SPEED   5   RESULTANT WIND DIRECTION  NE (30)
  HIGHEST WIND SPEED    17   HIGHEST WIND DIRECTION    NE (60)
  HIGHEST GUST SPEED    22   HIGHEST GUST DIRECTION    NE (40)
  AVERAGE WIND SPEED     5.9


SKY COVER
  POSSIBLE SUNSHINE  MM
  AVERAGE SKY COVER 0.0


WEATHER CONDITIONS
 THE FOLLOWING WEATHER WAS RECORDED TODAY.
  FOG


RELATIVE HUMIDITY (PERCENT)
 HIGHEST   100           500 AM
 LOWEST     15           300 PM
 AVERAGE    58

..........................................................


THE BISMARCK ND CLIMATE NORMALS FOR TOMORROW
                         NORMAL    RECORD    YEAR
 MAXIMUM TEMPERATURE (F)   63        89      1952
                                             1926
 MINIMUM TEMPERATURE (F)   36        18      1958
                                             1907


SUNRISE AND SUNSET
APRIL 28 2017.........SUNRISE   632 AM CDT   SUNSET   849 PM CDT
APRIL 29 2017.........SUNRISE   631 AM CDT   SUNSET   851 PM CDT


-  INDICATES NEGATIVE NUMBERS.
R  INDICATES RECORD WAS SET OR TIED.
MM INDICATES DATA IS MISSING.
T  INDICATES TRACE AMOUNT.




$$
