000
CDUS43 KGRR 310536
CLIBIV


CLIMATE REPORT
NATIONAL WEATHER SERVICE GRAND RAPIDS, MI
133 AM EDT THU JUL 31 2014


...................................

...THE HOLLAND/TULIP CITY MI CLIMATE SUMMARY FOR JULY 30 2014...

CLIMATE NORMAL PERIOD 1981 TO 2010
CLIMATE RECORD PERIOD 9999 TO 9999


WEATHER ITEM   OBSERVED TIME   NORMAL DEPARTURE LAST
                VALUE   (LST)  VALUE  FROM      YEAR
                                      NORMAL
......................................................
TEMPERATURE (F)
 YESTERDAY
  MAXIMUM         71        MM  82    -11       80
  MINIMUM         53        MM  63    -10       51
  AVERAGE         62            72    -10       66

PRECIPITATION (IN)
  YESTERDAY        0.00          0.10  -0.10      T
  MONTH TO DATE    2.83          2.74   0.09     2.84
  SINCE JUN 1      6.56          6.96  -0.40     7.47
  SINCE JAN 1     16.09         19.55  -3.46    26.00

DEGREE DAYS
 HEATING
  YESTERDAY        3             0      3        0
  MONTH TO DATE   22             0     22        8
  SINCE JUN 1     45            48     -3       42
  SINCE JUL 1     22             0     22        8

 COOLING
  YESTERDAY        0             7     -7        1
  MONTH TO DATE  103           233   -130      267
  SINCE JUN 1    286           379    -93      431
  SINCE JAN 1    325           421    -96      521
......................................................


WIND (MPH)
  RESULTANT WIND SPEED   4   RESULTANT WIND DIRECTION   W (270)
  HIGHEST WIND SPEED    10   HIGHEST WIND DIRECTION     W (270)
  HIGHEST GUST SPEED    17   HIGHEST GUST DIRECTION     W (270)
  AVERAGE WIND SPEED     4.8


SKY COVER
  AVERAGE SKY COVER 0.2


WEATHER CONDITIONS
 THE FOLLOWING WEATHER WAS RECORDED YESTERDAY.
  FOG
  HAZE


RELATIVE HUMIDITY (PERCENT)
 HIGHEST    93           200 AM
 LOWEST     58           600 PM
 AVERAGE    76

..........................................................


THE HOLLAND/TULIP CITY MI CLIMATE NORMALS FOR TODAY
                         NORMAL
 MAXIMUM TEMPERATURE (F)   82
 MINIMUM TEMPERATURE (F)   63


SUNRISE AND SUNSET
JULY 31 2014..........SUNRISE   635 AM EDT   SUNSET   907 PM EDT
AUGUST  1 2014........SUNRISE   636 AM EDT   SUNSET   905 PM EDT


-  INDICATES NEGATIVE NUMBERS.
R  INDICATES RECORD WAS SET OR TIED.
MM INDICATES DATA IS MISSING.
T  INDICATES TRACE AMOUNT.




$$
