000
CDUS46 KBOI 250932
CLIBKE


CLIMATE REPORT
NATIONAL WEATHER SERVICE BOISE ID
331 AM MDT FRI JUL 25 2014


...................................

...THE BAKER OR CLIMATE SUMMARY FOR JULY 24 2014...

CLIMATE NORMAL PERIOD 1981 TO 2010
CLIMATE RECORD PERIOD 1948 TO 2014


WEATHER ITEM   OBSERVED TIME   RECORD YEAR NORMAL DEPARTURE LAST
                VALUE   (LST)  VALUE       VALUE  FROM      YEAR
                                                  NORMAL
..................................................................
TEMPERATURE (F)
 YESTERDAY
  MAXIMUM         72    407 PM  98    1978  86    -14       92
  MINIMUM         44    449 AM  37    2012  47     -3       47
                                      2008
  AVERAGE         58                        67     -9       70

PRECIPITATION (IN)
  YESTERDAY        0.00          0.48 1976   0.01  -0.01     0.00
  MONTH TO DATE    0.05                      0.52  -0.47     0.05
  SINCE OCT 1      6.09                      8.74  -2.65     7.86
  SINCE JAN 1      4.92                      6.23  -1.31     5.68

DEGREE DAYS
 HEATING
  YESTERDAY        7                         1      6        0
  MONTH TO DATE    7                        60    -53       15
  SINCE JUN 1    240                       286    -46      211
  SINCE JUL 1      7                        60    -53       15

 COOLING
  YESTERDAY        0                         3     -3        5
  MONTH TO DATE  122                        53     69       79
  SINCE JUN 1    122                        69     53      106
  SINCE JAN 1    122                        71     51      110
..................................................................


WIND (MPH)
  RESULTANT WIND SPEED   6   RESULTANT WIND DIRECTION  NW (330)
  HIGHEST WIND SPEED    17   HIGHEST WIND DIRECTION    NW (330)
  HIGHEST GUST SPEED    24   HIGHEST GUST DIRECTION    NW (320)
  AVERAGE WIND SPEED     8.3


SKY COVER
  AVERAGE SKY COVER 0.2


WEATHER CONDITIONS
 THE FOLLOWING WEATHER WAS RECORDED YESTERDAY.
  NO SIGNIFICANT WEATHER WAS OBSERVED.


RELATIVE HUMIDITY (PERCENT)
 HIGHEST    76           500 AM
 LOWEST     29           300 PM
 AVERAGE    53

..........................................................


THE BAKER OR CLIMATE NORMALS FOR TODAY
                         NORMAL    RECORD    YEAR
 MAXIMUM TEMPERATURE (F)   86       100      1978
 MINIMUM TEMPERATURE (F)   47        36      1948


SUNRISE AND SUNSET
JULY 25 2014..........SUNRISE   529 AM PDT   SUNSET   825 PM PDT
JULY 26 2014..........SUNRISE   530 AM PDT   SUNSET   824 PM PDT


-  INDICATES NEGATIVE NUMBERS.
R  INDICATES RECORD WAS SET OR TIED.
MM INDICATES DATA IS MISSING.
T  INDICATES TRACE AMOUNT.




$$
