657
CDUS46 KBOI 060931
CLIBKE


CLIMATE REPORT
NATIONAL WEATHER SERVICE BOISE ID
230 AM MST SAT FEB 6 2016


...................................

...THE BAKER OR CLIMATE SUMMARY FOR FEBRUARY 5 2016...

CLIMATE NORMAL PERIOD 1981 TO 2010
CLIMATE RECORD PERIOD 1948 TO 2016


WEATHER ITEM   OBSERVED TIME   RECORD YEAR NORMAL DEPARTURE LAST
                VALUE   (LST)  VALUE       VALUE  FROM      YEAR
                                                  NORMAL
..................................................................
TEMPERATURE (F)
 YESTERDAY
  MAXIMUM         39    149 PM  59    1963  37      2       56
  MINIMUM         24    730 AM -25    1989  18      6       41
  AVERAGE         32                        27      5       49

PRECIPITATION (IN)
  YESTERDAY        0.00          0.16 2010   0.03  -0.03     0.00
  MONTH TO DATE    0.07                      0.11  -0.04     0.23
  SINCE OCT 1      3.00                      3.42  -0.42     2.82
  SINCE JAN 1      0.46                      0.91  -0.45     0.62

DEGREE DAYS
 HEATING
  YESTERDAY       33                        38     -5       16
  MONTH TO DATE  201                       190     11      138
  SINCE DEC 1   2496                      2676   -180     2280
  SINCE JUL 1   4347                      4713   -366     4083

 COOLING
  YESTERDAY        0                         0      0        0
  MONTH TO DATE    0                         0      0        0
  SINCE DEC 1      0                         0      0        0
  SINCE JAN 1      0                         0      0        0
..................................................................


WIND (MPH)
  RESULTANT WIND SPEED   9   RESULTANT WIND DIRECTION   E (100)
  HIGHEST WIND SPEED    24   HIGHEST WIND DIRECTION     E (100)
  HIGHEST GUST SPEED    30   HIGHEST GUST DIRECTION     E (100)
  AVERAGE WIND SPEED    10.4


SKY COVER
  AVERAGE SKY COVER 0.6


WEATHER CONDITIONS
 THE FOLLOWING WEATHER WAS RECORDED YESTERDAY.
  FOG


RELATIVE HUMIDITY (PERCENT)
 HIGHEST   100          1200 AM
 LOWEST     76          1200 PM
 AVERAGE    88

..........................................................


THE BAKER OR CLIMATE NORMALS FOR TODAY
                         NORMAL    RECORD    YEAR
 MAXIMUM TEMPERATURE (F)   37        58      2015
 MINIMUM TEMPERATURE (F)   18       -25      1989


SUNRISE AND SUNSET
FEBRUARY  6 2016......SUNRISE   705 AM PST   SUNSET   506 PM PST
FEBRUARY  7 2016......SUNRISE   704 AM PST   SUNSET   508 PM PST


-  INDICATES NEGATIVE NUMBERS.
R  INDICATES RECORD WAS SET OR TIED.
MM INDICATES DATA IS MISSING.
T  INDICATES TRACE AMOUNT.




$$
