000
CDUS46 KBOI 210932
CLIBKE


CLIMATE REPORT
NATIONAL WEATHER SERVICE BOISE ID
332 AM MDT MON APR 21 2014


...................................

...THE BAKER OR CLIMATE SUMMARY FOR APRIL 20 2014...

CLIMATE NORMAL PERIOD 1981 TO 2010
CLIMATE RECORD PERIOD 1948 TO 2014


WEATHER ITEM   OBSERVED TIME   RECORD YEAR NORMAL DEPARTURE LAST
                VALUE   (LST)  VALUE       VALUE  FROM      YEAR
                                                  NORMAL
..................................................................
TEMPERATURE (F)
 YESTERDAY
  MAXIMUM         64    421 PM  82    1994  59      5       57
  MINIMUM         28    538 AM  17    2007  30     -2       29
  AVERAGE         46                        44      2       43

PRECIPITATION (IN)
  YESTERDAY        0.00          1.14 2010   0.03  -0.03     0.00
  MONTH TO DATE    0.15                      0.52  -0.37     0.35
  SINCE OCT 1      4.05                      5.23  -1.18     4.11
  SINCE JAN 1      2.88                      2.72   0.16     1.93

DEGREE DAYS
 HEATING
  YESTERDAY       19                        21     -2       22
  MONTH TO DATE  411                       451    -40      471
  SINCE MAR 1   1166                      1299   -133     1300
  SINCE JUL 1   6692                      6819   -127     6692

 COOLING
  YESTERDAY        0                         0      0        0
  MONTH TO DATE    0                         0      0        0
  SINCE MAR 1      0                         0      0        0
  SINCE JAN 1      0                         0      0        0
..................................................................


WIND (MPH)
  RESULTANT WIND SPEED   1   RESULTANT WIND DIRECTION  NW (320)
  HIGHEST WIND SPEED    13   HIGHEST WIND DIRECTION    NE (60)
  HIGHEST GUST SPEED    15   HIGHEST GUST DIRECTION     E (70)
  AVERAGE WIND SPEED     4.4


SKY COVER
  AVERAGE SKY COVER 0.1


WEATHER CONDITIONS
 THE FOLLOWING WEATHER WAS RECORDED YESTERDAY.
  NO SIGNIFICANT WEATHER WAS OBSERVED.


RELATIVE HUMIDITY (PERCENT)
 HIGHEST    92           600 AM
 LOWEST     23           200 PM
 AVERAGE    58

..........................................................


THE BAKER OR CLIMATE NORMALS FOR TODAY
                         NORMAL    RECORD    YEAR
 MAXIMUM TEMPERATURE (F)   59        84      2009
 MINIMUM TEMPERATURE (F)   30        18      1951


SUNRISE AND SUNSET
APRIL 21 2014.........SUNRISE   557 AM PDT   SUNSET   744 PM PDT
APRIL 22 2014.........SUNRISE   555 AM PDT   SUNSET   745 PM PDT


-  INDICATES NEGATIVE NUMBERS.
R  INDICATES RECORD WAS SET OR TIED.
MM INDICATES DATA IS MISSING.
T  INDICATES TRACE AMOUNT.




$$
