000
CDUS46 KBOI 280949
CLIBKE


CLIMATE REPORT
NATIONAL WEATHER SERVICE BOISE ID
248 AM MST SUN DEC 28 2014


...................................

...THE BAKER OR CLIMATE SUMMARY FOR DECEMBER 27 2014...

CLIMATE NORMAL PERIOD 1981 TO 2010
CLIMATE RECORD PERIOD 1948 TO 2014


WEATHER ITEM   OBSERVED TIME   RECORD YEAR NORMAL DEPARTURE LAST
                VALUE   (LST)  VALUE       VALUE  FROM      YEAR
                                                  NORMAL
..................................................................
TEMPERATURE (F)
 YESTERDAY
  MAXIMUM         27    314 PM  52    1980  33     -6       33
  MINIMUM         12    106 AM -13    1954  15     -3        2
  AVERAGE         20                        24     -4       18

PRECIPITATION (IN)
  YESTERDAY        0.10          0.29 2006   0.03   0.07     0.00
  MONTH TO DATE    1.45                      0.86   0.59     0.58
  SINCE OCT 1      2.17                      2.39  -0.22     1.12
  SINCE JAN 1      8.17                     10.01  -1.84     8.89

DEGREE DAYS
 HEATING
  YESTERDAY       45                        41      4       47
  MONTH TO DATE  818                      1082   -264     1226
  SINCE DEC 1    818                      1082   -264     1226
  SINCE JUL 1   2621                      3119   -498     3151

 COOLING
  YESTERDAY        0                         0      0        0
  MONTH TO DATE    0                         0      0        0
  SINCE DEC 1      0                         0      0        0
  SINCE JAN 1    250                       169     81      258
..................................................................


WIND (MPH)
  RESULTANT WIND SPEED   6   RESULTANT WIND DIRECTION   E (100)
  HIGHEST WIND SPEED    13   HIGHEST WIND DIRECTION     E (90)
  HIGHEST GUST SPEED    MM   HIGHEST GUST DIRECTION    MM
  AVERAGE WIND SPEED     6.1


SKY COVER
  AVERAGE SKY COVER 0.9


WEATHER CONDITIONS
 THE FOLLOWING WEATHER WAS RECORDED YESTERDAY.
  SNOW
  LIGHT SNOW
  FOG


RELATIVE HUMIDITY (PERCENT)
 HIGHEST    92           900 PM
 LOWEST     81           700 PM
 AVERAGE    87

..........................................................


THE BAKER OR CLIMATE NORMALS FOR TODAY
                         NORMAL    RECORD    YEAR
 MAXIMUM TEMPERATURE (F)   33        52      2011
 MINIMUM TEMPERATURE (F)   15       -14      1978


SUNRISE AND SUNSET
DECEMBER 28 2014......SUNRISE   728 AM PST   SUNSET   417 PM PST
DECEMBER 29 2014......SUNRISE   729 AM PST   SUNSET   418 PM PST


-  INDICATES NEGATIVE NUMBERS.
R  INDICATES RECORD WAS SET OR TIED.
MM INDICATES DATA IS MISSING.
T  INDICATES TRACE AMOUNT.




$$
