000
CDUS46 KBOI 060930
CLIBKE


CLIMATE REPORT
NATIONAL WEATHER SERVICE BOISE ID
330 AM MDT MON JUL 6 2015


...................................

...THE BAKER OR CLIMATE SUMMARY FOR JULY 5 2015...

CLIMATE NORMAL PERIOD 1981 TO 2010
CLIMATE RECORD PERIOD 1948 TO 2015


WEATHER ITEM   OBSERVED TIME   RECORD YEAR NORMAL DEPARTURE LAST
                VALUE   (LST)  VALUE       VALUE  FROM      YEAR
                                                  NORMAL
..................................................................
TEMPERATURE (F)
 YESTERDAY
  MAXIMUM         91    222 PM  98    1975  81     10       88
  MINIMUM         50    306 AM  31    1986  45      5       56
  AVERAGE         71                        63      8       72

PRECIPITATION (IN)
  YESTERDAY        0.00          0.36 1994   0.03  -0.03     0.00
  MONTH TO DATE    0.00                      0.13  -0.13      T
  SINCE OCT 1      6.74                      8.35  -1.61     6.04
  SINCE JAN 1      4.54                      5.84  -1.30     4.87

DEGREE DAYS
 HEATING
  YESTERDAY        0                         4     -4        0
  MONTH TO DATE    0                        20    -20        0
  SINCE JUN 1     84                       246   -162      233
  SINCE JUL 1      0                        20    -20        0

 COOLING
  YESTERDAY        6                         2      4        7
  MONTH TO DATE   35                         6     29       21
  SINCE JUN 1    103                        22     81       21
  SINCE JAN 1    104                        24     80       21
..................................................................


WIND (MPH)
  RESULTANT WIND SPEED   4   RESULTANT WIND DIRECTION  NW (300)
  HIGHEST WIND SPEED    18   HIGHEST WIND DIRECTION    NW (310)
  HIGHEST GUST SPEED    23   HIGHEST GUST DIRECTION    NW (320)
  AVERAGE WIND SPEED     5.3


SKY COVER
  AVERAGE SKY COVER 0.0


WEATHER CONDITIONS
 THE FOLLOWING WEATHER WAS RECORDED YESTERDAY.
  NO SIGNIFICANT WEATHER WAS OBSERVED.


RELATIVE HUMIDITY (PERCENT)
 HIGHEST    89           300 AM
 LOWEST     18           500 PM
 AVERAGE    54

..........................................................


THE BAKER OR CLIMATE NORMALS FOR TODAY
                         NORMAL    RECORD    YEAR
 MAXIMUM TEMPERATURE (F)   81        99      1985
 MINIMUM TEMPERATURE (F)   45        35      1986


SUNRISE AND SUNSET
JULY  6 2015..........SUNRISE   512 AM PDT   SUNSET   840 PM PDT
JULY  7 2015..........SUNRISE   513 AM PDT   SUNSET   839 PM PDT


-  INDICATES NEGATIVE NUMBERS.
R  INDICATES RECORD WAS SET OR TIED.
MM INDICATES DATA IS MISSING.
T  INDICATES TRACE AMOUNT.




$$
