569
CDUS46 KBOI 240931
CLIBKE


CLIMATE REPORT
NATIONAL WEATHER SERVICE BOISE ID
331 AM MDT FRI MAR 24 2017


...................................

...THE BAKER OR CLIMATE SUMMARY FOR MARCH 23 2017...

CLIMATE NORMAL PERIOD 1981 TO 2010
CLIMATE RECORD PERIOD 1948 TO 2017


WEATHER ITEM   OBSERVED TIME   RECORD YEAR NORMAL DEPARTURE LAST
                VALUE   (LST)  VALUE       VALUE  FROM      YEAR
                                                  NORMAL
..................................................................
TEMPERATURE (F)
 YESTERDAY
  MAXIMUM         53    419 PM  70    1960  53      0       54
  MINIMUM         29    610 AM  12    2013  27      2       27
  AVERAGE         41                        40      1       41

PRECIPITATION (IN)
  YESTERDAY        0.00          0.65 2002   0.02  -0.02     0.00
  MONTH TO DATE    0.56                      0.60  -0.04     0.30
  SINCE OCT 1      4.87                      4.49   0.38     3.44
  SINCE JAN 1      2.13                      1.98   0.15     0.90

DEGREE DAYS
 HEATING
  YESTERDAY       24                        26     -2       24
  MONTH TO DATE  535                       652   -117      584
  SINCE MAR 1    535                       652   -117      584
  SINCE JUL 1   6363                      6172    191     5628

 COOLING
  YESTERDAY        0                         0      0        0
  MONTH TO DATE    0                         0      0        0
  SINCE MAR 1      0                         0      0        0
  SINCE JAN 1      0                         0      0        0
..................................................................


WIND (MPH)
  RESULTANT WIND SPEED   1   RESULTANT WIND DIRECTION   E (110)
  HIGHEST WIND SPEED    18   HIGHEST WIND DIRECTION    SE (120)
  HIGHEST GUST SPEED    21   HIGHEST GUST DIRECTION    SE (130)
  AVERAGE WIND SPEED     6.2


SKY COVER
  AVERAGE SKY COVER 0.2


WEATHER CONDITIONS
 THE FOLLOWING WEATHER WAS RECORDED YESTERDAY.
  NO SIGNIFICANT WEATHER WAS OBSERVED.


RELATIVE HUMIDITY (PERCENT)
 HIGHEST    85           400 AM
 LOWEST     32           400 PM
 AVERAGE    59

..........................................................


THE BAKER OR CLIMATE NORMALS FOR TODAY
                         NORMAL    RECORD    YEAR
 MAXIMUM TEMPERATURE (F)   53        69      2007
 MINIMUM TEMPERATURE (F)   27        11      2013


SUNRISE AND SUNSET
MARCH 24 2017.........SUNRISE   646 AM PDT   SUNSET   709 PM PDT
MARCH 25 2017.........SUNRISE   644 AM PDT   SUNSET   711 PM PDT


-  INDICATES NEGATIVE NUMBERS.
R  INDICATES RECORD WAS SET OR TIED.
MM INDICATES DATA IS MISSING.
T  INDICATES TRACE AMOUNT.




$$
