000
CDUS46 KBOI 190931
CLIBKE


CLIMATE REPORT
NATIONAL WEATHER SERVICE BOISE ID
331 AM MDT SAT AUG 19 2017


...................................

...THE BAKER OR CLIMATE SUMMARY FOR AUGUST 18 2017...

CLIMATE NORMAL PERIOD 1981 TO 2010
CLIMATE RECORD PERIOD 1928 TO 2017


WEATHER ITEM   OBSERVED TIME   RECORD YEAR NORMAL DEPARTURE LAST
                VALUE   (LST)  VALUE       VALUE  FROM      YEAR
                                                  NORMAL
..................................................................
TEMPERATURE (F)
 YESTERDAY
  MAXIMUM         93    254 PM  98    1992  84      9       93
                                      1977
                                      1967
  MINIMUM         42    536 AM  35    1995  45     -3       46
  AVERAGE         68                        64      4       70

PRECIPITATION (IN)
  YESTERDAY        0.00          0.35 1979   0.03  -0.03     0.00
  MONTH TO DATE    0.06                      0.39  -0.33     0.12
  SINCE OCT 1      7.67                      9.26  -1.59     6.17
  SINCE JAN 1      4.93                      6.75  -1.82     3.63

DEGREE DAYS
 HEATING
  YESTERDAY        0                         3     -3        0
  MONTH TO DATE    6                        32    -26       37
  SINCE JUN 1    188                       328   -140      314
  SINCE JUL 1     12                       102    -90      122

 COOLING
  YESTERDAY        3                         2      1        5
  MONTH TO DATE   88                        49     39       32
  SINCE JUN 1    237                       140     97      122
  SINCE JAN 1    237                       142     95      122
..................................................................


WIND (MPH)
  RESULTANT WIND SPEED   4   RESULTANT WIND DIRECTION  NW (320)
  HIGHEST WIND SPEED    17   HIGHEST WIND DIRECTION     N (340)
  HIGHEST GUST SPEED    22   HIGHEST GUST DIRECTION     N (340)
  AVERAGE WIND SPEED     5.2


SKY COVER
  AVERAGE SKY COVER 0.0


WEATHER CONDITIONS
 THE FOLLOWING WEATHER WAS RECORDED YESTERDAY.
  NO SIGNIFICANT WEATHER WAS OBSERVED.


RELATIVE HUMIDITY (PERCENT)
 HIGHEST    89           300 AM
 LOWEST     12           300 PM
 AVERAGE    51

..........................................................


THE BAKER OR CLIMATE NORMALS FOR TODAY
                         NORMAL    RECORD    YEAR
 MAXIMUM TEMPERATURE (F)   84       104      1961
 MINIMUM TEMPERATURE (F)   45        36      1944


SUNRISE AND SUNSET
AUGUST 19 2017........SUNRISE   558 AM PDT   SUNSET   750 PM PDT
AUGUST 20 2017........SUNRISE   600 AM PDT   SUNSET   749 PM PDT


-  INDICATES NEGATIVE NUMBERS.
R  INDICATES RECORD WAS SET OR TIED.
MM INDICATES DATA IS MISSING.
T  INDICATES TRACE AMOUNT.




$$
