000
CDUS46 KBOI 260932
CLIBKE


CLIMATE REPORT
NATIONAL WEATHER SERVICE BOISE ID
231 AM MST SUN FEB 26 2017


...................................

...THE BAKER OR CLIMATE SUMMARY FOR FEBRUARY 25 2017...

CLIMATE NORMAL PERIOD 1981 TO 2010
CLIMATE RECORD PERIOD 1948 TO 2017


WEATHER ITEM   OBSERVED TIME   RECORD YEAR NORMAL DEPARTURE LAST
                VALUE   (LST)  VALUE       VALUE  FROM      YEAR
                                                  NORMAL
..................................................................
TEMPERATURE (F)
 YESTERDAY
  MAXIMUM         37    257 PM  65    1986  44     -7       55
  MINIMUM         12    654 AM  -3    1955  21     -9       20
  AVERAGE         25                        32     -7       38

PRECIPITATION (IN)
  YESTERDAY        0.00          0.16 1999   0.03  -0.03     0.00
  MONTH TO DATE    0.89                      0.52   0.37     0.21
  SINCE OCT 1      4.31                      3.83   0.48     3.14
  SINCE JAN 1      1.57                      1.32   0.25     0.60

DEGREE DAYS
 HEATING
  YESTERDAY       40                        33      7       27
  MONTH TO DATE  791                       899   -108      789
  SINCE DEC 1   3945                      3385    560     3084
  SINCE JUL 1   5719                      5422    297     4935

 COOLING
  YESTERDAY        0                         0      0        0
  MONTH TO DATE    0                         0      0        0
  SINCE DEC 1      0                         0      0        0
  SINCE JAN 1      0                         0      0        0
..................................................................


WIND (MPH)
  RESULTANT WIND SPEED   2   RESULTANT WIND DIRECTION  SE (130)
  HIGHEST WIND SPEED     9   HIGHEST WIND DIRECTION    SE (130)
  HIGHEST GUST SPEED    10   HIGHEST GUST DIRECTION     E (110)
  AVERAGE WIND SPEED     4.0


SKY COVER
  AVERAGE SKY COVER 0.2


WEATHER CONDITIONS
 THE FOLLOWING WEATHER WAS RECORDED YESTERDAY.
  NO SIGNIFICANT WEATHER WAS OBSERVED.


RELATIVE HUMIDITY (PERCENT)
 HIGHEST    96           600 AM
 LOWEST     47           100 PM
 AVERAGE    72

..........................................................


THE BAKER OR CLIMATE NORMALS FOR TODAY
                         NORMAL    RECORD    YEAR
 MAXIMUM TEMPERATURE (F)   44        62      1986
 MINIMUM TEMPERATURE (F)   21        -3      1993


SUNRISE AND SUNSET
FEBRUARY 26 2017......SUNRISE   633 AM PST   SUNSET   535 PM PST
FEBRUARY 27 2017......SUNRISE   632 AM PST   SUNSET   537 PM PST


-  INDICATES NEGATIVE NUMBERS.
R  INDICATES RECORD WAS SET OR TIED.
MM INDICATES DATA IS MISSING.
T  INDICATES TRACE AMOUNT.




$$
