000
CDUS46 KBOI 170935
CLIBKE


CLIMATE REPORT
NATIONAL WEATHER SERVICE BOISE ID
335 AM MDT TUE OCT 17 2017


...................................

...THE BAKER OR CLIMATE SUMMARY FOR OCTOBER 16 2017...

CLIMATE NORMAL PERIOD 1981 TO 2010
CLIMATE RECORD PERIOD 1928 TO 2017


WEATHER ITEM   OBSERVED TIME   RECORD YEAR NORMAL DEPARTURE LAST
                VALUE   (LST)  VALUE       VALUE  FROM      YEAR
                                                  NORMAL
..................................................................
TEMPERATURE (F)
 YESTERDAY
  MAXIMUM         66    313 PM  81    2015  61      5       53
  MINIMUM         22    636 AM  14    1946  28     -6       41
  AVERAGE         44                        44      0       47

PRECIPITATION (IN)
  YESTERDAY        0.00          0.18 2011   0.03  -0.03     0.01
  MONTH TO DATE    0.13                      0.29  -0.16     0.52
  SINCE OCT 1      0.13                      0.29  -0.16     0.52
  SINCE JAN 1      5.87                      7.91  -2.04     4.22

DEGREE DAYS
 HEATING
  YESTERDAY       21                        21      0       18
  MONTH TO DATE  342                       285     57      301
  SINCE SEP 1    572                       576     -4      609
  SINCE JUL 1    584                       727   -143      755

 COOLING
  YESTERDAY        0                         0      0        0
  MONTH TO DATE    0                         0      0        0
  SINCE SEP 1     53                         9     44        0
  SINCE JAN 1    357                       169    188      132
..................................................................


WIND (MPH)
  RESULTANT WIND SPEED   2   RESULTANT WIND DIRECTION   E (90)
  HIGHEST WIND SPEED    15   HIGHEST WIND DIRECTION     E (100)
  HIGHEST GUST SPEED    21   HIGHEST GUST DIRECTION    NE (40)
  AVERAGE WIND SPEED     4.0


SKY COVER
  AVERAGE SKY COVER 0.0


WEATHER CONDITIONS
 THE FOLLOWING WEATHER WAS RECORDED YESTERDAY.
  NO SIGNIFICANT WEATHER WAS OBSERVED.


RELATIVE HUMIDITY (PERCENT)
 HIGHEST    81           400 AM
 LOWEST     19           100 PM
 AVERAGE    50

..........................................................


THE BAKER OR CLIMATE NORMALS FOR TODAY
                         NORMAL    RECORD    YEAR
 MAXIMUM TEMPERATURE (F)   61        82      1982
 MINIMUM TEMPERATURE (F)   28        12      1949


SUNRISE AND SUNSET
OCTOBER 17 2017.......SUNRISE   710 AM PDT   SUNSET   602 PM PDT
OCTOBER 18 2017.......SUNRISE   711 AM PDT   SUNSET   601 PM PDT


-  INDICATES NEGATIVE NUMBERS.
R  INDICATES RECORD WAS SET OR TIED.
MM INDICATES DATA IS MISSING.
T  INDICATES TRACE AMOUNT.




$$
