000
CDUS41 KRLX 182217
CLIBKW


CLIMATE REPORT
NATIONAL WEATHER SERVICE CHARLESTON WV
516 PM EST WED JAN 18 2017


...................................

...THE BECKLEY WV CLIMATE SUMMARY FOR JANUARY 18 2017...
VALID TODAY AS OF 0500 PM LOCAL TIME.

CLIMATE NORMAL PERIOD 1981 TO 2010
CLIMATE RECORD PERIOD 1963 TO 2017


WEATHER ITEM   OBSERVED TIME   RECORD YEAR NORMAL DEPARTURE LAST
                VALUE   (LST)  VALUE       VALUE  FROM      YEAR
                                                  NORMAL
..................................................................
TEMPERATURE (F)
 TODAY
  MAXIMUM         55   1207 AM  67    1943  39     16       20
  MINIMUM         39    359 PM -13    1994  23     16        4
  AVERAGE         47                        31     16       12

PRECIPITATION (IN)
  TODAY            T             0.76 1980   0.09  -0.09      T
  MONTH TO DATE    2.52                      1.65   0.87     0.85
  SINCE DEC 1      7.16                      4.65   2.51     4.40
  SINCE JAN 1      2.52                      1.65   0.87     0.85

DEGREE DAYS
 HEATING
  TODAY           18                        34    -16       53
  MONTH TO DATE  494                       612   -118      628
  SINCE DEC 1   1414                      1565   -151     1158
  SINCE JUL 1   2189                      2705   -516     2017

 COOLING
  TODAY            0                         0      0        0
  MONTH TO DATE    0                         0      0        0
  SINCE DEC 1      0                         0      0        0
  SINCE JAN 1      0                         0      0        0
..................................................................


WIND (MPH)
  HIGHEST WIND SPEED    17   HIGHEST WIND DIRECTION     W (270)
  HIGHEST GUST SPEED    25   HIGHEST GUST DIRECTION     W (270)
  AVERAGE WIND SPEED    10.3


SKY COVER
  POSSIBLE SUNSHINE  MM
  AVERAGE SKY COVER 0.9


WEATHER CONDITIONS
 THE FOLLOWING WEATHER WAS RECORDED TODAY.
  LIGHT RAIN
  FOG


RELATIVE HUMIDITY (PERCENT)
 HIGHEST    92          1000 AM
 LOWEST     72          1200 AM
 AVERAGE    82

..........................................................


THE BECKLEY WV CLIMATE NORMALS FOR TOMORROW
                         NORMAL    RECORD    YEAR
 MAXIMUM TEMPERATURE (F)   39        65      1932
 MINIMUM TEMPERATURE (F)   23       -19      1994


SUNRISE AND SUNSET
JANUARY 18 2017.......SUNRISE   737 AM EST   SUNSET   533 PM EST
JANUARY 19 2017.......SUNRISE   737 AM EST   SUNSET   534 PM EST


-  INDICATES NEGATIVE NUMBERS.
R  INDICATES RECORD WAS SET OR TIED.
MM INDICATES DATA IS MISSING.
T  INDICATES TRACE AMOUNT.




$$
