000
CDUS41 KRLX 062117
CLIBKW


CLIMATE REPORT
NATIONAL WEATHER SERVICE CHARLESTON WV
517 PM EDT FRI MAY 6 2016


...................................

...THE BECKLEY WV CLIMATE SUMMARY FOR MAY 6 2016...
VALID TODAY AS OF 0500 PM LOCAL TIME.

CLIMATE NORMAL PERIOD 1981 TO 2010
CLIMATE RECORD PERIOD 1963 TO 2016


WEATHER ITEM   OBSERVED TIME   RECORD YEAR NORMAL DEPARTURE LAST
                VALUE   (LST)  VALUE       VALUE  FROM      YEAR
                                                  NORMAL
..................................................................
TEMPERATURE (F)
 TODAY
  MAXIMUM         61    331 PM  88    1950  68     -7       81
  MINIMUM         44    654 AM  29    1957  47     -3       55
  AVERAGE         53                        58     -5       68

PRECIPITATION (IN)
  TODAY            0.19          1.39 1984   0.14   0.05     0.00
  MONTH TO DATE    2.79                      0.84   1.95     0.17
  SINCE MAR 1      7.45                      7.77  -0.32    12.32
  SINCE JAN 1     13.31                     13.34  -0.03    18.97

DEGREE DAYS
 HEATING
  TODAY           12                         8      4        0
  MONTH TO DATE   54                        51      3       37
  SINCE MAR 1    858                      1159   -301     1060
  SINCE JUL 1   4233                      5160   -927     5393

 COOLING
  TODAY            0                         0      0        3
  MONTH TO DATE    0                         0      0        4
  SINCE MAR 1      8                        10     -2        7
  SINCE JAN 1      8                        10     -2        7
..................................................................


WIND (MPH)
  HIGHEST WIND SPEED    23   HIGHEST WIND DIRECTION     N (350)
  HIGHEST GUST SPEED    32   HIGHEST GUST DIRECTION     W (290)
  AVERAGE WIND SPEED    11.5


SKY COVER
  POSSIBLE SUNSHINE  MM
  AVERAGE SKY COVER 0.9


WEATHER CONDITIONS
 THE FOLLOWING WEATHER WAS RECORDED TODAY.
  RAIN
  LIGHT RAIN
  FOG


RELATIVE HUMIDITY (PERCENT)
 HIGHEST   100           400 AM
 LOWEST     46           300 PM
 AVERAGE    73

..........................................................


THE BECKLEY WV CLIMATE NORMALS FOR TOMORROW
                         NORMAL    RECORD    YEAR
 MAXIMUM TEMPERATURE (F)   68        85      1959
                                             1949
                                             1924
 MINIMUM TEMPERATURE (F)   47        28      1974
                                             1970
                                             1957


SUNRISE AND SUNSET
MAY  6 2016...........SUNRISE   623 AM EDT   SUNSET   820 PM EDT
MAY  7 2016...........SUNRISE   622 AM EDT   SUNSET   821 PM EDT


-  INDICATES NEGATIVE NUMBERS.
R  INDICATES RECORD WAS SET OR TIED.
MM INDICATES DATA IS MISSING.
T  INDICATES TRACE AMOUNT.




$$
