852
CDUS41 KRLX 220826
CLIBKW


CLIMATE REPORT
NATIONAL WEATHER SERVICE CHARLESTON WV
326 AM EST WED NOV 22 2017


...................................

...THE BECKLEY WV CLIMATE SUMMARY FOR NOVEMBER 21 2017...

CLIMATE NORMAL PERIOD 1981 TO 2010
CLIMATE RECORD PERIOD 1963 TO 2017


WEATHER ITEM   OBSERVED TIME   RECORD YEAR NORMAL DEPARTURE LAST
                VALUE   (LST)  VALUE       VALUE  FROM      YEAR
                                                  NORMAL
..................................................................
TEMPERATURE (F)
 YESTERDAY
  MAXIMUM         60    241 PM  75    1906  51      9       36
  MINIMUM         33    751 AM   8    1951  33      0       25
  AVERAGE         47                        42      5       31

PRECIPITATION (IN)
  YESTERDAY        0.01          0.79 1991   0.10  -0.09     0.00
  MONTH TO DATE    1.36                      2.05  -0.69     0.81
  SINCE JAN 1     41.10                     37.29   3.81    41.22

SNOWFALL (IN)
  YESTERDAY        0.0           2.1  1971   0.1   -0.1      0.0
  MONTH TO DATE    T                         1.3   -1.3      0.2
  SINCE SEP 1      T                         1.7   -1.7      0.2
  SNOW DEPTH       0

DEGREE DAYS
 HEATING
  YESTERDAY       18                        23     -5       34
  MONTH TO DATE  402                       409     -7      351
  SINCE SEP 1    771                       894   -123      596
  SINCE JUL 1    788                       915   -127      596

 COOLING
  YESTERDAY        0                         0      0        0
  MONTH TO DATE    0                         0      0        1
  SINCE SEP 1     81                        63     18      143
  SINCE JAN 1    594                       556     38      844
..................................................................


WIND (MPH)
  HIGHEST WIND SPEED    23   HIGHEST WIND DIRECTION    SW (230)
  HIGHEST GUST SPEED    30   HIGHEST GUST DIRECTION    SW (220)
  AVERAGE WIND SPEED     9.1


SKY COVER
  POSSIBLE SUNSHINE  MM
  AVERAGE SKY COVER 0.2


WEATHER CONDITIONS
 THE FOLLOWING WEATHER WAS RECORDED YESTERDAY.
  NO SIGNIFICANT WEATHER WAS OBSERVED.


RELATIVE HUMIDITY (PERCENT)
 HIGHEST    71          1000 PM
 LOWEST     33           900 AM
 AVERAGE    52

..........................................................


THE BECKLEY WV CLIMATE NORMALS FOR TODAY
                         NORMAL    RECORD    YEAR
 MAXIMUM TEMPERATURE (F)   50        76      1913
 MINIMUM TEMPERATURE (F)   33         5      1964


SUNRISE AND SUNSET
NOVEMBER 22 2017......SUNRISE   712 AM EST   SUNSET   509 PM EST
NOVEMBER 23 2017......SUNRISE   713 AM EST   SUNSET   508 PM EST


-  INDICATES NEGATIVE NUMBERS.
R  INDICATES RECORD WAS SET OR TIED.
MM INDICATES DATA IS MISSING.
T  INDICATES TRACE AMOUNT.




$$
