000
CDUS41 KRLX 232118
CLIBKW


CLIMATE REPORT
NATIONAL WEATHER SERVICE CHARLESTON WV
516 PM EDT WED JUL 23 2014


...................................

...THE BECKLEY WV CLIMATE SUMMARY FOR JULY 23 2014...
VALID TODAY AS OF 0500 PM LOCAL TIME.

CLIMATE NORMAL PERIOD 1981 TO 2010
CLIMATE RECORD PERIOD 1963 TO 2014


WEATHER ITEM   OBSERVED TIME   RECORD YEAR NORMAL DEPARTURE LAST
                VALUE   (LST)  VALUE       VALUE  FROM      YEAR
                                                  NORMAL
..................................................................
TEMPERATURE (F)
 TODAY
  MAXIMUM         85    230 PM  94    1933  80      5       81
  MINIMUM         66    547 AM  41    1947  61      5       67
  AVERAGE         76                        71      5       74

PRECIPITATION (IN)
  TODAY            T             2.35 1983   0.16  -0.16     0.11
  MONTH TO DATE    1.52                      3.68  -2.16     3.53
  SINCE JUN 1      5.38                      7.68  -2.30     8.35
  SINCE JAN 1     19.50                     24.84  -5.34    23.73

DEGREE DAYS
 HEATING
  TODAY            0                         0      0        0
  MONTH TO DATE   15                         0     15        0
  SINCE JUN 1     27                        39    -12        7
  SINCE JUL 1     15                         0     15        0

 COOLING
  TODAY           11                         6      5        9
  MONTH TO DATE  132                       138     -6      193
  SINCE JUN 1    303                       249     54      318
  SINCE JAN 1    378                       290     88      385
..................................................................


WIND (MPH)
  HIGHEST WIND SPEED    14   HIGHEST WIND DIRECTION     W (270)
  HIGHEST GUST SPEED    19   HIGHEST GUST DIRECTION     W (260)
  AVERAGE WIND SPEED     6.4


SKY COVER
  POSSIBLE SUNSHINE  MM
  AVERAGE SKY COVER 0.3


WEATHER CONDITIONS
 THE FOLLOWING WEATHER WAS RECORDED TODAY.
  NO SIGNIFICANT WEATHER WAS OBSERVED.


RELATIVE HUMIDITY (PERCENT)
 HIGHEST    87           300 AM
 LOWEST     58           200 PM
 AVERAGE    73

..........................................................


THE BECKLEY WV CLIMATE NORMALS FOR TOMORROW
                         NORMAL    RECORD    YEAR
 MAXIMUM TEMPERATURE (F)   80        92      1934
 MINIMUM TEMPERATURE (F)   61        45      1954
                                             1947
                                             1911


SUNRISE AND SUNSET
JULY 23 2014..........SUNRISE   621 AM EDT   SUNSET   841 PM EDT
JULY 24 2014..........SUNRISE   621 AM EDT   SUNSET   840 PM EDT


-  INDICATES NEGATIVE NUMBERS.
R  INDICATES RECORD WAS SET OR TIED.
MM INDICATES DATA IS MISSING.
T  INDICATES TRACE AMOUNT.




$$
