000
CDUS41 KRLX 300750
CLIBKW


CLIMATE REPORT
NATIONAL WEATHER SERVICE CHARLESTON WV
349 AM EDT THU JUL 30 2015


...................................

...THE BECKLEY WV CLIMATE SUMMARY FOR JULY 29 2015...

CLIMATE NORMAL PERIOD 1981 TO 2010
CLIMATE RECORD PERIOD 1963 TO 2015


WEATHER ITEM   OBSERVED TIME   RECORD YEAR NORMAL DEPARTURE LAST
                VALUE   (LST)  VALUE       VALUE  FROM      YEAR
                                                  NORMAL
..................................................................
TEMPERATURE (F)
 YESTERDAY
  MAXIMUM         84    401 PM  96    1896  80      4       70
  MINIMUM         66    552 AM  46    1914  61      5       53
  AVERAGE         75                        70      5       62

PRECIPITATION (IN)
  YESTERDAY        0.60          1.69 1972   0.17   0.43     0.01
  MONTH TO DATE    9.06                      4.69   4.37     2.41
  SINCE JAN 1     34.37                     25.85   8.52    20.39

SNOWFALL (IN)
  YESTERDAY        0.0
  MONTH TO DATE    0.0
  SINCE SEP 1     66.2
  SNOW DEPTH       0

DEGREE DAYS
 HEATING
  YESTERDAY        0                         0      0        3
  MONTH TO DATE    0                         0      0       18
  SINCE JUN 1     10                        39    -29       30
  SINCE JUL 1      0                         0      0       18

 COOLING
  YESTERDAY       10                         6      4        0
  MONTH TO DATE  198                       174     24      150
  SINCE JUN 1    386                       285    101      321
  SINCE JAN 1    492                       326    166      396
..................................................................


WIND (MPH)
  HIGHEST WIND SPEED    20   HIGHEST WIND DIRECTION    NW (320)
  HIGHEST GUST SPEED    26   HIGHEST GUST DIRECTION    NW (320)
  AVERAGE WIND SPEED     2.9


SKY COVER
  POSSIBLE SUNSHINE  MM
  AVERAGE SKY COVER 0.4


WEATHER CONDITIONS
 THE FOLLOWING WEATHER WAS RECORDED YESTERDAY.
  HEAVY RAIN
  RAIN
  LIGHT RAIN
  FOG


RELATIVE HUMIDITY (PERCENT)
 HIGHEST    93           400 AM
 LOWEST     58           400 PM
 AVERAGE    76

..........................................................


THE BECKLEY WV CLIMATE NORMALS FOR TODAY
                         NORMAL    RECORD    YEAR
 MAXIMUM TEMPERATURE (F)   80        92      1931
                                             1917
 MINIMUM TEMPERATURE (F)   61        47      1932


SUNRISE AND SUNSET
JULY 30 2015..........SUNRISE   626 AM EDT   SUNSET   835 PM EDT
JULY 31 2015..........SUNRISE   627 AM EDT   SUNSET   834 PM EDT


-  INDICATES NEGATIVE NUMBERS.
R  INDICATES RECORD WAS SET OR TIED.
MM INDICATES DATA IS MISSING.
T  INDICATES TRACE AMOUNT.




$$
