000
CDUS41 KRLX 300718
CLIBKW


CLIMATE REPORT
NATIONAL WEATHER SERVICE CHARLESTON WV
318 AM EDT SAT MAY 30 2015


...................................

...THE BECKLEY WV CLIMATE SUMMARY FOR MAY 29 2015...

CLIMATE NORMAL PERIOD 1981 TO 2010
CLIMATE RECORD PERIOD 1963 TO 2015


WEATHER ITEM   OBSERVED TIME   RECORD YEAR NORMAL DEPARTURE LAST
                VALUE   (LST)  VALUE       VALUE  FROM      YEAR
                                                  NORMAL
..................................................................
TEMPERATURE (F)
 YESTERDAY
  MAXIMUM         80   1233 PM  88    1914  73      7       79
  MINIMUM         61    249 AM  33    1949  53      8       61
  AVERAGE         71                        63      8       70

PRECIPITATION (IN)
  YESTERDAY        0.21          2.30 1924   0.16   0.05     0.00
  MONTH TO DATE    1.13                      4.36  -3.23     3.87
  SINCE JAN 1     19.93                     16.86   3.07    14.12

SNOWFALL (IN)
  YESTERDAY        0.0
  MONTH TO DATE    0.0
  SINCE SEP 1     66.2
  SNOW DEPTH       0

DEGREE DAYS
 HEATING
  YESTERDAY        0                         4     -4        0
  MONTH TO DATE   88                       186    -98      105
  SINCE MAR 1   1111                      1294   -183     1223
  SINCE JUL 1   5444                      5295    149     5431

 COOLING
  YESTERDAY        6                         2      4        5
  MONTH TO DATE   87                        25     62       65
  SINCE MAR 1     90                        35     55       70
  SINCE JAN 1     90                        35     55       70
..................................................................


WIND (MPH)
  HIGHEST WIND SPEED    21   HIGHEST WIND DIRECTION     S (190)
  HIGHEST GUST SPEED    26   HIGHEST GUST DIRECTION     S (180)
  AVERAGE WIND SPEED     7.3


SKY COVER
  POSSIBLE SUNSHINE  MM
  AVERAGE SKY COVER 0.4


WEATHER CONDITIONS
 THE FOLLOWING WEATHER WAS RECORDED YESTERDAY.
  THUNDERSTORM
  HEAVY RAIN
  RAIN
  LIGHT RAIN
  FOG


RELATIVE HUMIDITY (PERCENT)
 HIGHEST    93           500 PM
 LOWEST     52           100 PM
 AVERAGE    73

..........................................................


THE BECKLEY WV CLIMATE NORMALS FOR TODAY
                         NORMAL    RECORD    YEAR
 MAXIMUM TEMPERATURE (F)   73        87      2011
                                             2006
                                             1931
 MINIMUM TEMPERATURE (F)   53        33      1984
                                             1949
                                             1932


SUNRISE AND SUNSET
MAY 30 2015...........SUNRISE   605 AM EDT   SUNSET   839 PM EDT
MAY 31 2015...........SUNRISE   605 AM EDT   SUNSET   840 PM EDT


-  INDICATES NEGATIVE NUMBERS.
R  INDICATES RECORD WAS SET OR TIED.
MM INDICATES DATA IS MISSING.
T  INDICATES TRACE AMOUNT.




$$
