000
CDUS41 KRLX 212121
CLIBKW


CLIMATE REPORT
NATIONAL WEATHER SERVICE CHARLESTON WV
520 PM EDT THU SEP 21 2017


...................................

...THE BECKLEY WV CLIMATE SUMMARY FOR SEPTEMBER 21 2017...
VALID TODAY AS OF 0500 PM LOCAL TIME.

CLIMATE NORMAL PERIOD 1981 TO 2010
CLIMATE RECORD PERIOD 1963 TO 2017


WEATHER ITEM   OBSERVED TIME   RECORD YEAR NORMAL DEPARTURE LAST
                VALUE   (LST)  VALUE       VALUE  FROM      YEAR
                                                  NORMAL
..................................................................
TEMPERATURE (F)
 TODAY
  MAXIMUM         80    305 PM  89    1931  71      9       82
  MINIMUM         57    538 AM  25    1956  52      5       53
  AVERAGE         69                        61      8       68

PRECIPITATION (IN)
  TODAY            0.00          1.94 1966   0.09  -0.09     0.00
  MONTH TO DATE    1.85                      2.15  -0.30     1.58
  SINCE SEP 1      1.85                      2.15  -0.30     1.58
  SINCE JAN 1     35.19                     31.81   3.38    36.71

DEGREE DAYS
 HEATING
  TODAY            0                         5     -5        0
  MONTH TO DATE   77                        55     22        6
  SINCE SEP 1     77                        55     22        6
  SINCE JUL 1     94                        76     18        6

 COOLING
  TODAY            4                         1      3        3
  MONTH TO DATE   20                        50    -30      103
  SINCE SEP 1     20                        50    -30      103
  SINCE JAN 1    533                       543    -10      804
..................................................................


WIND (MPH)
  HIGHEST WIND SPEED    13   HIGHEST WIND DIRECTION     N (350)
  HIGHEST GUST SPEED    16   HIGHEST GUST DIRECTION     N (340)
  AVERAGE WIND SPEED     3.2


SKY COVER
  POSSIBLE SUNSHINE  MM
  AVERAGE SKY COVER 0.4


WEATHER CONDITIONS
 THE FOLLOWING WEATHER WAS RECORDED TODAY.
  FOG
  FOG W/VISIBILITY <= 1/4 MILE


RELATIVE HUMIDITY (PERCENT)
 HIGHEST   100           200 AM
 LOWEST     54           200 PM
 AVERAGE    77

..........................................................


THE BECKLEY WV CLIMATE NORMALS FOR TOMORROW
                         NORMAL    RECORD    YEAR
 MAXIMUM TEMPERATURE (F)   71        90      1931
 MINIMUM TEMPERATURE (F)   51        25      1913


SUNRISE AND SUNSET
SEPTEMBER 21 2017.....SUNRISE   712 AM EDT   SUNSET   723 PM EDT
SEPTEMBER 22 2017.....SUNRISE   712 AM EDT   SUNSET   721 PM EDT


-  INDICATES NEGATIVE NUMBERS.
R  INDICATES RECORD WAS SET OR TIED.
MM INDICATES DATA IS MISSING.
T  INDICATES TRACE AMOUNT.




$$
