000
CDUS41 KRLX 240718
CLIBKW


CLIMATE REPORT
NATIONAL WEATHER SERVICE CHARLESTON WV
318 AM EDT TUE MAY 24 2016


...................................

...THE BECKLEY WV CLIMATE SUMMARY FOR MAY 23 2016...

CLIMATE NORMAL PERIOD 1981 TO 2010
CLIMATE RECORD PERIOD 1963 TO 2016


WEATHER ITEM   OBSERVED TIME   RECORD YEAR NORMAL DEPARTURE LAST
                VALUE   (LST)  VALUE       VALUE  FROM      YEAR
                                                  NORMAL
..................................................................
TEMPERATURE (F)
 YESTERDAY
  MAXIMUM         67    221 PM  88    1902  72     -5       74
  MINIMUM         45   1219 AM  30    1907  51     -6       45
  AVERAGE         56                        61     -5       60

PRECIPITATION (IN)
  YESTERDAY        0.00          2.10 1927   0.15  -0.15     0.00
  MONTH TO DATE    6.52                      3.42   3.10     0.91
  SINCE JAN 1     17.04                     15.92   1.12    19.71

SNOWFALL (IN)
  YESTERDAY        0.0
  MONTH TO DATE    0.0
  SINCE SEP 1     45.5
  SNOW DEPTH       0

DEGREE DAYS
 HEATING
  YESTERDAY        9                         5      4        5
  MONTH TO DATE  196                       160     36       88
  SINCE MAR 1   1000                      1268   -268     1111
  SINCE JUL 1   4375                      5269   -894     5444

 COOLING
  YESTERDAY        0                         1     -1        0
  MONTH TO DATE    7                        17    -10       53
  SINCE MAR 1     15                        27    -12       56
  SINCE JAN 1     15                        27    -12       56
..................................................................


WIND (MPH)
  HIGHEST WIND SPEED    14   HIGHEST WIND DIRECTION     N (340)
  HIGHEST GUST SPEED    20   HIGHEST GUST DIRECTION     N (350)
  AVERAGE WIND SPEED     5.4


SKY COVER
  POSSIBLE SUNSHINE  MM
  AVERAGE SKY COVER 0.7


WEATHER CONDITIONS
 THE FOLLOWING WEATHER WAS RECORDED YESTERDAY.
  FOG


RELATIVE HUMIDITY (PERCENT)
 HIGHEST   100          1200 AM
 LOWEST     48           400 PM
 AVERAGE    74

..........................................................


THE BECKLEY WV CLIMATE NORMALS FOR TODAY
                         NORMAL    RECORD    YEAR
 MAXIMUM TEMPERATURE (F)   72        90      1939
 MINIMUM TEMPERATURE (F)   51        31      1961


SUNRISE AND SUNSET
MAY 24 2016...........SUNRISE   608 AM EDT   SUNSET   835 PM EDT
MAY 25 2016...........SUNRISE   607 AM EDT   SUNSET   836 PM EDT


-  INDICATES NEGATIVE NUMBERS.
R  INDICATES RECORD WAS SET OR TIED.
MM INDICATES DATA IS MISSING.
T  INDICATES TRACE AMOUNT.




$$
