000
CDUS41 KRLX 020838
CLIBKW


CLIMATE REPORT
NATIONAL WEATHER SERVICE CHARLESTON WV
336 AM EST FRI DEC 2 2016


...................................

...THE BECKLEY WV CLIMATE SUMMARY FOR DECEMBER 1 2016...

CLIMATE NORMAL PERIOD 1981 TO 2010
CLIMATE RECORD PERIOD 1963 TO 2016


WEATHER ITEM   OBSERVED TIME   RECORD YEAR NORMAL DEPARTURE LAST
                VALUE   (LST)  VALUE       VALUE  FROM      YEAR
                                                  NORMAL
..................................................................
TEMPERATURE (F)
 YESTERDAY
  MAXIMUM         45   1207 AM  75    1909  47     -2       57
  MINIMUM         34    604 PM  -7    1896  30      4       43
  AVERAGE         40                        38      2       50

PRECIPITATION (IN)
  YESTERDAY        0.00          1.02 1991   0.10  -0.10     0.76
  MONTH TO DATE    0.00                      0.10  -0.10     0.76
  SINCE JAN 1     43.00                     38.29   4.71    45.33

SNOWFALL (IN)
  YESTERDAY        0.0
  MONTH TO DATE    0.0
  SINCE SEP 1      0.2
  SNOW DEPTH       0

DEGREE DAYS
 HEATING
  YESTERDAY       25                        27     -2       15
  MONTH TO DATE   25                        27     -2       15
  SINCE DEC 1     25                        27     -2       15
  SINCE JUL 1    800                      1167   -367      874

 COOLING
  YESTERDAY        0                         0      0        0
  MONTH TO DATE    0                         0      0        0
  SINCE DEC 1      0                         0      0        0
  SINCE JAN 1    844                       557    287      758
..................................................................


WIND (MPH)
  HIGHEST WIND SPEED    20   HIGHEST WIND DIRECTION     W (270)
  HIGHEST GUST SPEED    26   HIGHEST GUST DIRECTION     W (260)
  AVERAGE WIND SPEED     8.7


SKY COVER
  POSSIBLE SUNSHINE  MM
  AVERAGE SKY COVER 0.9


WEATHER CONDITIONS
 THE FOLLOWING WEATHER WAS RECORDED YESTERDAY.
  NO SIGNIFICANT WEATHER WAS OBSERVED.


RELATIVE HUMIDITY (PERCENT)
 HIGHEST    79           300 AM
 LOWEST     64          1200 PM
 AVERAGE    72

..........................................................


THE BECKLEY WV CLIMATE NORMALS FOR TODAY
                         NORMAL    RECORD    YEAR
 MAXIMUM TEMPERATURE (F)   46        69      1916
                                             1912
 MINIMUM TEMPERATURE (F)   30         4      1960


SUNRISE AND SUNSET
DECEMBER  2 2016......SUNRISE   722 AM EST   SUNSET   506 PM EST
DECEMBER  3 2016......SUNRISE   723 AM EST   SUNSET   505 PM EST


-  INDICATES NEGATIVE NUMBERS.
R  INDICATES RECORD WAS SET OR TIED.
MM INDICATES DATA IS MISSING.
T  INDICATES TRACE AMOUNT.




$$
