000
CDUS41 KRNK 122224
CLIBLF


CLIMATE REPORT
NATIONAL WEATHER SERVICE BLACKSBURG VA
522 PM EST FRI FEB 12 2016


...................................

...THE BLUEFIELD WV CLIMATE SUMMARY FOR FEBRUARY 12 2016...
VALID TODAY AS OF 0500 PM LOCAL TIME.

CLIMATE NORMAL PERIOD 1981 TO 2010
CLIMATE RECORD PERIOD 1959 TO 2016


WEATHER ITEM   OBSERVED TIME   RECORD YEAR NORMAL DEPARTURE LAST
                VALUE   (LST)  VALUE       VALUE  FROM      YEAR
                                                  NORMAL
..................................................................
TEMPERATURE (F)
 TODAY
  MAXIMUM         26    335 PM  65    1984  45    -19       35
  MINIMUM         11    400 AM  -7    1981  29    -18       13
  AVERAGE         19                        37    -18       24

PRECIPITATION (IN)
  TODAY            0.03          0.67 1963   0.09  -0.06     0.01
  MONTH TO DATE    0.85                      1.14  -0.29     0.60
  SINCE DEC 1      6.53                      6.95  -0.42     4.47
  SINCE JAN 1      2.70                      4.04  -1.34     2.08

SNOWFALL (IN)
  TODAY           MM                                         2.6
  MONTH TO DATE    2.9                                       4.1
  SINCE DEC 1     21.6                                       7.1
  SINCE JUL 1     21.6                                      11.9
  SNOW DEPTH      MM

DEGREE DAYS
 HEATING
  TODAY           46                        28     18       41
  MONTH TO DATE  404                       350     54      344
  SINCE DEC 1   1593                      2167   -574     2109
  SINCE JUL 1   2315                      3070   -755     3194

 COOLING
  TODAY            0                         0      0        0
  MONTH TO DATE    0                         0      0        0
  SINCE DEC 1      3                         0      3        0
  SINCE JAN 1      0                         0      0        0
..................................................................


WIND (MPH)
  HIGHEST WIND SPEED    18   HIGHEST WIND DIRECTION     W (290)
  HIGHEST GUST SPEED    26   HIGHEST GUST DIRECTION     W (290)
  AVERAGE WIND SPEED     4.0


SKY COVER
  AVERAGE SKY COVER 0.8


WEATHER CONDITIONS
 THE FOLLOWING WEATHER WAS RECORDED TODAY.
  SNOW
  LIGHT SNOW
  FOG
  FOG W/VISIBILITY <= 1/4 MILE


RELATIVE HUMIDITY (PERCENT)
 HIGHEST    88           500 PM
 LOWEST     57          1100 AM
 AVERAGE    73

..........................................................


THE BLUEFIELD WV CLIMATE NORMALS FOR TOMORROW
                         NORMAL    RECORD    YEAR
 MAXIMUM TEMPERATURE (F)   45        63      1990
 MINIMUM TEMPERATURE (F)   29         4      1988


SUNRISE AND SUNSET
FEBRUARY 12 2016......SUNRISE   718 AM EST   SUNSET   601 PM EST
FEBRUARY 13 2016......SUNRISE   717 AM EST   SUNSET   602 PM EST


-  INDICATES NEGATIVE NUMBERS.
R  INDICATES RECORD WAS SET OR TIED.
MM INDICATES DATA IS MISSING.
T  INDICATES TRACE AMOUNT.

REMARKS:

DUE TO AN EQUIPMENT OUTAGE AFFECTING THE TEMPERATURE ON DECEMBER 20-
21...JANUARY 19-20...AND JANUARY 22-25...THE SEASONAL HEATING DEGREE
DAY TOTAL AND DEPARTURE FROM NORMAL WILL BE CALCULATED WITHOUT DATA
FROM THESE DATES.

$$

RAB

$$
