828
CDUS41 KRNK 252224
CLIBLF


CLIMATE REPORT
NATIONAL WEATHER SERVICE BLACKSBURG VA
521 PM EST SUN FEB 25 2018


...................................

...THE BLUEFIELD WV CLIMATE SUMMARY FOR FEBRUARY 25 2018...
VALID TODAY AS OF 0500 PM LOCAL TIME.

CLIMATE NORMAL PERIOD 1981 TO 2010
CLIMATE RECORD PERIOD 1959 TO 2018


WEATHER ITEM   OBSERVED TIME   RECORD YEAR NORMAL DEPARTURE LAST
                VALUE   (LST)  VALUE       VALUE  FROM      YEAR
                                                  NORMAL
..................................................................
TEMPERATURE (F)
 TODAY
  MAXIMUM         63    141 AM  68    2000  48     15       58
  MINIMUM         52    500 PM  -6    1967  31     21       26
  AVERAGE         58                        40     18       42

PRECIPITATION (IN)
  TODAY            0.36          2.08 1961   0.11   0.25     0.16
  MONTH TO DATE    5.16                      2.45   2.71     1.15
  SINCE DEC 1      7.61                      8.26  -0.65     8.60
  SINCE JAN 1      6.65                      5.35   1.30     5.40

SNOWFALL (IN)
  TODAY            0.0                                       0.0
  MONTH TO DATE    5.5                                       0.9
  SINCE DEC 1     14.4                                      17.2
  SINCE JUL 1     14.7                                      17.2
  SNOW DEPTH       0

DEGREE DAYS
 HEATING
  TODAY            7                        25    -18       23
  MONTH TO DATE  508                       698   -190      549
  SINCE DEC 1   2635                      2515    120     2290
  SINCE JUL 1   3662                      3418    244     3066

 COOLING
  TODAY            0                         0      0        0
  MONTH TO DATE    2                         0      2        0
  SINCE DEC 1      2                         0      2        0
  SINCE JAN 1      2                         0      2        0
..................................................................


WIND (MPH)
  HIGHEST WIND SPEED    23   HIGHEST WIND DIRECTION     W (290)
  HIGHEST GUST SPEED    36   HIGHEST GUST DIRECTION    NW (320)
  AVERAGE WIND SPEED    11.4


SKY COVER
  AVERAGE SKY COVER 0.8


WEATHER CONDITIONS
 THE FOLLOWING WEATHER WAS RECORDED TODAY.
  HEAVY RAIN
  RAIN
  LIGHT RAIN
  FOG


RELATIVE HUMIDITY (PERCENT)
 HIGHEST    96           800 AM
 LOWEST     65          1200 AM
 AVERAGE    81

..........................................................


THE BLUEFIELD WV CLIMATE NORMALS FOR TOMORROW
                         NORMAL    RECORD    YEAR
 MAXIMUM TEMPERATURE (F)   49        75      1977
 MINIMUM TEMPERATURE (F)   31         0      1970


SUNRISE AND SUNSET
FEBRUARY 25 2018......SUNRISE   701 AM EST   SUNSET   615 PM EST
FEBRUARY 26 2018......SUNRISE   700 AM EST   SUNSET   616 PM EST


-  INDICATES NEGATIVE NUMBERS.
R  INDICATES RECORD WAS SET OR TIED.
MM INDICATES DATA IS MISSING.
T  INDICATES TRACE AMOUNT.


$$

PW
