000
CDUS41 KRNK 250915
CLIBLF


CLIMATE REPORT
NATIONAL WEATHER SERVICE BLACKSBURG VA
512 AM EDT FRI JUL 25 2014


...................................

...THE BLUEFIELD WV CLIMATE SUMMARY FOR JULY 24 2014...

CLIMATE NORMAL PERIOD 1981 TO 2010
CLIMATE RECORD PERIOD 1959 TO 2014


WEATHER ITEM   OBSERVED TIME   RECORD YEAR NORMAL DEPARTURE LAST
                VALUE   (LST)  VALUE       VALUE  FROM      YEAR
                                                  NORMAL
..................................................................
TEMPERATURE (F)
 YESTERDAY
  MAXIMUM         81   1157 AM  91    1987  81      0       80
  MINIMUM         62   1149 PM  54    2008  65     -3       64
  AVERAGE         72                        73     -1

PRECIPITATION (IN)
  YESTERDAY        0.48          1.50 2007   0.13   0.35     0.33
  MONTH TO DATE    1.88                      3.29  -1.41     2.96
  SINCE JUN 1      5.48                      7.43  -1.95     7.79
  SINCE JAN 1     17.14                     24.25  -7.11    26.32

SNOWFALL (IN)
  YESTERDAY        0.0
  MONTH TO DATE    0.0
  SINCE JUN 1      0.0
  SINCE JUL 1      0.0
  SNOW DEPTH       0

DEGREE DAYS
 HEATING
  YESTERDAY        0                         0      0
  MONTH TO DATE    5                         0      5
  SINCE JUN 1      7                        22    -15
  SINCE JUL 1      5                         0      5

 COOLING
  YESTERDAY        7                         8     -1
  MONTH TO DATE  170                       192    -22
  SINCE JUN 1    391                       358     33
  SINCE JAN 1    520                       449     71
..................................................................


WIND (MPH)
  HIGHEST WIND SPEED    16   HIGHEST WIND DIRECTION    NW (310)
  HIGHEST GUST SPEED    25   HIGHEST GUST DIRECTION    NW (300)
  AVERAGE WIND SPEED     5.1


SKY COVER
  POSSIBLE SUNSHINE  MM
  AVERAGE SKY COVER 0.9


WEATHER CONDITIONS
 THE FOLLOWING WEATHER WAS RECORDED YESTERDAY.
  THUNDERSTORM
  HEAVY RAIN
  RAIN
  LIGHT RAIN
  FOG


RELATIVE HUMIDITY (PERCENT)
 HIGHEST    90          1000 PM
 LOWEST     54          1100 AM
 AVERAGE    72

..........................................................


THE BLUEFIELD WV CLIMATE NORMALS FOR TODAY
                         NORMAL    RECORD    YEAR
 MAXIMUM TEMPERATURE (F)   81        90      1987
 MINIMUM TEMPERATURE (F)   65        54      2003


SUNRISE AND SUNSET
JULY 25 2014..........SUNRISE   624 AM EDT   SUNSET   839 PM EDT
JULY 26 2014..........SUNRISE   624 AM EDT   SUNSET   838 PM EDT


-  INDICATES NEGATIVE NUMBERS.
R  INDICATES RECORD WAS SET OR TIED.
MM INDICATES DATA IS MISSING.
T  INDICATES TRACE AMOUNT.

REMARKS:
DUE TO A POWER FAILURE CAUSING A MISSING LOW TEMPERATURE ON
MAY 30...THE SEASONAL TOTAL AND DEPARTURE FROM NORMAL FOR CDD WILL
BE CALCULATED WITHOUT DATA FROM THAT DATE.


$$
