718
CDUS41 KRNK 220648
CLIBLF


CLIMATE REPORT
NATIONAL WEATHER SERVICE BLACKSBURG VA
145 AM EST WED NOV 22 2017


...................................

...THE BLUEFIELD WV CLIMATE SUMMARY FOR NOVEMBER 21 2017...

CLIMATE NORMAL PERIOD 1981 TO 2010
CLIMATE RECORD PERIOD 1959 TO 2017


WEATHER ITEM   OBSERVED TIME   RECORD YEAR NORMAL DEPARTURE LAST
                VALUE   (LST)  VALUE       VALUE  FROM      YEAR
                                                  NORMAL
..................................................................
TEMPERATURE (F)
 YESTERDAY
  MAXIMUM         58    156 PM  69    1999  53      5       35
  MINIMUM         33    603 AM  14    1964  37     -4       22
  AVERAGE         46                        45      1       29

PRECIPITATION (IN)
  YESTERDAY        0.00          1.27 1991   0.09  -0.09     0.00
  MONTH TO DATE    1.31                      1.84  -0.53     0.41
  SINCE SEP 1      7.21                      7.48  -0.27     2.83
  SINCE JAN 1     39.27                     35.87   3.40    29.72

SNOWFALL (IN)
  YESTERDAY        0.0                                       0.0
  MONTH TO DATE    T                                          T
  SINCE SEP 1      0.3                                        T
  SINCE JUL 1      0.3                                        T
  SNOW DEPTH       0

DEGREE DAYS
 HEATING
  YESTERDAY       19                        20     -1       36
  MONTH TO DATE  407                       344     63      327
  SINCE SEP 1    806                       702    104      593
  SINCE JUL 1    832                       708    124      593

 COOLING
  YESTERDAY        0                         0      0        0
  MONTH TO DATE    0                         0      0        1
  SINCE SEP 1     64                       117    -53      129
  SINCE JAN 1    488                       851   -363      737
..................................................................


WIND (MPH)
  HIGHEST WIND SPEED    29   HIGHEST WIND DIRECTION    SW (240)
  HIGHEST GUST SPEED    36   HIGHEST GUST DIRECTION    SW (230)
  AVERAGE WIND SPEED     7.7


SKY COVER
  AVERAGE SKY COVER 0.2


WEATHER CONDITIONS
 THE FOLLOWING WEATHER WAS RECORDED YESTERDAY.
  NO SIGNIFICANT WEATHER WAS OBSERVED.


RELATIVE HUMIDITY (PERCENT)
 HIGHEST    68           800 PM
 LOWEST     33           800 AM
 AVERAGE    51

..........................................................


THE BLUEFIELD WV CLIMATE NORMALS FOR TODAY
                         NORMAL    RECORD    YEAR
 MAXIMUM TEMPERATURE (F)   53        70      1979
 MINIMUM TEMPERATURE (F)   37         8      1964


SUNRISE AND SUNSET
NOVEMBER 22 2017......SUNRISE   712 AM EST   SUNSET   510 PM EST
NOVEMBER 23 2017......SUNRISE   713 AM EST   SUNSET   510 PM EST


-  INDICATES NEGATIVE NUMBERS.
R  INDICATES RECORD WAS SET OR TIED.
MM INDICATES DATA IS MISSING.
T  INDICATES TRACE AMOUNT.

$$
RCS
