000
CDUS46 KSEW 280828
CLIBLI


CLIMATE REPORT
NATIONAL WEATHER SERVICE SEATTLE WA
1227 AM PST WED JAN 28 2015


...................................

...THE BELLINGHAM WA AIRPORT CLIMATE SUMMARY FOR JANUARY 27 2015...

CLIMATE NORMAL PERIOD 1981 TO 2010
CLIMATE RECORD PERIOD 1949 TO 2015


WEATHER ITEM   OBSERVED TIME   RECORD YEAR NORMAL DEPARTURE LAST
                VALUE   (LST)  VALUE       VALUE  FROM      YEAR
                                                  NORMAL
..................................................................
TEMPERATURE (F)
 YESTERDAY
  MAXIMUM         52   1134 AM  58    1986  47      5       42
  MINIMUM         44    508 AM   8    1957  33     11       28
  AVERAGE         48                        40      8       35

PRECIPITATION (IN)
  YESTERDAY        0.03          0.54 1967   0.14  -0.11     0.01
  MONTH TO DATE    5.47                      4.11   1.36     2.25
  SINCE OCT 1     20.20                     17.81   2.39    12.56
  SINCE JAN 1      5.47                      4.11   1.36     2.25

DEGREE DAYS
 HEATING
  YESTERDAY       17                        25     -8       30
  MONTH TO DATE  604                       698    -94      640
  SINCE DEC 1   1299                      1532   -233     1532

 COOLING
  YESTERDAY        0                         0      0        0
  MONTH TO DATE    0                         0      0        0
  SINCE DEC 1      0                         0      0        0
  SINCE JAN 1      0                         0      0        0
..................................................................


WIND (MPH)
  RESULTANT WIND SPEED   5   RESULTANT WIND DIRECTION   S (170)
  HIGHEST WIND SPEED    15   HIGHEST WIND DIRECTION     S (170)
  HIGHEST GUST SPEED    21   HIGHEST GUST DIRECTION     S (170)
  AVERAGE WIND SPEED     5.9


SKY COVER
  AVERAGE SKY COVER 0.9


WEATHER CONDITIONS
 THE FOLLOWING WEATHER WAS RECORDED YESTERDAY.
  LIGHT RAIN
  FOG
  FOG W/VISIBILITY <= 1/4 MILE


RELATIVE HUMIDITY (PERCENT)
 HIGHEST   100          1200 AM
 LOWEST     80           600 PM
 AVERAGE    90

..........................................................


THE BELLINGHAM WA AIRPORT CLIMATE NORMALS FOR TODAY
                         NORMAL    RECORD    YEAR
 MAXIMUM TEMPERATURE (F)   47        59      1995
 MINIMUM TEMPERATURE (F)   33         4      1950


SUNRISE AND SUNSET
JANUARY 28 2015.......SUNRISE   745 AM PST   SUNSET   501 PM PST
JANUARY 29 2015.......SUNRISE   744 AM PST   SUNSET   503 PM PST


-  INDICATES NEGATIVE NUMBERS.
R  INDICATES RECORD WAS SET OR TIED.
MM INDICATES DATA IS MISSING.
T  INDICATES TRACE AMOUNT.




$$
