000
CDUS46 KSEW 220830
CLIBLI


CLIMATE REPORT
NATIONAL WEATHER SERVICE SEATTLE WA
130 AM PDT FRI AUG 22 2014


...................................

...THE BELLINGHAM WA AIRPORT CLIMATE SUMMARY FOR AUGUST 21 2014...

CLIMATE NORMAL PERIOD 1981 TO 2010
CLIMATE RECORD PERIOD 1949 TO 2014


WEATHER ITEM   OBSERVED TIME   RECORD YEAR NORMAL DEPARTURE LAST
                VALUE   (LST)  VALUE       VALUE  FROM      YEAR
                                                  NORMAL
..................................................................
TEMPERATURE (F)
 YESTERDAY
  MAXIMUM         69    424 PM  85    1958  72     -3       76
  MINIMUM         55   1049 PM  42    1955  53      2       45
  AVERAGE         62                        62      0       61

PRECIPITATION (IN)
  YESTERDAY        0.00          0.75 2004   0.04  -0.04     0.00
  MONTH TO DATE    0.67                      0.75  -0.08     0.44
  SINCE OCT 1     30.07                     33.57  -3.50    17.13
  SINCE JAN 1     19.76                     19.87  -0.11    15.35

DEGREE DAYS
 HEATING
  YESTERDAY        3                         3      0        4
  MONTH TO DATE    7                        44    -37       20
  SINCE JUN 1    178                       346   -168      196

 COOLING
  YESTERDAY        0                         0      0        0
  MONTH TO DATE   49                         0     49       21
  SINCE JUN 1    101                        23     78       70
  SINCE JAN 1    102                        23     79       70
..................................................................


WIND (MPH)
  RESULTANT WIND SPEED   7   RESULTANT WIND DIRECTION   S (180)
  HIGHEST WIND SPEED    14   HIGHEST WIND DIRECTION     S (160)
  HIGHEST GUST SPEED    20   HIGHEST GUST DIRECTION     S (160)
  AVERAGE WIND SPEED     7.0


SKY COVER
  AVERAGE SKY COVER 0.1


WEATHER CONDITIONS
 THE FOLLOWING WEATHER WAS RECORDED YESTERDAY.
  NO SIGNIFICANT WEATHER WAS OBSERVED.


RELATIVE HUMIDITY (PERCENT)
 HIGHEST    86           300 AM
 LOWEST     58           100 PM
 AVERAGE    72

..........................................................


THE BELLINGHAM WA AIRPORT CLIMATE NORMALS FOR TODAY
                         NORMAL    RECORD    YEAR
 MAXIMUM TEMPERATURE (F)   71        86      1956
 MINIMUM TEMPERATURE (F)   53        43      1969


SUNRISE AND SUNSET
AUGUST 22 2014........SUNRISE   613 AM PDT   SUNSET   812 PM PDT
AUGUST 23 2014........SUNRISE   614 AM PDT   SUNSET   810 PM PDT


-  INDICATES NEGATIVE NUMBERS.
R  INDICATES RECORD WAS SET OR TIED.
MM INDICATES DATA IS MISSING.
T  INDICATES TRACE AMOUNT.




$$
