699
CDUS46 KSEW 180832
CLIBLI


CLIMATE REPORT
NATIONAL WEATHER SERVICE SEATTLE WA
1232 AM PST THU JAN 18 2018


...................................

...THE BELLINGHAM WA AIRPORT CLIMATE SUMMARY FOR JANUARY 17 2018...

CLIMATE NORMAL PERIOD 1981 TO 2010
CLIMATE RECORD PERIOD 1949 TO 2018


WEATHER ITEM   OBSERVED TIME   RECORD YEAR NORMAL DEPARTURE LAST
                VALUE   (LST)  VALUE       VALUE  FROM      YEAR
                                                  NORMAL
..................................................................
TEMPERATURE (F)
 YESTERDAY
  MAXIMUM         62R   224 PM  59    1977  46     16       57
  MINIMUM         43    305 AM   7    1950  33     10       38
  AVERAGE         53                        39     14       48

PRECIPITATION (IN)
  YESTERDAY        0.11          1.45 2005   0.17  -0.06     0.19
  MONTH TO DATE    2.70                      2.63   0.07     0.89
  SINCE OCT 1     20.32                     16.33   3.99    20.01
  SINCE JAN 1      2.70                      2.63   0.07     0.89

DEGREE DAYS
 HEATING
  YESTERDAY       12                        26    -14       17
  MONTH TO DATE  403                       448    -45      568
  SINCE DEC 1   1262                      1282    -20     1518

 COOLING
  YESTERDAY        0                         0      0        0
  MONTH TO DATE    0                         0      0        0
  SINCE DEC 1      0                         0      0        0
  SINCE JAN 1      0                         0      0        0
..................................................................


WIND (MPH)
  RESULTANT WIND SPEED  10   RESULTANT WIND DIRECTION  SE (140)
  HIGHEST WIND SPEED    40   HIGHEST WIND DIRECTION    SE (150)
  HIGHEST GUST SPEED    54   HIGHEST GUST DIRECTION    SE (150)
  AVERAGE WIND SPEED    14.7


SKY COVER
  AVERAGE SKY COVER 0.6


WEATHER CONDITIONS
 THE FOLLOWING WEATHER WAS RECORDED YESTERDAY.
  RAIN
  LIGHT RAIN
  FOG


RELATIVE HUMIDITY (PERCENT)
 HIGHEST    83           900 AM
 LOWEST     46           200 PM
 AVERAGE    65

..........................................................


THE BELLINGHAM WA AIRPORT CLIMATE NORMALS FOR TODAY
                         NORMAL    RECORD    YEAR
 MAXIMUM TEMPERATURE (F)   46        58      2005
 MINIMUM TEMPERATURE (F)   33         4      1950


SUNRISE AND SUNSET
JANUARY 18 2018.......SUNRISE   755 AM PST   SUNSET   446 PM PST
JANUARY 19 2018.......SUNRISE   755 AM PST   SUNSET   448 PM PST


-  INDICATES NEGATIVE NUMBERS.
R  INDICATES RECORD WAS SET OR TIED.
MM INDICATES DATA IS MISSING.
T  INDICATES TRACE AMOUNT.




$$
