000
CDUS46 KSEW 030829
CLIBLI


CLIMATE REPORT
NATIONAL WEATHER SERVICE SEATTLE WA
129 AM PDT MON AUG 3 2015


...................................

...THE BELLINGHAM WA AIRPORT CLIMATE SUMMARY FOR AUGUST 2 2015...

CLIMATE NORMAL PERIOD 1981 TO 2010
CLIMATE RECORD PERIOD 1949 TO 2015


WEATHER ITEM   OBSERVED TIME   RECORD YEAR NORMAL DEPARTURE LAST
                VALUE   (LST)  VALUE       VALUE  FROM      YEAR
                                                  NORMAL
..................................................................
TEMPERATURE (F)
 YESTERDAY
  MAXIMUM         81    432 PM  84    1961  73      8       81
  MINIMUM         60    519 AM  43    1957  54      6       56
  AVERAGE         71                        63      8       69

PRECIPITATION (IN)
  YESTERDAY        0.00          0.37 2001   0.03  -0.03     0.00
  MONTH TO DATE    0.00                      0.06  -0.06     0.00
  SINCE OCT 1     30.30                     32.88  -2.58    29.40
  SINCE JAN 1     15.57                     19.18  -3.61    19.09

DEGREE DAYS
 HEATING
  YESTERDAY        0                         2     -2        0
  MONTH TO DATE    0                         3     -3        0
  SINCE JUN 1     82                       305   -223      171

 COOLING
  YESTERDAY        6                         0      6        4
  MONTH TO DATE   13                         0     13        7
  SINCE JUN 1    151                        23    128       59
  SINCE JAN 1    151                        23    128       60
..................................................................


WIND (MPH)
  RESULTANT WIND SPEED   3   RESULTANT WIND DIRECTION   S (180)
  HIGHEST WIND SPEED    10   HIGHEST WIND DIRECTION     S (180)
  HIGHEST GUST SPEED    17   HIGHEST GUST DIRECTION     S (180)
  AVERAGE WIND SPEED     4.1


SKY COVER
  AVERAGE SKY COVER 0.0


WEATHER CONDITIONS
 THE FOLLOWING WEATHER WAS RECORDED YESTERDAY.
  NO SIGNIFICANT WEATHER WAS OBSERVED.


RELATIVE HUMIDITY (PERCENT)
 HIGHEST    90           200 AM
 LOWEST     42           500 PM
 AVERAGE    66

..........................................................


THE BELLINGHAM WA AIRPORT CLIMATE NORMALS FOR TODAY
                         NORMAL    RECORD    YEAR
 MAXIMUM TEMPERATURE (F)   73        90      1993
 MINIMUM TEMPERATURE (F)   54        44      2002


SUNRISE AND SUNSET
AUGUST  3 2015........SUNRISE   546 AM PDT   SUNSET   846 PM PDT
AUGUST  4 2015........SUNRISE   548 AM PDT   SUNSET   844 PM PDT


-  INDICATES NEGATIVE NUMBERS.
R  INDICATES RECORD WAS SET OR TIED.
MM INDICATES DATA IS MISSING.
T  INDICATES TRACE AMOUNT.




$$
