000
CDUS46 KSEW 240827
CLIBLI


CLIMATE REPORT
NATIONAL WEATHER SERVICE SEATTLE WA
127 AM PDT THU APR 24 2014


...................................

...THE BELLINGHAM WA AIRPORT CLIMATE SUMMARY FOR APRIL 23 2014...

CLIMATE NORMAL PERIOD 1981 TO 2010
CLIMATE RECORD PERIOD 1949 TO 2014


WEATHER ITEM   OBSERVED TIME   RECORD YEAR NORMAL DEPARTURE LAST
                VALUE   (LST)  VALUE       VALUE  FROM      YEAR
                                                  NORMAL
..................................................................
TEMPERATURE (F)
 YESTERDAY
  MAXIMUM         56    339 PM  76    2005  58     -2       60
  MINIMUM         45    634 AM  30    1951  41      4       35
  AVERAGE         51                        49      2       48

PRECIPITATION (IN)
  YESTERDAY        0.37          1.00 1957   0.08   0.29     0.00
  MONTH TO DATE    2.15                      2.14   0.01     3.79
  SINCE OCT 1     23.43                     26.75  -3.32    12.05
  SINCE JAN 1     13.12                     13.05   0.07    10.27

DEGREE DAYS
 HEATING
  YESTERDAY       14                        16     -2       17
  MONTH TO DATE  335                       393    -58      386
  SINCE MAR 1    928                      1036   -108     1004

 COOLING
  YESTERDAY        0                         0      0        0
  MONTH TO DATE    0                         0      0        0
  SINCE MAR 1      0                         0      0        0
  SINCE JAN 1      0                         0      0        0
..................................................................


WIND (MPH)
  RESULTANT WIND SPEED   9   RESULTANT WIND DIRECTION   S (160)
  HIGHEST WIND SPEED    17   HIGHEST WIND DIRECTION     S (160)
  HIGHEST GUST SPEED    24   HIGHEST GUST DIRECTION     S (170)
  AVERAGE WIND SPEED     9.1


SKY COVER
  AVERAGE SKY COVER 0.8


WEATHER CONDITIONS
 THE FOLLOWING WEATHER WAS RECORDED YESTERDAY.
  RAIN
  LIGHT RAIN
  FOG


RELATIVE HUMIDITY (PERCENT)
 HIGHEST    89           500 AM
 LOWEST     54           800 PM
 AVERAGE    72

..........................................................


THE BELLINGHAM WA AIRPORT CLIMATE NORMALS FOR TODAY
                         NORMAL    RECORD    YEAR
 MAXIMUM TEMPERATURE (F)   58        73      1989
 MINIMUM TEMPERATURE (F)   41        30      2002
                                             1951


SUNRISE AND SUNSET
APRIL 24 2014.........SUNRISE   602 AM PDT   SUNSET   815 PM PDT
APRIL 25 2014.........SUNRISE   600 AM PDT   SUNSET   817 PM PDT


-  INDICATES NEGATIVE NUMBERS.
R  INDICATES RECORD WAS SET OR TIED.
MM INDICATES DATA IS MISSING.
T  INDICATES TRACE AMOUNT.




$$
