000
CDUS46 KSEW 220830
CLIBLI


CLIMATE REPORT
NATIONAL WEATHER SERVICE SEATTLE WA
130 AM PDT MON SEP 22 2014


...................................

...THE BELLINGHAM WA AIRPORT CLIMATE SUMMARY FOR SEPTEMBER 21 2014...

CLIMATE NORMAL PERIOD 1981 TO 2010
CLIMATE RECORD PERIOD 1949 TO 2014


WEATHER ITEM   OBSERVED TIME   RECORD YEAR NORMAL DEPARTURE LAST
                VALUE   (LST)  VALUE       VALUE  FROM      YEAR
                                                  NORMAL
..................................................................
TEMPERATURE (F)
 YESTERDAY
  MAXIMUM         77    143 PM  85    1952  66     11       67
  MINIMUM         48    620 AM  32    1955  46      2       57
  AVERAGE         63                        56      7       62

PRECIPITATION (IN)
  YESTERDAY        0.00          0.61 1964   0.06  -0.06     0.04
  MONTH TO DATE    0.54                      1.16  -0.62     1.58
  SINCE OCT 1     30.62                     35.21  -4.59    19.44
  SINCE JAN 1     20.31                     21.51  -1.20    17.66

DEGREE DAYS
 HEATING
  YESTERDAY        2                         9     -7        3
  MONTH TO DATE   66                       138    -72       53
  SINCE SEP 1     66                       138    -72       53

 COOLING
  YESTERDAY        0                         0      0        0
  MONTH TO DATE    2                         0      2        6
  SINCE SEP 1      2                         0      2        6
  SINCE JAN 1    117                        40     77       95
..................................................................


WIND (MPH)
  RESULTANT WIND SPEED   4   RESULTANT WIND DIRECTION   S (170)
  HIGHEST WIND SPEED    16   HIGHEST WIND DIRECTION     S (160)
  HIGHEST GUST SPEED    21   HIGHEST GUST DIRECTION     S (160)
  AVERAGE WIND SPEED     5.1


SKY COVER
  AVERAGE SKY COVER 0.2


WEATHER CONDITIONS
 THE FOLLOWING WEATHER WAS RECORDED YESTERDAY.
  FOG
  FOG W/VISIBILITY <= 1/4 MILE


RELATIVE HUMIDITY (PERCENT)
 HIGHEST    96           100 AM
 LOWEST     43           200 PM
 AVERAGE    70

..........................................................


THE BELLINGHAM WA AIRPORT CLIMATE NORMALS FOR TODAY
                         NORMAL    RECORD    YEAR
 MAXIMUM TEMPERATURE (F)   65        83      1975
 MINIMUM TEMPERATURE (F)   46        34      1955


SUNRISE AND SUNSET
SEPTEMBER 22 2014.....SUNRISE   657 AM PDT   SUNSET   708 PM PDT
SEPTEMBER 23 2014.....SUNRISE   658 AM PDT   SUNSET   706 PM PDT


-  INDICATES NEGATIVE NUMBERS.
R  INDICATES RECORD WAS SET OR TIED.
MM INDICATES DATA IS MISSING.
T  INDICATES TRACE AMOUNT.




$$
