000
CDUS46 KSEW 280830
CLIBLI


CLIMATE REPORT
NATIONAL WEATHER SERVICE SEATTLE WA
130 AM PDT SUN MAY 28 2017


...................................

...THE BELLINGHAM WA AIRPORT CLIMATE SUMMARY FOR MAY 27 2017...

CLIMATE NORMAL PERIOD 1981 TO 2010
CLIMATE RECORD PERIOD 1949 TO 2017


WEATHER ITEM   OBSERVED TIME   RECORD YEAR NORMAL DEPARTURE LAST
                VALUE   (LST)  VALUE       VALUE  FROM      YEAR
                                                  NORMAL
..................................................................
TEMPERATURE (F)
 YESTERDAY
  MAXIMUM         80    550 PM  83    2005  64     16       60
  MINIMUM         49    434 AM  35    1973  48      1       49
  AVERAGE         65                        56      9       55

PRECIPITATION (IN)
  YESTERDAY        0.00          1.28 2004   0.09  -0.09     0.09
  MONTH TO DATE    0.31                      2.16  -1.85     0.51
  SINCE OCT 1     34.01                     29.46   4.55    29.52
  SINCE JAN 1     14.89                     15.76  -0.87    15.45

DEGREE DAYS
 HEATING
  YESTERDAY        0                         9     -9       10
  MONTH TO DATE  269                       309    -40      195
  SINCE MAR 1   1297                      1450   -153     1015

 COOLING
  YESTERDAY        0                         0      0        0
  MONTH TO DATE    0                         0      0        1
  SINCE MAR 1      0                         0      0        1
  SINCE JAN 1      0                         0      0        1
..................................................................


WIND (MPH)
  RESULTANT WIND SPEED   1   RESULTANT WIND DIRECTION   W (280)
  HIGHEST WIND SPEED     9   HIGHEST WIND DIRECTION    NW (310)
  HIGHEST GUST SPEED    11   HIGHEST GUST DIRECTION    NW (320)
  AVERAGE WIND SPEED     2.4


SKY COVER
  AVERAGE SKY COVER 0.0


WEATHER CONDITIONS
 THE FOLLOWING WEATHER WAS RECORDED YESTERDAY.
  NO SIGNIFICANT WEATHER WAS OBSERVED.


RELATIVE HUMIDITY (PERCENT)
 HIGHEST   100           500 AM
 LOWEST     33           400 PM
 AVERAGE    67

..........................................................


THE BELLINGHAM WA AIRPORT CLIMATE NORMALS FOR TODAY
                         NORMAL    RECORD    YEAR
 MAXIMUM TEMPERATURE (F)   64        90      1983
 MINIMUM TEMPERATURE (F)   48        35      1966


SUNRISE AND SUNSET
MAY 28 2017...........SUNRISE   514 AM PDT   SUNSET   901 PM PDT
MAY 29 2017...........SUNRISE   513 AM PDT   SUNSET   902 PM PDT


-  INDICATES NEGATIVE NUMBERS.
R  INDICATES RECORD WAS SET OR TIED.
MM INDICATES DATA IS MISSING.
T  INDICATES TRACE AMOUNT.




$$
