000
CDUS43 KIND 030534
CLIBMG


CLIMATE REPORT
NATIONAL WEATHER SERVICE INDIANAPOLIS IN
132 AM EDT THU SEP 3 2015


...................................

...THE BLOOMINGTON IN CLIMATE SUMMARY FOR SEPTEMBER 2 2015...

CLIMATE NORMAL PERIOD 1981 TO 2010
CLIMATE RECORD PERIOD 9999 TO 9999


WEATHER ITEM   OBSERVED TIME   NORMAL DEPARTURE LAST
                VALUE   (LST)  VALUE  FROM      YEAR
                                      NORMAL
......................................................
TEMPERATURE (F)
 YESTERDAY
  MAXIMUM         89    319 PM  83      6       77
  MINIMUM         64    632 AM  58      6       63
  AVERAGE         77            71      6       70

PRECIPITATION (IN)
  YESTERDAY        0.00          0.10  -0.10     2.55
  MONTH TO DATE    0.00          0.21  -0.21     2.57
  SINCE SEP 1      0.00          0.21  -0.21     2.57
  SINCE JAN 1     35.45         33.40   2.05    33.20

DEGREE DAYS
 HEATING
  YESTERDAY        0             0      0        0
  MONTH TO DATE    0             0      0        0
  SINCE SEP 1      0             0      0        0
  SINCE JUL 1      3             7     -4        6

 COOLING
  YESTERDAY       12             6      6        5
  MONTH TO DATE   23            12     11       16
  SINCE SEP 1     23            12     11       16
  SINCE JAN 1    901           829     72      846
......................................................


WIND (MPH)
  HIGHEST WIND SPEED    12   HIGHEST WIND DIRECTION    SW (210)
  HIGHEST GUST SPEED    19   HIGHEST GUST DIRECTION    SW (210)
  AVERAGE WIND SPEED     1.8


SKY COVER
  AVERAGE SKY COVER 0.0


WEATHER CONDITIONS
 THE FOLLOWING WEATHER WAS RECORDED YESTERDAY.
  FOG
  HAZE


RELATIVE HUMIDITY (PERCENT)
 HIGHEST    93          1200 AM
 LOWEST     50           200 PM
 AVERAGE    72

..........................................................


THE BLOOMINGTON IN CLIMATE NORMALS FOR TODAY
                         NORMAL
 MAXIMUM TEMPERATURE (F)   83
 MINIMUM TEMPERATURE (F)   58


SUNRISE AND SUNSET
SEPTEMBER  3 2015.....SUNRISE   717 AM EDT   SUNSET   814 PM EDT
SEPTEMBER  4 2015.....SUNRISE   718 AM EDT   SUNSET   813 PM EDT


-  INDICATES NEGATIVE NUMBERS.
R  INDICATES RECORD WAS SET OR TIED.
MM INDICATES DATA IS MISSING.
T  INDICATES TRACE AMOUNT.




$$
