000
CDUS43 KIND 110535
CLIBMG


CLIMATE REPORT
NATIONAL WEATHER SERVICE INDIANAPOLIS IN
132 AM EDT FRI JUL 11 2014


...................................

...THE BLOOMINGTON IN CLIMATE SUMMARY FOR JULY 10 2014...

CLIMATE NORMAL PERIOD 1981 TO 2010
CLIMATE RECORD PERIOD 9999 TO 9999


WEATHER ITEM   OBSERVED TIME   NORMAL DEPARTURE LAST
                VALUE   (LST)  VALUE  FROM      YEAR
                                      NORMAL
......................................................
TEMPERATURE (F)
 YESTERDAY
  MAXIMUM         82    449 PM  84     -2       84
  MINIMUM         57    611 AM  64     -7       68
  AVERAGE         70            74     -4       76

PRECIPITATION (IN)
  YESTERDAY        0.00          0.19  -0.19     0.25
  MONTH TO DATE    0.56          1.62  -1.06     0.79
  SINCE JUN 1      5.73          6.51  -0.78     6.36
  SINCE JAN 1     24.33         26.40  -2.07    25.37

DEGREE DAYS
 HEATING
  YESTERDAY        0             0      0        0
  MONTH TO DATE    0             0      0        0
  SINCE JUN 1      3            15    -12        7
  SINCE JUL 1      0             0      0        0

 COOLING
  YESTERDAY        5             9     -4       11
  MONTH TO DATE   61            90    -29       79
  SINCE JUN 1    334           298     36      303
  SINCE JAN 1    460           380     80      422
......................................................


WIND (MPH)
  HIGHEST WIND SPEED    12   HIGHEST WIND DIRECTION    NE (30)
  HIGHEST GUST SPEED    16   HIGHEST GUST DIRECTION    NE (50)
  AVERAGE WIND SPEED     3.6


SKY COVER
  AVERAGE SKY COVER 0.1


WEATHER CONDITIONS
 THE FOLLOWING WEATHER WAS RECORDED YESTERDAY.
  FOG


RELATIVE HUMIDITY (PERCENT)
 HIGHEST    93           200 AM
 LOWEST     42          1200 PM
 AVERAGE    68

..........................................................


THE BLOOMINGTON IN CLIMATE NORMALS FOR TODAY
                         NORMAL
 MAXIMUM TEMPERATURE (F)   84
 MINIMUM TEMPERATURE (F)   64


SUNRISE AND SUNSET
JULY 11 2014..........SUNRISE   630 AM EDT   SUNSET   914 PM EDT
JULY 12 2014..........SUNRISE   631 AM EDT   SUNSET   913 PM EDT


-  INDICATES NEGATIVE NUMBERS.
R  INDICATES RECORD WAS SET OR TIED.
MM INDICATES DATA IS MISSING.
T  INDICATES TRACE AMOUNT.




$$
