663
CDUS43 KIND 160537
CLIBMG


CLIMATE REPORT
NATIONAL WEATHER SERVICE INDIANAPOLIS IN
1236 AM EST MON JAN 16 2017


...................................

...THE BLOOMINGTON IN CLIMATE SUMMARY FOR JANUARY 15 2017...

CLIMATE NORMAL PERIOD 1981 TO 2010
CLIMATE RECORD PERIOD 9999 TO 9999


WEATHER ITEM   OBSERVED TIME   NORMAL DEPARTURE LAST
                VALUE   (LST)  VALUE  FROM      YEAR
                                      NORMAL
......................................................
TEMPERATURE (F)
 YESTERDAY
  MAXIMUM         37   1159 PM  38     -1       50
  MINIMUM         33   1021 AM  20     13       31
  AVERAGE         35            29      6       41

PRECIPITATION (IN)
  YESTERDAY        0.08          0.12  -0.04     0.26
  MONTH TO DATE    2.10          1.88   0.22     1.30
  SINCE DEC 1      4.58          5.42  -0.84     6.56
  SINCE JAN 1      2.10          1.88   0.22     1.30

DEGREE DAYS
 HEATING
  YESTERDAY       30            36     -6       24
  MONTH TO DATE  514           540    -26      499
  SINCE DEC 1   1540          1557    -17     1152
  SINCE JUL 1   2223          2613   -390     1944

 COOLING
  YESTERDAY        0             0      0        0
  MONTH TO DATE    0             0      0        0
  SINCE DEC 1      0             0      0        0
  SINCE JAN 1      0             0      0        0
......................................................


WIND (MPH)
  HIGHEST WIND SPEED     9   HIGHEST WIND DIRECTION     E (110)
  HIGHEST GUST SPEED    11   HIGHEST GUST DIRECTION    NE (40)
  AVERAGE WIND SPEED     5.2


SKY COVER
  AVERAGE SKY COVER 1.0


WEATHER CONDITIONS
 THE FOLLOWING WEATHER WAS RECORDED YESTERDAY.
  LIGHT RAIN
  FOG
  HAZE


RELATIVE HUMIDITY (PERCENT)
 HIGHEST    92           300 PM
 LOWEST     82           700 AM
 AVERAGE    87

..........................................................


THE BLOOMINGTON IN CLIMATE NORMALS FOR TODAY
                         NORMAL
 MAXIMUM TEMPERATURE (F)   38
 MINIMUM TEMPERATURE (F)   20


SUNRISE AND SUNSET
JANUARY 16 2017.......SUNRISE   804 AM EST   SUNSET   549 PM EST
JANUARY 17 2017.......SUNRISE   803 AM EST   SUNSET   551 PM EST


-  INDICATES NEGATIVE NUMBERS.
R  INDICATES RECORD WAS SET OR TIED.
MM INDICATES DATA IS MISSING.
T  INDICATES TRACE AMOUNT.




$$
