000
CDUS43 KIND 270532
CLIBMG


CLIMATE REPORT
NATIONAL WEATHER SERVICE INDIANAPOLIS IN
132 AM EDT WED MAY 27 2015


...................................

...THE BLOOMINGTON IN CLIMATE SUMMARY FOR MAY 26 2015...

CLIMATE NORMAL PERIOD 1981 TO 2010
CLIMATE RECORD PERIOD 9999 TO 9999


WEATHER ITEM   OBSERVED TIME   NORMAL DEPARTURE LAST
                VALUE   (LST)  VALUE  FROM      YEAR
                                      NORMAL
......................................................
TEMPERATURE (F)
 YESTERDAY
  MAXIMUM         80    416 PM  77      3       86
  MINIMUM         65    140 AM  54     11       57
  AVERAGE         73            66      7       72

PRECIPITATION (IN)
  YESTERDAY        0.01          0.15  -0.14     0.00
  MONTH TO DATE    1.55          4.40  -2.85     4.31
  SINCE MAR 1     10.99         12.98  -1.99    13.87
  SINCE JAN 1     14.56         19.05  -4.49    18.52

DEGREE DAYS
 HEATING
  YESTERDAY        0             3     -3        0
  MONTH TO DATE   74           127    -53      123
  SINCE MAR 1   1114          1173    -59     1268
  SINCE JUL 1   5685          5241    444     5830

 COOLING
  YESTERDAY        8             3      5        7
  MONTH TO DATE   89            47     42       72
  SINCE MAR 1     95            66     29       81
  SINCE JAN 1     95            66     29       81
......................................................


WIND (MPH)
  HIGHEST WIND SPEED    23   HIGHEST WIND DIRECTION    SW (220)
  HIGHEST GUST SPEED    32   HIGHEST GUST DIRECTION    SW (230)
  AVERAGE WIND SPEED    10.2


SKY COVER
  AVERAGE SKY COVER 0.5


WEATHER CONDITIONS
 THE FOLLOWING WEATHER WAS RECORDED YESTERDAY.
  THUNDERSTORM
  LIGHT RAIN
  FOG


RELATIVE HUMIDITY (PERCENT)
 HIGHEST   100           100 AM
 LOWEST     54           700 PM
 AVERAGE    77

..........................................................


THE BLOOMINGTON IN CLIMATE NORMALS FOR TODAY
                         NORMAL
 MAXIMUM TEMPERATURE (F)   77
 MINIMUM TEMPERATURE (F)   55


SUNRISE AND SUNSET
MAY 27 2015...........SUNRISE   625 AM EDT   SUNSET   903 PM EDT
MAY 28 2015...........SUNRISE   624 AM EDT   SUNSET   904 PM EDT


-  INDICATES NEGATIVE NUMBERS.
R  INDICATES RECORD WAS SET OR TIED.
MM INDICATES DATA IS MISSING.
T  INDICATES TRACE AMOUNT.




$$
