000
CDUS43 KIND 020538
CLIBMG


CLIMATE REPORT
NATIONAL WEATHER SERVICE INDIANAPOLIS IN
138 AM EDT MON MAY 2 2016


...................................

...THE BLOOMINGTON IN CLIMATE SUMMARY FOR MAY 1 2016...

CLIMATE NORMAL PERIOD 1981 TO 2010
CLIMATE RECORD PERIOD 9999 TO 9999


WEATHER ITEM   OBSERVED TIME   NORMAL DEPARTURE LAST
                VALUE   (LST)  VALUE  FROM      YEAR
                                      NORMAL
......................................................
TEMPERATURE (F)
 YESTERDAY
  MAXIMUM         78    341 PM  69      9       71
  MINIMUM         57    602 AM  47     10       37
  AVERAGE         68            58     10       54

PRECIPITATION (IN)
  YESTERDAY        0.33          0.17   0.16     0.00
  MONTH TO DATE    0.33          0.17   0.16     0.00
  SINCE MAR 1     10.39          8.75   1.64     9.44
  SINCE JAN 1     15.60         14.82   0.78    13.01

DEGREE DAYS
 HEATING
  YESTERDAY        0             7     -7       11
  MONTH TO DATE    0             7     -7       11
  SINCE MAR 1    807          1053   -246     1051
  SINCE JUL 1   4127          5121   -994     5622

 COOLING
  YESTERDAY        3             1      2        0
  MONTH TO DATE    3             1      2        0
  SINCE MAR 1     17            20     -3        6
  SINCE JAN 1     17            20     -3        6
......................................................


WIND (MPH)
  HIGHEST WIND SPEED    20   HIGHEST WIND DIRECTION    SW (210)
  HIGHEST GUST SPEED    31   HIGHEST GUST DIRECTION    SW (210)
  AVERAGE WIND SPEED     4.9


SKY COVER
  AVERAGE SKY COVER 0.3


WEATHER CONDITIONS
 THE FOLLOWING WEATHER WAS RECORDED YESTERDAY.
  THUNDERSTORM
  HEAVY RAIN
  LIGHT RAIN
  FOG


RELATIVE HUMIDITY (PERCENT)
 HIGHEST    93           100 AM
 LOWEST     47           200 PM
 AVERAGE    70

..........................................................


THE BLOOMINGTON IN CLIMATE NORMALS FOR TODAY
                         NORMAL
 MAXIMUM TEMPERATURE (F)   70
 MINIMUM TEMPERATURE (F)   47


SUNRISE AND SUNSET
MAY  2 2016...........SUNRISE   646 AM EDT   SUNSET   841 PM EDT
MAY  3 2016...........SUNRISE   645 AM EDT   SUNSET   842 PM EDT


-  INDICATES NEGATIVE NUMBERS.
R  INDICATES RECORD WAS SET OR TIED.
MM INDICATES DATA IS MISSING.
T  INDICATES TRACE AMOUNT.




$$
