000
CDUS44 KOHX 020640
CLIBNA

CLIMATE REPORT
NATIONAL WEATHER SERVICE NASHVILLE TN
138 AM CDT TUE SEP 2 2014


...................................

...THE NASHVILLE CLIMATE SUMMARY FOR SEPTEMBER 1 2014...

CLIMATE NORMAL PERIOD 1981 TO 2010
CLIMATE RECORD PERIOD 1871 TO 2014


WEATHER ITEM   OBSERVED TIME   RECORD YEAR NORMAL DEPARTURE LAST
                VALUE   (LST)  VALUE       VALUE  FROM      YEAR
                                                  NORMAL
..................................................................
TEMPERATURE (F)
 YESTERDAY
  MAXIMUM         91    324 PM 102    1953  87      4       84
  MINIMUM         73    324 AM  50    1946  66      7       69
  AVERAGE         82                        77      5       77

PRECIPITATION (IN)
  YESTERDAY        0.00          2.60 1879   0.09  -0.09     0.36
  MONTH TO DATE    0.00                      0.09  -0.09     0.36
  SINCE SEP 1      0.00                      0.09  -0.09     0.36
  SINCE JAN 1     35.40                     32.34   3.06    37.87

SNOWFALL (IN)
  YESTERDAY        0.0                       0.0    0.0      0.0
  MONTH TO DATE    0.0                       0.0    0.0      0.0
  SINCE SEP 1      0.0                       0.0    0.0      0.0
  SINCE JUL 1      0.0                       0.0    0.0      0.0
  SNOW DEPTH       0

DEGREE DAYS
 HEATING
  YESTERDAY        0                         0      0        0
  MONTH TO DATE    0                         0      0        0
  SINCE SEP 1      0                         0      0        0
  SINCE JUL 1      0                         0      0        0

 COOLING
  YESTERDAY       17                        12      5       12
  MONTH TO DATE   17                        12      5       12
  SINCE SEP 1     17                        12      5       12
  SINCE JAN 1   1506                      1386    120     1403
..................................................................


WIND (MPH)
  HIGHEST WIND SPEED    17   HIGHEST WIND DIRECTION    SW (210)
  HIGHEST GUST SPEED    25   HIGHEST GUST DIRECTION     S (200)
  AVERAGE WIND SPEED     7.1


SKY COVER
  POSSIBLE SUNSHINE  MM
  AVERAGE SKY COVER 0.5


WEATHER CONDITIONS
 THE FOLLOWING WEATHER WAS RECORDED YESTERDAY.
  NO SIGNIFICANT WEATHER WAS OBSERVED.


RELATIVE HUMIDITY (PERCENT)
 HIGHEST    94
 LOWEST     44
 AVERAGE    69

..........................................................


THE NASHVILLE CLIMATE NORMALS FOR TODAY
                         NORMAL    RECORD    YEAR
 MAXIMUM TEMPERATURE (F)   87        99      2011
 MINIMUM TEMPERATURE (F)   66        49      1987
                                             1967
                                             1949


SUNRISE AND SUNSET
SEPTEMBER  2 2014.....SUNRISE   619 AM CDT   SUNSET   713 PM CDT
SEPTEMBER  3 2014.....SUNRISE   620 AM CDT   SUNSET   712 PM CDT


-  INDICATES NEGATIVE NUMBERS.
R  INDICATES RECORD WAS SET OR TIED.
MM INDICATES DATA IS MISSING.
T  INDICATES TRACE AMOUNT.




$$
