000
CDUS44 KOHX 260729
CLIBNA


CLIMATE REPORT
NATIONAL WEATHER SERVICE NASHVILLE TN
228 AM CDT MON SEP 26 2016


...................................

...THE NASHVILLE CLIMATE SUMMARY FOR SEPTEMBER 25 2016...

CLIMATE NORMAL PERIOD 1981 TO 2010
CLIMATE RECORD PERIOD 1871 TO 2016


WEATHER ITEM   OBSERVED TIME   RECORD YEAR NORMAL DEPARTURE
                VALUE   (LST)  VALUE       VALUE  FROM
                                                  NORMAL
...............................................................
TEMPERATURE (F)
 YESTERDAY
  MAXIMUM         94    135 PM  95    1931  79     15
  MINIMUM         64    603 AM  41    1965  57      7
  AVERAGE         79                        68     11

PRECIPITATION (IN)
  YESTERDAY        0.00          1.98 1926   0.12  -0.12
  MONTH TO DATE    1.64                      2.81  -1.17
  SINCE JAN 1     33.26                     35.06  -1.80

SNOWFALL (IN)
  YESTERDAY        0.0           0.0  2002
                                      2001
                                      2000
  MONTH TO DATE    0.0
  SINCE SEP 1      0.0
  SINCE JUL 1      0.0

DEGREE DAYS
 HEATING
  YESTERDAY        0                               -2
  MONTH TO DATE    0                              -12
  SINCE SEP 1      0                              -12
  SINCE JUL 1      0                              -12

 COOLING
  YESTERDAY       14                                9
  MONTH TO DATE  342                              141
  SINCE SEP 1    342                              141
  SINCE JAN 1   2089                              514
...............................................................


WIND (MPH)
  HIGHEST WIND SPEED    12   HIGHEST WIND DIRECTION     N (10)
  HIGHEST GUST SPEED    16   HIGHEST GUST DIRECTION    NE (30)
  AVERAGE WIND SPEED     2.4



WEATHER CONDITIONS
 THE FOLLOWING WEATHER WAS RECORDED YESTERDAY.
  FOG
  HAZE


RELATIVE HUMIDITY (PERCENT)
 HIGHEST    93
 LOWEST     33

..........................................................


THE NASHVILLE CLIMATE NORMALS FOR TODAY
                         NORMAL    RECORD    YEAR
 MAXIMUM TEMPERATURE (F)   79        92      1891
 MINIMUM TEMPERATURE (F)   56        38      2001


SUNRISE AND SUNSET
SEPTEMBER 26 2016.....SUNRISE   638 AM CDT   SUNSET   637 PM CDT
SEPTEMBER 27 2016.....SUNRISE   639 AM CDT   SUNSET   635 PM CDT


-  INDICATES NEGATIVE NUMBERS.
R  INDICATES RECORD WAS SET OR TIED.
MM INDICATES DATA IS MISSING.
T  INDICATES TRACE AMOUNT.




$$
