000
CDUS44 KOHX 221408
CLIBNA


CLIMATE REPORT
NATIONAL WEATHER SERVICE NASHVILLE TN
908 AM CDT FRI SEP 22 2017


...................................

...THE NASHVILLE CLIMATE SUMMARY FOR SEPTEMBER 22 2017...
VALID AS OF 0900 AM LOCAL TIME.

CLIMATE NORMAL PERIOD 1981 TO 2010
CLIMATE RECORD PERIOD 1871 TO 2017


WEATHER ITEM   OBSERVED TIME   RECORD YEAR NORMAL DEPARTURE
                VALUE   (LST)  VALUE       VALUE  FROM
                                                  NORMAL
...............................................................
TEMPERATURE (F)
 TODAY
  MINIMUM         67    604 AM  36    1983  58      9

PRECIPITATION (IN)
  TODAY            0.00          3.71 2003   0.12  -0.12
  MONTH TO DATE    3.58                      2.45   1.13
  SINCE JAN 1     40.42                     34.70   5.72

SNOWFALL (IN)
  TODAY            0.0           0.0  2002
                                      2001
                                      2000
  MONTH TO DATE    0.0
  SINCE SEP 1      0.0
  SINCE JUL 1      0.0

DEGREE DAYS
 HEATING
  TODAY           MM                               MM
  MONTH TO DATE   12                                5
  SINCE SEP 1     12                                5
  SINCE JUL 1     12                                5

 COOLING
  TODAY           MM                               MM
  MONTH TO DATE  125                              -61
  SINCE SEP 1    125                              -61
  SINCE JAN 1   1705                              145
...............................................................


WIND (MPH)
  HIGHEST WIND SPEED     4   HIGHEST WIND DIRECTION     S (160)
  HIGHEST GUST SPEED    MM   HIGHEST GUST DIRECTION    MM
  AVERAGE WIND SPEED     0.8




RELATIVE HUMIDITY (PERCENT)
 HIGHEST   100
 LOWEST     87
 AVERAGE    94

..........................................................


THE NASHVILLE CLIMATE NORMALS FOR TOMORROW
                         NORMAL    RECORD    YEAR
 MAXIMUM TEMPERATURE (F)   80        95      1940
                                             1931
 MINIMUM TEMPERATURE (F)   58        42      1982
                                             1927


SUNRISE AND SUNSET
SEPTEMBER 22 2017.....SUNRISE   635 AM CDT   SUNSET   643 PM CDT
SEPTEMBER 23 2017.....SUNRISE   636 AM CDT   SUNSET   642 PM CDT


-  INDICATES NEGATIVE NUMBERS.
R  INDICATES RECORD WAS SET OR TIED.
MM INDICATES DATA IS MISSING.
T  INDICATES TRACE AMOUNT.




$$
