000
CDUS44 KOHX 211304
CLIBNA

CLIMATE REPORT
NATIONAL WEATHER SERVICE NASHVILLE TN
802 AM CDT TUE OCT 21 2014


...................................

...THE NASHVILLE CLIMATE SUMMARY FOR OCTOBER 20 2014...

CLIMATE NORMAL PERIOD 1981 TO 2010
CLIMATE RECORD PERIOD 1871 TO 2014


WEATHER ITEM   OBSERVED TIME   RECORD YEAR NORMAL DEPARTURE
                VALUE   (LST)  VALUE       VALUE  FROM
                                                  NORMAL
...............................................................
TEMPERATURE (F)
 YESTERDAY
  MAXIMUM         69    302 PM  87    1953  70     -1
                                      1947
                                      1941
  MINIMUM         42    626 AM  30    1917  48     -6
                                      1913
  AVERAGE         56                        59     -3

PRECIPITATION (IN)
  YESTERDAY        0.00          0.77 1984   0.09  -0.09
  MONTH TO DATE    7.60                      1.92   5.68
  SINCE SEP 1      7.81                      5.33   2.48
  SINCE JAN 1     43.21                     37.58   5.63

SNOWFALL (IN)
  YESTERDAY        0.0           0.0  2002   0.0    0.0
                                      2001
                                      2000
  MONTH TO DATE    0.0                       0.0    0.0
  SINCE SEP 1      0.0                       0.0    0.0
  SINCE JUL 1      0.0                       0.0    0.0
  SNOW DEPTH       0

DEGREE DAYS
 HEATING
  YESTERDAY        9                                2
  MONTH TO DATE   76                              -21
  SINCE SEP 1     79                              -42
  SINCE JUL 1     79                              -42

 COOLING
  YESTERDAY        0                               -1
  MONTH TO DATE   53                               15
  SINCE SEP 1    305                               47
  SINCE JAN 1   1794                              162
...............................................................


WIND (MPH)
  HIGHEST WIND SPEED    10   HIGHEST WIND DIRECTION     W (270)
  HIGHEST GUST SPEED    15   HIGHEST GUST DIRECTION     W (250)
  AVERAGE WIND SPEED     3.7




RELATIVE HUMIDITY (PERCENT)
 HIGHEST   100
 LOWEST     48
 AVERAGE    74

LOW SINCE MIDNIGHT.....................................46
PRECIPITATION SINCE MIDNIGHT...........................0.00

THE NATIONAL HIGH TEMPERATURE YESTERDAY WAS 96 AT BULLHEAD CITY,
ARIZONA AND EL CENTRO NAS, CALIFORNIA. THE NATIONAL LOW TEMPERATURE
YESTERDAY WAS 22 AT MOUNT WASHINGTON, NEW HAMPSHIRE.

..........................................................


THE NASHVILLE CLIMATE NORMALS FOR TODAY
                         NORMAL    RECORD    YEAR
 MAXIMUM TEMPERATURE (F)   70        88      1947
 MINIMUM TEMPERATURE (F)   47        29      1952


SUNRISE AND SUNSET
OCTOBER 21 2014.......SUNRISE   659 AM CDT   SUNSET   603 PM CDT
OCTOBER 22 2014.......SUNRISE   700 AM CDT   SUNSET   602 PM CDT


-  INDICATES NEGATIVE NUMBERS.
R  INDICATES RECORD WAS SET OR TIED.
MM INDICATES DATA IS MISSING.
T  INDICATES TRACE AMOUNT.




$$
