000
CDUS44 KOHX 270802
CLIBNA

CLIMATE REPORT
NATIONAL WEATHER SERVICE NASHVILLE TN
201 AM CST FRI FEB 27 2015


...................................

...THE NASHVILLE CLIMATE SUMMARY FOR FEBRUARY 26 2015...

CLIMATE NORMAL PERIOD 1981 TO 2010
CLIMATE RECORD PERIOD 1871 TO 2015


WEATHER ITEM   OBSERVED TIME   RECORD YEAR NORMAL DEPARTURE
                VALUE   (LST)  VALUE       VALUE  FROM
                                                  NORMAL
...............................................................
TEMPERATURE (F)
 YESTERDAY
  MAXIMUM         46    204 PM  79    1917  55     -9
  MINIMUM         26   1159 PM   8    1967  34     -8
  AVERAGE         36                        45     -9

PRECIPITATION (IN)
  YESTERDAY        T             2.86 1962   0.14  -0.14
  MONTH TO DATE    4.60                      3.66   0.94
  SINCE DEC 1     10.03                     11.65  -1.62
  SINCE JAN 1      6.82                      7.41  -0.59

SNOWFALL (IN)
  YESTERDAY        0.1           2.0  1982   0.1    0.0
  MONTH TO DATE    2.1                       2.2   -0.1
  SINCE DEC 1      3.0                       5.3   -2.3
  SINCE JUL 1      3.2                       5.3   -2.1
  SNOW DEPTH       1

DEGREE DAYS
 HEATING
  YESTERDAY       29                                9
  MONTH TO DATE  839                              226
  SINCE DEC 1   2350                              126
  SINCE JUL 1   3124                              226

 COOLING
  YESTERDAY        0                                0
  MONTH TO DATE    0                                0
  SINCE DEC 1      0                               -1
  SINCE JAN 1      0                                0
...............................................................


WIND (MPH)
  HIGHEST WIND SPEED    18   HIGHEST WIND DIRECTION     N (350)
  HIGHEST GUST SPEED    25   HIGHEST GUST DIRECTION    NW (310)
  AVERAGE WIND SPEED     8.6




RELATIVE HUMIDITY (PERCENT)
 HIGHEST   100
 LOWEST     37
 AVERAGE    69

..........................................................


THE NASHVILLE CLIMATE NORMALS FOR TODAY
                         NORMAL    RECORD    YEAR
 MAXIMUM TEMPERATURE (F)   55        78      1981
 MINIMUM TEMPERATURE (F)   35         6      1934


SUNRISE AND SUNSET
FEBRUARY 27 2015......SUNRISE   620 AM CST   SUNSET   539 PM CST
FEBRUARY 28 2015......SUNRISE   619 AM CST   SUNSET   540 PM CST


-  INDICATES NEGATIVE NUMBERS.
R  INDICATES RECORD WAS SET OR TIED.
MM INDICATES DATA IS MISSING.
T  INDICATES TRACE AMOUNT.




$$
