836
CDUS45 KBOI 080931
CLIBNO


CLIMATE REPORT
NATIONAL WEATHER SERVICE BOISE ID
231 AM MST MON FEB 8 2016


...................................

...THE BURNS OR CLIMATE SUMMARY FOR FEBRUARY 7 2016...

CLIMATE NORMAL PERIOD 1981 TO 2010
CLIMATE RECORD PERIOD 1938 TO 2016


WEATHER ITEM   OBSERVED TIME   RECORD YEAR NORMAL DEPARTURE LAST
                VALUE   (LST)  VALUE       VALUE  FROM      YEAR
                                                  NORMAL
..................................................................
TEMPERATURE (F)
 YESTERDAY
  MAXIMUM         43    259 PM  58    1963  37      6       55
  MINIMUM         17    610 AM -22    1989  17      0       34
  AVERAGE         30                        27      3       45

PRECIPITATION (IN)
  YESTERDAY        0.00          0.44 2014   0.04  -0.04     0.16
  MONTH TO DATE    0.12                      0.25  -0.13     0.63
  SINCE OCT 1      6.47                      4.94   1.53     5.53
  SINCE JAN 1      1.60                      1.44   0.16     1.03

DEGREE DAYS
 HEATING
  YESTERDAY       35                        38     -3       20
  MONTH TO DATE  194                       270    -76      158
  SINCE DEC 1   2593                      2782   -189     2205
  SINCE JUL 1   4454                      4783   -329     3935

 COOLING
  YESTERDAY        0                         0      0        0
  MONTH TO DATE    0                         0      0        0
  SINCE DEC 1      0                         0      0        0
  SINCE JAN 1      0                         0      0        0
..................................................................


WIND (MPH)
  HIGHEST WIND SPEED     9   HIGHEST WIND DIRECTION     W (280)
  HIGHEST GUST SPEED    10   HIGHEST GUST DIRECTION     W (280)
  AVERAGE WIND SPEED     2.7


SKY COVER
  POSSIBLE SUNSHINE  MM
  AVERAGE SKY COVER 0.1


WEATHER CONDITIONS
 THE FOLLOWING WEATHER WAS RECORDED YESTERDAY.
  FOG


RELATIVE HUMIDITY (PERCENT)
 HIGHEST    92          1200 AM
 LOWEST     62           300 PM
 AVERAGE    77

..........................................................


THE BURNS OR CLIMATE NORMALS FOR TODAY
                         NORMAL    RECORD    YEAR
 MAXIMUM TEMPERATURE (F)   37        60      1963
 MINIMUM TEMPERATURE (F)   17       -15      1989


SUNRISE AND SUNSET
FEBRUARY  8 2016......SUNRISE   704 AM PST   SUNSET   516 PM PST
FEBRUARY  9 2016......SUNRISE   703 AM PST   SUNSET   518 PM PST


-  INDICATES NEGATIVE NUMBERS.
R  INDICATES RECORD WAS SET OR TIED.
MM INDICATES DATA IS MISSING.
T  INDICATES TRACE AMOUNT.




$$
