000
CDUS45 KBOI 020931
CLIBNO


CLIMATE REPORT
NATIONAL WEATHER SERVICE BOISE ID
330 AM MDT TUE JUN 2 2015


...................................

...THE BURNS OR CLIMATE SUMMARY FOR JUNE 1 2015...

CLIMATE NORMAL PERIOD 1981 TO 2010
CLIMATE RECORD PERIOD 1938 TO 2015


WEATHER ITEM   OBSERVED TIME   RECORD YEAR NORMAL DEPARTURE LAST
                VALUE   (LST)  VALUE       VALUE  FROM      YEAR
                                                  NORMAL
..................................................................
TEMPERATURE (F)
 YESTERDAY
  MAXIMUM         74    408 PM  90    1986  70      4       76
  MINIMUM         44    514 AM  24    2000  40      4       31
  AVERAGE         59                        55      4       54

PRECIPITATION (IN)
  YESTERDAY        T             0.45 1961   0.04  -0.04     0.00
  MONTH TO DATE    T                         0.04  -0.04     0.00
  SINCE OCT 1      8.56                      9.00  -0.44     5.93
  SINCE JAN 1      4.06                      5.50  -1.44     4.96

DEGREE DAYS
 HEATING
  YESTERDAY        6                        10     -4       11
  MONTH TO DATE    6                        10     -4       11
  SINCE JUN 1      6                        10     -4       11
  SINCE JUL 1   6174                      7480  -1306     7119

 COOLING
  YESTERDAY        0                         0      0        0
  MONTH TO DATE    0                         0      0        0
  SINCE JUN 1      0                         0      0        0
  SINCE JAN 1      3                         3      0        0
..................................................................


WIND (MPH)
  HIGHEST WIND SPEED    28   HIGHEST WIND DIRECTION    SW (220)
  HIGHEST GUST SPEED    37   HIGHEST GUST DIRECTION    SW (220)
  AVERAGE WIND SPEED     9.8


SKY COVER
  POSSIBLE SUNSHINE  MM
  AVERAGE SKY COVER 0.4


WEATHER CONDITIONS
 THE FOLLOWING WEATHER WAS RECORDED YESTERDAY.
  NO SIGNIFICANT WEATHER WAS OBSERVED.


RELATIVE HUMIDITY (PERCENT)
 HIGHEST    76           400 AM
 LOWEST     24           100 PM
 AVERAGE    50

..........................................................


THE BURNS OR CLIMATE NORMALS FOR TODAY
                         NORMAL    RECORD    YEAR
 MAXIMUM TEMPERATURE (F)   71        88      2007
                                             1986
                                             1970
 MINIMUM TEMPERATURE (F)   40        29      1980


SUNRISE AND SUNSET
JUNE  2 2015..........SUNRISE   517 AM PDT   SUNSET   831 PM PDT
JUNE  3 2015..........SUNRISE   517 AM PDT   SUNSET   832 PM PDT


-  INDICATES NEGATIVE NUMBERS.
R  INDICATES RECORD WAS SET OR TIED.
MM INDICATES DATA IS MISSING.
T  INDICATES TRACE AMOUNT.




$$
