000
CDUS45 KBOI 060122
CLIBNO


CLIMATE REPORT
NATIONAL WEATHER SERVICE BOISE ID
622 PM MST THU MAR 5 2015


...................................

...THE BURNS OR CLIMATE SUMMARY FOR MARCH 5 2015...
VALID TODAY AS OF 0600 PM LOCAL TIME.

CLIMATE NORMAL PERIOD 1981 TO 2010
CLIMATE RECORD PERIOD 1939 TO 2015


WEATHER ITEM   OBSERVED TIME   RECORD YEAR NORMAL DEPARTURE LAST
                VALUE   (LST)  VALUE       VALUE  FROM      YEAR
                                                  NORMAL
..................................................................
TEMPERATURE (F)
 TODAY
  MAXIMUM         60    317 PM  67    1986  46     14       58
  MINIMUM         14    505 AM   4    1955  23     -9       31
  AVERAGE         37                        34      3       45

PRECIPITATION (IN)
  TODAY            0.00          0.71 1989   0.04  -0.04     0.02
  MONTH TO DATE    0.00                      0.20  -0.20     0.23
  SINCE OCT 1      5.65                      5.91  -0.26     3.32
  SINCE JAN 1      1.15                      2.41  -1.26     2.35

DEGREE DAYS
 HEATING
  TODAY           28                        31     -3       20
  MONTH TO DATE  168                       157     11      114
  SINCE MAR 1    168                       157     11      114
  SINCE JUL 1   4642                      5685  -1043     5397

 COOLING
  TODAY            0                         0      0        0
  MONTH TO DATE    0                         0      0        0
  SINCE MAR 1      0                         0      0        0
  SINCE JAN 1      0                         0      0        0
..................................................................


WIND (MPH)
  HIGHEST WIND SPEED    13   HIGHEST WIND DIRECTION     S (200)
  HIGHEST GUST SPEED    16   HIGHEST GUST DIRECTION     S (180)
  AVERAGE WIND SPEED     3.3



WEATHER CONDITIONS
 THE FOLLOWING WEATHER WAS RECORDED TODAY.
  NO SIGNIFICANT WEATHER WAS OBSERVED.


RELATIVE HUMIDITY (PERCENT)
 HIGHEST    80           200 AM
 LOWEST     15           300 PM
 AVERAGE    48

..........................................................


THE BURNS OR CLIMATE NORMALS FOR TOMORROW
                         NORMAL    RECORD    YEAR
 MAXIMUM TEMPERATURE (F)   46        62      2005
 MINIMUM TEMPERATURE (F)   23         7      1985


SUNRISE AND SUNSET
MARCH  5 2015.........SUNRISE   626 AM PST   SUNSET   549 PM PST
MARCH  6 2015.........SUNRISE   624 AM PST   SUNSET   551 PM PST


-  INDICATES NEGATIVE NUMBERS.
R  INDICATES RECORD WAS SET OR TIED.
MM INDICATES DATA IS MISSING.
T  INDICATES TRACE AMOUNT.




$$
