000
CDUS45 KBOI 310931
CLIBNO


CLIMATE REPORT
NATIONAL WEATHER SERVICE BOISE ID
331 AM MDT SUN AUG 31 2014


...................................

...THE BURNS OR CLIMATE SUMMARY FOR AUGUST 30 2014...

CLIMATE NORMAL PERIOD 1981 TO 2010
CLIMATE RECORD PERIOD 1939 TO 2014


WEATHER ITEM   OBSERVED TIME   RECORD YEAR NORMAL DEPARTURE LAST
                VALUE   (LST)  VALUE       VALUE  FROM      YEAR
                                                  NORMAL
..................................................................
TEMPERATURE (F)
 YESTERDAY
  MAXIMUM         76    233 PM  95    1950  81     -5       85
  MINIMUM         42   1159 PM  31    1999  42      0       43
                                      1951
  AVERAGE         59                        61     -2       64

PRECIPITATION (IN)
  YESTERDAY        0.02          0.99 1984   0.02   0.00     0.00
  MONTH TO DATE    0.21                      0.35  -0.14     0.51
  SINCE OCT 1      6.96                     10.47  -3.51     7.82
  SINCE JAN 1      5.99                      6.97  -0.98     3.92

DEGREE DAYS
 HEATING
  YESTERDAY        6                         5      1        1
  MONTH TO DATE   43                        73    -30       32
  SINCE JUN 1    240                       349   -109      224
  SINCE JUL 1     55                       131    -76       36

 COOLING
  YESTERDAY        0                         1     -1        0
  MONTH TO DATE   99                        72     27       75
  SINCE JUN 1    313                       201    112      349
  SINCE JAN 1    313                       204    109      350
..................................................................


WIND (MPH)
  HIGHEST WIND SPEED    29   HIGHEST WIND DIRECTION     W (260)
  HIGHEST GUST SPEED    41   HIGHEST GUST DIRECTION     W (260)
  AVERAGE WIND SPEED     8.0


SKY COVER
  POSSIBLE SUNSHINE  MM
  AVERAGE SKY COVER 0.4


WEATHER CONDITIONS
 THE FOLLOWING WEATHER WAS RECORDED YESTERDAY.
  LIGHT RAIN


RELATIVE HUMIDITY (PERCENT)
 HIGHEST    86          1000 PM
 LOWEST     29           100 PM
 AVERAGE    58

..........................................................


THE BURNS OR CLIMATE NORMALS FOR TODAY
                         NORMAL    RECORD    YEAR
 MAXIMUM TEMPERATURE (F)   81        95      1987
 MINIMUM TEMPERATURE (F)   41        22      1999


SUNRISE AND SUNSET
AUGUST 31 2014........SUNRISE   618 AM PDT   SUNSET   733 PM PDT
SEPTEMBER  1 2014.....SUNRISE   620 AM PDT   SUNSET   731 PM PDT


-  INDICATES NEGATIVE NUMBERS.
R  INDICATES RECORD WAS SET OR TIED.
MM INDICATES DATA IS MISSING.
T  INDICATES TRACE AMOUNT.




$$
