000
CDUS45 KBOI 210932
CLIBNO


CLIMATE REPORT
NATIONAL WEATHER SERVICE BOISE ID
332 AM MDT FRI JUL 21 2017


...................................

...THE BURNS OR CLIMATE SUMMARY FOR JULY 20 2017...

CLIMATE NORMAL PERIOD 1981 TO 2010
CLIMATE RECORD PERIOD 1938 TO 2017


WEATHER ITEM   OBSERVED TIME   RECORD YEAR NORMAL DEPARTURE LAST
                VALUE   (LST)  VALUE       VALUE  FROM      YEAR
                                                  NORMAL
..................................................................
TEMPERATURE (F)
 YESTERDAY
  MAXIMUM         85    444 PM 103    1946  88     -3       85
  MINIMUM         48    510 AM  36    1996  48      0       46
  AVERAGE         67                        68     -1       66

PRECIPITATION (IN)
  YESTERDAY        0.00          0.16 1992   0.01  -0.01     0.00
  MONTH TO DATE    T                         0.26  -0.26     0.14
  SINCE OCT 1     11.85                      9.98   1.87     9.26
  SINCE JAN 1      8.34                      6.48   1.86     4.39

DEGREE DAYS
 HEATING
  YESTERDAY        0                         1     -1        0
  MONTH TO DATE    0                        46    -46       55
  SINCE JUN 1    183                       264    -81      235
  SINCE JUL 1      0                        46    -46       55

 COOLING
  YESTERDAY        2                         4     -2        1
  MONTH TO DATE   99                        62     37       16
  SINCE JUN 1    126                        82     44       74
  SINCE JAN 1    127                        85     42       74
..................................................................


WIND (MPH)
  HIGHEST WIND SPEED    18   HIGHEST WIND DIRECTION     S (200)
  HIGHEST GUST SPEED    26   HIGHEST GUST DIRECTION    SW (230)
  AVERAGE WIND SPEED     8.0


SKY COVER
  POSSIBLE SUNSHINE  MM
  AVERAGE SKY COVER 0.0


WEATHER CONDITIONS
 THE FOLLOWING WEATHER WAS RECORDED YESTERDAY.
  NO SIGNIFICANT WEATHER WAS OBSERVED.


RELATIVE HUMIDITY (PERCENT)
 HIGHEST    61           400 AM
 LOWEST     11           500 PM
 AVERAGE    36

..........................................................


THE BURNS OR CLIMATE NORMALS FOR TODAY
                         NORMAL    RECORD    YEAR
 MAXIMUM TEMPERATURE (F)   88       103      2006
 MINIMUM TEMPERATURE (F)   48        36      1972


SUNRISE AND SUNSET
JULY 21 2017..........SUNRISE   534 AM PDT   SUNSET   830 PM PDT
JULY 22 2017..........SUNRISE   535 AM PDT   SUNSET   829 PM PDT


-  INDICATES NEGATIVE NUMBERS.
R  INDICATES RECORD WAS SET OR TIED.
MM INDICATES DATA IS MISSING.
T  INDICATES TRACE AMOUNT.




$$
