000
CDUS45 KBOI 290123
CLIBNO


CLIMATE REPORT
NATIONAL WEATHER SERVICE BOISE ID
723 PM MDT FRI AUG 28 2015


...................................

...THE BURNS OR CLIMATE SUMMARY FOR AUGUST 28 2015...
VALID TODAY AS OF 0600 PM LOCAL TIME.

CLIMATE NORMAL PERIOD 1981 TO 2010
CLIMATE RECORD PERIOD 1938 TO 2015


WEATHER ITEM   OBSERVED TIME   RECORD YEAR NORMAL DEPARTURE LAST
                VALUE   (LST)  VALUE       VALUE  FROM      YEAR
                                                  NORMAL
..................................................................
TEMPERATURE (F)
 TODAY
  MAXIMUM         86    405 PM  96    1998  82      4       91
  MINIMUM         43    516 AM  31    1995  42      1       47
  AVERAGE         65                        62      3       69

PRECIPITATION (IN)
  TODAY            0.00          0.21 1979   0.01  -0.01     0.00
  MONTH TO DATE    0.21                      0.32  -0.11     0.19
  SINCE OCT 1      9.28                     10.44  -1.16     6.94
  SINCE JAN 1      4.78                      6.94  -2.16     5.97

DEGREE DAYS
 HEATING
  TODAY            0                         4     -4        0
  MONTH TO DATE   16                        64    -48       37
  SINCE JUN 1     93                       340   -247      234
  SINCE JUL 1     44                       122    -78       49

 COOLING
  TODAY            0                         1     -1        4
  MONTH TO DATE   87                        70     17       99
  SINCE JUN 1    309                       199    110      313
  SINCE JAN 1    312                       202    110      313
..................................................................


WIND (MPH)
  HIGHEST WIND SPEED    13   HIGHEST WIND DIRECTION     S (190)
  HIGHEST GUST SPEED    15   HIGHEST GUST DIRECTION     S (190)
  AVERAGE WIND SPEED     4.5



WEATHER CONDITIONS
 THE FOLLOWING WEATHER WAS RECORDED TODAY.
  NO SIGNIFICANT WEATHER WAS OBSERVED.


RELATIVE HUMIDITY (PERCENT)
 HIGHEST    53           400 AM
 LOWEST     16           400 PM
 AVERAGE    35

..........................................................


THE BURNS OR CLIMATE NORMALS FOR TOMORROW
                         NORMAL    RECORD    YEAR
 MAXIMUM TEMPERATURE (F)   81        94      2007
                                             1988
 MINIMUM TEMPERATURE (F)   42        28      1980


SUNRISE AND SUNSET
AUGUST 28 2015........SUNRISE   615 AM PDT   SUNSET   738 PM PDT
AUGUST 29 2015........SUNRISE   616 AM PDT   SUNSET   737 PM PDT


-  INDICATES NEGATIVE NUMBERS.
R  INDICATES RECORD WAS SET OR TIED.
MM INDICATES DATA IS MISSING.
T  INDICATES TRACE AMOUNT.




$$
