000
CDUS45 KBOI 260931
CLIBNO


CLIMATE REPORT
NATIONAL WEATHER SERVICE BOISE ID
230 AM MST FRI DEC 26 2014


...................................

...THE BURNS OR CLIMATE SUMMARY FOR DECEMBER 25 2014...

CLIMATE NORMAL PERIOD 1981 TO 2010
CLIMATE RECORD PERIOD 1939 TO 2014


WEATHER ITEM   OBSERVED TIME   RECORD YEAR NORMAL DEPARTURE LAST
                VALUE   (LST)  VALUE       VALUE  FROM      YEAR
                                                  NORMAL
..................................................................
TEMPERATURE (F)
 YESTERDAY
  MAXIMUM         35    259 PM  51    1967  33      2       44
  MINIMUM         20   1059 PM  -7    1992  13      7        9
                                      1985
  AVERAGE         28                        23      5       27

PRECIPITATION (IN)
  YESTERDAY        T             0.33 1945   0.05  -0.05     0.00
  MONTH TO DATE    2.05                      1.26   0.79     0.21
  SINCE OCT 1      4.26                      3.21   1.05     0.97
  SINCE JAN 1     10.51                     10.63  -0.12     6.90

DEGREE DAYS
 HEATING
  YESTERDAY       37                        42     -5       38
  MONTH TO DATE  731                      1018   -287     1176
  SINCE DEC 1    731                      1018   -287     1176
  SINCE JUL 1   2461                      3019   -558     3099

 COOLING
  YESTERDAY        0                         0      0        0
  MONTH TO DATE    0                         0      0        0
  SINCE DEC 1      0                         0      0        0
  SINCE JAN 1    318                       215    103      372
..................................................................


WIND (MPH)
  HIGHEST WIND SPEED    22   HIGHEST WIND DIRECTION    NW (300)
  HIGHEST GUST SPEED    28   HIGHEST GUST DIRECTION     W (290)
  AVERAGE WIND SPEED     9.9


SKY COVER
  POSSIBLE SUNSHINE  MM
  AVERAGE SKY COVER 0.8


WEATHER CONDITIONS
 THE FOLLOWING WEATHER WAS RECORDED YESTERDAY.
  LIGHT SNOW


RELATIVE HUMIDITY (PERCENT)
 HIGHEST    91          1100 PM
 LOWEST     56          1200 PM
 AVERAGE    74

..........................................................


THE BURNS OR CLIMATE NORMALS FOR TODAY
                         NORMAL    RECORD    YEAR
 MAXIMUM TEMPERATURE (F)   33        53      1976
 MINIMUM TEMPERATURE (F)   13       -15      1988


SUNRISE AND SUNSET
DECEMBER 26 2014......SUNRISE   728 AM PST   SUNSET   425 PM PST
DECEMBER 27 2014......SUNRISE   728 AM PST   SUNSET   426 PM PST


-  INDICATES NEGATIVE NUMBERS.
R  INDICATES RECORD WAS SET OR TIED.
MM INDICATES DATA IS MISSING.
T  INDICATES TRACE AMOUNT.




$$
