000
CDUS45 KBOI 180122
CLIBNO


CLIMATE REPORT
NATIONAL WEATHER SERVICE BOISE ID
622 PM MST WED JAN 17 2018


...................................

...THE BURNS OR CLIMATE SUMMARY FOR JANUARY 17 2018...
VALID TODAY AS OF 0600 PM LOCAL TIME.

CLIMATE NORMAL PERIOD 1981 TO 2010
CLIMATE RECORD PERIOD 1938 TO 2018


WEATHER ITEM   OBSERVED TIME   RECORD YEAR NORMAL DEPARTURE LAST
                VALUE   (LST)  VALUE       VALUE  FROM      YEAR
                                                  NORMAL
..................................................................
TEMPERATURE (F)
 TODAY
  MAXIMUM         43    233 PM  55    1994  35      8       23
  MINIMUM         24    253 AM -22    1984  15      9       -9
  AVERAGE         34                        25      9        7

PRECIPITATION (IN)
  TODAY            0.00          0.80 1971   0.03  -0.03     0.17
                                      1950
  MONTH TO DATE    0.46                      0.71  -0.25     2.18
  SINCE OCT 1      3.12                      4.21  -1.09     5.69
  SINCE JAN 1      0.46                      0.71  -0.25     2.18

DEGREE DAYS
 HEATING
  TODAY           31                        40     -9       58
  MONTH TO DATE  561                       691   -130      971
  SINCE DEC 1   1893                      1957    -64     2320
  SINCE JUL 1   3809                      3958   -149     4133

 COOLING
  TODAY            0                         0      0        0
  MONTH TO DATE    0                         0      0        0
  SINCE DEC 1      0                         0      0        0
  SINCE JAN 1      0                         0      0        0
..................................................................


WIND (MPH)
  HIGHEST WIND SPEED    10   HIGHEST WIND DIRECTION     E (70)
  HIGHEST GUST SPEED    13   HIGHEST GUST DIRECTION     E (70)
  AVERAGE WIND SPEED     3.4



WEATHER CONDITIONS
 THE FOLLOWING WEATHER WAS RECORDED TODAY.
  FOG
  FOG W/VISIBILITY <= 1/4 MILE


RELATIVE HUMIDITY (PERCENT)
 HIGHEST   100          1200 AM
 LOWEST     79           200 PM
 AVERAGE    90

..........................................................


THE BURNS OR CLIMATE NORMALS FOR TOMORROW
                         NORMAL    RECORD    YEAR
 MAXIMUM TEMPERATURE (F)   35        52      1994
 MINIMUM TEMPERATURE (F)   15       -16      1943


SUNRISE AND SUNSET
JANUARY 17 2018.......SUNRISE   725 AM PST   SUNSET   447 PM PST
JANUARY 18 2018.......SUNRISE   724 AM PST   SUNSET   449 PM PST


-  INDICATES NEGATIVE NUMBERS.
R  INDICATES RECORD WAS SET OR TIED.
MM INDICATES DATA IS MISSING.
T  INDICATES TRACE AMOUNT.




$$
