000
CDUS45 KBOI 260120
CLIBNO


CLIMATE REPORT
NATIONAL WEATHER SERVICE BOISE ID
620 PM MST SUN JAN 25 2015


...................................

...THE BURNS OR CLIMATE SUMMARY FOR JANUARY 25 2015...
VALID TODAY AS OF 0600 PM LOCAL TIME.

CLIMATE NORMAL PERIOD 1981 TO 2010
CLIMATE RECORD PERIOD 1939 TO 2015


WEATHER ITEM   OBSERVED TIME   RECORD YEAR NORMAL DEPARTURE LAST
                VALUE   (LST)  VALUE       VALUE  FROM      YEAR
                                                  NORMAL
..................................................................
TEMPERATURE (F)
 TODAY
  MAXIMUM         57R   352 PM  52    1975  35     22       45
  MINIMUM         27    717 AM -16    1949  16     11        3
  AVERAGE         42                        26     16       24

PRECIPITATION (IN)
  TODAY            0.00          0.33 1969   0.03  -0.03     0.00
  MONTH TO DATE    0.40                      0.98  -0.58     0.20
  SINCE OCT 1      4.90                      4.48   0.42     1.17
  SINCE JAN 1      0.40                      0.98  -0.58     0.20

DEGREE DAYS
 HEATING
  TODAY           23                        40    -17       41
  MONTH TO DATE  858                      1011   -153      884
  SINCE DEC 1   1867                      2277   -410     2294
  SINCE JUL 1   3597                      4278   -681     4217

 COOLING
  TODAY            0                         0      0        0
  MONTH TO DATE    0                         0      0        0
  SINCE DEC 1      0                         0      0        0
  SINCE JAN 1      0                         0      0        0
..................................................................


WIND (MPH)
  HIGHEST WIND SPEED    12   HIGHEST WIND DIRECTION    NW (300)
  HIGHEST GUST SPEED    14   HIGHEST GUST DIRECTION    NW (300)
  AVERAGE WIND SPEED     2.4



WEATHER CONDITIONS
 THE FOLLOWING WEATHER WAS RECORDED TODAY.
  NO SIGNIFICANT WEATHER WAS OBSERVED.


RELATIVE HUMIDITY (PERCENT)
 HIGHEST    92          1200 AM
 LOWEST     47           200 PM
 AVERAGE    70

..........................................................


THE BURNS OR CLIMATE NORMALS FOR TOMORROW
                         NORMAL    RECORD    YEAR
 MAXIMUM TEMPERATURE (F)   36        57      2014
 MINIMUM TEMPERATURE (F)   16       -14      1957


SUNRISE AND SUNSET
JANUARY 25 2015.......SUNRISE   719 AM PST   SUNSET   457 PM PST
JANUARY 26 2015.......SUNRISE   718 AM PST   SUNSET   459 PM PST


-  INDICATES NEGATIVE NUMBERS.
R  INDICATES RECORD WAS SET OR TIED.
MM INDICATES DATA IS MISSING.
T  INDICATES TRACE AMOUNT.




$$
