000
CDUS45 KBOI 300930
CLIBOI


CLIMATE REPORT
NATIONAL WEATHER SERVICE BOISE ID
230 AM MST FRI JAN 30 2015


...................................

...THE BOISE ID CLIMATE SUMMARY FOR JANUARY 29 2015...

CLIMATE NORMAL PERIOD 1981 TO 2010
CLIMATE RECORD PERIOD 1878 TO 2015


WEATHER ITEM   OBSERVED TIME   RECORD YEAR NORMAL DEPARTURE LAST
                VALUE   (LST)  VALUE       VALUE  FROM      YEAR
                                                  NORMAL
..................................................................
TEMPERATURE (F)
 YESTERDAY
  MAXIMUM         47    352 PM  56    1967  40      7       37
  MINIMUM         31    821 AM  -9    1957  26      5       29
  AVERAGE         39                        33      6       33

PRECIPITATION (IN)
  YESTERDAY        0.00          1.04 1896   0.03  -0.03     0.48
                                      1884
  MONTH TO DATE    0.84                      1.17  -0.33     0.80
  SINCE OCT 1      6.75                      4.82   1.93     3.71
  SINCE JAN 1      0.84                      1.17  -0.33     0.80

SNOWFALL (IN)
  YESTERDAY        0.0           6.2  1929   0.1   -0.1      0.1
  MONTH TO DATE    1.1                       4.8   -3.7      3.2
  SINCE OCT 1     13.1                      14.5   -1.4     10.1
  SINCE JUL 1     13.1                      14.5   -1.4     10.1
  SNOW DEPTH       0

DEGREE DAYS
 HEATING
  YESTERDAY       26                        32     -6       32
  MONTH TO DATE  967                       982    -15     1002
  SINCE DEC 1   1817                      2043   -226     2266
  SINCE JUL 1   2956                      3297   -341     3560

 COOLING
  YESTERDAY        0                         0      0        0
  MONTH TO DATE    0                         0      0        0
  SINCE DEC 1      0                         0      0        0
  SINCE JAN 1      0                         0      0        0
..................................................................


WIND (MPH)
  HIGHEST WIND SPEED    14   HIGHEST WIND DIRECTION    SE (130)
  HIGHEST GUST SPEED    16   HIGHEST GUST DIRECTION    SE (130)
  AVERAGE WIND SPEED     4.5


SKY COVER
  POSSIBLE SUNSHINE  MM
  AVERAGE SKY COVER 0.6


WEATHER CONDITIONS
 THE FOLLOWING WEATHER WAS RECORDED YESTERDAY.
  FOG


RELATIVE HUMIDITY (PERCENT)
 HIGHEST    92          1200 AM
 LOWEST     60           400 PM
 AVERAGE    76

..........................................................


THE BOISE ID CLIMATE NORMALS FOR TODAY
                         NORMAL    RECORD    YEAR
 MAXIMUM TEMPERATURE (F)   40        56      1992
 MINIMUM TEMPERATURE (F)   26       -13      1979


SUNRISE AND SUNSET
JANUARY 30 2015.......SUNRISE   803 AM MST   SUNSET   553 PM MST
JANUARY 31 2015.......SUNRISE   802 AM MST   SUNSET   555 PM MST


-  INDICATES NEGATIVE NUMBERS.
R  INDICATES RECORD WAS SET OR TIED.
MM INDICATES DATA IS MISSING.
T  INDICATES TRACE AMOUNT.




$$
