000
CDUS45 KBOI 300931
CLIBOI


CLIMATE REPORT
NATIONAL WEATHER SERVICE BOISE ID
331 AM MDT SUN AUG 30 2015


...................................

...THE BOISE ID CLIMATE SUMMARY FOR AUGUST 29 2015...

CLIMATE NORMAL PERIOD 1981 TO 2010
CLIMATE RECORD PERIOD 1878 TO 2015


WEATHER ITEM   OBSERVED TIME   RECORD YEAR NORMAL DEPARTURE LAST
                VALUE   (LST)  VALUE       VALUE  FROM      YEAR
                                                  NORMAL
..................................................................
TEMPERATURE (F)
 YESTERDAY
  MAXIMUM         93    253 PM  98    1998  86      7       91
                                      1915
                                      1890
  MINIMUM         73   1159 PM  37    1980  57     16       61
  AVERAGE         83                        71     12       76

PRECIPITATION (IN)
  YESTERDAY        T             0.46 1896   0.01  -0.01     0.01
  MONTH TO DATE    0.18                      0.22  -0.04     0.15
  SINCE OCT 1     12.02                     11.13   0.89    11.51
  SINCE JAN 1      6.11                      7.48  -1.37     8.60

SNOWFALL (IN)
  YESTERDAY        0.0           0.0  2006   0.0    0.0      0.0
  MONTH TO DATE    0.0                       0.0    0.0      0.0
  SINCE OCT 1     13.3                      19.2   -5.9     14.4
  SINCE JUL 1      0.0                       0.0    0.0      0.0
  SNOW DEPTH       0

DEGREE DAYS
 HEATING
  YESTERDAY        0                         1     -1        0
  MONTH TO DATE    0                         4     -4        0
  SINCE JUN 1      2                        76    -74       36
  SINCE JUL 1      0                        12    -12        0

 COOLING
  YESTERDAY       18                         7     11       11
  MONTH TO DATE  388                       293     95      339
  SINCE JUN 1   1095                       774    321      955
  SINCE JAN 1   1130                       818    312      979
..................................................................


WIND (MPH)
  HIGHEST WIND SPEED    18   HIGHEST WIND DIRECTION    NW (320)
  HIGHEST GUST SPEED    24   HIGHEST GUST DIRECTION    NW (320)
  AVERAGE WIND SPEED     7.7


SKY COVER
  POSSIBLE SUNSHINE  MM
  AVERAGE SKY COVER 0.0


WEATHER CONDITIONS
 THE FOLLOWING WEATHER WAS RECORDED YESTERDAY.
  LIGHT RAIN


RELATIVE HUMIDITY (PERCENT)
 HIGHEST    32           900 PM
 LOWEST     15           200 PM
 AVERAGE    24

..........................................................


THE BOISE ID CLIMATE NORMALS FOR TODAY
                         NORMAL    RECORD    YEAR
 MAXIMUM TEMPERATURE (F)   85       105      1955
 MINIMUM TEMPERATURE (F)   56        37      1965


SUNRISE AND SUNSET
AUGUST 30 2015........SUNRISE   706 AM MDT   SUNSET   824 PM MDT
AUGUST 31 2015........SUNRISE   707 AM MDT   SUNSET   822 PM MDT


-  INDICATES NEGATIVE NUMBERS.
R  INDICATES RECORD WAS SET OR TIED.
MM INDICATES DATA IS MISSING.
T  INDICATES TRACE AMOUNT.




$$
