000
CDUS45 KBOI 250931
CLIBOI


CLIMATE REPORT
NATIONAL WEATHER SERVICE BOISE ID
330 AM MDT TUE JUL 25 2017


...................................

...THE BOISE ID CLIMATE SUMMARY FOR JULY 24 2017...

CLIMATE NORMAL PERIOD 1981 TO 2010
CLIMATE RECORD PERIOD 1875 TO 2017


WEATHER ITEM   OBSERVED TIME   RECORD YEAR NORMAL DEPARTURE LAST
                VALUE   (LST)  VALUE       VALUE  FROM      YEAR
                                                  NORMAL
..................................................................
TEMPERATURE (F)
 YESTERDAY
  MAXIMUM         98    454 PM 108    1933  93      5       93
  MINIMUM         70    556 AM  42    1883  62      8       57
  AVERAGE         84                        77      7       75

PRECIPITATION (IN)
  YESTERDAY        T             0.69 1913   0.00   0.00     0.00
  MONTH TO DATE    T                         0.26  -0.26     0.27
  SINCE OCT 1     14.69                     10.84   3.85     9.31
  SINCE JAN 1     11.19                      7.19   4.00     4.97

SNOWFALL (IN)
  YESTERDAY        0.0           0.0  2006   0.0    0.0      0.0
  MONTH TO DATE    0.0                       0.0    0.0      0.0
  SINCE OCT 1     39.1                      19.2   19.9     10.9
  SINCE JUL 1      0.0                       0.0    0.0      0.0
  SNOW DEPTH       0

DEGREE DAYS
 HEATING
  YESTERDAY        0                         0      0        0
  MONTH TO DATE    0                         4     -4        8
  SINCE JUN 1     45                        68    -23       45
  SINCE JUL 1      0                         4     -4        8

 COOLING
  YESTERDAY       19                        12      7       10
  MONTH TO DATE  396                       252    144      217
  SINCE JUN 1    567                       391    176      464
  SINCE JAN 1    629                       435    194      495
..................................................................


WIND (MPH)
  HIGHEST WIND SPEED    23   HIGHEST WIND DIRECTION     W (290)
  HIGHEST GUST SPEED    31   HIGHEST GUST DIRECTION    NW (300)
  AVERAGE WIND SPEED     7.1


SKY COVER
  POSSIBLE SUNSHINE  MM
  AVERAGE SKY COVER 0.0


WEATHER CONDITIONS
 THE FOLLOWING WEATHER WAS RECORDED YESTERDAY.
  THUNDERSTORM
  HAZE


RELATIVE HUMIDITY (PERCENT)
 HIGHEST    36           600 AM
 LOWEST     16           500 PM
 AVERAGE    26

..........................................................


THE BOISE ID CLIMATE NORMALS FOR TODAY
                         NORMAL    RECORD    YEAR
 MAXIMUM TEMPERATURE (F)   93       109      1891
 MINIMUM TEMPERATURE (F)   62        46      1993


SUNRISE AND SUNSET
JULY 25 2017..........SUNRISE   627 AM MDT   SUNSET   915 PM MDT
JULY 26 2017..........SUNRISE   628 AM MDT   SUNSET   914 PM MDT


-  INDICATES NEGATIVE NUMBERS.
R  INDICATES RECORD WAS SET OR TIED.
MM INDICATES DATA IS MISSING.
T  INDICATES TRACE AMOUNT.




$$
