000
CDUS45 KBOI 240933
CLIBOI


CLIMATE REPORT
NATIONAL WEATHER SERVICE BOISE ID
232 AM MST FRI FEB 24 2017


...................................

...THE BOISE ID CLIMATE SUMMARY FOR FEBRUARY 23 2017...

CLIMATE NORMAL PERIOD 1981 TO 2010
CLIMATE RECORD PERIOD 1875 TO 2017


WEATHER ITEM   OBSERVED TIME   RECORD YEAR NORMAL DEPARTURE LAST
                VALUE   (LST)  VALUE       VALUE  FROM      YEAR
                                                  NORMAL
..................................................................
TEMPERATURE (F)
 YESTERDAY
  MAXIMUM         34    337 PM  64    1995  48    -14       50
  MINIMUM         29   1143 PM   7    1894  30     -1       24
  AVERAGE         32                        39     -7       37

PRECIPITATION (IN)
  YESTERDAY        T             0.79 2000   0.04  -0.04     0.00
  MONTH TO DATE    1.13                      0.80   0.33     0.49
  SINCE OCT 1      7.59                      5.69   1.90     5.66
  SINCE JAN 1      4.09                      2.04   2.05     1.32

SNOWFALL (IN)
  YESTERDAY        T             3.4  1917   0.1   -0.1      0.0
  MONTH TO DATE    2.1                       2.5   -0.4      0.7
  SINCE OCT 1     37.6                      17.3   20.3     10.9
  SINCE JUL 1     37.6                      17.3   20.3     10.9
  SNOW DEPTH       0

DEGREE DAYS
 HEATING
  YESTERDAY       33                        26      7       28
  MONTH TO DATE  590                       671    -81      573
  SINCE DEC 1   3219                      2778    441     2562
  SINCE JUL 1   4124                      4032     92     3634

 COOLING
  YESTERDAY        0                         0      0        0
  MONTH TO DATE    0                         0      0        0
  SINCE DEC 1      0                         0      0        0
  SINCE JAN 1      0                         0      0        0
..................................................................


WIND (MPH)
  HIGHEST WIND SPEED    30   HIGHEST WIND DIRECTION    NW (300)
  HIGHEST GUST SPEED    36   HIGHEST GUST DIRECTION    NW (310)
  AVERAGE WIND SPEED    20.5


SKY COVER
  POSSIBLE SUNSHINE  MM
  AVERAGE SKY COVER 0.8


WEATHER CONDITIONS
 THE FOLLOWING WEATHER WAS RECORDED YESTERDAY.
  LIGHT SNOW
  FOG
  HAZE


RELATIVE HUMIDITY (PERCENT)
 HIGHEST    78           400 AM
 LOWEST     63           900 PM
 AVERAGE    71

..........................................................


THE BOISE ID CLIMATE NORMALS FOR TODAY
                         NORMAL    RECORD    YEAR
 MAXIMUM TEMPERATURE (F)   48        68      1986
 MINIMUM TEMPERATURE (F)   30        10      1894


SUNRISE AND SUNSET
FEBRUARY 24 2017......SUNRISE   729 AM MST   SUNSET   628 PM MST
FEBRUARY 25 2017......SUNRISE   727 AM MST   SUNSET   629 PM MST


-  INDICATES NEGATIVE NUMBERS.
R  INDICATES RECORD WAS SET OR TIED.
MM INDICATES DATA IS MISSING.
T  INDICATES TRACE AMOUNT.




$$
