000
CDUS45 KBOI 240933
CLIBOI


CLIMATE REPORT
NATIONAL WEATHER SERVICE BOISE ID
233 AM MST FRI NOV 24 2017


...................................

...THE BOISE ID CLIMATE SUMMARY FOR NOVEMBER 23 2017...

CLIMATE NORMAL PERIOD 1981 TO 2010
CLIMATE RECORD PERIOD 1875 TO 2017


WEATHER ITEM   OBSERVED TIME   RECORD YEAR NORMAL DEPARTURE LAST
                VALUE   (LST)  VALUE       VALUE  FROM      YEAR
                                                  NORMAL
..................................................................
TEMPERATURE (F)
 YESTERDAY
  MAXIMUM         66R   310 PM  64    1897  44     22       50
  MINIMUM         46    839 AM   2    1985  30     16       32
  AVERAGE         56                        37     19       41

PRECIPITATION (IN)
  YESTERDAY        0.01          0.56 1949   0.05  -0.04      T
  MONTH TO DATE    1.51                      1.01   0.50     0.08
  SINCE OCT 1      2.11                      1.76   0.35     1.36
  SINCE JAN 1     14.09                      9.84   4.25     6.54

SNOWFALL (IN)
  YESTERDAY       MM             2.4  1980   0.2   MM        0.0
  MONTH TO DATE    0.0                       1.6   -1.6      0.0
  SINCE OCT 1      T                         1.7   -1.7      0.0
  SINCE JUL 1      T                         1.7   -1.7      0.0
  SNOW DEPTH       0

DEGREE DAYS
 HEATING
  YESTERDAY        9                        28    -19       24
  MONTH TO DATE  471                       540    -69      374
  SINCE SEP 1   1064                      1028     36      731
  SINCE JUL 1   1064                      1046     18      739

 COOLING
  YESTERDAY        0                         0      0        0
  MONTH TO DATE    0                         0      0        0
  SINCE SEP 1    175                       108     67       64
  SINCE JAN 1   1341                       942    399     1001
..................................................................


WIND (MPH)
  HIGHEST WIND SPEED    21   HIGHEST WIND DIRECTION     W (280)
  HIGHEST GUST SPEED    31   HIGHEST GUST DIRECTION     W (270)
  AVERAGE WIND SPEED     7.2


SKY COVER
  POSSIBLE SUNSHINE  MM
  AVERAGE SKY COVER 0.4


WEATHER CONDITIONS
 THE FOLLOWING WEATHER WAS RECORDED YESTERDAY.
  LIGHT RAIN
  FOG


RELATIVE HUMIDITY (PERCENT)
 HIGHEST   100           100 AM
 LOWEST     48           400 PM
 AVERAGE    74

..........................................................


THE BOISE ID CLIMATE NORMALS FOR TODAY
                         NORMAL    RECORD    YEAR
 MAXIMUM TEMPERATURE (F)   44        62      1990
                                             1949
 MINIMUM TEMPERATURE (F)   29         0      1993


SUNRISE AND SUNSET
NOVEMBER 24 2017......SUNRISE   750 AM MST   SUNSET   513 PM MST
NOVEMBER 25 2017......SUNRISE   752 AM MST   SUNSET   512 PM MST


-  INDICATES NEGATIVE NUMBERS.
R  INDICATES RECORD WAS SET OR TIED.
MM INDICATES DATA IS MISSING.
T  INDICATES TRACE AMOUNT.




$$
