000
CDUS45 KBOI 210120
CLIBOI


CLIMATE REPORT
NATIONAL WEATHER SERVICE BOISE ID
620 PM MST TUE FEB 20 2018


...................................

...THE BOISE ID CLIMATE SUMMARY FOR FEBRUARY 20 2018...
VALID TODAY AS OF 0600 PM LOCAL TIME.

CLIMATE NORMAL PERIOD 1981 TO 2010
CLIMATE RECORD PERIOD 1875 TO 2018


WEATHER ITEM   OBSERVED TIME   RECORD YEAR NORMAL DEPARTURE LAST
                VALUE   (LST)  VALUE       VALUE  FROM      YEAR
                                                  NORMAL
..................................................................
TEMPERATURE (F)
 TODAY
  MAXIMUM         28    415 PM  69    1977  47    -19       57
  MINIMUM          9    742 AM   6    1887  29    -20       40
  AVERAGE         19                        38    -19       49

PRECIPITATION (IN)
  TODAY            0.00          0.66 1934   0.04  -0.04     0.04
  MONTH TO DATE    0.24                      0.69  -0.45     1.13
  SINCE OCT 1      4.99                      5.58  -0.59     7.59
  SINCE JAN 1      1.60                      1.93  -0.33     4.09

DEGREE DAYS
 HEATING
  TODAY           46                        27     19       16
  MONTH TO DATE  514                       591    -77      511
  SINCE DEC 1   2469                      2698   -229     3140
  SINCE JUL 1   3693                      3952   -259     4045

 COOLING
  TODAY            0                         0      0        0
  MONTH TO DATE    0                         0      0        0
  SINCE DEC 1      0                         0      0        0
  SINCE JAN 1      0                         0      0        0
..................................................................


WIND (MPH)
  HIGHEST WIND SPEED    17   HIGHEST WIND DIRECTION    NW (300)
  HIGHEST GUST SPEED    21   HIGHEST GUST DIRECTION     W (290)
  AVERAGE WIND SPEED     5.8



WEATHER CONDITIONS
 THE FOLLOWING WEATHER WAS RECORDED TODAY.
  NO SIGNIFICANT WEATHER WAS OBSERVED.


RELATIVE HUMIDITY (PERCENT)
 HIGHEST    67           900 AM
 LOWEST     33           200 PM
 AVERAGE    50

..........................................................


THE BOISE ID CLIMATE NORMALS FOR TOMORROW
                         NORMAL    RECORD    YEAR
 MAXIMUM TEMPERATURE (F)   47        63      1991
 MINIMUM TEMPERATURE (F)   29         6      1894


SUNRISE AND SUNSET
FEBRUARY 20 2018......SUNRISE   736 AM MST   SUNSET   622 PM MST
FEBRUARY 21 2018......SUNRISE   734 AM MST   SUNSET   623 PM MST


-  INDICATES NEGATIVE NUMBERS.
R  INDICATES RECORD WAS SET OR TIED.
MM INDICATES DATA IS MISSING.
T  INDICATES TRACE AMOUNT.




$$
