000
CDUS45 KBOI 020931
CLIBOI


CLIMATE REPORT
NATIONAL WEATHER SERVICE BOISE ID
231 AM MST MON MAR 2 2015


...................................

...THE BOISE ID CLIMATE SUMMARY FOR MARCH 1 2015...

CLIMATE NORMAL PERIOD 1981 TO 2010
CLIMATE RECORD PERIOD 1878 TO 2015


WEATHER ITEM   OBSERVED TIME   RECORD YEAR NORMAL DEPARTURE LAST
                VALUE   (LST)  VALUE       VALUE  FROM      YEAR
                                                  NORMAL
..................................................................
TEMPERATURE (F)
 YESTERDAY
  MAXIMUM         47    455 PM  66    1994  50     -3       47
                                      1992
  MINIMUM         27    348 AM   6    1971  31     -4       38
  AVERAGE         37                        40     -3       43

PRECIPITATION (IN)
  YESTERDAY        0.01          0.43 1919   0.04  -0.03     0.03
  MONTH TO DATE    0.01                      0.04  -0.03     0.03
  SINCE OCT 1      8.10                      5.92   2.18     5.95
  SINCE JAN 1      2.19                      2.27  -0.08     3.04

SNOWFALL (IN)
  YESTERDAY        T             2.0  1919   0.1   -0.1      0.0
  MONTH TO DATE    T                         0.1   -0.1      0.0
  SINCE OCT 1     13.3                      17.7   -4.4     14.4
  SINCE JUL 1     13.3                      17.7   -4.4     14.4
  SNOW DEPTH       0

DEGREE DAYS
 HEATING
  YESTERDAY       28                        24      4       22
  MONTH TO DATE   28                        24      4       22
  SINCE MAR 1     28                        24      4       22
  SINCE JUL 1   3623                      4183   -560     4362

 COOLING
  YESTERDAY        0                         0      0        0
  MONTH TO DATE    0                         0      0        0
  SINCE MAR 1      0                         0      0        0
  SINCE JAN 1      0                         0      0        0
..................................................................


WIND (MPH)
  HIGHEST WIND SPEED    21   HIGHEST WIND DIRECTION    SE (150)
  HIGHEST GUST SPEED    25   HIGHEST GUST DIRECTION     S (160)
  AVERAGE WIND SPEED     5.5


SKY COVER
  POSSIBLE SUNSHINE  MM
  AVERAGE SKY COVER 0.3


WEATHER CONDITIONS
 THE FOLLOWING WEATHER WAS RECORDED YESTERDAY.
  LIGHT SNOW


RELATIVE HUMIDITY (PERCENT)
 HIGHEST    78          1200 AM
 LOWEST     34           500 PM
 AVERAGE    56

..........................................................


THE BOISE ID CLIMATE NORMALS FOR TODAY
                         NORMAL    RECORD    YEAR
 MAXIMUM TEMPERATURE (F)   50        68      2009
 MINIMUM TEMPERATURE (F)   31        13      1976
                                             1954


SUNRISE AND SUNSET
MARCH  2 2015.........SUNRISE   720 AM MST   SUNSET   635 PM MST
MARCH  3 2015.........SUNRISE   718 AM MST   SUNSET   636 PM MST


-  INDICATES NEGATIVE NUMBERS.
R  INDICATES RECORD WAS SET OR TIED.
MM INDICATES DATA IS MISSING.
T  INDICATES TRACE AMOUNT.




$$
