000
CDUS45 KBOI 240931
CLIBOI


CLIMATE REPORT
NATIONAL WEATHER SERVICE BOISE ID
331 AM MDT THU APR 24 2014


...................................

...THE BOISE ID CLIMATE SUMMARY FOR APRIL 23 2014...

CLIMATE NORMAL PERIOD 1981 TO 2010
CLIMATE RECORD PERIOD 1878 TO 2014


WEATHER ITEM   OBSERVED TIME   RECORD YEAR NORMAL DEPARTURE LAST
                VALUE   (LST)  VALUE       VALUE  FROM      YEAR
                                                  NORMAL
..................................................................
TEMPERATURE (F)
 YESTERDAY
  MAXIMUM         57    458 PM  91    2012  64     -7       55
  MINIMUM         32    446 AM  25    1992  41     -9       26
  AVERAGE         45                        52     -7       41

PRECIPITATION (IN)
  YESTERDAY        0.00          0.82 1997   0.04  -0.04     0.00
  MONTH TO DATE    1.13                      0.94   0.19     0.95
  SINCE OCT 1      9.39                      8.21   1.18     5.80
  SINCE JAN 1      6.48                      4.56   1.92     3.15

SNOWFALL (IN)
  YESTERDAY        0.0           0.0  2007   0.0    0.0      0.0
  MONTH TO DATE    0.0                       0.3   -0.3       T
  SINCE OCT 1     14.4                      19.2   -4.8     16.0
  SINCE JUL 1     14.4                      19.2   -4.8     16.0
  SNOW DEPTH       0

DEGREE DAYS
 HEATING
  YESTERDAY       20                        13      7       24
  MONTH TO DATE  313                       347    -34      378
  SINCE MAR 1    901                       983    -82      988
  SINCE JUL 1   5241                      5142     99     5085

 COOLING
  YESTERDAY        0                         0      0        0
  MONTH TO DATE    0                         0      0        0
  SINCE MAR 1      0                         0      0        0
  SINCE JAN 1      0                         0      0        0
..................................................................


WIND (MPH)
  HIGHEST WIND SPEED    13   HIGHEST WIND DIRECTION    SE (120)
  HIGHEST GUST SPEED    17   HIGHEST GUST DIRECTION     W (280)
  AVERAGE WIND SPEED     4.6


SKY COVER
  POSSIBLE SUNSHINE  MM
  AVERAGE SKY COVER 0.6


WEATHER CONDITIONS
 THE FOLLOWING WEATHER WAS RECORDED YESTERDAY.
  NO SIGNIFICANT WEATHER WAS OBSERVED.


RELATIVE HUMIDITY (PERCENT)
 HIGHEST    82          1200 AM
 LOWEST     32           600 PM
 AVERAGE    57

..........................................................


THE BOISE ID CLIMATE NORMALS FOR TODAY
                         NORMAL    RECORD    YEAR
 MAXIMUM TEMPERATURE (F)   65        91      1977
                                             1910
 MINIMUM TEMPERATURE (F)   41        22      1950


SUNRISE AND SUNSET
APRIL 24 2014.........SUNRISE   648 AM MDT   SUNSET   839 PM MDT
APRIL 25 2014.........SUNRISE   646 AM MDT   SUNSET   840 PM MDT


-  INDICATES NEGATIVE NUMBERS.
R  INDICATES RECORD WAS SET OR TIED.
MM INDICATES DATA IS MISSING.
T  INDICATES TRACE AMOUNT.




$$
