000
CDUS41 KBOX 230538
CLIBOS


CLIMATE REPORT
NATIONAL WEATHER SERVICE TAUNTON MA
1237 AM EST FRI FEB 23 2018


...................................

...THE BOSTON MA CLIMATE SUMMARY FOR FEBRUARY 22 2018...

CLIMATE NORMAL PERIOD 1981 TO 2010
CLIMATE RECORD PERIOD 1872 TO 2018


WEATHER ITEM   OBSERVED TIME   RECORD YEAR NORMAL DEPARTURE LAST
                VALUE   (LST)  VALUE       VALUE  FROM      YEAR
                                                  NORMAL
..................................................................
TEMPERATURE (F)
 YESTERDAY
  MAXIMUM         55   1213 AM  66    1997  40     15       56
  MINIMUM         32    713 PM   2    1918  26      6       38
  AVERAGE         44                        33     11       47

PRECIPITATION (IN)
  YESTERDAY        0.08          1.84 1878   0.12  -0.04     0.00
  MONTH TO DATE    3.13                      2.49   0.64     3.12
  SINCE DEC 1     10.54                      9.63   0.91    10.62
  SINCE JAN 1      8.05                      5.85   2.20     7.37

SNOWFALL (IN)
  YESTERDAY        0.5           9.0  1893   0.4    0.1      0.0
  MONTH TO DATE    8.3                       8.6   -0.3     21.5
  SINCE DEC 1     35.3                      30.5    4.8     36.3
  SINCE JUL 1     35.3                      31.8    3.5     36.3
  SNOW DEPTH      MM

DEGREE DAYS
 HEATING
  YESTERDAY       21                        32    -11       18
  MONTH TO DATE  620                       743   -123      701
  SINCE DEC 1   2796                      2798     -2     2536
  SINCE JUL 1   3623                      3853   -230     3451

 COOLING
  YESTERDAY        0                         0      0        0
  MONTH TO DATE    0                         0      0        0
  SINCE DEC 1      0                         0      0        0
  SINCE JAN 1      0                         0      0        0
..................................................................


WIND (MPH)
  RESULTANT WIND SPEED   8   RESULTANT WIND DIRECTION   N (360)
  HIGHEST WIND SPEED    22   HIGHEST WIND DIRECTION    NW (330)
  HIGHEST GUST SPEED    26   HIGHEST GUST DIRECTION     N (340)
  AVERAGE WIND SPEED     9.6


SKY COVER
  POSSIBLE SUNSHINE  MM
  AVERAGE SKY COVER 1.0


WEATHER CONDITIONS
 THE FOLLOWING WEATHER WAS RECORDED YESTERDAY.
  RAIN
  LIGHT RAIN
  SNOW
  LIGHT SNOW
  SLEET
  FOG
  HAZE


RELATIVE HUMIDITY (PERCENT)
 HIGHEST    92           500 PM
 LOWEST     28           200 AM
 AVERAGE    60

..........................................................


THE BOSTON MA CLIMATE NORMALS FOR TODAY
                         NORMAL    RECORD    YEAR
 MAXIMUM TEMPERATURE (F)   40        68      2017
 MINIMUM TEMPERATURE (F)   26        -3      1876


SUNRISE AND SUNSET
FEBRUARY 23 2018......SUNRISE   629 AM EST   SUNSET   527 PM EST
FEBRUARY 24 2018......SUNRISE   627 AM EST   SUNSET   528 PM EST


-  INDICATES NEGATIVE NUMBERS.
R  INDICATES RECORD WAS SET OR TIED.
MM INDICATES DATA IS MISSING.
T  INDICATES TRACE AMOUNT.




$$
