000
CDUS41 KBOX 220550
CLIBOS


CLIMATE REPORT
NATIONAL WEATHER SERVICE TAUNTON MA
149 AM EDT WED OCT 22 2014


...................................

...THE BOSTON MA CLIMATE SUMMARY FOR OCTOBER 21 2014...

CLIMATE NORMAL PERIOD 1981 TO 2010
CLIMATE RECORD PERIOD 1872 TO 2014


WEATHER ITEM   OBSERVED TIME   RECORD YEAR NORMAL DEPARTURE LAST
                VALUE   (LST)  VALUE       VALUE  FROM      YEAR
                                                  NORMAL
..................................................................
TEMPERATURE (F)
 YESTERDAY
  MAXIMUM         62   1155 AM  82    1920  60      2       68
  MINIMUM         49    259 AM  30    1974  45      4       45
  AVERAGE         56                        52      4       57

PRECIPITATION (IN)
  YESTERDAY        T             1.78 1996   0.12  -0.12     0.00
                                      1944
  MONTH TO DATE    2.64                      2.67  -0.03     0.50
  SINCE SEP 1      3.34                      6.11  -2.77     2.71
  SINCE JAN 1     30.23                     34.73  -4.50    32.91

SNOWFALL (IN)
  YESTERDAY        0.0           T    1964   0.0    0.0      0.0
  MONTH TO DATE    0.0                       0.0    0.0      0.0
  SINCE SEP 1      0.0                       0.0    0.0      0.0
  SINCE JUL 1      0.0                       0.0    0.0      0.0
  SNOW DEPTH      MM

DEGREE DAYS
 HEATING
  YESTERDAY        9                        13     -4        8
  MONTH TO DATE  156                       206    -50      111
  SINCE SEP 1    232                       290    -58      194
  SINCE JUL 1    232                       303    -71      196

 COOLING
  YESTERDAY        0                         0      0        0
  MONTH TO DATE   10                         6      4       16
  SINCE SEP 1    130                        87     43       98
  SINCE JAN 1    769                       746     23      919
..................................................................


WIND (MPH)
  RESULTANT WIND SPEED   3   RESULTANT WIND DIRECTION   E (70)
  HIGHEST WIND SPEED    16   HIGHEST WIND DIRECTION     E (110)
  HIGHEST GUST SPEED    18   HIGHEST GUST DIRECTION     N (10)
  AVERAGE WIND SPEED     7.4


SKY COVER
  POSSIBLE SUNSHINE  MM
  AVERAGE SKY COVER 0.8


WEATHER CONDITIONS
 THE FOLLOWING WEATHER WAS RECORDED YESTERDAY.
  LIGHT RAIN


RELATIVE HUMIDITY (PERCENT)
 HIGHEST    96           500 AM
 LOWEST     74          1200 AM
 AVERAGE    85

..........................................................


THE BOSTON MA CLIMATE NORMALS FOR TODAY
                         NORMAL    RECORD    YEAR
 MAXIMUM TEMPERATURE (F)   59        83      1979
 MINIMUM TEMPERATURE (F)   45        28      1940


SUNRISE AND SUNSET
OCTOBER 22 2014.......SUNRISE   705 AM EDT   SUNSET   551 PM EDT
OCTOBER 23 2014.......SUNRISE   706 AM EDT   SUNSET   550 PM EDT


-  INDICATES NEGATIVE NUMBERS.
R  INDICATES RECORD WAS SET OR TIED.
MM INDICATES DATA IS MISSING.
T  INDICATES TRACE AMOUNT.




$$
