000
CDUS41 KBOX 272130
CLIBOS


CLIMATE REPORT
NATIONAL WEATHER SERVICE TAUNTON MA
428 PM EST THU NOV 27 2014


...................................

...THE BOSTON MA CLIMATE SUMMARY FOR NOVEMBER 27 2014...
VALID AS OF 0400 PM LOCAL TIME.

CLIMATE NORMAL PERIOD 1981 TO 2010
CLIMATE RECORD PERIOD 1872 TO 2014


WEATHER ITEM   OBSERVED TIME   RECORD YEAR NORMAL DEPARTURE LAST
                VALUE   (LST)  VALUE       VALUE  FROM      YEAR
                                                  NORMAL
..................................................................
TEMPERATURE (F)
 TODAY
  MAXIMUM         38    135 PM  72    1896  48    -10       62
  MINIMUM         33    328 AM   8    1932  35     -2       39
  AVERAGE         36                        41     -5       51

PRECIPITATION (IN)
  TODAY            0.02          1.79 2013   0.13  -0.11     1.79
  MONTH TO DATE    5.16                      3.57   1.59     2.72
  SINCE SEP 1     11.69                     10.95   0.74     5.54
  SINCE JAN 1     38.58                     39.57  -0.99    35.74

SNOWFALL (IN)
  TODAY            0.1          12.0  1898   0.1    0.0      0.0
  MONTH TO DATE    0.1                       1.0   -0.9       T
  SINCE SEP 1      0.1                       1.0   -0.9       T
  SINCE JUL 1      0.1                       1.0   -0.9       T
  SNOW DEPTH      MM

DEGREE DAYS
 HEATING
  TODAY           29                        24      5       14
  MONTH TO DATE  575                       536     39      559
  SINCE SEP 1    922                       970    -48      909
  SINCE JUL 1    922                       983    -61      911

 COOLING
  TODAY            0                         0      0        0
  MONTH TO DATE    0                         0      0        1
  SINCE SEP 1    130                        88     42       99
  SINCE JAN 1    769                       747     22      920
..................................................................


WIND (MPH)
  HIGHEST WIND SPEED    21   HIGHEST WIND DIRECTION     N (350)
  HIGHEST GUST SPEED    29   HIGHEST GUST DIRECTION     N (340)
  AVERAGE WIND SPEED    10.3


SKY COVER
  POSSIBLE SUNSHINE  MM
  AVERAGE SKY COVER 0.8


WEATHER CONDITIONS
 THE FOLLOWING WEATHER WAS RECORDED TODAY.
  MIXED PRECIP
  RAIN
  LIGHT RAIN
  SNOW
  LIGHT SNOW
  FOG


RELATIVE HUMIDITY (PERCENT)
 HIGHEST    89           200 AM
 LOWEST     70          1200 PM
 AVERAGE    80

..........................................................


THE BOSTON MA CLIMATE NORMALS FOR TOMORROW
                         NORMAL    RECORD    YEAR
 MAXIMUM TEMPERATURE (F)   47        74      1990
 MINIMUM TEMPERATURE (F)   34        11      1873


SUNRISE AND SUNSET
NOVEMBER 27 2014......SUNRISE   649 AM EST   SUNSET   414 PM EST
NOVEMBER 28 2014......SUNRISE   650 AM EST   SUNSET   414 PM EST


-  INDICATES NEGATIVE NUMBERS.
R  INDICATES RECORD WAS SET OR TIED.
MM INDICATES DATA IS MISSING.
T  INDICATES TRACE AMOUNT.




$$
