000
CDUS41 KBOX 280614
CLIBOS


CLIMATE REPORT
NATIONAL WEATHER SERVICE TAUNTON MA
112 AM EST TUE FEB 28 2017


...................................

...THE BOSTON MA CLIMATE SUMMARY FOR FEBRUARY 27 2017...

CLIMATE NORMAL PERIOD 1981 TO 2010
CLIMATE RECORD PERIOD 1872 TO 2017


WEATHER ITEM   OBSERVED TIME   RECORD YEAR NORMAL DEPARTURE LAST
                VALUE   (LST)  VALUE       VALUE  FROM      YEAR
                                                  NORMAL
..................................................................
TEMPERATURE (F)
 YESTERDAY
  MAXIMUM         55    234 PM  64    1957  41     14       39
  MINIMUM         30    611 AM  -4    1900  27      3       21
  AVERAGE         43                        34      9       30

PRECIPITATION (IN)
  YESTERDAY        0.00          1.37 2013   0.13  -0.13     0.00
  MONTH TO DATE    3.22                      3.12   0.10     4.17
  SINCE DEC 1     10.72                     10.26   0.46    11.72
  SINCE JAN 1      7.47                      6.48   0.99     7.44

SNOWFALL (IN)
  YESTERDAY        0.0           5.3  2011   0.3   -0.3      0.0
  MONTH TO DATE   21.5                      10.5   11.0     15.0
  SINCE DEC 1     36.3                      32.4    3.9     25.4
  SINCE JUL 1     36.3                      33.7    2.6     25.4
  SNOW DEPTH      MM

DEGREE DAYS
 HEATING
  YESTERDAY       22                        31     -9       35
  MONTH TO DATE  769                       900   -131      842
  SINCE DEC 1   2604                      2955   -351     2446
  SINCE JUL 1   3519                      4010   -491     3301

 COOLING
  YESTERDAY        0                         0      0        0
  MONTH TO DATE    0                         0      0        0
  SINCE DEC 1      0                         0      0        0
  SINCE JAN 1      0                         0      0        0
..................................................................


WIND (MPH)
  RESULTANT WIND SPEED  17   RESULTANT WIND DIRECTION  SW (230)
  HIGHEST WIND SPEED    26   HIGHEST WIND DIRECTION    SW (240)
  HIGHEST GUST SPEED    38   HIGHEST GUST DIRECTION     W (270)
  AVERAGE WIND SPEED    16.8


SKY COVER
  POSSIBLE SUNSHINE  MM
  AVERAGE SKY COVER 0.3


WEATHER CONDITIONS
 THE FOLLOWING WEATHER WAS RECORDED YESTERDAY.
  NO SIGNIFICANT WEATHER WAS OBSERVED.


RELATIVE HUMIDITY (PERCENT)
 HIGHEST    65          1100 PM
 LOWEST     22           300 PM
 AVERAGE    44

..........................................................


THE BOSTON MA CLIMATE NORMALS FOR TODAY
                         NORMAL    RECORD    YEAR
 MAXIMUM TEMPERATURE (F)   41        63      1976
 MINIMUM TEMPERATURE (F)   27         2      1907


SUNRISE AND SUNSET
FEBRUARY 28 2017......SUNRISE   621 AM EST   SUNSET   533 PM EST
MARCH  1 2017.........SUNRISE   619 AM EST   SUNSET   534 PM EST


-  INDICATES NEGATIVE NUMBERS.
R  INDICATES RECORD WAS SET OR TIED.
MM INDICATES DATA IS MISSING.
T  INDICATES TRACE AMOUNT.




$$
