000
CDUS41 KBOX 280541
CLIBOS


CLIMATE REPORT
NATIONAL WEATHER SERVICE TAUNTON MA
136 AM EDT FRI JUL 28 2017


...................................

...THE BOSTON MA CLIMATE SUMMARY FOR JULY 27 2017...

CLIMATE NORMAL PERIOD 1981 TO 2010
CLIMATE RECORD PERIOD 1872 TO 2017


WEATHER ITEM   OBSERVED TIME   RECORD YEAR NORMAL DEPARTURE LAST
                VALUE   (LST)  VALUE       VALUE  FROM      YEAR
                                                  NORMAL
..................................................................
TEMPERATURE (F)
 YESTERDAY
  MAXIMUM         75   1057 AM  98    1882  82     -7       87
  MINIMUM         63    554 AM  52    1876  66     -3       73
  AVERAGE         69                        74     -5       80

PRECIPITATION (IN)
  YESTERDAY        0.04          1.75 1889   0.12  -0.08     0.00
  MONTH TO DATE    4.03                      2.92   1.11     0.66
  SINCE JUN 1      8.88                      6.60   2.28     1.99
  SINCE JAN 1     29.71                     24.76   4.95    18.33

SNOWFALL (IN)
  YESTERDAY        0.0           0.0  2002   0.0    0.0      0.0
                                      2001
                                      2000
  MONTH TO DATE    0.0                       0.0    0.0      0.0
  SINCE JUN 1      0.0                       0.0    0.0      0.0
  SINCE JUL 1      0.0                       0.0    0.0      0.0
  SNOW DEPTH      MM

DEGREE DAYS
 HEATING
  YESTERDAY        0                         0      0        0
  MONTH TO DATE   10                         0     10        7
  SINCE JUN 1     60                        55      5       24
  SINCE JUL 1     10                         0     10        7

 COOLING
  YESTERDAY        4                         9     -5       15
  MONTH TO DATE  232                       232      0      312
  SINCE JUN 1    423                       368     55      441
  SINCE JAN 1    483                       398     85      486
..................................................................


WIND (MPH)
  RESULTANT WIND SPEED  12   RESULTANT WIND DIRECTION  SW (220)
  HIGHEST WIND SPEED    20   HIGHEST WIND DIRECTION    SW (230)
  HIGHEST GUST SPEED    25   HIGHEST GUST DIRECTION     W (250)
  AVERAGE WIND SPEED    12.3


SKY COVER
  POSSIBLE SUNSHINE  MM
  AVERAGE SKY COVER 0.8


WEATHER CONDITIONS
 THE FOLLOWING WEATHER WAS RECORDED YESTERDAY.
  LIGHT RAIN
  FOG


RELATIVE HUMIDITY (PERCENT)
 HIGHEST    93           900 PM
 LOWEST     58          1100 AM
 AVERAGE    76

..........................................................


THE BOSTON MA CLIMATE NORMALS FOR TODAY
                         NORMAL    RECORD    YEAR
 MAXIMUM TEMPERATURE (F)   82        99      1949
 MINIMUM TEMPERATURE (F)   66        54      1884


SUNRISE AND SUNSET
JULY 28 2017..........SUNRISE   533 AM EDT   SUNSET   808 PM EDT
JULY 29 2017..........SUNRISE   534 AM EDT   SUNSET   807 PM EDT


-  INDICATES NEGATIVE NUMBERS.
R  INDICATES RECORD WAS SET OR TIED.
MM INDICATES DATA IS MISSING.
T  INDICATES TRACE AMOUNT.




$$
