000
CDUS41 KBOX 250549
CLIBOS


CLIMATE REPORT
NATIONAL WEATHER SERVICE TAUNTON MA
146 AM EDT THU MAY 25 2017


...................................

...THE BOSTON MA CLIMATE SUMMARY FOR MAY 24 2017...

CLIMATE NORMAL PERIOD 1981 TO 2010
CLIMATE RECORD PERIOD 1872 TO 2017


WEATHER ITEM   OBSERVED TIME   RECORD YEAR NORMAL DEPARTURE LAST
                VALUE   (LST)  VALUE       VALUE  FROM      YEAR
                                                  NORMAL
..................................................................
TEMPERATURE (F)
 YESTERDAY
  MAXIMUM         64    244 PM  93    1964  69     -5       59
  MINIMUM         54   1144 PM  36    1882  52      2       52
  AVERAGE         59                        60     -1       56

PRECIPITATION (IN)
  YESTERDAY        0.00          1.73 1951   0.13  -0.13     0.26
  MONTH TO DATE    2.16                      2.60  -0.44     1.70
  SINCE MAR 1     12.07                     10.66   1.41     7.77
  SINCE JAN 1     19.54                     17.27   2.27    15.21

SNOWFALL (IN)
  YESTERDAY        0.0           0.0  2002   0.0    0.0      0.0
                                      2001
                                      2000
  MONTH TO DATE    0.0                       0.1   -0.1      0.0
  SINCE MAR 1     11.3                       9.8    1.5     10.7
  SINCE JUL 1     47.6                      43.9    3.7     36.1
  SNOW DEPTH       0

DEGREE DAYS
 HEATING
  YESTERDAY        6                         6      0        9
  MONTH TO DATE  242                       211     31      233
  SINCE MAR 1   1603                      1550     53     1456
  SINCE JUL 1   5142                      5592   -450     4786

 COOLING
  YESTERDAY        0                         1     -1        0
  MONTH TO DATE   41                        11     30        3
  SINCE MAR 1     60                        14     46        6
  SINCE JAN 1     60                        14     46        6
..................................................................


WIND (MPH)
  RESULTANT WIND SPEED   4   RESULTANT WIND DIRECTION   E (100)
  HIGHEST WIND SPEED    12   HIGHEST WIND DIRECTION     E (100)
  HIGHEST GUST SPEED    15   HIGHEST GUST DIRECTION     E (90)
  AVERAGE WIND SPEED     5.8


SKY COVER
  POSSIBLE SUNSHINE  MM
  AVERAGE SKY COVER 0.8


WEATHER CONDITIONS
 THE FOLLOWING WEATHER WAS RECORDED YESTERDAY.
  NO SIGNIFICANT WEATHER WAS OBSERVED.


RELATIVE HUMIDITY (PERCENT)
 HIGHEST   100           500 AM
 LOWEST     67          1200 PM
 AVERAGE    84

..........................................................


THE BOSTON MA CLIMATE NORMALS FOR TODAY
                         NORMAL    RECORD    YEAR
 MAXIMUM TEMPERATURE (F)   69        92      2007
 MINIMUM TEMPERATURE (F)   53        40      1967


SUNRISE AND SUNSET
MAY 25 2017...........SUNRISE   514 AM EDT   SUNSET   809 PM EDT
MAY 26 2017...........SUNRISE   513 AM EDT   SUNSET   810 PM EDT


-  INDICATES NEGATIVE NUMBERS.
R  INDICATES RECORD WAS SET OR TIED.
MM INDICATES DATA IS MISSING.
T  INDICATES TRACE AMOUNT.




$$
