000
CDUS41 KBOX 040548
CLIBOS


CLIMATE REPORT
NATIONAL WEATHER SERVICE TAUNTON MA
1238 AM EST SUN DEC 4 2016


...................................

...THE BOSTON MA CLIMATE SUMMARY FOR DECEMBER 3 2016...

CLIMATE NORMAL PERIOD 1981 TO 2010
CLIMATE RECORD PERIOD 1872 TO 2016


WEATHER ITEM   OBSERVED TIME   RECORD YEAR NORMAL DEPARTURE LAST
                VALUE   (LST)  VALUE       VALUE  FROM      YEAR
                                                  NORMAL
..................................................................
TEMPERATURE (F)
 YESTERDAY
  MAXIMUM         44    321 PM  69    2009  46     -2       52
  MINIMUM         35   1159 PM   0    1890  33      2       41
  AVERAGE         40                        39      1       47

PRECIPITATION (IN)
  YESTERDAY        0.00          1.82 1986   0.13  -0.13      T
  MONTH TO DATE    0.31                      0.39  -0.08     0.46
  SINCE DEC 1      0.31                      0.39  -0.08     0.46
  SINCE JAN 1     30.11                     40.38 -10.27    30.98

SNOWFALL (IN)
  YESTERDAY        0.0           4.0  1893   0.2   -0.2      0.0
  MONTH TO DATE    0.0                       0.5   -0.5      0.0
  SINCE DEC 1      0.0                       0.5   -0.5      0.0
  SINCE JUL 1      T                         1.8   -1.8       T
  SNOW DEPTH      MM

DEGREE DAYS
 HEATING
  YESTERDAY       25                        26     -1       18
  MONTH TO DATE   60                        77    -17       64
  SINCE DEC 1     60                        77    -17       64
  SINCE JUL 1    975                      1132   -157      919

 COOLING
  YESTERDAY        0                         0      0        0
  MONTH TO DATE    0                         0      0        0
  SINCE DEC 1      0                         0      0        0
  SINCE JAN 1   1035                       747    288      921
..................................................................


WIND (MPH)
  RESULTANT WIND SPEED  15   RESULTANT WIND DIRECTION  NW (300)
  HIGHEST WIND SPEED    25   HIGHEST WIND DIRECTION     W (290)
  HIGHEST GUST SPEED    34   HIGHEST GUST DIRECTION     N (340)
  AVERAGE WIND SPEED    15.6


SKY COVER
  POSSIBLE SUNSHINE  MM
  AVERAGE SKY COVER 0.5


WEATHER CONDITIONS
 THE FOLLOWING WEATHER WAS RECORDED YESTERDAY.
  NO SIGNIFICANT WEATHER WAS OBSERVED.


RELATIVE HUMIDITY (PERCENT)
 HIGHEST    70           200 AM
 LOWEST     45           200 PM
 AVERAGE    58

..........................................................


THE BOSTON MA CLIMATE NORMALS FOR TODAY
                         NORMAL    RECORD    YEAR
 MAXIMUM TEMPERATURE (F)   45        70      1982
 MINIMUM TEMPERATURE (F)   32         2      1940


SUNRISE AND SUNSET
DECEMBER  4 2016......SUNRISE   657 AM EST   SUNSET   412 PM EST
DECEMBER  5 2016......SUNRISE   658 AM EST   SUNSET   412 PM EST


-  INDICATES NEGATIVE NUMBERS.
R  INDICATES RECORD WAS SET OR TIED.
MM INDICATES DATA IS MISSING.
T  INDICATES TRACE AMOUNT.




$$
