000
CDUS41 KBOX 230543
CLIBOS


CLIMATE REPORT
NATIONAL WEATHER SERVICE TAUNTON MA
135 AM EDT SAT SEP 23 2017


...................................

...THE BOSTON MA CLIMATE SUMMARY FOR SEPTEMBER 22 2017...

CLIMATE NORMAL PERIOD 1981 TO 2010
CLIMATE RECORD PERIOD 1872 TO 2017


WEATHER ITEM   OBSERVED TIME   RECORD YEAR NORMAL DEPARTURE LAST
                VALUE   (LST)  VALUE       VALUE  FROM      YEAR
                                                  NORMAL
..................................................................
TEMPERATURE (F)
 YESTERDAY
  MAXIMUM         63   1217 AM  94    1895  70     -7       79
  MINIMUM         57    625 AM  35    1904  55      2       61
  AVERAGE         60                        63     -3       70

PRECIPITATION (IN)
  YESTERDAY        0.16          1.88 1998   0.12   0.04     0.00
  MONTH TO DATE    2.15                      2.44  -0.29     0.69
  SINCE SEP 1      2.15                      2.44  -0.29     0.69
  SINCE JAN 1     33.44                     31.06   2.38    20.95

SNOWFALL (IN)
  YESTERDAY        0.0           0.0  2002   0.0    0.0      0.0
                                      2001
                                      2000
  MONTH TO DATE    0.0                       0.0    0.0      0.0
  SINCE SEP 1      0.0                       0.0    0.0      0.0
  SINCE JUL 1      0.0                       0.0    0.0      0.0
  SNOW DEPTH      MM

DEGREE DAYS
 HEATING
  YESTERDAY        5                         4      1        0
  MONTH TO DATE   22                        43    -21        6
  SINCE SEP 1     22                        43    -21        6
  SINCE JUL 1     34                        56    -22       13

 COOLING
  YESTERDAY        0                         2     -2        5
  MONTH TO DATE   76                        72      4      123
  SINCE SEP 1     76                        72      4      123
  SINCE JAN 1    805                       731     74     1017
..................................................................


WIND (MPH)
  RESULTANT WIND SPEED  23   RESULTANT WIND DIRECTION   N (20)
  HIGHEST WIND SPEED    31   HIGHEST WIND DIRECTION     N (20)
  HIGHEST GUST SPEED    38   HIGHEST GUST DIRECTION     N (10)
  AVERAGE WIND SPEED    22.2


SKY COVER
  POSSIBLE SUNSHINE  MM
  AVERAGE SKY COVER 1.0


WEATHER CONDITIONS
 THE FOLLOWING WEATHER WAS RECORDED YESTERDAY.
  RAIN
  LIGHT RAIN
  FOG


RELATIVE HUMIDITY (PERCENT)
 HIGHEST   100          1000 PM
 LOWEST     72          1200 AM
 AVERAGE    86

..........................................................


THE BOSTON MA CLIMATE NORMALS FOR TODAY
                         NORMAL    RECORD    YEAR
 MAXIMUM TEMPERATURE (F)   70        96      1895
 MINIMUM TEMPERATURE (F)   55        35      1904
                                             1875


SUNRISE AND SUNSET
SEPTEMBER 23 2017.....SUNRISE   633 AM EDT   SUNSET   639 PM EDT
SEPTEMBER 24 2017.....SUNRISE   634 AM EDT   SUNSET   637 PM EDT


-  INDICATES NEGATIVE NUMBERS.
R  INDICATES RECORD WAS SET OR TIED.
MM INDICATES DATA IS MISSING.
T  INDICATES TRACE AMOUNT.




$$
