000
CDUS45 KRIW 250737
CLIBPI


CLIMATE REPORT
NATIONAL WEATHER SERVICE RIVERTON WY
1236 AM MST SUN JAN 25 2015


...................................

...THE BIG PINEY WY CLIMATE SUMMARY FOR JANUARY 24 2015...

CLIMATE NORMAL PERIOD 1981 TO 2010
CLIMATE RECORD PERIOD 1976 TO 2015


WEATHER ITEM   OBSERVED TIME   RECORD YEAR NORMAL DEPARTURE LAST
                VALUE   (LST)  VALUE       VALUE  FROM      YEAR
                                                  NORMAL
..................................................................
TEMPERATURE (F)
 YESTERDAY
  MAXIMUM         43    334 PM  46    1977  26     17       41
  MINIMUM          2    127 AM -35    1979  -4      6      -10
  AVERAGE         23                        11     12       16

PRECIPITATION (IN)
  YESTERDAY        0.00          0.10 1996   0.01  -0.01     0.00
  MONTH TO DATE    0.01                      0.25  -0.24     0.01
  SINCE DEC 1      0.13                      0.55  -0.42     0.20
  SINCE JAN 1      0.01                      0.25  -0.24     0.01

DEGREE DAYS
 HEATING
  YESTERDAY       42                        54    -12       49
  MONTH TO DATE 1168                      1296   -128     1150
  SINCE DEC 1   2552                      2920   -368     2804
  SINCE JUL 1   4780                      5735   -955     5269

 COOLING
  YESTERDAY        0                         0      0        0
  MONTH TO DATE    0                         0      0        0
  SINCE DEC 1      0                         0      0        0
  SINCE JAN 1      0                         0      0        0
..................................................................


WIND (MPH)
  HIGHEST WIND SPEED    23   HIGHEST WIND DIRECTION     N (350)
  HIGHEST GUST SPEED    29   HIGHEST GUST DIRECTION     N (350)
  AVERAGE WIND SPEED     8.8


SKY COVER
  POSSIBLE SUNSHINE  MM
  AVERAGE SKY COVER 0.0


WEATHER CONDITIONS
 THE FOLLOWING WEATHER WAS RECORDED YESTERDAY.
  NO SIGNIFICANT WEATHER WAS OBSERVED.


RELATIVE HUMIDITY (PERCENT)
 HIGHEST    91          1200 AM
 LOWEST     56           100 PM
 AVERAGE    74

..........................................................


THE BIG PINEY WY CLIMATE NORMALS FOR TODAY
                         NORMAL    RECORD    YEAR
 MAXIMUM TEMPERATURE (F)   26        42      2014
 MINIMUM TEMPERATURE (F)   -4       -23      1989


SUNRISE AND SUNSET
JANUARY 25 2015.......SUNRISE   741 AM MST   SUNSET   525 PM MST
JANUARY 26 2015.......SUNRISE   740 AM MST   SUNSET   526 PM MST


-  INDICATES NEGATIVE NUMBERS.
R  INDICATES RECORD WAS SET OR TIED.
MM INDICATES DATA IS MISSING.
T  INDICATES TRACE AMOUNT.




$$
