000
CDUS45 KRIW 250735
CLIBPI


CLIMATE REPORT
NATIONAL WEATHER SERVICE RIVERTON WY
135 AM MDT FRI JUL 25 2014


...................................

...THE BIG PINEY WY CLIMATE SUMMARY FOR JULY 24 2014...

CLIMATE NORMAL PERIOD 1981 TO 2010
CLIMATE RECORD PERIOD 1976 TO 2014


WEATHER ITEM   OBSERVED TIME   RECORD YEAR NORMAL DEPARTURE LAST
                VALUE   (LST)  VALUE       VALUE  FROM      YEAR
                                                  NORMAL
..................................................................
TEMPERATURE (F)
 YESTERDAY
  MAXIMUM         87    228 PM  88    2003  82      5       87
                                      2002
  MINIMUM         48   1152 PM  31    2001  44      4       44
  AVERAGE         68                        63      5       66

PRECIPITATION (IN)
  YESTERDAY        0.00          0.96 2012   0.03  -0.03      T
  MONTH TO DATE    0.28                      0.51  -0.23     0.54
  SINCE JUN 1      0.46                      1.30  -0.84     0.54
  SINCE JAN 1      1.61                      3.77  -2.16     2.24

DEGREE DAYS
 HEATING
  YESTERDAY        0                         3     -3        0
  MONTH TO DATE   28                        94    -66        9
  SINCE JUN 1    375                       399    -24      226
  SINCE JUL 1     28                        94    -66        9

 COOLING
  YESTERDAY        3                         1      2        1
  MONTH TO DATE   23                        16      7       54
  SINCE JUN 1     23                        18      5       74
  SINCE JAN 1     23                        18      5       74
..................................................................


WIND (MPH)
  HIGHEST WIND SPEED    30   HIGHEST WIND DIRECTION     W (290)
  HIGHEST GUST SPEED    37   HIGHEST GUST DIRECTION     W (290)
  AVERAGE WIND SPEED    10.2


SKY COVER
  POSSIBLE SUNSHINE  MM
  AVERAGE SKY COVER 0.0


WEATHER CONDITIONS
 THE FOLLOWING WEATHER WAS RECORDED YESTERDAY.
  NO SIGNIFICANT WEATHER WAS OBSERVED.


RELATIVE HUMIDITY (PERCENT)
 HIGHEST    93           600 AM
 LOWEST     12           300 PM
 AVERAGE    53

..........................................................


THE BIG PINEY WY CLIMATE NORMALS FOR TODAY
                         NORMAL    RECORD    YEAR
 MAXIMUM TEMPERATURE (F)   82        90      1978
 MINIMUM TEMPERATURE (F)   44        35      2000
                                             1995
                                             1993


SUNRISE AND SUNSET
JULY 25 2014..........SUNRISE   605 AM MDT   SUNSET   848 PM MDT
JULY 26 2014..........SUNRISE   606 AM MDT   SUNSET   847 PM MDT


-  INDICATES NEGATIVE NUMBERS.
R  INDICATES RECORD WAS SET OR TIED.
MM INDICATES DATA IS MISSING.
T  INDICATES TRACE AMOUNT.




$$
