000
CDUS45 KRIW 200744
CLIBPI


CLIMATE REPORT
NATIONAL WEATHER SERVICE RIVERTON WY
131 AM MDT THU JUL 20 2017


...................................

...THE BIG PINEY WY CLIMATE SUMMARY FOR JULY 19 2017...

CLIMATE NORMAL PERIOD 1981 TO 2010
CLIMATE RECORD PERIOD 1976 TO 2017


WEATHER ITEM   OBSERVED TIME   RECORD YEAR NORMAL DEPARTURE LAST
                VALUE   (LST)  VALUE       VALUE  FROM      YEAR
                                                  NORMAL
..................................................................
TEMPERATURE (F)
 YESTERDAY
  MAXIMUM         87    252 PM  92    2006  82      5       87
  MINIMUM         44    144 AM  34    1993  44      0       45
  AVERAGE         66                        63      3       66

PRECIPITATION (IN)
  YESTERDAY        T             0.23 1995   0.02  -0.02     0.00
  MONTH TO DATE    0.18                      0.38  -0.20     0.12
  SINCE JUN 1      0.32                      1.17  -0.85     0.85
  SINCE JAN 1      5.78                      3.64   2.14     6.90

DEGREE DAYS
 HEATING
  YESTERDAY        0                         3     -3        0
  MONTH TO DATE   17                        79    -62       97
  SINCE JUN 1    288                       384    -96      275
  SINCE JUL 1     17                        79    -62       97

 COOLING
  YESTERDAY        1                         1      0        1
  MONTH TO DATE   19                        11      8        1
  SINCE JUN 1     20                        13      7        2
  SINCE JAN 1     20                        13      7        2
..................................................................


WIND (MPH)
  HIGHEST WIND SPEED    15   HIGHEST WIND DIRECTION    SE (150)
  HIGHEST GUST SPEED    20   HIGHEST GUST DIRECTION     E (80)
  AVERAGE WIND SPEED     7.2


SKY COVER
  POSSIBLE SUNSHINE  MM
  AVERAGE SKY COVER 0.3


WEATHER CONDITIONS
 THE FOLLOWING WEATHER WAS RECORDED YESTERDAY.
  LIGHT RAIN


RELATIVE HUMIDITY (PERCENT)
 HIGHEST    76           200 AM
 LOWEST     24           500 PM
 AVERAGE    50

..........................................................


THE BIG PINEY WY CLIMATE NORMALS FOR TODAY
                         NORMAL    RECORD    YEAR
 MAXIMUM TEMPERATURE (F)   82        91      2007
                                             2006
 MINIMUM TEMPERATURE (F)   44        23      1987


SUNRISE AND SUNSET
JULY 20 2017..........SUNRISE   601 AM MDT   SUNSET   852 PM MDT
JULY 21 2017..........SUNRISE   602 AM MDT   SUNSET   851 PM MDT


-  INDICATES NEGATIVE NUMBERS.
R  INDICATES RECORD WAS SET OR TIED.
MM INDICATES DATA IS MISSING.
T  INDICATES TRACE AMOUNT.




$$
