000
CDUS45 KRIW 290755
CLIBPI


CLIMATE REPORT
NATIONAL WEATHER SERVICE RIVERTON WY
136 AM MDT WED MAR 29 2017


...................................

...THE BIG PINEY WY CLIMATE SUMMARY FOR MARCH 28 2017...

CLIMATE NORMAL PERIOD 1981 TO 2010
CLIMATE RECORD PERIOD 1976 TO 2017


WEATHER ITEM   OBSERVED TIME   RECORD YEAR NORMAL DEPARTURE LAST
                VALUE   (LST)  VALUE       VALUE  FROM      YEAR
                                                  NORMAL
..................................................................
TEMPERATURE (F)
 YESTERDAY
  MAXIMUM         48    402 PM  64    2015  46      2       46
  MINIMUM         26   1159 PM   3    2008  18      8       23
  AVERAGE         37                        32      5       35

PRECIPITATION (IN)
  YESTERDAY        0.00          0.87 1990   0.02  -0.02     0.01
  MONTH TO DATE    1.18                      0.38   0.80     0.37
  SINCE MAR 1      1.18                      0.38   0.80     0.37
  SINCE JAN 1      2.92                      1.04   1.88     0.54

DEGREE DAYS
 HEATING
  YESTERDAY       28                        33     -5       30
  MONTH TO DATE 1034                      1075    -41      970
  SINCE MAR 1   1034                      1075    -41      970
  SINCE JUL 1   8464                      8598   -134     7824

 COOLING
  YESTERDAY        0                         0      0        0
  MONTH TO DATE    0                         0      0        0
  SINCE MAR 1      0                         0      0        0
  SINCE JAN 1      0                         0      0        0
..................................................................


WIND (MPH)
  HIGHEST WIND SPEED    26   HIGHEST WIND DIRECTION     N (340)
  HIGHEST GUST SPEED    32   HIGHEST GUST DIRECTION     N (340)
  AVERAGE WIND SPEED    14.9


SKY COVER
  POSSIBLE SUNSHINE  MM
  AVERAGE SKY COVER 0.4


WEATHER CONDITIONS
 THE FOLLOWING WEATHER WAS RECORDED YESTERDAY.
  NO SIGNIFICANT WEATHER WAS OBSERVED.


RELATIVE HUMIDITY (PERCENT)
 HIGHEST    78          1200 AM
 LOWEST     31           300 PM
 AVERAGE    55

..........................................................


THE BIG PINEY WY CLIMATE NORMALS FOR TODAY
                         NORMAL    RECORD    YEAR
 MAXIMUM TEMPERATURE (F)   47        60      2015
 MINIMUM TEMPERATURE (F)   18         4      1980


SUNRISE AND SUNSET
MARCH 29 2017.........SUNRISE   707 AM MDT   SUNSET   743 PM MDT
MARCH 30 2017.........SUNRISE   706 AM MDT   SUNSET   745 PM MDT


-  INDICATES NEGATIVE NUMBERS.
R  INDICATES RECORD WAS SET OR TIED.
MM INDICATES DATA IS MISSING.
T  INDICATES TRACE AMOUNT.




$$
