000
CDUS45 KRIW 020738
CLIBPI


CLIMATE REPORT
NATIONAL WEATHER SERVICE RIVERTON WY
1237 AM MST FRI DEC 2 2016


...................................

...THE BIG PINEY WY CLIMATE SUMMARY FOR DECEMBER 1 2016...

CLIMATE NORMAL PERIOD 1981 TO 2010
CLIMATE RECORD PERIOD 1976 TO 2016


WEATHER ITEM   OBSERVED TIME   RECORD YEAR NORMAL DEPARTURE LAST
                VALUE   (LST)  VALUE       VALUE  FROM      YEAR
                                                  NORMAL
..................................................................
TEMPERATURE (F)
 YESTERDAY
  MAXIMUM         27    355 PM  55    1995  29     -2       26
  MINIMUM          5   1117 PM -14    2001   3      2       -9
  AVERAGE         16                        16      0        9

PRECIPITATION (IN)
  YESTERDAY        0.01          0.17 2005   0.01   0.00     0.00
  MONTH TO DATE    0.01                      0.01   0.00     0.00
  SINCE DEC 1      0.01                      0.01   0.00     0.00
  SINCE JAN 1     12.05                      6.19   5.86     6.76

DEGREE DAYS
 HEATING
  YESTERDAY       49                        49      0       56
  MONTH TO DATE   49                        49      0       56
  SINCE DEC 1     49                        49      0       56
  SINCE JUL 1   2498                      2864   -366     2537

 COOLING
  YESTERDAY        0                         0      0        0
  MONTH TO DATE    0                         0      0        0
  SINCE DEC 1      0                         0      0        0
  SINCE JAN 1     23                        35    -12       53
..................................................................


WIND (MPH)
  HIGHEST WIND SPEED    15   HIGHEST WIND DIRECTION     N (340)
  HIGHEST GUST SPEED    19   HIGHEST GUST DIRECTION     N (10)
  AVERAGE WIND SPEED     5.2


SKY COVER
  POSSIBLE SUNSHINE  MM
  AVERAGE SKY COVER 0.7


WEATHER CONDITIONS
 THE FOLLOWING WEATHER WAS RECORDED YESTERDAY.
  SNOW
  LIGHT SNOW
  FOG


RELATIVE HUMIDITY (PERCENT)
 HIGHEST    92           900 AM
 LOWEST     50           400 PM
 AVERAGE    71

..........................................................


THE BIG PINEY WY CLIMATE NORMALS FOR TODAY
                         NORMAL    RECORD    YEAR
 MAXIMUM TEMPERATURE (F)   29        52      2005
 MINIMUM TEMPERATURE (F)    3       -11      2015
                                             2004


SUNRISE AND SUNSET
DECEMBER  2 2016......SUNRISE   732 AM MST   SUNSET   448 PM MST
DECEMBER  3 2016......SUNRISE   733 AM MST   SUNSET   448 PM MST


-  INDICATES NEGATIVE NUMBERS.
R  INDICATES RECORD WAS SET OR TIED.
MM INDICATES DATA IS MISSING.
T  INDICATES TRACE AMOUNT.




$$
