000
CDUS45 KRIW 310741
CLIBPI


CLIMATE REPORT
NATIONAL WEATHER SERVICE RIVERTON WY
131 AM MDT WED AUG 31 2016


...................................

...THE BIG PINEY WY CLIMATE SUMMARY FOR AUGUST 30 2016...

CLIMATE NORMAL PERIOD 1981 TO 2010
CLIMATE RECORD PERIOD 1976 TO 2016


WEATHER ITEM   OBSERVED TIME   RECORD YEAR NORMAL DEPARTURE LAST
                VALUE   (LST)  VALUE       VALUE  FROM      YEAR
                                                  NORMAL
..................................................................
TEMPERATURE (F)
 YESTERDAY
  MAXIMUM         84    253 PM  85    2008  75      9       83
                                      1990
  MINIMUM         39    611 AM  23    1993  37      2       49
  AVERAGE         62                        56      6       66

PRECIPITATION (IN)
  YESTERDAY        0.00          0.39 2003   0.02  -0.02      T
  MONTH TO DATE    0.45                      0.66  -0.21     0.39
  SINCE JUN 1      1.43                      2.16  -0.73     2.35
  SINCE JAN 1      7.48                      4.63   2.85     5.33

DEGREE DAYS
 HEATING
  YESTERDAY        3                         9     -6        0
  MONTH TO DATE  176                       167      9      112
  SINCE JUN 1    458                       589   -131      405
  SINCE JUL 1    280                       284     -4      270

 COOLING
  YESTERDAY        0                         0      0        1
  MONTH TO DATE    2                        12    -10       11
  SINCE JUN 1     23                        36    -13       53
  SINCE JAN 1     23                        36    -13       53
..................................................................


WIND (MPH)
  HIGHEST WIND SPEED    12   HIGHEST WIND DIRECTION     S (200)
  HIGHEST GUST SPEED    19   HIGHEST GUST DIRECTION    SW (210)
  AVERAGE WIND SPEED     3.7


SKY COVER
  POSSIBLE SUNSHINE  MM
  AVERAGE SKY COVER 0.0


WEATHER CONDITIONS
 THE FOLLOWING WEATHER WAS RECORDED YESTERDAY.
  NO SIGNIFICANT WEATHER WAS OBSERVED.


RELATIVE HUMIDITY (PERCENT)
 HIGHEST    57           400 AM
 LOWEST     13           200 PM
 AVERAGE    35

..........................................................


THE BIG PINEY WY CLIMATE NORMALS FOR TODAY
                         NORMAL    RECORD    YEAR
 MAXIMUM TEMPERATURE (F)   75        86      2013
 MINIMUM TEMPERATURE (F)   36        24      2005


SUNRISE AND SUNSET
AUGUST 31 2016........SUNRISE   645 AM MDT   SUNSET   755 PM MDT
SEPTEMBER  1 2016.....SUNRISE   646 AM MDT   SUNSET   754 PM MDT


-  INDICATES NEGATIVE NUMBERS.
R  INDICATES RECORD WAS SET OR TIED.
MM INDICATES DATA IS MISSING.
T  INDICATES TRACE AMOUNT.




$$
