000
CDUS45 KRIW 080735
CLIBPI


CLIMATE REPORT
NATIONAL WEATHER SERVICE RIVERTON WY
1233 AM MST MON FEB 8 2016


...................................

...THE BIG PINEY WY CLIMATE SUMMARY FOR FEBRUARY 7 2016...

CLIMATE NORMAL PERIOD 1981 TO 2010
CLIMATE RECORD PERIOD 1976 TO 2016


WEATHER ITEM   OBSERVED TIME   RECORD YEAR NORMAL DEPARTURE LAST
                VALUE   (LST)  VALUE       VALUE  FROM      YEAR
                                                  NORMAL
..................................................................
TEMPERATURE (F)
 YESTERDAY
  MAXIMUM         37    232 PM  52    2015  27     10       52
  MINIMUM         19   1252 AM -39    1989  -2     21       26
  AVERAGE         28                        12     16       39

PRECIPITATION (IN)
  YESTERDAY        0.00          0.20 2005   0.01  -0.01     0.00
  MONTH TO DATE    T                         0.08  -0.08     0.01
  SINCE DEC 1      0.15                      0.69  -0.54     0.14
  SINCE JAN 1      0.04                      0.39  -0.35     0.02

DEGREE DAYS
 HEATING
  YESTERDAY       37                        53    -16       26
  MONTH TO DATE  361                       373    -12      240
  SINCE DEC 1   3605                      3671    -66     3051
  SINCE JUL 1   6086                      6486   -400     5279

 COOLING
  YESTERDAY        0                         0      0        0
  MONTH TO DATE    0                         0      0        0
  SINCE DEC 1      0                         0      0        0
  SINCE JAN 1      0                         0      0        0
..................................................................


WIND (MPH)
  HIGHEST WIND SPEED    24   HIGHEST WIND DIRECTION     N (350)
  HIGHEST GUST SPEED    30   HIGHEST GUST DIRECTION     N (360)
  AVERAGE WIND SPEED    17.0


SKY COVER
  POSSIBLE SUNSHINE  MM
  AVERAGE SKY COVER 0.0


WEATHER CONDITIONS
 THE FOLLOWING WEATHER WAS RECORDED YESTERDAY.
  NO SIGNIFICANT WEATHER WAS OBSERVED.


RELATIVE HUMIDITY (PERCENT)
 HIGHEST    84           100 AM
 LOWEST     44           100 PM
 AVERAGE    64

..........................................................


THE BIG PINEY WY CLIMATE NORMALS FOR TODAY
                         NORMAL    RECORD    YEAR
 MAXIMUM TEMPERATURE (F)   27        48      2015
 MINIMUM TEMPERATURE (F)   -2       -38      1989


SUNRISE AND SUNSET
FEBRUARY  8 2016......SUNRISE   727 AM MST   SUNSET   543 PM MST
FEBRUARY  9 2016......SUNRISE   726 AM MST   SUNSET   544 PM MST


-  INDICATES NEGATIVE NUMBERS.
R  INDICATES RECORD WAS SET OR TIED.
MM INDICATES DATA IS MISSING.
T  INDICATES TRACE AMOUNT.




$$
