000
CDUS45 KRIW 250758
CLIBPI


CLIMATE REPORT
NATIONAL WEATHER SERVICE RIVERTON WY
139 AM MDT SUN SEP 25 2016


...................................

...THE BIG PINEY WY CLIMATE SUMMARY FOR SEPTEMBER 24 2016...

CLIMATE NORMAL PERIOD 1981 TO 2010
CLIMATE RECORD PERIOD 1976 TO 2016


WEATHER ITEM   OBSERVED TIME   RECORD YEAR NORMAL DEPARTURE LAST
                VALUE   (LST)  VALUE       VALUE  FROM      YEAR
                                                  NORMAL
..................................................................
TEMPERATURE (F)
 YESTERDAY
  MAXIMUM         52    332 PM  81    1987  65    -13       80
  MINIMUM         32   1148 PM  16    1984  29      3       30
  AVERAGE         42                        46     -4       55

PRECIPITATION (IN)
  YESTERDAY        0.09          0.43 2007   0.03   0.06     0.00
  MONTH TO DATE    1.56                      0.63   0.93     0.24
  SINCE SEP 1      1.56                      0.63   0.93     0.24
  SINCE JAN 1      9.04                      5.29   3.75     5.57

DEGREE DAYS
 HEATING
  YESTERDAY       23                        18      5       10
  MONTH TO DATE  293                       339    -46      267
  SINCE SEP 1    293                       339    -46      267
  SINCE JUL 1    576                       632    -56      544

 COOLING
  YESTERDAY        0                         0      0        0
  MONTH TO DATE    0                         0      0        0
  SINCE SEP 1      0                         0      0        0
  SINCE JAN 1     23                        35    -12       53
..................................................................


WIND (MPH)
  HIGHEST WIND SPEED    33   HIGHEST WIND DIRECTION    NW (320)
  HIGHEST GUST SPEED    41   HIGHEST GUST DIRECTION    NW (330)
  AVERAGE WIND SPEED    13.3


SKY COVER
  POSSIBLE SUNSHINE  MM
  AVERAGE SKY COVER 0.6


WEATHER CONDITIONS
 THE FOLLOWING WEATHER WAS RECORDED YESTERDAY.
  LIGHT RAIN


RELATIVE HUMIDITY (PERCENT)
 HIGHEST    92          1200 AM
 LOWEST     41           400 PM
 AVERAGE    67

..........................................................


THE BIG PINEY WY CLIMATE NORMALS FOR TODAY
                         NORMAL    RECORD    YEAR
 MAXIMUM TEMPERATURE (F)   64        83      2001
 MINIMUM TEMPERATURE (F)   28        11      1984


SUNRISE AND SUNSET
SEPTEMBER 25 2016.....SUNRISE   712 AM MDT   SUNSET   711 PM MDT
SEPTEMBER 26 2016.....SUNRISE   713 AM MDT   SUNSET   710 PM MDT


-  INDICATES NEGATIVE NUMBERS.
R  INDICATES RECORD WAS SET OR TIED.
MM INDICATES DATA IS MISSING.
T  INDICATES TRACE AMOUNT.




$$
