000
CDUS45 KRIW 290735
CLIBPI


CLIMATE REPORT
NATIONAL WEATHER SERVICE RIVERTON WY
127 AM MDT SAT AUG 29 2015


...................................

...THE BIG PINEY WY CLIMATE SUMMARY FOR AUGUST 28 2015...

CLIMATE NORMAL PERIOD 1981 TO 2010
CLIMATE RECORD PERIOD 1976 TO 2015


WEATHER ITEM   OBSERVED TIME   RECORD YEAR NORMAL DEPARTURE LAST
                VALUE   (LST)  VALUE       VALUE  FROM      YEAR
                                                  NORMAL
..................................................................
TEMPERATURE (F)
 YESTERDAY
  MAXIMUM         83    249 PM  88    2012  76      7       76
  MINIMUM         36    610 AM  26    1976  37     -1       38
  AVERAGE         60                        56      4       57

PRECIPITATION (IN)
  YESTERDAY        0.00          0.11 2010   0.03  -0.03     0.00
  MONTH TO DATE    0.39                      0.62  -0.23     1.41
  SINCE JUN 1      2.35                      2.12   0.23     2.03
  SINCE JAN 1      5.33                      4.59   0.74     3.18

DEGREE DAYS
 HEATING
  YESTERDAY        5                         9     -4        8
  MONTH TO DATE  109                       149    -40      145
  SINCE JUN 1    402                       571   -169      546
  SINCE JUL 1    267                       266      1      199

 COOLING
  YESTERDAY        0                         0      0        0
  MONTH TO DATE   10                        12     -2        0
  SINCE JUN 1     52                        36     16       26
  SINCE JAN 1     52                        36     16       26
..................................................................


WIND (MPH)
  HIGHEST WIND SPEED    14   HIGHEST WIND DIRECTION    NW (310)
  HIGHEST GUST SPEED    17   HIGHEST GUST DIRECTION     W (260)
  AVERAGE WIND SPEED     4.8


SKY COVER
  POSSIBLE SUNSHINE  MM
  AVERAGE SKY COVER 0.1


WEATHER CONDITIONS
 THE FOLLOWING WEATHER WAS RECORDED YESTERDAY.
  NO SIGNIFICANT WEATHER WAS OBSERVED.


RELATIVE HUMIDITY (PERCENT)
 HIGHEST    89           600 AM
 LOWEST     13           400 PM
 AVERAGE    51

..........................................................


THE BIG PINEY WY CLIMATE NORMALS FOR TODAY
                         NORMAL    RECORD    YEAR
 MAXIMUM TEMPERATURE (F)   75        87      2012
                                             2005
 MINIMUM TEMPERATURE (F)   37        26      1989


SUNRISE AND SUNSET
AUGUST 29 2015........SUNRISE   642 AM MDT   SUNSET   800 PM MDT
AUGUST 30 2015........SUNRISE   643 AM MDT   SUNSET   758 PM MDT


-  INDICATES NEGATIVE NUMBERS.
R  INDICATES RECORD WAS SET OR TIED.
MM INDICATES DATA IS MISSING.
T  INDICATES TRACE AMOUNT.




$$
