000
CDUS45 KRIW 250753
CLIBPI


CLIMATE REPORT
NATIONAL WEATHER SERVICE RIVERTON WY
146 AM MDT SAT OCT 25 2014


...................................

...THE BIG PINEY WY CLIMATE SUMMARY FOR OCTOBER 24 2014...

CLIMATE NORMAL PERIOD 1981 TO 2010
CLIMATE RECORD PERIOD 1976 TO 2014


WEATHER ITEM   OBSERVED TIME   RECORD YEAR NORMAL DEPARTURE LAST
                VALUE   (LST)  VALUE       VALUE  FROM      YEAR
                                                  NORMAL
..................................................................
TEMPERATURE (F)
 YESTERDAY
  MAXIMUM         69R   140 PM  69    1999  52     17       62
  MINIMUM         24    715 AM   5    1984  19      5       21
  AVERAGE         47                        35     12       42

PRECIPITATION (IN)
  YESTERDAY        0.00          0.13 2010   0.02  -0.02     0.00
  MONTH TO DATE    0.08                      0.46  -0.38     0.32
  SINCE SEP 1      1.24                      1.24   0.00     1.15
  SINCE JAN 1      4.61                      5.90  -1.29     4.15

DEGREE DAYS
 HEATING
  YESTERDAY       18                        30    -12       23
  MONTH TO DATE  498                       608   -110      627
  SINCE SEP 1    852                      1066   -214      964
  SINCE JUL 1   1081                      1359   -278     1065

 COOLING
  YESTERDAY        0                         0      0        0
  MONTH TO DATE    0                         0      0        0
  SINCE SEP 1      0                         0      0        5
  SINCE JAN 1     26                        35     -9       89
..................................................................


WIND (MPH)
  HIGHEST WIND SPEED    24   HIGHEST WIND DIRECTION     W (290)
  HIGHEST GUST SPEED    32   HIGHEST GUST DIRECTION     W (270)
  AVERAGE WIND SPEED     5.8


SKY COVER
  POSSIBLE SUNSHINE  MM
  AVERAGE SKY COVER 0.1


WEATHER CONDITIONS
 THE FOLLOWING WEATHER WAS RECORDED YESTERDAY.
  LIGHT RAIN


RELATIVE HUMIDITY (PERCENT)
 HIGHEST    81           500 AM
 LOWEST     18           400 PM
 AVERAGE    50

..........................................................


THE BIG PINEY WY CLIMATE NORMALS FOR TODAY
                         NORMAL    RECORD    YEAR
 MAXIMUM TEMPERATURE (F)   51        68      1999
 MINIMUM TEMPERATURE (F)   18         0      2001


SUNRISE AND SUNSET
OCTOBER 25 2014.......SUNRISE   745 AM MDT   SUNSET   623 PM MDT
OCTOBER 26 2014.......SUNRISE   747 AM MDT   SUNSET   621 PM MDT


-  INDICATES NEGATIVE NUMBERS.
R  INDICATES RECORD WAS SET OR TIED.
MM INDICATES DATA IS MISSING.
T  INDICATES TRACE AMOUNT.




$$
