000
CDUS45 KRIW 310743
CLIBPI


CLIMATE REPORT
NATIONAL WEATHER SERVICE RIVERTON WY
128 AM MDT TUE MAY 31 2016


...................................

...THE BIG PINEY WY CLIMATE SUMMARY FOR MAY 30 2016...

CLIMATE NORMAL PERIOD 1981 TO 2010
CLIMATE RECORD PERIOD 1976 TO 2016


WEATHER ITEM   OBSERVED TIME   RECORD YEAR NORMAL DEPARTURE LAST
                VALUE   (LST)  VALUE       VALUE  FROM      YEAR
                                                  NORMAL
..................................................................
TEMPERATURE (F)
 YESTERDAY
  MAXIMUM         66    253 PM  82    2002  66      0       73
  MINIMUM         37    453 AM  17    1977  34      3       35
  AVERAGE         52                        50      2       54

PRECIPITATION (IN)
  YESTERDAY        0.00          0.38 2005   0.03  -0.03      T
  MONTH TO DATE    3.99                      0.81   3.18     2.30
  SINCE MAR 1      5.88                      1.78   4.10     2.92
  SINCE JAN 1      6.05                      2.44   3.61     2.98

DEGREE DAYS
 HEATING
  YESTERDAY       13                        15     -2       11
  MONTH TO DATE  587                       581      6      571
  SINCE MAR 1   2395                      2589   -194     2281
  SINCE JUL 1   9249                     10112   -863     8381

 COOLING
  YESTERDAY        0                         0      0        0
  MONTH TO DATE    0                         0      0        0
  SINCE MAR 1      0                         0      0        0
  SINCE JAN 1      0                         0      0        0
..................................................................


WIND (MPH)
  HIGHEST WIND SPEED    24   HIGHEST WIND DIRECTION    NW (320)
  HIGHEST GUST SPEED    31   HIGHEST GUST DIRECTION    NW (310)
  AVERAGE WIND SPEED    10.3


SKY COVER
  POSSIBLE SUNSHINE  MM
  AVERAGE SKY COVER 0.2


WEATHER CONDITIONS
 THE FOLLOWING WEATHER WAS RECORDED YESTERDAY.
  NO SIGNIFICANT WEATHER WAS OBSERVED.


RELATIVE HUMIDITY (PERCENT)
 HIGHEST    92           500 AM
 LOWEST     26           200 PM
 AVERAGE    59

..........................................................


THE BIG PINEY WY CLIMATE NORMALS FOR TODAY
                         NORMAL    RECORD    YEAR
 MAXIMUM TEMPERATURE (F)   67        85      2002
 MINIMUM TEMPERATURE (F)   34        22      2006


SUNRISE AND SUNSET
MAY 31 2016...........SUNRISE   546 AM MDT   SUNSET   851 PM MDT
JUNE  1 2016..........SUNRISE   545 AM MDT   SUNSET   852 PM MDT


-  INDICATES NEGATIVE NUMBERS.
R  INDICATES RECORD WAS SET OR TIED.
MM INDICATES DATA IS MISSING.
T  INDICATES TRACE AMOUNT.




$$
