000
CDUS45 KRIW 020731
CLIBPI


CLIMATE REPORT
NATIONAL WEATHER SERVICE RIVERTON WY
131 AM MDT THU OCT 2 2014


...................................

...THE BIG PINEY WY CLIMATE SUMMARY FOR OCTOBER 1 2014...

CLIMATE NORMAL PERIOD 1981 TO 2010
CLIMATE RECORD PERIOD 1976 TO 2014


WEATHER ITEM   OBSERVED TIME   RECORD YEAR NORMAL DEPARTURE LAST
                VALUE   (LST)  VALUE       VALUE  FROM      YEAR
                                                  NORMAL
..................................................................
TEMPERATURE (F)
 YESTERDAY
  MAXIMUM         48    423 PM  79    2011  62    -14       67
  MINIMUM         26    555 AM  11    1984  26      0       26
  AVERAGE         37                        44     -7       47

PRECIPITATION (IN)
  YESTERDAY        T             0.40 2002   0.02  -0.02     0.00
  MONTH TO DATE    T                         0.02  -0.02     0.00
  SINCE SEP 1      1.16                      0.80   0.36     0.83
  SINCE JAN 1      4.53                      5.46  -0.93     3.83

DEGREE DAYS
 HEATING
  YESTERDAY       28                        21      7       18
  MONTH TO DATE   28                        21      7       18
  SINCE SEP 1    382                       479    -97      355
  SINCE JUL 1    611                       772   -161      456

 COOLING
  YESTERDAY        0                         0      0        0
  MONTH TO DATE    0                         0      0        0
  SINCE SEP 1      0                         0      0        5
  SINCE JAN 1     26                        35     -9       89
..................................................................


WIND (MPH)
  HIGHEST WIND SPEED    26   HIGHEST WIND DIRECTION     N (350)
  HIGHEST GUST SPEED    32   HIGHEST GUST DIRECTION     N (340)
  AVERAGE WIND SPEED    11.9


SKY COVER
  POSSIBLE SUNSHINE  MM
  AVERAGE SKY COVER 0.4


WEATHER CONDITIONS
 THE FOLLOWING WEATHER WAS RECORDED YESTERDAY.
  LIGHT RAIN


RELATIVE HUMIDITY (PERCENT)
 HIGHEST    85           300 AM
 LOWEST     45           200 PM
 AVERAGE    65

..........................................................


THE BIG PINEY WY CLIMATE NORMALS FOR TODAY
                         NORMAL    RECORD    YEAR
 MAXIMUM TEMPERATURE (F)   61        77      2010
                                             2011
 MINIMUM TEMPERATURE (F)   26        10      2009


SUNRISE AND SUNSET
OCTOBER  2 2014.......SUNRISE   719 AM MDT   SUNSET   700 PM MDT
OCTOBER  3 2014.......SUNRISE   720 AM MDT   SUNSET   658 PM MDT


-  INDICATES NEGATIVE NUMBERS.
R  INDICATES RECORD WAS SET OR TIED.
MM INDICATES DATA IS MISSING.
T  INDICATES TRACE AMOUNT.




$$
