000
CDUS44 KLCH 180820
CLIBPT


CLIMATE REPORT
NATIONAL WEATHER SERVICE LAKE CHARLES, LA
219 AM CST THU DEC 18 2014


...................................

...THE BEAUMONT PORT ARTHUR CLIMATE SUMMARY FOR DECEMBER 17 2014...

CLIMATE NORMAL PERIOD 1981 TO 2010
CLIMATE RECORD PERIOD 1901 TO 2014


WEATHER ITEM   OBSERVED TIME   RECORD YEAR NORMAL DEPARTURE LAST
                VALUE   (LST)  VALUE       VALUE  FROM      YEAR
                                                  NORMAL
..................................................................
TEMPERATURE (F)
 YESTERDAY
  MAXIMUM         64    303 PM  82    1908  63      1       69
  MINIMUM         45    740 AM  24    1972  44      1       35
                                      1901
  AVERAGE         55                        54      1       52

PRECIPITATION (IN)
  YESTERDAY        0.00          4.77 1995   0.18  -0.18     0.00
  MONTH TO DATE    0.05                      2.81  -2.76     0.59
  SINCE DEC 1      0.05                      2.81  -2.76     0.59
  SINCE JAN 1     48.76                     57.99  -9.23    55.42

SNOWFALL (IN)
  YESTERDAY        0.0           0.0    MM   0.0    0.0      0.0
  MONTH TO DATE    0.0                       0.0    0.0      0.0
  SINCE DEC 1      0.0                       0.0    0.0      0.0
  SINCE JUL 1      0.0                       0.0    0.0      0.0
  SNOW DEPTH       0

DEGREE DAYS
 HEATING
  YESTERDAY       10                        12     -2       13
  MONTH TO DATE   89                       179    -90      231
  SINCE DEC 1     89                       179    -90      231
  SINCE JUL 1    326                       374    -48      473

 COOLING
  YESTERDAY        0                         1     -1        0
  MONTH TO DATE   20                        17      3       17
  SINCE DEC 1     20                        17      3       17
  SINCE JAN 1   2931                      2872     59     3012
..................................................................


WIND (MPH)
  HIGHEST WIND SPEED    15   HIGHEST WIND DIRECTION     E (100)
  HIGHEST GUST SPEED    19   HIGHEST GUST DIRECTION     E (100)
  AVERAGE WIND SPEED     9.1


SKY COVER
  POSSIBLE SUNSHINE  MM
  AVERAGE SKY COVER 0.5


WEATHER CONDITIONS
 THE FOLLOWING WEATHER WAS RECORDED YESTERDAY.
  NO SIGNIFICANT WEATHER WAS OBSERVED.


RELATIVE HUMIDITY (PERCENT)
 HIGHEST    80          1100 PM
 LOWEST     52           200 PM
 AVERAGE    66

..........................................................


THE BEAUMONT PORT ARTHUR CLIMATE NORMALS FOR TODAY
                         NORMAL    RECORD    YEAR
 MAXIMUM TEMPERATURE (F)   63        79      1908
 MINIMUM TEMPERATURE (F)   44        22      1979


SUNRISE AND SUNSET
DECEMBER 18 2014......SUNRISE   706 AM CST   SUNSET   519 PM CST
DECEMBER 19 2014......SUNRISE   707 AM CST   SUNSET   520 PM CST


-  INDICATES NEGATIVE NUMBERS.
R  INDICATES RECORD WAS SET OR TIED.
MM INDICATES DATA IS MISSING.
T  INDICATES TRACE AMOUNT.




$$
