000
CDUS44 KLCH 230849
CLIBPT


CLIMATE REPORT
NATIONAL WEATHER SERVICE LAKE CHARLES, LA
348 AM CDT WED AUG 23 2017


...................................

...THE BEAUMONT PORT ARTHUR CLIMATE SUMMARY FOR AUGUST 22 2017...

CLIMATE NORMAL PERIOD 1981 TO 2010
CLIMATE RECORD PERIOD 1901 TO 2017


WEATHER ITEM   OBSERVED TIME   RECORD YEAR NORMAL DEPARTURE LAST
                VALUE   (LST)  VALUE       VALUE  FROM      YEAR
                                                  NORMAL
..................................................................
TEMPERATURE (F)
 YESTERDAY
  MAXIMUM         91   1110 AM 100    1980  92     -1       91
                                      1921
  MINIMUM         75    415 AM  62    1956  74      1       75
  AVERAGE         83                        83      0       83

PRECIPITATION (IN)
  YESTERDAY        0.23          1.56 1993   0.17   0.06     0.51
  MONTH TO DATE    7.20                      3.70   3.50     7.63
  SINCE JUN 1     23.88                     16.74   7.14    25.41
  SINCE JAN 1     42.06                     37.55   4.51    54.91

SNOWFALL (IN)
  YESTERDAY        0.0           0.0    MM   0.0    0.0      0.0
  MONTH TO DATE    0.0                       0.0    0.0      0.0
  SINCE JUN 1      0.0                       0.0    0.0      0.0
  SINCE JUL 1      0.0                       0.0    0.0      0.0
  SNOW DEPTH       0

DEGREE DAYS
 HEATING
  YESTERDAY        0                         0      0        0
  MONTH TO DATE    0                         0      0        0
  SINCE JUN 1      0                         0      0        0
  SINCE JUL 1      0                         0      0        0

 COOLING
  YESTERDAY       18                        18      0       18
  MONTH TO DATE  401                       396      5      428
  SINCE JUN 1   1295                      1436   -141     1584
  SINCE JAN 1   2180                      2002    178     2291
..................................................................


WIND (MPH)
  HIGHEST WIND SPEED    16   HIGHEST WIND DIRECTION     E (110)
  HIGHEST GUST SPEED    19   HIGHEST GUST DIRECTION     E (100)
  AVERAGE WIND SPEED     3.4


SKY COVER
  POSSIBLE SUNSHINE  MM
  AVERAGE SKY COVER 0.2


WEATHER CONDITIONS
 THE FOLLOWING WEATHER WAS RECORDED YESTERDAY.
  THUNDERSTORM
  HEAVY RAIN
  RAIN
  LIGHT RAIN
  FOG
  TORNADO


RELATIVE HUMIDITY (PERCENT)
 HIGHEST    94           200 AM
 LOWEST     56           400 PM
 AVERAGE    75

..........................................................


THE BEAUMONT PORT ARTHUR CLIMATE NORMALS FOR TODAY
                         NORMAL    RECORD    YEAR
 MAXIMUM TEMPERATURE (F)   92       101      1904
 MINIMUM TEMPERATURE (F)   74        62      1949


SUNRISE AND SUNSET
AUGUST 23 2017........SUNRISE   648 AM CDT   SUNSET   748 PM CDT
AUGUST 24 2017........SUNRISE   649 AM CDT   SUNSET   747 PM CDT


-  INDICATES NEGATIVE NUMBERS.
R  INDICATES RECORD WAS SET OR TIED.
MM INDICATES DATA IS MISSING.
T  INDICATES TRACE AMOUNT.




$$
