000
CDUS44 KLCH 180839
CLIBPT


CLIMATE REPORT
NATIONAL WEATHER SERVICE LAKE CHARLES, LA
338 AM CDT WED OCT 18 2017


...................................

...THE BEAUMONT PORT ARTHUR CLIMATE SUMMARY FOR OCTOBER 17 2017...

CLIMATE NORMAL PERIOD 1981 TO 2010
CLIMATE RECORD PERIOD 1901 TO 2017


WEATHER ITEM   OBSERVED TIME   RECORD YEAR NORMAL DEPARTURE LAST
                VALUE   (LST)  VALUE       VALUE  FROM      YEAR
                                                  NORMAL
..................................................................
TEMPERATURE (F)
 YESTERDAY
  MAXIMUM         78    206 PM  95    1905  80     -2       90
  MINIMUM         49    625 AM  43    2001  60    -11       66
                                      1974
                                      1967
  AVERAGE         64                        70     -6       78

PRECIPITATION (IN)
  YESTERDAY        0.00          5.41 1994   0.19  -0.19     0.00
  MONTH TO DATE    2.50                      3.04  -0.54     0.31
  SINCE SEP 1      5.07                      9.01  -3.94     4.31
  SINCE JAN 1     94.67                     48.24  46.43    61.83

SNOWFALL (IN)
  YESTERDAY       MM             0.0    MM   0.0   MM        0.0
  MONTH TO DATE    0.0                       0.0    0.0      0.0
  SINCE SEP 1      0.0                       0.0    0.0      0.0
  SINCE JUL 1      0.0                       0.0    0.0      0.0
  SNOW DEPTH       0

DEGREE DAYS
 HEATING
  YESTERDAY        1                         1      0        0
  MONTH TO DATE    1                         7     -6        0
  SINCE SEP 1      1                         8     -7        0
  SINCE JUL 1      1                         8     -7        0

 COOLING
  YESTERDAY        0                         6     -6       13
  MONTH TO DATE  224                       135     89      202
  SINCE SEP 1    660                       554    106      737
  SINCE JAN 1   2953                      2721    232     3190
..................................................................


WIND (MPH)
  HIGHEST WIND SPEED    13   HIGHEST WIND DIRECTION     N (10)
  HIGHEST GUST SPEED    17   HIGHEST GUST DIRECTION     N (20)
  AVERAGE WIND SPEED     6.5


SKY COVER
  POSSIBLE SUNSHINE  MM
  AVERAGE SKY COVER 0.0


WEATHER CONDITIONS
 THE FOLLOWING WEATHER WAS RECORDED YESTERDAY.
  NO SIGNIFICANT WEATHER WAS OBSERVED.


RELATIVE HUMIDITY (PERCENT)
 HIGHEST    93          1100 PM
 LOWEST     33           300 PM
 AVERAGE    63

..........................................................


THE BEAUMONT PORT ARTHUR CLIMATE NORMALS FOR TODAY
                         NORMAL    RECORD    YEAR
 MAXIMUM TEMPERATURE (F)   80        96      1905
 MINIMUM TEMPERATURE (F)   60        38      1948


SUNRISE AND SUNSET
OCTOBER 18 2017.......SUNRISE   720 AM CDT   SUNSET   642 PM CDT
OCTOBER 19 2017.......SUNRISE   721 AM CDT   SUNSET   641 PM CDT


-  INDICATES NEGATIVE NUMBERS.
R  INDICATES RECORD WAS SET OR TIED.
MM INDICATES DATA IS MISSING.
T  INDICATES TRACE AMOUNT.




$$
