000
CDUS44 KLCH 290920
CLIBPT


CLIMATE REPORT
NATIONAL WEATHER SERVICE LAKE CHARLES, LA
320 AM CST THU JAN 29 2015


...................................

...THE BEAUMONT PORT ARTHUR CLIMATE SUMMARY FOR JANUARY 28 2015...

CLIMATE NORMAL PERIOD 1981 TO 2010
CLIMATE RECORD PERIOD 1901 TO 2015


WEATHER ITEM   OBSERVED TIME   RECORD YEAR NORMAL DEPARTURE LAST
                VALUE   (LST)  VALUE       VALUE  FROM      YEAR
                                                  NORMAL
..................................................................
TEMPERATURE (F)
 YESTERDAY
  MAXIMUM         72    139 PM  81    1909  63      9       46
                                      1908
  MINIMUM         44    549 AM  24    1906  44      0       28
  AVERAGE         58                        53      5       37

PRECIPITATION (IN)
  YESTERDAY        0.00          2.09 1905   0.16  -0.16     0.05
  MONTH TO DATE    5.99                      4.79   1.20     1.27
  SINCE DEC 1      9.13                     10.08  -0.95     2.56
  SINCE JAN 1      5.99                      4.79   1.20     1.27

SNOWFALL (IN)
  YESTERDAY        0.0           0.3  2014   0.0    0.0      0.3
  MONTH TO DATE    0.0                       0.0    0.0      0.3
  SINCE DEC 1      0.0                       T      0.0      0.3
  SINCE JUL 1      0.0                       T      0.0      0.3
  SNOW DEPTH       0

DEGREE DAYS
 HEATING
  YESTERDAY        7                        12     -5       28
  MONTH TO DATE  423                       358     65      441
  SINCE DEC 1    671                       713    -42      854
  SINCE JUL 1    908                       908      0     1096

 COOLING
  YESTERDAY        0                         0      0        0
  MONTH TO DATE    0                         0      0        0
  SINCE DEC 1     20                        22     -2       24
  SINCE JAN 1      0                         0      0        0
..................................................................


WIND (MPH)
  HIGHEST WIND SPEED    16   HIGHEST WIND DIRECTION    SE (140)
  HIGHEST GUST SPEED    21   HIGHEST GUST DIRECTION    SE (120)
  AVERAGE WIND SPEED     6.8


SKY COVER
  POSSIBLE SUNSHINE  MM
  AVERAGE SKY COVER 0.1


WEATHER CONDITIONS
 THE FOLLOWING WEATHER WAS RECORDED YESTERDAY.
  FOG
  FOG W/VISIBILITY <= 1/4 MILE
  HAZE


RELATIVE HUMIDITY (PERCENT)
 HIGHEST   100           800 PM
 LOWEST     72           900 AM
 AVERAGE    86

..........................................................


THE BEAUMONT PORT ARTHUR CLIMATE NORMALS FOR TODAY
                         NORMAL    RECORD    YEAR
 MAXIMUM TEMPERATURE (F)   63        80      2002
 MINIMUM TEMPERATURE (F)   44        25      2014
                                             1961


SUNRISE AND SUNSET
JANUARY 29 2015.......SUNRISE   708 AM CST   SUNSET   551 PM CST
JANUARY 30 2015.......SUNRISE   707 AM CST   SUNSET   552 PM CST


-  INDICATES NEGATIVE NUMBERS.
R  INDICATES RECORD WAS SET OR TIED.
MM INDICATES DATA IS MISSING.
T  INDICATES TRACE AMOUNT.




$$
