000
CDUS44 KLCH 270857
CLIBPT


CLIMATE REPORT
NATIONAL WEATHER SERVICE LAKE CHARLES, LA
357 AM CDT TUE JUN 27 2017


...................................

...THE BEAUMONT PORT ARTHUR CLIMATE SUMMARY FOR JUNE 26 2017...

CLIMATE NORMAL PERIOD 1981 TO 2010
CLIMATE RECORD PERIOD 1901 TO 2017


WEATHER ITEM   OBSERVED TIME   RECORD YEAR NORMAL DEPARTURE LAST
                VALUE   (LST)  VALUE       VALUE  FROM      YEAR
                                                  NORMAL
..................................................................
TEMPERATURE (F)
 YESTERDAY
  MAXIMUM         MM        MM 101    1944  91     MM       94
                                      1930
  MINIMUM         MM        MM  59    1974  74     MM       75
  AVERAGE         MM                        82     MM       85

PRECIPITATION (IN)
  YESTERDAY       MM             4.87 1986   0.26  MM         T
  MONTH TO DATE    5.31                      6.10  -0.79     7.56
  SINCE JUN 1      5.31                      6.10  -0.79     7.56
  SINCE JAN 1     23.49                     26.91  -3.42    37.06

SNOWFALL (IN)
  YESTERDAY        0.0           0.0    MM   0.0    0.0      0.0
  MONTH TO DATE    0.0                       0.0    0.0      0.0
  SINCE JUN 1      0.0                       0.0    0.0      0.0
  SINCE JUL 1      0.0                       T      0.0      0.0
  SNOW DEPTH       0

DEGREE DAYS
 HEATING
  YESTERDAY       MM                         0     MM        0
  MONTH TO DATE    0                         0      0        0
  SINCE JUN 1      0                         0      0        0
  SINCE JUL 1    614                      1401   -787      889

 COOLING
  YESTERDAY       MM                        17     MM       20
  MONTH TO DATE  375                       415    -40      450
  SINCE JUN 1    375                       415    -40      450
  SINCE JAN 1   1260                       981    279     1157
..................................................................


WIND (MPH)
  HIGHEST WIND SPEED    MM   HIGHEST WIND DIRECTION    MM
  HIGHEST GUST SPEED    MM   HIGHEST GUST DIRECTION    MM
  AVERAGE WIND SPEED    MM


SKY COVER
  POSSIBLE SUNSHINE  MM
  AVERAGE SKY COVER  MM


WEATHER CONDITIONS
 THE FOLLOWING WEATHER WAS RECORDED YESTERDAY.
  THUNDERSTORM


RELATIVE HUMIDITY (PERCENT)
 HIGHEST    MM
 LOWEST     MM
 AVERAGE    MM

..........................................................


THE BEAUMONT PORT ARTHUR CLIMATE NORMALS FOR TODAY
                         NORMAL    RECORD    YEAR
 MAXIMUM TEMPERATURE (F)   91       104      1930
 MINIMUM TEMPERATURE (F)   74        65      1968
                                             1903


SUNRISE AND SUNSET
JUNE 27 2017..........SUNRISE   617 AM CDT   SUNSET   821 PM CDT
JUNE 28 2017..........SUNRISE   618 AM CDT   SUNSET   821 PM CDT


-  INDICATES NEGATIVE NUMBERS.
R  INDICATES RECORD WAS SET OR TIED.
MM INDICATES DATA IS MISSING.
T  INDICATES TRACE AMOUNT.




$$
