000
CDUS43 KDVN 232225
CLIBRL


CLIMATE REPORT
NATIONAL WEATHER SERVICE QUAD CITIES IA IL
423 PM CST THU FEB 23 2017


...................................

...THE BURLINGTON IA CLIMATE SUMMARY FOR FEBRUARY 23 2017...
VALID TODAY AS OF 0400 PM LOCAL TIME.

CLIMATE NORMAL PERIOD 1981 TO 2010
CLIMATE RECORD PERIOD 1897 TO 2017


WEATHER ITEM   OBSERVED TIME   RECORD YEAR NORMAL DEPARTURE LAST
                VALUE   (LST)  VALUE       VALUE  FROM      YEAR
                                                  NORMAL
..................................................................
TEMPERATURE (F)
 TODAY
  MAXIMUM         55   1234 AM  66    1933  41     14       48
  MINIMUM         42    509 AM -10    1910  24     18       28
  AVERAGE         49                        33     16       38

PRECIPITATION (IN)
  TODAY            0.04         MM      MM   0.07  -0.03     0.00
  MONTH TO DATE    0.27                      1.25  -0.98     0.84
  SINCE DEC 1      2.71                      4.58  -1.87     5.89
  SINCE JAN 1      1.73                      2.49  -0.76     1.38

DEGREE DAYS
 HEATING
  TODAY           16                        32    -16       27
  MONTH TO DATE  557                       820   -263      803
  SINCE DEC 1   2818                      3148   -330     2822
  SINCE JUL 1   3574                      4221   -647     3739

 COOLING
  TODAY            0                         0      0        0
  MONTH TO DATE    0                         0      0        0
  SINCE DEC 1      0                         0      0        0
  SINCE JAN 1      0                         0      0        0
..................................................................


WIND (MPH)
  HIGHEST WIND SPEED    22   HIGHEST WIND DIRECTION     E (90)
  HIGHEST GUST SPEED    27   HIGHEST GUST DIRECTION     E (80)
  AVERAGE WIND SPEED     9.4


SKY COVER
  POSSIBLE SUNSHINE  MM
  AVERAGE SKY COVER 0.5


WEATHER CONDITIONS
 THE FOLLOWING WEATHER WAS RECORDED TODAY.
  LIGHT RAIN
  FOG


RELATIVE HUMIDITY (PERCENT)
 HIGHEST   100           600 AM
 LOWEST     71           100 AM
 AVERAGE    86

..........................................................


THE BURLINGTON IA CLIMATE NORMALS FOR TOMORROW
                         NORMAL    RECORD    YEAR
 MAXIMUM TEMPERATURE (F)   42        76      1930
 MINIMUM TEMPERATURE (F)   24        -7      1910


SUNRISE AND SUNSET
FEBRUARY 23 2017......SUNRISE   647 AM CST   SUNSET   549 PM CST
FEBRUARY 24 2017......SUNRISE   645 AM CST   SUNSET   550 PM CST


-  INDICATES NEGATIVE NUMBERS.
R  INDICATES RECORD WAS SET OR TIED.
MM INDICATES DATA IS MISSING.
T  INDICATES TRACE AMOUNT.




$$
