000
CDUS43 KDVN 192229
CLIBRL


CLIMATE REPORT
NATIONAL WEATHER SERVICE QUAD CITIES IA IL
426 PM CST SUN NOV 19 2017


...................................

...THE BURLINGTON IA CLIMATE SUMMARY FOR NOVEMBER 19 2017...
VALID TODAY AS OF 0400 PM LOCAL TIME.

CLIMATE NORMAL PERIOD 1981 TO 2010
CLIMATE RECORD PERIOD 1897 TO 2017


WEATHER ITEM   OBSERVED TIME   RECORD YEAR NORMAL DEPARTURE LAST
                VALUE   (LST)  VALUE       VALUE  FROM      YEAR
                                                  NORMAL
..................................................................
TEMPERATURE (F)
 TODAY
  MAXIMUM         39    341 PM  77    1942  50    -11       41
  MINIMUM         23    713 AM   6    1914  32     -9       27
  AVERAGE         31                        41    -10       34

PRECIPITATION (IN)
  TODAY            0.00         MM      MM   0.07  -0.07     0.00
  MONTH TO DATE    0.98                      1.60  -0.62     1.34
  SINCE SEP 1      6.13                      8.24  -2.11     6.96
  SINCE JAN 1     31.46                     35.49  -4.03    31.21

DEGREE DAYS
 HEATING
  TODAY           34                        24     10       31
  MONTH TO DATE  497                       377    120      239
  SINCE SEP 1    803                       767     36      470
  SINCE JUL 1    803                       771     32      476

 COOLING
  TODAY            0                         0      0        0
  MONTH TO DATE    0                         0      0        4
  SINCE SEP 1    194                       163     31      243
  SINCE JAN 1   1068                      1206   -138     1276
..................................................................


WIND (MPH)
  HIGHEST WIND SPEED    17   HIGHEST WIND DIRECTION    NW (300)
  HIGHEST GUST SPEED    27   HIGHEST GUST DIRECTION     W (290)
  AVERAGE WIND SPEED    11.4


SKY COVER
  POSSIBLE SUNSHINE  MM
  AVERAGE SKY COVER 0.0


WEATHER CONDITIONS
 THE FOLLOWING WEATHER WAS RECORDED TODAY.
  NO SIGNIFICANT WEATHER WAS OBSERVED.


RELATIVE HUMIDITY (PERCENT)
 HIGHEST    74           500 AM
 LOWEST     47          1200 PM
 AVERAGE    61

..........................................................


THE BURLINGTON IA CLIMATE NORMALS FOR TOMORROW
                         NORMAL    RECORD    YEAR
 MAXIMUM TEMPERATURE (F)   49        76      1913
 MINIMUM TEMPERATURE (F)   31         7      1914


SUNRISE AND SUNSET
NOVEMBER 19 2017......SUNRISE   656 AM CST   SUNSET   443 PM CST
NOVEMBER 20 2017......SUNRISE   658 AM CST   SUNSET   442 PM CST


-  INDICATES NEGATIVE NUMBERS.
R  INDICATES RECORD WAS SET OR TIED.
MM INDICATES DATA IS MISSING.
T  INDICATES TRACE AMOUNT.




$$
