000
CDUS43 KDVN 210920
CLIBRL


CLIMATE REPORT
NATIONAL WEATHER SERVICE QUAD CITIES IA IL
420 AM CDT SUN SEP 21 2014


...................................

...THE BURLINGTON IA CLIMATE SUMMARY FOR SEPTEMBER 20 2014...

CLIMATE NORMAL PERIOD 1981 TO 2010
CLIMATE RECORD PERIOD 1897 TO 2014


WEATHER ITEM   OBSERVED TIME   RECORD YEAR NORMAL DEPARTURE LAST
                VALUE   (LST)  VALUE       VALUE  FROM      YEAR
                                                  NORMAL
..................................................................
TEMPERATURE (F)
 YESTERDAY
  MAXIMUM         81    249 PM  93    1940  77      4       71
  MINIMUM         62    546 AM  32    1991  54      8       52
  AVERAGE         72                        66      6       62

PRECIPITATION (IN)
  YESTERDAY        0.00         MM      MM   0.13  -0.13      T
  MONTH TO DATE    5.14                      2.45   2.69     1.08
  SINCE SEP 1      5.14                      2.45   2.69     1.08
  SINCE JAN 1     34.21                     29.70   4.51    28.14

DEGREE DAYS
 HEATING
  YESTERDAY        0                         3     -3        3
  MONTH TO DATE   83                        25     58       19
  SINCE SEP 1     83                        25     58       19
  SINCE JUL 1     90                        29     61       30

 COOLING
  YESTERDAY        7                         3      4        0
  MONTH TO DATE   59                       115    -56      164
  SINCE SEP 1     59                       115    -56      164
  SINCE JAN 1    913                      1158   -245     1065
..................................................................


WIND (MPH)
  HIGHEST WIND SPEED    18   HIGHEST WIND DIRECTION    SW (210)
  HIGHEST GUST SPEED    25   HIGHEST GUST DIRECTION    SW (240)
  AVERAGE WIND SPEED     9.4


SKY COVER
  POSSIBLE SUNSHINE  MM
  AVERAGE SKY COVER 0.3


WEATHER CONDITIONS
 THE FOLLOWING WEATHER WAS RECORDED YESTERDAY.
  FOG
  HAZE


RELATIVE HUMIDITY (PERCENT)
 HIGHEST    93           300 AM
 LOWEST     69          1200 PM
 AVERAGE    81

..........................................................


THE BURLINGTON IA CLIMATE NORMALS FOR TODAY
                         NORMAL    RECORD    YEAR
 MAXIMUM TEMPERATURE (F)   77        94      1908
 MINIMUM TEMPERATURE (F)   54        35      1918


SUNRISE AND SUNSET
SEPTEMBER 21 2014.....SUNRISE   651 AM CDT   SUNSET   703 PM CDT
SEPTEMBER 22 2014.....SUNRISE   652 AM CDT   SUNSET   702 PM CDT


-  INDICATES NEGATIVE NUMBERS.
R  INDICATES RECORD WAS SET OR TIED.
MM INDICATES DATA IS MISSING.
T  INDICATES TRACE AMOUNT.




$$
