000
CDUS43 KDVN 141309
CLIBRL


CLIMATE REPORT
NATIONAL WEATHER SERVICE QUAD CITIES IA IL
709 AM CST SUN FEB 14 2016


...................................

...THE BURLINGTON IA CLIMATE SUMMARY FOR FEBRUARY 13 2016...

CLIMATE NORMAL PERIOD 1981 TO 2010
CLIMATE RECORD PERIOD 1897 TO 2016


WEATHER ITEM   OBSERVED TIME   RECORD YEAR NORMAL DEPARTURE LAST
                VALUE   (LST)  VALUE       VALUE  FROM      YEAR
                                                  NORMAL
..................................................................
TEMPERATURE (F)
 YESTERDAY
  MAXIMUM         20    237 PM  71    1921  38    -18       34
  MINIMUM          4    740 AM -27    1905  21    -17       11
  AVERAGE         12                        29    -17       23

PRECIPITATION (IN)
  YESTERDAY        0.03         MM      MM   0.06  -0.03     0.00
  MONTH TO DATE    0.74                      0.65   0.09     0.50
  SINCE DEC 1      5.79                      3.98   1.81     2.70
  SINCE JAN 1      1.28                      1.89  -0.61     2.04

DEGREE DAYS
 HEATING
  YESTERDAY       53                        36     17       42
  MONTH TO DATE  518                       482     36      564
  SINCE DEC 1   2537                      2810   -273     2787
  SINCE JUL 1   3454                      3883   -429     4164

 COOLING
  YESTERDAY        0                         0      0        0
  MONTH TO DATE    0                         0      0        0
  SINCE DEC 1      0                         0      0        0
  SINCE JAN 1      0                         0      0        0
..................................................................


WIND (MPH)
  HIGHEST WIND SPEED    15   HIGHEST WIND DIRECTION    SE (140)
  HIGHEST GUST SPEED    19   HIGHEST GUST DIRECTION    SE (150)
  AVERAGE WIND SPEED     6.1


SKY COVER
  POSSIBLE SUNSHINE  MM
  AVERAGE SKY COVER 0.3


WEATHER CONDITIONS
 THE FOLLOWING WEATHER WAS RECORDED YESTERDAY.
  LIGHT SNOW
  FOG
  HAZE


RELATIVE HUMIDITY (PERCENT)
 HIGHEST    79           600 AM
 LOWEST     37           200 PM
 AVERAGE    58

..........................................................


THE BURLINGTON IA CLIMATE NORMALS FOR TODAY
                         NORMAL    RECORD    YEAR
 MAXIMUM TEMPERATURE (F)   38        68      1954
 MINIMUM TEMPERATURE (F)   21        -9      1905


SUNRISE AND SUNSET
FEBRUARY 14 2016......SUNRISE   700 AM CST   SUNSET   537 PM CST
FEBRUARY 15 2016......SUNRISE   659 AM CST   SUNSET   539 PM CST


-  INDICATES NEGATIVE NUMBERS.
R  INDICATES RECORD WAS SET OR TIED.
MM INDICATES DATA IS MISSING.
T  INDICATES TRACE AMOUNT.




$$
