000
CDUS43 KDVN 201021
CLIBRL


CLIMATE REPORT
NATIONAL WEATHER SERVICE QUAD CITIES IA IL
419 AM CST SAT JAN 20 2018


...................................

...THE BURLINGTON IA CLIMATE SUMMARY FOR JANUARY 19 2018...

CLIMATE NORMAL PERIOD 1981 TO 2010
CLIMATE RECORD PERIOD 1897 TO 2018


WEATHER ITEM   OBSERVED TIME   RECORD YEAR NORMAL DEPARTURE LAST
                VALUE   (LST)  VALUE       VALUE  FROM      YEAR
                                                  NORMAL
..................................................................
TEMPERATURE (F)
 YESTERDAY
  MAXIMUM         45    327 PM  64    1952  34     11       41
  MINIMUM         28    754 AM -21    1985  17     11       30
  AVERAGE         37                        26     11       36

PRECIPITATION (IN)
  YESTERDAY        0.00         MM      MM   0.03  -0.03     0.05
  MONTH TO DATE    0.52                      0.78  -0.26     1.32
  SINCE DEC 1      0.85                      2.87  -2.02     2.30
  SINCE JAN 1      0.52                      0.78  -0.26     1.32

DEGREE DAYS
 HEATING
  YESTERDAY       28                        39    -11       29
  MONTH TO DATE  939                       741    198      743
  SINCE DEC 1   2086                      1854    232     1902
  SINCE JUL 1   3137                      2927    210     2658

 COOLING
  YESTERDAY        0                         0      0        0
  MONTH TO DATE    0                         0      0        0
  SINCE DEC 1      0                         0      0        0
  SINCE JAN 1      0                         0      0        0
..................................................................


WIND (MPH)
  HIGHEST WIND SPEED    24   HIGHEST WIND DIRECTION     S (200)
  HIGHEST GUST SPEED    29   HIGHEST GUST DIRECTION     S (200)
  AVERAGE WIND SPEED    15.0


SKY COVER
  POSSIBLE SUNSHINE  MM
  AVERAGE SKY COVER 0.0


WEATHER CONDITIONS
 THE FOLLOWING WEATHER WAS RECORDED YESTERDAY.
  NO SIGNIFICANT WEATHER WAS OBSERVED.


RELATIVE HUMIDITY (PERCENT)
 HIGHEST    64           900 PM
 LOWEST     53           200 PM
 AVERAGE    59

..........................................................


THE BURLINGTON IA CLIMATE NORMALS FOR TODAY
                         NORMAL    RECORD    YEAR
 MAXIMUM TEMPERATURE (F)   35        65      1906
 MINIMUM TEMPERATURE (F)   17       -22      1985


SUNRISE AND SUNSET
JANUARY 20 2018.......SUNRISE   724 AM CST   SUNSET   507 PM CST
JANUARY 21 2018.......SUNRISE   723 AM CST   SUNSET   509 PM CST


-  INDICATES NEGATIVE NUMBERS.
R  INDICATES RECORD WAS SET OR TIED.
MM INDICATES DATA IS MISSING.
T  INDICATES TRACE AMOUNT.




$$
