000
CDUS43 KDVN 310902
CLIBRL


CLIMATE REPORT
NATIONAL WEATHER SERVICE QUAD CITIES IA IL
401 AM CDT THU JUL 31 2014


...................................

...THE BURLINGTON IA CLIMATE SUMMARY FOR JULY 30 2014...

CLIMATE NORMAL PERIOD 1981 TO 2010
CLIMATE RECORD PERIOD 1897 TO 2014


WEATHER ITEM   OBSERVED TIME   RECORD YEAR NORMAL DEPARTURE LAST
                VALUE   (LST)  VALUE       VALUE  FROM      YEAR
                                                  NORMAL
..................................................................
TEMPERATURE (F)
 YESTERDAY
  MAXIMUM         80    402 PM 104    1931  86     -6       71
  MINIMUM         55    533 AM  46    1971  66    -11       64
  AVERAGE         68                        76     -8       68

PRECIPITATION (IN)
  YESTERDAY        0.00         MM      MM   0.13  -0.13     1.20
  MONTH TO DATE    2.38                      4.12  -1.74     1.59
  SINCE JUN 1     11.47                      8.59   2.88     3.86
  SINCE JAN 1     22.86                     22.85   0.01    27.06

DEGREE DAYS
 HEATING
  YESTERDAY        0                         0      0        0
  MONTH TO DATE    7                         0      7        8
  SINCE JUN 1      9                        13     -4       23
  SINCE JUL 1      7                         0      7        8

 COOLING
  YESTERDAY        3                        11     -8        3
  MONTH TO DATE  178                       356   -178      289
  SINCE JUN 1    433                       616   -183      497
  SINCE JAN 1    571                       719   -148      596
..................................................................


WIND (MPH)
  HIGHEST WIND SPEED    13   HIGHEST WIND DIRECTION    NW (300)
  HIGHEST GUST SPEED    16   HIGHEST GUST DIRECTION     N (350)
  AVERAGE WIND SPEED     4.3


SKY COVER
  POSSIBLE SUNSHINE  MM
  AVERAGE SKY COVER 0.1


WEATHER CONDITIONS
 THE FOLLOWING WEATHER WAS RECORDED YESTERDAY.
  FOG
  HAZE


RELATIVE HUMIDITY (PERCENT)
 HIGHEST    93           400 AM
 LOWEST     42           300 PM
 AVERAGE    68

..........................................................


THE BURLINGTON IA CLIMATE NORMALS FOR TODAY
                         NORMAL    RECORD    YEAR
 MAXIMUM TEMPERATURE (F)   86       103      1988
 MINIMUM TEMPERATURE (F)   66        48      1971


SUNRISE AND SUNSET
JULY 31 2014..........SUNRISE   600 AM CDT   SUNSET   821 PM CDT
AUGUST  1 2014........SUNRISE   601 AM CDT   SUNSET   820 PM CDT


-  INDICATES NEGATIVE NUMBERS.
R  INDICATES RECORD WAS SET OR TIED.
MM INDICATES DATA IS MISSING.
T  INDICATES TRACE AMOUNT.




$$
