000
CDUS44 KBRO 232128
CLIBRO


CLIMATE REPORT
NATIONAL WEATHER SERVICE BROWNSVILLE TX
428 PM CDT THU MAR 23 2017


...................................

...THE BROWNSVILLE CLIMATE SUMMARY FOR MARCH 23 2017...
VALID TODAY AS OF 0400 PM LOCAL TIME.

CLIMATE NORMAL PERIOD 1981 TO 2010
CLIMATE RECORD PERIOD 1878 TO 2017


WEATHER ITEM   OBSERVED TIME   RECORD YEAR NORMAL DEPARTURE LAST
                VALUE   (LST)  VALUE       VALUE  FROM      YEAR
                                                  NORMAL
..................................................................
TEMPERATURE (F)
 TODAY
  MAXIMUM         84    215 PM  98    1899  80      4       82
  MINIMUM         65    218 AM  40    1914  61      4       68
  AVERAGE         75                        71      4       75

PRECIPITATION (IN)
  TODAY            0.00          0.94 1887   0.05  -0.05     0.00
  MONTH TO DATE    1.84                      0.86   0.98     2.64
  SINCE MAR 1      1.84                      0.86   0.98     2.64
  SINCE JAN 1      3.38                      3.21   0.17     4.52

SNOWFALL (IN)
  TODAY            0.0          90.0  2001   0.0
  MONTH TO DATE    0.0                       0.0
  SINCE MAR 1      0.0                       0.0
  SINCE JUL 1      0.0                       0.0

DEGREE DAYS
 HEATING
  TODAY            0                         1     -1        0
  MONTH TO DATE    2                        36    -34       12
  SINCE MAR 1      2                        36    -34       12
  SINCE JUL 1    201                       539   -338      372

 COOLING
  TODAY           10                         6      4       10
  MONTH TO DATE  193                       117     76      177
  SINCE MAR 1    193                       117     76      177
  SINCE JAN 1    580                       258    322      285
..................................................................


WIND (MPH)
  HIGHEST WIND SPEED    30   HIGHEST WIND DIRECTION     S (160)
  HIGHEST GUST SPEED    38   HIGHEST GUST DIRECTION     S (170)
  AVERAGE WIND SPEED    14.5


SKY COVER
  POSSIBLE SUNSHINE  MM
  AVERAGE SKY COVER 0.1


WEATHER CONDITIONS
 THE FOLLOWING WEATHER WAS RECORDED TODAY.
  NO SIGNIFICANT WEATHER WAS OBSERVED.


RELATIVE HUMIDITY (PERCENT)
 HIGHEST    93           200 AM
 LOWEST     55          1200 PM
 AVERAGE    74

..........................................................


THE BROWNSVILLE CLIMATE NORMALS FOR TOMORROW
                         NORMAL    RECORD    YEAR
 MAXIMUM TEMPERATURE (F)   80        98      1945
 MINIMUM TEMPERATURE (F)   61        41      1952


SUNRISE AND SUNSET
MARCH 23 2017.........SUNRISE   730 AM CDT   SUNSET   743 PM CDT
MARCH 24 2017.........SUNRISE   729 AM CDT   SUNSET   743 PM CDT


-  INDICATES NEGATIVE NUMBERS.
R  INDICATES RECORD WAS SET OR TIED.
MM INDICATES DATA IS MISSING.
T  INDICATES TRACE AMOUNT.




$$
