000
CDUS44 KBRO 180726
CLIBRO


CLIMATE REPORT
NATIONAL WEATHER SERVICE BROWNSVILLE TX
125 AM CST MON DEC 18 2017


...................................

...THE BROWNSVILLE CLIMATE SUMMARY FOR DECEMBER 17 2017...

CLIMATE NORMAL PERIOD 1981 TO 2010
CLIMATE RECORD PERIOD 1878 TO 2017


WEATHER ITEM   OBSERVED TIME   RECORD YEAR NORMAL DEPARTURE LAST
                VALUE   (LST)  VALUE       VALUE  FROM      YEAR
                                                  NORMAL
..................................................................
TEMPERATURE (F)
 YESTERDAY
  MAXIMUM         65    352 PM  84    2006  71     -6       83
                                      1981
                                      1948
  MINIMUM         50    252 AM  29    1932  52     -2       73
  AVERAGE         58                        62     -4       78

PRECIPITATION (IN)
  YESTERDAY        0.00          1.62 1927   0.04  -0.04     0.00
  MONTH TO DATE    0.87                      0.68   0.19     1.46
  SINCE DEC 1      0.87                      0.68   0.19     1.46
  SINCE JAN 1     22.59                     26.97  -4.38    22.60

SNOWFALL (IN)
  YESTERDAY        0.0           0.0  2001   0.0
  MONTH TO DATE    0.3                       0.0
  SINCE DEC 1      0.3                       0.0
  SINCE JUL 1      0.3                       0.0

DEGREE DAYS
 HEATING
  YESTERDAY        7                         6      1        0
  MONTH TO DATE  122                        79     43       47
  SINCE DEC 1    122                        79     43       47
  SINCE JUL 1    138                       133      5       55

 COOLING
  YESTERDAY        0                         2     -2       13
  MONTH TO DATE   51                        51      0       86
  SINCE DEC 1     51                        51      0       86
  SINCE JAN 1   4770                      3996    774     4553
..................................................................


WIND (MPH)
  HIGHEST WIND SPEED    12   HIGHEST WIND DIRECTION    NW (310)
  HIGHEST GUST SPEED    14   HIGHEST GUST DIRECTION    NW (320)
  AVERAGE WIND SPEED     4.1


SKY COVER
  POSSIBLE SUNSHINE  MM
  AVERAGE SKY COVER 1.0


WEATHER CONDITIONS
 THE FOLLOWING WEATHER WAS RECORDED YESTERDAY.
  FOG


RELATIVE HUMIDITY (PERCENT)
 HIGHEST   100           200 AM
 LOWEST     72          1200 PM
 AVERAGE    86

..........................................................


THE BROWNSVILLE CLIMATE NORMALS FOR TODAY
                         NORMAL    RECORD    YEAR
 MAXIMUM TEMPERATURE (F)   71        85      2012
 MINIMUM TEMPERATURE (F)   52        32      1964


SUNRISE AND SUNSET
DECEMBER 18 2017......SUNRISE   711 AM CST   SUNSET   542 PM CST
DECEMBER 19 2017......SUNRISE   711 AM CST   SUNSET   543 PM CST


-  INDICATES NEGATIVE NUMBERS.
R  INDICATES RECORD WAS SET OR TIED.
MM INDICATES DATA IS MISSING.
T  INDICATES TRACE AMOUNT.




$$
