000
CDUS44 KBRO 290627
CLIBRO


CLIMATE REPORT
NATIONAL WEATHER SERVICE BROWNSVILLE TX
126 AM CDT SUN MAR 29 2015


...................................

...THE BROWNSVILLE CLIMATE SUMMARY FOR MARCH 28 2015...

CLIMATE NORMAL PERIOD 1981 TO 2010
CLIMATE RECORD PERIOD 1878 TO 2015


WEATHER ITEM   OBSERVED TIME   RECORD YEAR NORMAL DEPARTURE LAST
                VALUE   (LST)  VALUE       VALUE  FROM      YEAR
                                                  NORMAL
..................................................................
TEMPERATURE (F)
 YESTERDAY
  MAXIMUM         80    248 PM  96    1899  81     -1       94
  MINIMUM         52    703 AM  41    1913  62    -10       66
  AVERAGE         66                        72     -6       80

PRECIPITATION (IN)
  YESTERDAY        0.00          2.51 1999   0.05  -0.05     0.00
  MONTH TO DATE    4.72                      1.11   3.61     1.46
  SINCE MAR 1      4.72                      1.11   3.61     1.46
  SINCE JAN 1      9.04                      3.46   5.58     2.22

SNOWFALL (IN)
  YESTERDAY        0.0
  MONTH TO DATE    0.0
  SINCE MAR 1      0.0
  SINCE JUL 1      0.0

DEGREE DAYS
 HEATING
  YESTERDAY        0                         1     -1        0
  MONTH TO DATE   67                        41     26       90
  SINCE MAR 1     67                        41     26       90
  SINCE JUL 1    690                       544    146      814

 COOLING
  YESTERDAY        1                         7     -6       15
  MONTH TO DATE   97                       152    -55      103
  SINCE MAR 1     97                       152    -55      103
  SINCE JAN 1    154                       293   -139      223
..................................................................


WIND (MPH)
  HIGHEST WIND SPEED    25   HIGHEST WIND DIRECTION     S (170)
  HIGHEST GUST SPEED    31   HIGHEST GUST DIRECTION     S (160)
  AVERAGE WIND SPEED    11.3


SKY COVER
  POSSIBLE SUNSHINE  MM
  AVERAGE SKY COVER 0.0


WEATHER CONDITIONS
 THE FOLLOWING WEATHER WAS RECORDED YESTERDAY.
  FOG


RELATIVE HUMIDITY (PERCENT)
 HIGHEST    93           200 AM
 LOWEST     35           200 PM
 AVERAGE    64

..........................................................


THE BROWNSVILLE CLIMATE NORMALS FOR TODAY
                         NORMAL    RECORD    YEAR
 MAXIMUM TEMPERATURE (F)   81        98      1928
 MINIMUM TEMPERATURE (F)   62        39      1894


SUNRISE AND SUNSET
MARCH 29 2015.........SUNRISE   724 AM CDT   SUNSET   745 PM CDT
MARCH 30 2015.........SUNRISE   723 AM CDT   SUNSET   746 PM CDT


-  INDICATES NEGATIVE NUMBERS.
R  INDICATES RECORD WAS SET OR TIED.
MM INDICATES DATA IS MISSING.
T  INDICATES TRACE AMOUNT.

$$
