000
CDUS44 KBRO 210734
CLIBRO


CLIMATE REPORT
NATIONAL WEATHER SERVICE BROWNSVILLE TX
134 AM CST TUE FEB 21 2017


...................................

...THE BROWNSVILLE CLIMATE SUMMARY FOR FEBRUARY 20 2017...

CLIMATE NORMAL PERIOD 1981 TO 2010
CLIMATE RECORD PERIOD 1878 TO 2017


WEATHER ITEM   OBSERVED TIME   RECORD YEAR NORMAL DEPARTURE LAST
                VALUE   (LST)  VALUE       VALUE  FROM      YEAR
                                                  NORMAL
..................................................................
TEMPERATURE (F)
 YESTERDAY
  MAXIMUM         76    349 AM  94    1912  75      1       81
  MINIMUM         59   1159 PM  34    1895  56      3       66
  AVERAGE         68                        65      3       74

PRECIPITATION (IN)
  YESTERDAY        0.14          1.13 1885   0.03   0.11     0.00
  MONTH TO DATE    1.35                      0.84   0.51     0.00
  SINCE DEC 1      3.20                      3.26  -0.06     2.04
  SINCE JAN 1      1.53                      2.11  -0.58     1.88

SNOWFALL (IN)
  YESTERDAY        0.0           0.0  2002   0.0
                                      2000
  MONTH TO DATE    0.0                       0.0
  SINCE DEC 1      0.0                       0.0
  SINCE JUL 1      0.0                       0.0

DEGREE DAYS
 HEATING
  YESTERDAY        0                         3     -3        0
  MONTH TO DATE    9                        83    -74       55
  SINCE DEC 1    191                       428   -237      320
  SINCE JUL 1    199                       482   -283      342

 COOLING
  YESTERDAY        3                         3      0        9
  MONTH TO DATE  163                        55    108       49
  SINCE DEC 1    480                       194    286      204
  SINCE JAN 1    304                       114    190       70
..................................................................


WIND (MPH)
  HIGHEST WIND SPEED    25   HIGHEST WIND DIRECTION    SE (150)
  HIGHEST GUST SPEED    32   HIGHEST GUST DIRECTION     S (160)
  AVERAGE WIND SPEED     7.2


SKY COVER
  POSSIBLE SUNSHINE  MM
  AVERAGE SKY COVER 0.6


WEATHER CONDITIONS
 THE FOLLOWING WEATHER WAS RECORDED YESTERDAY.
  THUNDERSTORM
  RAIN
  LIGHT RAIN
  FOG


RELATIVE HUMIDITY (PERCENT)
 HIGHEST   100          1100 PM
 LOWEST     68           400 PM
 AVERAGE    84

..........................................................


THE BROWNSVILLE CLIMATE NORMALS FOR TODAY
                         NORMAL    RECORD    YEAR
 MAXIMUM TEMPERATURE (F)   75        90      1909
 MINIMUM TEMPERATURE (F)   56        34      1921


SUNRISE AND SUNSET
FEBRUARY 21 2017......SUNRISE   700 AM CST   SUNSET   627 PM CST
FEBRUARY 22 2017......SUNRISE   659 AM CST   SUNSET   628 PM CST


-  INDICATES NEGATIVE NUMBERS.
R  INDICATES RECORD WAS SET OR TIED.
MM INDICATES DATA IS MISSING.
T  INDICATES TRACE AMOUNT.




$$
