978
CDUS44 KBRO 070725
CLIBRO


CLIMATE REPORT
NATIONAL WEATHER SERVICE BROWNSVILLE TX
125 AM CST SUN FEB 7 2016


...................................

...THE BROWNSVILLE CLIMATE SUMMARY FOR FEBRUARY 6 2016...

CLIMATE NORMAL PERIOD 1981 TO 2010
CLIMATE RECORD PERIOD 1878 TO 2016


WEATHER ITEM   OBSERVED TIME   RECORD YEAR NORMAL DEPARTURE LAST
                VALUE   (LST)  VALUE       VALUE  FROM      YEAR
                                                  NORMAL
..................................................................
TEMPERATURE (F)
 YESTERDAY
  MAXIMUM         73    122 PM  91    1914  73      0       65
  MINIMUM         44   1153 PM  27    1912  54    -10       53
  AVERAGE         59                        63     -4       59

PRECIPITATION (IN)
  YESTERDAY        0.00          0.63 1879   0.05  -0.05     0.00
  MONTH TO DATE    0.00                      0.29  -0.29     0.47
  SINCE DEC 1      2.04                      2.71  -0.67     5.46
  SINCE JAN 1      1.88                      1.56   0.32     4.03

SNOWFALL (IN)
  YESTERDAY        0.0           0.0  2002   0.0
                                      2000
  MONTH TO DATE    0.0                       0.0
  SINCE DEC 1      0.0                       0.0
  SINCE JUL 1      0.0                       0.0

DEGREE DAYS
 HEATING
  YESTERDAY        6                         5      1        6
  MONTH TO DATE   31                        30      1       39
  SINCE DEC 1    296                       375    -79      402
  SINCE JUL 1    318                       429   -111      515

 COOLING
  YESTERDAY        0                         3     -3        0
  MONTH TO DATE    9                        13     -4        7
  SINCE DEC 1    164                       152     12      129
  SINCE JAN 1     30                        72    -42       20
..................................................................


WIND (MPH)
  HIGHEST WIND SPEED    24   HIGHEST WIND DIRECTION    NW (320)
  HIGHEST GUST SPEED    36   HIGHEST GUST DIRECTION    NW (320)
  AVERAGE WIND SPEED     8.7


SKY COVER
  POSSIBLE SUNSHINE  MM
  AVERAGE SKY COVER 0.2


WEATHER CONDITIONS
 THE FOLLOWING WEATHER WAS RECORDED YESTERDAY.
  NO SIGNIFICANT WEATHER WAS OBSERVED.


RELATIVE HUMIDITY (PERCENT)
 HIGHEST    93           400 AM
 LOWEST     15           400 PM
 AVERAGE    54

..........................................................


THE BROWNSVILLE CLIMATE NORMALS FOR TODAY
                         NORMAL    RECORD    YEAR
 MAXIMUM TEMPERATURE (F)   73        85      2013
 MINIMUM TEMPERATURE (F)   54        27      1895


SUNRISE AND SUNSET
FEBRUARY  7 2016......SUNRISE   711 AM CST   SUNSET   617 PM CST
FEBRUARY  8 2016......SUNRISE   710 AM CST   SUNSET   618 PM CST


-  INDICATES NEGATIVE NUMBERS.
R  INDICATES RECORD WAS SET OR TIED.
MM INDICATES DATA IS MISSING.
T  INDICATES TRACE AMOUNT.




$$
