000
CDUS44 KBRO 040741
CLIBRO


CLIMATE REPORT
NATIONAL WEATHER SERVICE BROWNSVILLE TX
140 AM CST WED MAR 4 2015


...................................

...THE BROWNSVILLE CLIMATE SUMMARY FOR MARCH 3 2015...

CLIMATE NORMAL PERIOD 1981 TO 2010
CLIMATE RECORD PERIOD 1878 TO 2015


WEATHER ITEM   OBSERVED TIME   RECORD YEAR NORMAL DEPARTURE LAST
                VALUE   (LST)  VALUE       VALUE  FROM      YEAR
                                                  NORMAL
..................................................................
TEMPERATURE (F)
 YESTERDAY
  MAXIMUM         81    141 PM  90    1893  76      5       70
  MINIMUM         56    400 AM  32    1922  57     -1       37
  AVERAGE         69                        67      2       54

PRECIPITATION (IN)
  YESTERDAY        0.00          0.43 1958   0.04  -0.04      T
  MONTH TO DATE    0.04                      0.11  -0.07      T
  SINCE MAR 1      0.04                      0.11  -0.07      T
  SINCE JAN 1      4.36                      2.46   1.90     0.76

DEGREE DAYS
 HEATING
  YESTERDAY        0                         2     -2       11
  MONTH TO DATE   19                         6     13       11
  SINCE MAR 1     19                         6     13       11
  SINCE JUL 1    642                       509    133      735

 COOLING
  YESTERDAY        4                         4      0        0
  MONTH TO DATE    4                        12     -8       19
  SINCE MAR 1      4                        12     -8       19
  SINCE JAN 1     61                       153    -92      139
..................................................................


WIND (MPH)
  HIGHEST WIND SPEED    30   HIGHEST WIND DIRECTION     S (170)
  HIGHEST GUST SPEED    36   HIGHEST GUST DIRECTION     S (160)
  AVERAGE WIND SPEED    11.6


SKY COVER
  POSSIBLE SUNSHINE  MM
  AVERAGE SKY COVER 0.9


WEATHER CONDITIONS
 THE FOLLOWING WEATHER WAS RECORDED YESTERDAY.
  FOG
  FOG W/VISIBILITY <= 1/4 MILE
  HAZE


RELATIVE HUMIDITY (PERCENT)
 HIGHEST   100          1200 AM
 LOWEST     62           300 PM
 AVERAGE    81

..........................................................


THE BROWNSVILLE CLIMATE NORMALS FOR TODAY
                         NORMAL    RECORD    YEAR
 MAXIMUM TEMPERATURE (F)   77       100      1983
 MINIMUM TEMPERATURE (F)   57        31      1922


SUNRISE AND SUNSET
MARCH  4 2015.........SUNRISE   650 AM CST   SUNSET   633 PM CST
MARCH  5 2015.........SUNRISE   649 AM CST   SUNSET   633 PM CST


-  INDICATES NEGATIVE NUMBERS.
R  INDICATES RECORD WAS SET OR TIED.
MM INDICATES DATA IS MISSING.
T  INDICATES TRACE AMOUNT.

$$
