000
CDUS44 KBRO 252226
CLIBRO


CLIMATE REPORT
NATIONAL WEATHER SERVICE BROWNSVILLE TX
426 PM CST SUN JAN 25 2015


...................................

...THE BROWNSVILLE CLIMATE SUMMARY FOR JANUARY 25 2015...
VALID TODAY AS OF 0400 PM LOCAL TIME.

CLIMATE NORMAL PERIOD 1981 TO 2010
CLIMATE RECORD PERIOD 1878 TO 2015


WEATHER ITEM   OBSERVED TIME   RECORD YEAR NORMAL DEPARTURE LAST
                VALUE   (LST)  VALUE       VALUE  FROM      YEAR
                                                  NORMAL
..................................................................
TEMPERATURE (F)
 TODAY
  MAXIMUM         70    320 PM  90    1982  71     -1       64
  MINIMUM         45    707 AM  29    1884  52     -7       39
  AVERAGE         58                        62     -4       52

PRECIPITATION (IN)
  TODAY            0.00          1.67 1984   0.05  -0.05     0.00
  MONTH TO DATE    3.56                      1.00   2.56     0.16
  SINCE DEC 1      4.99                      2.15   2.84     3.68
  SINCE JAN 1      3.56                      1.00   2.56     0.16

SNOWFALL (IN)
  TODAY            0.0           0.0  2002   0.0
                                      1998
                                      2000
  MONTH TO DATE    0.0                       0.0
  SINCE DEC 1      0.0                       0.0
  SINCE JUL 1      0.0                       0.0

DEGREE DAYS
 HEATING
  TODAY            7                         5      2       13
  MONTH TO DATE  289                       146    143      173
  SINCE DEC 1    361                       311     50      390
  SINCE JUL 1    474                       365    109      498

 COOLING
  TODAY            0                         2     -2        0
  MONTH TO DATE    5                        50    -45       18
  SINCE DEC 1    114                       130    -16       95
  SINCE JAN 1      5                        50    -45       18
..................................................................


WIND (MPH)
  HIGHEST WIND SPEED    16   HIGHEST WIND DIRECTION    SW (220)
  HIGHEST GUST SPEED    19   HIGHEST GUST DIRECTION    SW (220)
  AVERAGE WIND SPEED     5.7


SKY COVER
  POSSIBLE SUNSHINE  MM
  AVERAGE SKY COVER 0.0


WEATHER CONDITIONS
 THE FOLLOWING WEATHER WAS RECORDED TODAY.
  NO SIGNIFICANT WEATHER WAS OBSERVED.


RELATIVE HUMIDITY (PERCENT)
 HIGHEST    93           100 AM
 LOWEST     47           400 PM
 AVERAGE    70

..........................................................


THE BROWNSVILLE CLIMATE NORMALS FOR TOMORROW
                         NORMAL    RECORD    YEAR
 MAXIMUM TEMPERATURE (F)   71        87      1912
 MINIMUM TEMPERATURE (F)   52        32      1940


SUNRISE AND SUNSET
JANUARY 25 2015.......SUNRISE   716 AM CST   SUNSET   608 PM CST
JANUARY 26 2015.......SUNRISE   716 AM CST   SUNSET   609 PM CST


-  INDICATES NEGATIVE NUMBERS.
R  INDICATES RECORD WAS SET OR TIED.
MM INDICATES DATA IS MISSING.
T  INDICATES TRACE AMOUNT.




$$
