000
CDUS44 KBRO 022125
CLIBRO


CLIMATE REPORT
NATIONAL WEATHER SERVICE BROWNSVILLE TX
425 PM CDT SUN AUG 2 2015


...................................

...THE BROWNSVILLE CLIMATE SUMMARY FOR AUGUST 2 2015...
VALID TODAY AS OF 0400 PM LOCAL TIME.

CLIMATE NORMAL PERIOD 1981 TO 2010
CLIMATE RECORD PERIOD 1878 TO 2015


WEATHER ITEM   OBSERVED TIME   RECORD YEAR NORMAL DEPARTURE LAST
                VALUE   (LST)  VALUE       VALUE  FROM      YEAR
                                                  NORMAL
..................................................................
TEMPERATURE (F)
 TODAY
  MAXIMUM         91    238 PM 100    1977  95     -4       96
                                      1902
  MINIMUM         76    654 AM  68    1901  76      0       77
  AVERAGE         84                        86     -2       87

PRECIPITATION (IN)
  TODAY            T             1.59 1951   0.05  -0.05     0.00
  MONTH TO DATE    T                         0.11  -0.11     0.00
  SINCE JUN 1      3.12                      4.72  -1.60     2.28
  SINCE JAN 1     23.61                     12.48  11.13     7.61

SNOWFALL (IN)
  TODAY            0.0           0.0  2002   0.0
                                      2001
  MONTH TO DATE    0.0                       0.0
  SINCE JUN 1      0.0                       0.0
  SINCE JUL 1      0.0                       0.0

DEGREE DAYS
 HEATING
  TODAY            0                         0      0        0
  MONTH TO DATE    0                         0      0        0
  SINCE JUN 1      0                         0      0        0
  SINCE JUL 1      0                         0      0        0

 COOLING
  TODAY           19                        21     -2       22
  MONTH TO DATE   39                        42     -3       45
  SINCE JUN 1    817                      1227   -410     1266
  SINCE JAN 1   1879                      2320   -441     2188
..................................................................


WIND (MPH)
  HIGHEST WIND SPEED    17   HIGHEST WIND DIRECTION     E (100)
  HIGHEST GUST SPEED    22   HIGHEST GUST DIRECTION     E (80)
  AVERAGE WIND SPEED     3.5


SKY COVER
  POSSIBLE SUNSHINE  MM
  AVERAGE SKY COVER 0.4


WEATHER CONDITIONS
 THE FOLLOWING WEATHER WAS RECORDED TODAY.
  THUNDERSTORM
  LIGHT RAIN


RELATIVE HUMIDITY (PERCENT)
 HIGHEST    94           700 AM
 LOWEST     59          1100 AM
 AVERAGE    77

..........................................................


THE BROWNSVILLE CLIMATE NORMALS FOR TOMORROW
                         NORMAL    RECORD    YEAR
 MAXIMUM TEMPERATURE (F)   95       102      1915
 MINIMUM TEMPERATURE (F)   76        70      1974
                                             1901


SUNRISE AND SUNSET
AUGUST  2 2015........SUNRISE   656 AM CDT   SUNSET   815 PM CDT
AUGUST  3 2015........SUNRISE   657 AM CDT   SUNSET   815 PM CDT


-  INDICATES NEGATIVE NUMBERS.
R  INDICATES RECORD WAS SET OR TIED.
MM INDICATES DATA IS MISSING.
T  INDICATES TRACE AMOUNT.




$$
