000
CDAK49 PABR 290903
CLIBRW

CLIMATE REPORT
NATIONAL WEATHER SERVICE BARROW, AK
103 AM AKDT SAT AUG 29 2015

...................................
...THE BARROW WSO AP CLIMATE SUMMARY FOR AUGUST 28 2015...

CLIMATE NORMAL PERIOD  1981 TO  2010
CLIMATE RECORD PERIOD  1915 TO  2015

WEATHER ITEM   OBSERVED TIME    RECORD YEAR NORMAL DEPARTURE LAST
               VALUE    (LST)   VALUE       VALUE  FROM      YEAR
                                                   NORMAL
...................................................................
TEMPERATURE
YESTERDAY
 MAXIMUM            39  0515 AM    58  1985     42      -3     46
 MINIMUM            33  1136 PM    21  1922     33       0     33
 AVERAGE            36                          37      -1     40

PRECIPITATION
(INCHES)
 YESTERDAY        0.06           0.18  2011   0.04    0.02   0.09
 MONTH TO DATE    1.52                        0.96    0.56   0.13
 SINCE JUN 1      2.58                        2.26    0.32   2.61
 SINCE JAN 1      4.54                        2.96    1.58   4.23

SNOWFALL
(INCHES)
 YESTERDAY         0.2            0.4  1967    0.0     0.2    0.0
 MONTH TO DATE     0.4                         0.7    -0.3      T
 SINCE JUN 1       1.4                         1.6    -0.2    1.8
 SINCE JUL 1       0.4                         0.9    -0.5    0.9
 SNOW DEPTH (IN)     0                                          0

DEGREE DAYS
 HEATING
  YESTERDAY         29                          28       1     25
  MONTH TO DATE    737                         723      14    747
  SINCE JUN 1     2230                        2350    -120   2508
  SINCE JUL 1     1488                        1470      18   1575

 COOLING
  YESTERDAY          0                           0       0      0
  MONTH TO DATE      0                           0       0      0
  SINCE JUN 1        0                           0       0      0
  SINCE JAN 1        0                           0       0      0
...................................................................

WIND (MPH)
 HIGHEST WIND SPEED    35     HIGHEST WIND DIRECTION    270
 HIGHEST GUST SPEED    43     HIGHEST GUST DIRECTION    270
 AVERAGE WIND SPEED  21.0

WEATHER CONDITIONS
 THE FOLLOWING WEATHER WAS RECORDED YESTERDAY.
  FOG
RAIN
SNOW


RELATIVE HUMIDITY
 HIGHEST RH     MM PERCENT       MM
 LOWEST  RH     MM PERCENT       MM
 AVERAGE RH     MM PERCENT       MM
...................................................................

THE BARROW CLIMATE NORMALS FOR TODAY
                           NORMAL    RECORD   YEAR
 MAXIMUM TEMPERATURE (F)     41        62     1992
 MINIMUM TEMPERATURE (F)     33        21     1956

SUNRISE AND SUNSET
 AUG 29 2015..........SUNRISE  6:20 AM      SUNSET 10:33 PM
 AUG 30 2015..........SUNRISE  6:25 AM      SUNSET 10:28 PM

-  INDICATES NEGATIVE NUMBERS.
R  INDICATES RECORD HAS BEEN SET OR TIED.
MM INDICATES DATA IS MISSING.
T  INDICATES TRACE OF PRECIPITATION.

&&
-------------------------------------------------------------------

AMOUNT OF DAYLIGHT TODAY  (HOUR:MIN)........16 HOURS 13 MINUTES
GAIN/LOSS SINCE YESTERDAY (HOUR:MIN:SEC)....-0:10:13

$$
DZB AUG 15
