262
CDAK49 PAFG 300951
CLIBRW

CLIMATE REPORT
NATIONAL WEATHER SERVICE FAIRBANKS AK
151 AM AKDT THU MAR 30 2017


...................................

...THE BARROW AK CLIMATE SUMMARY FOR MARCH 29 2017...

CLIMATE NORMAL PERIOD 1981 TO 2010
CLIMATE RECORD PERIOD 1920 TO 2017


WEATHER ITEM   OBSERVED TIME   RECORD YEAR NORMAL DEPARTURE LAST
                VALUE   (LST)  VALUE       VALUE  FROM      YEAR
                                                  NORMAL
..................................................................
TEMPERATURE (F)
 YESTERDAY
  MAXIMUM          0    352 PM  27    1954  -2      2       -7
  MINIMUM        -13    458 AM -36    1944 -16      3      -28
  AVERAGE         -6                        -9      3      -17

PRECIPITATION (IN)
  YESTERDAY        0.00          0.10 1925   0.00   0.00     0.00
  MONTH TO DATE    0.30                      0.08   0.22     0.14
  SINCE MAR 1      0.30                      0.08   0.22     0.14
  SINCE JAN 1      1.17                      0.35   0.82     3.20

SNOWFALL (IN)
  YESTERDAY        0.0           1.0  1925   0.1   -0.1      0.0
  MONTH TO DATE    2.4                       2.0    0.4      0.2
  SINCE MAR 1      2.4                       2.0    0.4      0.2
  SINCE JUL 1     29.3                      31.0   -1.7      9.0
  SNOW DEPTH       9

DEGREE DAYS
 HEATING
  YESTERDAY       71                        74     -3       82
  MONTH TO DATE 2085                      2257   -172     1862
  SINCE MAR 1   2085                      2257   -172     1862
  SINCE JUL 1  13047                     15114  -2067    13258

 COOLING
  YESTERDAY        0                         0      0        0
  MONTH TO DATE    0                         0      0        0
  SINCE MAR 1      0                         0      0        0
  SINCE JAN 1      0                         0      0        0
..................................................................


WIND (MPH)
  HIGHEST GUST SPEED    15   HIGHEST GUST DIRECTION     W (290)


SKY COVER
  AVERAGE SKY COVER 0.6


WEATHER CONDITIONS
 THE FOLLOWING WEATHER WAS RECORDED YESTERDAY.
  FOG
  HAZE


RELATIVE HUMIDITY (PERCENT)
 HIGHEST    82
 LOWEST     71
 AVERAGE    77

..........................................................


THE BARROW AK CLIMATE NORMALS FOR TODAY
                         NORMAL    RECORD    YEAR
 MAXIMUM TEMPERATURE (F)   -2        31      1934
 MINIMUM TEMPERATURE (F)  -15       -42      1944


SUNRISE AND SUNSET
MARCH 30 2017.........SUNRISE   733 AM AKDT  SUNSET   933 PM AKDT
MARCH 31 2017.........SUNRISE   728 AM AKDT  SUNSET   938 PM AKDT

-  INDICATES NEGATIVE NUMBERS.
R  INDICATES RECORD WAS SET OR TIED.
MM INDICATES DATA IS MISSING.
T  INDICATES TRACE AMOUNT.

&&

SNOW DEPTH IS MEASURED AT 3AM AKST/4AM AKDT.

----------------------------
AVAILABLE DAYLIGHT

AMOUNT OF DAYLIGHT TODAY  (HOUR:MIN)........14:00
GAIN/LOSS SINCE YESTERDAY (HOUR:MIN:SEC)....+0:09:30

$$
MAR 17
