036
CDAK49 PAFG 240151
CLIBRW

CLIMATE REPORT
NATIONAL WEATHER SERVICE FAIRBANKS AK
551 PM AKDT WED AUG 23 2017


...................................

...THE BARROW AK CLIMATE SUMMARY FOR AUGUST 23 2017...
VALID TODAY AS OF 0500 PM LOCAL TIME.

CLIMATE NORMAL PERIOD 1981 TO 2010
CLIMATE RECORD PERIOD 1920 TO 2017


WEATHER ITEM   OBSERVED TIME   RECORD YEAR NORMAL DEPARTURE LAST
                VALUE   (LST)  VALUE       VALUE  FROM      YEAR
                                                  NORMAL
..................................................................
TEMPERATURE (F)
 TODAY
  MAXIMUM         42   1136 AM  65    1954  43     -1       38
  MINIMUM         40    259 PM  22    1956  34      6       33
  AVERAGE         41                        38      3       36

PRECIPITATION (IN)
  TODAY            0.17          0.37 1951   0.03   0.14      T
  MONTH TO DATE    1.47                      0.79   0.68     0.82
  SINCE JUN 1      3.33                      2.09   1.24     2.30
  SINCE JAN 1      5.44                      2.79   2.65     5.65

SNOWFALL (IN)
  TODAY           MM             0.2  2003   0.0   MM         T
                                      1984
                                      1961
  MONTH TO DATE    T                         0.5   -0.5      1.8
  SINCE JUN 1      0.5                       1.4   -0.9      3.7
  SINCE JUL 1      T                         0.7   -0.7      1.8
  SNOW DEPTH       0

DEGREE DAYS
 HEATING
  TODAY           24                        27     -3       29
  MONTH TO DATE  530                       587    -57      599
  SINCE JUN 1   2013                      2217   -204     2061
  SINCE JUL 1   1112                      1336   -224     1252

 COOLING
  TODAY            0                         0      0        0
  MONTH TO DATE    0                         0      0        0
  SINCE JUN 1      0                         0      0        0
  SINCE JAN 1      0                         0      0        0
..................................................................


WIND (MPH)
  HIGHEST GUST SPEED    23   HIGHEST GUST DIRECTION    NE (50)


SKY COVER
  AVERAGE SKY COVER 1.0


WEATHER CONDITIONS
 THE FOLLOWING WEATHER WAS RECORDED TODAY.
  LIGHT RAIN
  FOG


RELATIVE HUMIDITY (PERCENT)
 HIGHEST   100
 LOWEST     89
 AVERAGE    95

..........................................................


THE BARROW AK CLIMATE NORMALS FOR TOMORROW
                         NORMAL    RECORD    YEAR
 MAXIMUM TEMPERATURE (F)   43        70      1979
 MINIMUM TEMPERATURE (F)   34        24      1944


SUNRISE AND SUNSET
AUGUST 23 2017........SUNRISE   553 AM AKDT  SUNSET  1103 PM AKDT
AUGUST 24 2017........SUNRISE   558 AM AKDT  SUNSET  1058 PM AKDT

-  INDICATES NEGATIVE NUMBERS.
R  INDICATES RECORD WAS SET OR TIED.
MM INDICATES DATA IS MISSING.
T  INDICATES TRACE AMOUNT.

&&

SNOW DEPTH IS MEASURED AT 3AM AKST/4AM AKDT.

----------------------------
AVAILABLE DAYLIGHT

AMOUNT OF DAYLIGHT TODAY  (HOUR:MIN)........17:10
GAIN/LOSS SINCE YESTERDAY (HOUR:MIN:SEC)....-0:10:51

$$
AUG 17
