000
CDAK49 PAFG 260956
CLIBRW

CLIMATE REPORT
NATIONAL WEATHER SERVICE FAIRBANKS AK
156 AM AKDT MON SEP 26 2016


...................................

...THE BARROW AK CLIMATE SUMMARY FOR SEPTEMBER 25 2016...

CLIMATE NORMAL PERIOD 1981 TO 2010
CLIMATE RECORD PERIOD 1920 TO 2016


WEATHER ITEM   OBSERVED TIME   RECORD YEAR NORMAL DEPARTURE LAST
                VALUE   (LST)  VALUE       VALUE  FROM      YEAR
                                                  NORMAL
..................................................................
TEMPERATURE (F)
 YESTERDAY
  MAXIMUM         37    320 PM  46    1984  32      5       36
  MINIMUM         27    554 AM   7    1924  25      2       29
  AVERAGE         32                        29      3       33

PRECIPITATION (IN)
  YESTERDAY        T             0.48 1978   0.02  -0.02     0.01
  MONTH TO DATE    0.45                      0.63  -0.18     0.25
  SINCE SEP 1      0.45                      0.63  -0.18     0.25
  SINCE JAN 1      6.10                      3.68   2.42     4.68

SNOWFALL (IN)
  YESTERDAY        T             4.0  1922   0.2   -0.2     MM
  MONTH TO DATE    1.7                       3.3   -1.6      0.8
  SINCE SEP 1      1.7                       3.3   -1.6      0.8
  SINCE JUL 1      3.5                       4.4   -0.9      0.8
  SNOW DEPTH       0

DEGREE DAYS
 HEATING
  YESTERDAY       33                        36     -3       32
  MONTH TO DATE  761                       797    -36      654
  SINCE SEP 1    761                       797    -36      654
  SINCE JUL 1   2190                      2352   -162     1857

 COOLING
  YESTERDAY        0                         0      0        0
  MONTH TO DATE    0                         0      0        0
  SINCE SEP 1      0                         0      0        0
  SINCE JAN 1      0                         0      0        0
..................................................................


WIND (MPH)
  HIGHEST GUST SPEED    22   HIGHEST GUST DIRECTION     S (200)


SKY COVER
  AVERAGE SKY COVER 0.5


WEATHER CONDITIONS
 THE FOLLOWING WEATHER WAS RECORDED YESTERDAY.
  HAZE


RELATIVE HUMIDITY (PERCENT)
 HIGHEST    89
 LOWEST     70
 AVERAGE    80

..........................................................


THE BARROW AK CLIMATE NORMALS FOR TODAY
                         NORMAL    RECORD    YEAR
 MAXIMUM TEMPERATURE (F)   32        53      1929
 MINIMUM TEMPERATURE (F)   25         4      1922


SUNRISE AND SUNSET
SEPTEMBER 26 2016.....SUNRISE   827 AM AKDT  SUNSET   808 PM AKDT
SEPTEMBER 27 2016.....SUNRISE   831 AM AKDT  SUNSET   803 PM AKDT

-  INDICATES NEGATIVE NUMBERS.
R  INDICATES RECORD WAS SET OR TIED.
MM INDICATES DATA IS MISSING.
T  INDICATES TRACE AMOUNT.

&&

SNOW DEPTH IS MEASURED AT 3AM AKST/4AM AKDT.

----------------------------
AVAILABLE DAYLIGHT

AMOUNT OF DAYLIGHT TODAY  (HOUR:MIN)........11:41
GAIN/LOSS SINCE YESTERDAY (HOUR:MIN:SEC)....-0:09:11

$$
SDB SEP 16
