000
CDAK49 PABR 060020
CLIBRW

CLIMATE REPORT
NATIONAL WEATHER SERVICE BARROW, AK
420 PM AKDT THU MAY 5 2016

...................................
...THE BARROW WSO AP CLIMATE SUMMARY FOR MAY 5 2016...
VALID TODAY AS OF 2:00 PM LOCAL TIME

CLIMATE NORMAL PERIOD  1981 TO  2010
CLIMATE RECORD PERIOD  1915 TO  2016

WEATHER ITEM   OBSERVED TIME    RECORD YEAR NORMAL DEPARTURE LAST
               VALUE    (LST)   VALUE       VALUE  FROM      YEAR
                                                   NORMAL
...................................................................
TEMPERATURE
TODAY
 MAXIMUM            20  0105 AM    38  1923     20       0     17
 MINIMUM            17  0205 PM   -14  1964      9       8      9
 AVERAGE            19                          15       4     13

PRECIPITATION
(INCHES)
 TODAY            0.00           0.06  1923   0.00    0.00      T
 MONTH TO DATE       T                        0.02   -0.02      T
 SINCE MAR 1      0.11                        0.27   -0.16   0.74
 SINCE JAN 1      1.26                        0.54    0.72   1.31

SNOWFALL
(INCHES)
 TODAY             0.0            0.8  1923    0.1    -0.1      T
 MONTH TO DATE       T                         0.5    -0.5    0.1
 SINCE MAR 1       2.2                         5.8    -3.6   10.7
 SINCE JUL 1      32.1                        34.8    -2.7   53.8
 SNOW DEPTH (IN)     4                                          7

DEGREE DAYS
 HEATING
  TODAY             46                          50      -4     52
  MONTH TO DATE    203                         257     -54    242
  SINCE MAR 1     4071                        4556    -485   4331
  SINCE JUL 1    16232                       17404   -1172  16542

 COOLING
  TODAY              0                           0       0      0
  MONTH TO DATE      0                           0       0      0
  SINCE MAR 1        0                           0       0      0
  SINCE JAN 1        0                           0       0      0
...................................................................

WIND (MPH)
 HIGHEST WIND SPEED    10     HIGHEST WIND DIRECTION     60
 HIGHEST GUST SPEED    12     HIGHEST GUST DIRECTION     60
 AVERAGE WIND SPEED    MM


WEATHER CONDITIONS
 THE FOLLOWING WEATHER WAS RECORDED TODAY.
 NO SIGNIFICANT WEATHER WAS OBSERVED.

RELATIVE HUMIDITY
 HIGHEST RH     MM PERCENT       MM
 LOWEST  RH     MM PERCENT       MM
 AVERAGE RH     MM PERCENT       MM
...................................................................

THE BARROW CLIMATE NORMALS FOR TOMORROW
                        NORMAL    RECORD   YEAR
 MAXIMUM TEMPERATURE      21        38     1981
 MINIMUM TEMPERATURE      10       -19     1984

SUNRISE AND SUNSET
 MAY 5 2016..........SUNRISE  3:57 AM      SUNSET  1:00 AM
 MAY 6 2016..........SUNRISE  3:47 AM      SUNSET  1:11 AM

-  INDICATES NEGATIVE NUMBERS.
R  INDICATES RECORD HAS BEEN SET OR TIED.
MM INDICATES DATA IS MISSING.
T  INDICATES TRACE OF PRECIPITATION.

&&
-------------------------------------------------------------------

AMOUNT OF DAYLIGHT TODAY  (HOUR:MIN)........21 HOURS 3 MINUTES
GAIN/LOSS SINCE YESTERDAY (HOUR:MIN:SEC)....+0:17:44

$$
RFL MAY 16
