390
CDAK49 PABR 310900
CLIBRW

CLIMATE REPORT
NATIONAL WEATHER SERVICE BARROW, AK
101 AM AKDT TUE MAY 31 2016

...................................
...THE BARROW WSO AP CLIMATE SUMMARY FOR MAY 31 2016...
VALID TODAY AS OF 2:00 PM LOCAL TIME

CLIMATE NORMAL PERIOD  1981 TO  2010
CLIMATE RECORD PERIOD  1915 TO  2016

WEATHER ITEM   OBSERVED TIME    RECORD YEAR NORMAL DEPARTURE LAST
               VALUE    (LST)   VALUE       VALUE  FROM      YEAR
                                                   NORMAL
...................................................................
TEMPERATURE
TODAY
 MAXIMUM            44   316 PM    46  1992     33      11     34
 MINIMUM            29   523 AM     8  1948     25       4     25
 AVERAGE            37                          29       8     30

PRECIPITATION
(INCHES)
 TODAY            0.00           0.20  1933   0.01   -0.01      T
 MONTH TO DATE    0.07                        0.18   -0.11   0.65
 SINCE MAR 1      0.18                        0.43   -0.25   1.39
 SINCE JAN 1      1.33                        0.70    0.63   1.96

SNOWFALL
(INCHES)
 TODAY             0.0            3.1  2009    0.1    -0.1    0.1
 MONTH TO DATE     0.9                         2.7    -1.8    1.2
 SINCE MAR 1       3.1                         8.0    -4.9   11.8
 SINCE JUL 1      33.0                        37.0    -4.0   54.9
 SNOW DEPTH (IN)     0                                          T

DEGREE DAYS
 HEATING
  TODAY             28                          36      -8     35
  MONTH TO DATE   1110                        1360    -250   1141
  SINCE MAR 1     4978                        5659    -681   5230
  SINCE JUL 1    17139                       18507   -1368  17441

 COOLING
  TODAY              0                           0       0      0
  MONTH TO DATE      0                           0       0      0
  SINCE MAR 1        0                           0       0      0
  SINCE JAN 1        0                           0       0      0
...................................................................

WIND (MPH)
 HIGHEST WIND SPEED    23     HIGHEST WIND DIRECTION    120
 HIGHEST GUST SPEED    26     HIGHEST GUST DIRECTION    130
 AVERAGE WIND SPEED  14.1

SKY COVER
  POSSIBLE SUNSHINE  MM            AVERAGE SKY COVER MM

WEATHER CONDITIONS
 THE FOLLOWING WEATHER WAS RECORDED TODAY.

...................................................................

THE BARROW CLIMATE NORMALS FOR TOMORROW
                        NORMAL    RECORD   YEAR
 MAXIMUM TEMPERATURE      34        55     1983
 MINIMUM TEMPERATURE      26        12     1939

SUNRISE AND SUNSET
 SUN ABOVE VIXIBLE HORIZON

-  INDICATES NEGATIVE NUMBERS.
R  INDICATES RECORD HAS BEEN SET OR TIED.
MM INDICATES DATA IS MISSING.
T  INDICATES TRACE OF PRECIPITATION.

&&
-------------------------------------------------------------------

AMOUNT OF DAYLIGHT TODAY  (HOUR:MIN)........24 HOURS 00 MINUTES
GAIN/LOSS SINCE YESTERDAY (HOUR:MIN:SEC)....+0:00:00

$$
*** MAY 16
