000
CDAK49 PAFG 210944
CLIBRW

CLIMATE REPORT
NATIONAL WEATHER SERVICE FAIRBANKS AK
1244 AM AKST TUE FEB 21 2017


...................................

...THE BARROW AK CLIMATE SUMMARY FOR FEBRUARY 20 2017...

CLIMATE NORMAL PERIOD 1981 TO 2010
CLIMATE RECORD PERIOD 1920 TO 2017


WEATHER ITEM   OBSERVED TIME   RECORD YEAR NORMAL DEPARTURE LAST
                VALUE   (LST)  VALUE       VALUE  FROM      YEAR
                                                  NORMAL
..................................................................
TEMPERATURE (F)
 YESTERDAY
  MAXIMUM         -5    135 AM  24    1944  -8      3       -5
  MINIMUM        -17    342 PM -53    1951 -20      3      -14
  AVERAGE        -11                       -14      3       -9

PRECIPITATION (IN)
  YESTERDAY        0.01          0.27 1944   0.00   0.01     0.00
  MONTH TO DATE    0.09                      0.10  -0.01     2.00
  SINCE DEC 1      0.86                      0.37   0.49     2.98
  SINCE JAN 1      0.56                      0.23   0.33     2.97

SNOWFALL (IN)
  YESTERDAY        0.2           2.6  1944   0.1    0.1      0.0
  MONTH TO DATE    1.6                       1.9   -0.3      2.1
  SINCE DEC 1     10.5                       8.0    2.5      4.4
  SINCE JUL 1     23.6                      28.3   -4.7      7.9
  SNOW DEPTH       6

DEGREE DAYS
 HEATING
  YESTERDAY       76                        79     -3       74
  MONTH TO DATE 1371                      1580   -209     1430
  SINCE DEC 1   5391                      6267   -876     5779
  SINCE JUL 1  10346                     12219  -1873    10840

 COOLING
  YESTERDAY        0                         0      0        0
  MONTH TO DATE    0                         0      0        0
  SINCE DEC 1      0                         0      0        0
  SINCE JAN 1      0                         0      0        0
..................................................................


WIND (MPH)
  HIGHEST GUST SPEED     7   HIGHEST GUST DIRECTION     E (90)


SKY COVER
  AVERAGE SKY COVER 0.7


WEATHER CONDITIONS
 THE FOLLOWING WEATHER WAS RECORDED YESTERDAY.
  LIGHT SNOW
  FOG
  HAZE


RELATIVE HUMIDITY (PERCENT)
 HIGHEST    79
 LOWEST     72
 AVERAGE    76

..........................................................


THE BARROW AK CLIMATE NORMALS FOR TODAY
                         NORMAL    RECORD    YEAR
 MAXIMUM TEMPERATURE (F)   -8        21      2008
                                             1972
 MINIMUM TEMPERATURE (F)  -20       -48      1964


SUNRISE AND SUNSET
FEBRUARY 21 2017......SUNRISE   938 AM AKST  SUNSET   546 PM AKST
FEBRUARY 22 2017......SUNRISE   933 AM AKST  SUNSET   551 PM AKST

-  INDICATES NEGATIVE NUMBERS.
R  INDICATES RECORD WAS SET OR TIED.
MM INDICATES DATA IS MISSING.
T  INDICATES TRACE AMOUNT.

&&

SNOW DEPTH IS MEASURED AT 3AM AKST/4AM AKDT.

----------------------------
AVAILABLE DAYLIGHT

AMOUNT OF DAYLIGHT TODAY  (HOUR:MIN)........8:07
GAIN/LOSS SINCE YESTERDAY (HOUR:MIN:SEC)....+0:10:10

$$
FEB 17
