000
CDAK49 PABR 220910
CLIBRW

CLIMATE REPORT
NATIONAL WEATHER SERVICE BARROW, AK
1211 AM AKST MON DEC 22 2014

...................................
...THE BARROW WSO AP CLIMATE SUMMARY FOR DECEMBER 21 2014...

CLIMATE NORMAL PERIOD  1981 TO  2010
CLIMATE RECORD PERIOD  1915 TO  2014

WEATHER ITEM   OBSERVED TIME    RECORD YEAR NORMAL DEPARTURE LAST
               VALUE    (LST)   VALUE       VALUE  FROM      YEAR
                                                   NORMAL
...................................................................
TEMPERATURE
YESTERDAY
 MAXIMUM             2  1153 PM    32  1998     -3       5      2
 MINIMUM            -2   958 AM   -42  2007    -15      13    -11
 AVERAGE             0                          -9       9     -5

PRECIPITATION
(INCHES)
 YESTERDAY           T           0.16  1925   0.01   -0.01   0.03
 MONTH TO DATE    0.06                        0.10   -0.04   1.16
 SINCE DEC 1      0.06                        0.10   -0.04   1.16
 SINCE JAN 1      7.28                        4.49    2.79   8.38

SNOWFALL
(INCHES)
 YESTERDAY         0.2            2.5  1925    0.1     0.1    0.2
 MONTH TO DATE     1.3                         2.5    -1.2   13.0
 SINCE DEC 1       1.3                         2.5    -1.2   13.0
 SINCE JUL 1      32.4                        22.8     9.6   36.9
 SNOW DEPTH (IN)     4                                          8

DEGREE DAYS
 HEATING
  YESTERDAY         65                          74      -9     70
  MONTH TO DATE   1557                        1506      51   1324
  SINCE DEC 1     1545                        1506      39   1316
  SINCE JUL 1     7147                        7456    -309   6697

 COOLING
  YESTERDAY          0                           0       0      0
  MONTH TO DATE      0                           0       0      0
  SINCE DEC 1        0                           0       0      0
  SINCE JAN 1        0                           0       0      0
...................................................................

WIND (MPH)
 HIGHEST WIND SPEED    20     HIGHEST WIND DIRECTION     60
 HIGHEST GUST SPEED    23     HIGHEST GUST DIRECTION     50
 AVERAGE WIND SPEED  11.5

SKY COVER
  POSSIBLE SUNSHINE    MM          AVERAGE SKY COVER     MM

WEATHER CONDITIONS
 THE FOLLOWING WEATHER WAS RECORDED YESTERDAY.
 FOG
 SNOW


RELATIVE HUMIDITY
 HIGHEST RH     91 PERCENT       553 PM
 LOWEST  RH     75 PERCENT      1053 AM
 AVERAGE RH     84 PERCENT
...................................................................

THE BARROW CLIMATE NORMALS FOR TODAY
                           NORMAL    RECORD   YEAR
 MAXIMUM TEMPERATURE (F)     -3        32     1998
 MINIMUM TEMPERATURE (F)    -15       -45     1923

SUNRISE AND SUNSET
 DEC 22 2014..........SUNRISE  --.--      SUNSET --.--
 DEC 23 2014..........SUNRISE  --.--      SUNSET --.--

-  INDICATES NEGATIVE NUMBERS.
R  INDICATES RECORD HAS BEEN SET OR TIED.
MM INDICATES DATA IS MISSING.
T  INDICATES TRACE OF PRECIPITATION.

&&
-------------------------------------------------------------------

AMOUNT OF DAYLIGHT TODAY  (HOUR:MIN)........0 HOURS 00 MINUTES
GAIN/LOSS SINCE YESTERDAY (HOUR:MIN:SEC)....+0:00:00

$$
JML DEC 14
