000
CDUS43 KGRR 280556
CLIBTL


CLIMATE REPORT
NATIONAL WEATHER SERVICE GRAND RAPIDS, MI
154 AM EDT WED SEP 28 2016


...................................

...THE BATTLE CREEK MI CLIMATE SUMMARY FOR SEPTEMBER 27 2016...

CLIMATE NORMAL PERIOD 1981 TO 2010
CLIMATE RECORD PERIOD 1998 TO 2016


WEATHER ITEM   OBSERVED TIME   NORMAL DEPARTURE LAST
                VALUE   (LST)  VALUE  FROM      YEAR
                                      NORMAL
......................................................
TEMPERATURE (F)
 YESTERDAY
  MAXIMUM         68    343 PM  69     -1       75
  MINIMUM         49    652 AM  45      4       62
  AVERAGE         59            57      2       69

PRECIPITATION (IN)
  YESTERDAY        0.00          0.12  -0.12     0.00
  MONTH TO DATE    1.97          3.31  -1.34     2.61
  SINCE SEP 1      1.97          3.31  -1.34     2.61
  SINCE JAN 1     25.43         24.85   0.58    25.83

DEGREE DAYS
 HEATING
  YESTERDAY        6             9     -3        0
  MONTH TO DATE   28           127    -99       43
  SINCE SEP 1     28           127    -99       43
  SINCE JUL 1     36           168   -132       65

 COOLING
  YESTERDAY        0             1     -1        4
  MONTH TO DATE   92            53     39      135
  SINCE SEP 1     92            53     39      135
  SINCE JAN 1    708           571    137      713
......................................................


WIND (MPH)
  RESULTANT WIND SPEED  10   RESULTANT WIND DIRECTION   W (250)
  HIGHEST WIND SPEED    30   HIGHEST WIND DIRECTION     W (250)
  HIGHEST GUST SPEED    38   HIGHEST GUST DIRECTION     W (250)
  AVERAGE WIND SPEED    12.8


SKY COVER
  AVERAGE SKY COVER 0.3


WEATHER CONDITIONS
 THE FOLLOWING WEATHER WAS RECORDED YESTERDAY.
  NO SIGNIFICANT WEATHER WAS OBSERVED.


RELATIVE HUMIDITY (PERCENT)
 HIGHEST    83          1000 PM
 LOWEST     34           400 PM
 AVERAGE    59

..........................................................


THE BATTLE CREEK MI CLIMATE NORMALS FOR TODAY
                         NORMAL
 MAXIMUM TEMPERATURE (F)   68
 MINIMUM TEMPERATURE (F)   45


SUNRISE AND SUNSET
SEPTEMBER 28 2016.....SUNRISE   735 AM EDT   SUNSET   727 PM EDT
SEPTEMBER 29 2016.....SUNRISE   736 AM EDT   SUNSET   725 PM EDT


-  INDICATES NEGATIVE NUMBERS.
R  INDICATES RECORD WAS SET OR TIED.
MM INDICATES DATA IS MISSING.
T  INDICATES TRACE AMOUNT.




$$
