000
CDUS43 KGRR 160515
CLIBTL


CLIMATE REPORT
NATIONAL WEATHER SERVICE GRAND RAPIDS, MI
115 AM EDT TUE SEP 16 2014


...................................

...THE BATTLE CREEK MI CLIMATE SUMMARY FOR SEPTEMBER 15 2014...

CLIMATE NORMAL PERIOD 1981 TO 2010
CLIMATE RECORD PERIOD 1998 TO 2014


WEATHER ITEM   OBSERVED TIME   NORMAL DEPARTURE LAST
                VALUE   (LST)  VALUE  FROM      YEAR
                                      NORMAL
......................................................
TEMPERATURE (F)
 YESTERDAY
  MAXIMUM         63    250 PM  74    -11       58
  MINIMUM         46    231 AM  50     -4       48
  AVERAGE         55            62     -7       53

PRECIPITATION (IN)
  YESTERDAY        0.04          0.12  -0.08     0.11
  MONTH TO DATE    2.07          1.78   0.29     1.32
  SINCE SEP 1      2.07          1.78   0.29     1.32
  SINCE JAN 1     22.01         23.32  -1.31    27.49

DEGREE DAYS
 HEATING
  YESTERDAY       10             5      5       12
  MONTH TO DATE   58            45     13       40
  SINCE SEP 1     58            45     13       40
  SINCE JUL 1     87            86      1       78

 COOLING
  YESTERDAY        0             2     -2        0
  MONTH TO DATE   54            40     14       64
  SINCE SEP 1     54            40     14       64
  SINCE JAN 1    591           558     33      669
......................................................


WIND (MPH)
  RESULTANT WIND SPEED   4   RESULTANT WIND DIRECTION  SW (220)
  HIGHEST WIND SPEED    15   HIGHEST WIND DIRECTION    SW (210)
  HIGHEST GUST SPEED    19   HIGHEST GUST DIRECTION    SW (220)
  AVERAGE WIND SPEED     5.3


SKY COVER
  AVERAGE SKY COVER 0.7


WEATHER CONDITIONS
 THE FOLLOWING WEATHER WAS RECORDED YESTERDAY.
  LIGHT RAIN
  FOG
  FOG W/VISIBILITY <= 1/4 MILE


RELATIVE HUMIDITY (PERCENT)
 HIGHEST    93          1200 AM
 LOWEST     60           200 PM
 AVERAGE    77

..........................................................


THE BATTLE CREEK MI CLIMATE NORMALS FOR TODAY
                         NORMAL
 MAXIMUM TEMPERATURE (F)   73
 MINIMUM TEMPERATURE (F)   50


SUNRISE AND SUNSET
SEPTEMBER 16 2014.....SUNRISE   722 AM EDT   SUNSET   749 PM EDT
SEPTEMBER 17 2014.....SUNRISE   723 AM EDT   SUNSET   747 PM EDT


-  INDICATES NEGATIVE NUMBERS.
R  INDICATES RECORD WAS SET OR TIED.
MM INDICATES DATA IS MISSING.
T  INDICATES TRACE AMOUNT.




$$
