000
CDUS43 KGRR 252235
CLIBTL


CLIMATE REPORT
NATIONAL WEATHER SERVICE GRAND RAPIDS, MI
533 PM EST TUE NOV 25 2014


...................................

...THE BATTLE CREEK MI CLIMATE SUMMARY FOR NOVEMBER 25 2014...
VALID TODAY AS OF 0500 PM LOCAL TIME.

CLIMATE NORMAL PERIOD 1981 TO 2010
CLIMATE RECORD PERIOD 1998 TO 2014


WEATHER ITEM   OBSERVED TIME   RECORD YEAR NORMAL DEPARTURE LAST
                VALUE   (LST)  VALUE       VALUE  FROM      YEAR
                                                  NORMAL
..................................................................
TEMPERATURE (F)
 TODAY
  MAXIMUM         31    154 PM  MM      MM  43    -12       31
  MINIMUM         28   1101 AM  MM      MM  27      1       19
  AVERAGE         30                        35     -5       25

PRECIPITATION (IN)
  TODAY            T            MM      MM   0.08  -0.08      T
  MONTH TO DATE    2.36                      2.41  -0.05     1.90
  SINCE SEP 1      8.37                      9.20  -0.83     7.63
  SINCE JAN 1     28.31                     30.74  -2.43    33.80

DEGREE DAYS
 HEATING
  TODAY           35                        30      5       40
  MONTH TO DATE  738                       619    119      643
  SINCE SEP 1   1321                      1240     81     1175
  SINCE JUL 1   1350                      1281     69     1213

 COOLING
  TODAY            0                         0      0        0
  MONTH TO DATE    0                         0      0        0
  SINCE SEP 1     56                        60     -4       84
  SINCE JAN 1    593                       578     15      689
..................................................................


WIND (MPH)
  RESULTANT WIND SPEED  17   RESULTANT WIND DIRECTION   W (250)
  HIGHEST WIND SPEED    29   HIGHEST WIND DIRECTION    SW (240)
  HIGHEST GUST SPEED    36   HIGHEST GUST DIRECTION    SW (240)
  AVERAGE WIND SPEED    16.8



WEATHER CONDITIONS
 THE FOLLOWING WEATHER WAS RECORDED TODAY.
  LIGHT SNOW
  HAZE


RELATIVE HUMIDITY (PERCENT)
 HIGHEST    78          1200 AM
 LOWEST     63           400 PM
 AVERAGE    71

..........................................................




SUNRISE AND SUNSET
NOVEMBER 25 2014......SUNRISE   744 AM EST   SUNSET   512 PM EST
NOVEMBER 26 2014......SUNRISE   745 AM EST   SUNSET   511 PM EST


-  INDICATES NEGATIVE NUMBERS.
R  INDICATES RECORD WAS SET OR TIED.
MM INDICATES DATA IS MISSING.
T  INDICATES TRACE AMOUNT.




$$

63
