000
CDUS43 KGRR 030514
CLIBTL


CLIMATE REPORT
NATIONAL WEATHER SERVICE GRAND RAPIDS, MI
113 AM EDT THU SEP 3 2015


...................................

...THE BATTLE CREEK MI CLIMATE SUMMARY FOR SEPTEMBER 2 2015...

CLIMATE NORMAL PERIOD 1981 TO 2010
CLIMATE RECORD PERIOD 1998 TO 2015


WEATHER ITEM   OBSERVED TIME   NORMAL DEPARTURE LAST
                VALUE   (LST)  VALUE  FROM      YEAR
                                      NORMAL
......................................................
TEMPERATURE (F)
 YESTERDAY
  MAXIMUM         90    246 PM  78     12       80
  MINIMUM         70    611 AM  55     15       63
  AVERAGE         80            67     13       72

PRECIPITATION (IN)
  YESTERDAY        0.00          0.12  -0.12     0.00
  MONTH TO DATE    0.00          0.24  -0.24     0.90
  SINCE SEP 1      0.00          0.24  -0.24     0.90
  SINCE JAN 1     23.22         21.78   1.44    20.84

DEGREE DAYS
 HEATING
  YESTERDAY        0             2     -2        0
  MONTH TO DATE    0             4     -4        0
  SINCE SEP 1      0             4     -4        0
  SINCE JUL 1     22            45    -23       29

 COOLING
  YESTERDAY       15             4     11        7
  MONTH TO DATE   27             8     19       17
  SINCE SEP 1     27             8     19       17
  SINCE JAN 1    605           526     79      554
......................................................


WIND (MPH)
  RESULTANT WIND SPEED   5   RESULTANT WIND DIRECTION   W (260)
  HIGHEST WIND SPEED    16   HIGHEST WIND DIRECTION     W (290)
  HIGHEST GUST SPEED    19   HIGHEST GUST DIRECTION     W (280)
  AVERAGE WIND SPEED     6.4


SKY COVER
  AVERAGE SKY COVER 0.1


WEATHER CONDITIONS
 THE FOLLOWING WEATHER WAS RECORDED YESTERDAY.
  FOG


RELATIVE HUMIDITY (PERCENT)
 HIGHEST    97           500 AM
 LOWEST     52           300 PM
 AVERAGE    75

..........................................................


THE BATTLE CREEK MI CLIMATE NORMALS FOR TODAY
                         NORMAL
 MAXIMUM TEMPERATURE (F)   78
 MINIMUM TEMPERATURE (F)   55


SUNRISE AND SUNSET
SEPTEMBER  3 2015.....SUNRISE   708 AM EDT   SUNSET   812 PM EDT
SEPTEMBER  4 2015.....SUNRISE   709 AM EDT   SUNSET   810 PM EDT


-  INDICATES NEGATIVE NUMBERS.
R  INDICATES RECORD WAS SET OR TIED.
MM INDICATES DATA IS MISSING.
T  INDICATES TRACE AMOUNT.




$$
