000
CDUS43 KGRR 260518
CLIBTL


CLIMATE REPORT
NATIONAL WEATHER SERVICE GRAND RAPIDS, MI
118 AM EDT WED JUL 26 2017


...................................

...THE BATTLE CREEK MI CLIMATE SUMMARY FOR JULY 25 2017...

CLIMATE NORMAL PERIOD 1981 TO 2010
CLIMATE RECORD PERIOD 1998 TO 2017


WEATHER ITEM   OBSERVED TIME   NORMAL DEPARTURE LAST
                VALUE   (LST)  VALUE  FROM      YEAR
                                      NORMAL
......................................................
TEMPERATURE (F)
 YESTERDAY
  MAXIMUM         81    347 PM  82     -1       84
  MINIMUM         55    603 AM  59     -4       64
  AVERAGE         68            71     -3       74

PRECIPITATION (IN)
  YESTERDAY        0.00          0.11  -0.11     0.01
  MONTH TO DATE    2.68          2.69  -0.01     3.57
  SINCE JUN 1      4.06          5.92  -1.86     4.97
  SINCE JAN 1     19.54         17.40   2.14    14.81

DEGREE DAYS
 HEATING
  YESTERDAY        0             0      0        0
  MONTH TO DATE    0             6     -6        5
  SINCE JUN 1     23            63    -40       39
  SINCE JUL 1      0             6     -6        5

 COOLING
  YESTERDAY        3             6     -3        9
  MONTH TO DATE  204           162     42      179
  SINCE JUN 1    369           288     81      315
  SINCE JAN 1    406           326     80      370
......................................................


WIND (MPH)
  RESULTANT WIND SPEED   3   RESULTANT WIND DIRECTION  SE (140)
  HIGHEST WIND SPEED    10   HIGHEST WIND DIRECTION    SE (120)
  HIGHEST GUST SPEED    15   HIGHEST GUST DIRECTION    SE (140)
  AVERAGE WIND SPEED     3.5


SKY COVER
  AVERAGE SKY COVER 0.0


WEATHER CONDITIONS
 THE FOLLOWING WEATHER WAS RECORDED YESTERDAY.
  NO SIGNIFICANT WEATHER WAS OBSERVED.


RELATIVE HUMIDITY (PERCENT)
 HIGHEST    93          1200 AM
 LOWEST     35           300 PM
 AVERAGE    64

..........................................................


THE BATTLE CREEK MI CLIMATE NORMALS FOR TODAY
                         NORMAL
 MAXIMUM TEMPERATURE (F)   82
 MINIMUM TEMPERATURE (F)   59


SUNRISE AND SUNSET
JULY 26 2017..........SUNRISE   628 AM EDT   SUNSET   906 PM EDT
JULY 27 2017..........SUNRISE   629 AM EDT   SUNSET   905 PM EDT


-  INDICATES NEGATIVE NUMBERS.
R  INDICATES RECORD WAS SET OR TIED.
MM INDICATES DATA IS MISSING.
T  INDICATES TRACE AMOUNT.




$$
