000
CDUS43 KGRR 252224
CLIBTL


CLIMATE REPORT
NATIONAL WEATHER SERVICE GRAND RAPIDS, MI
524 PM EST SUN FEB 25 2018


...................................

...THE BATTLE CREEK MI CLIMATE SUMMARY FOR FEBRUARY 25 2018...
VALID TODAY AS OF 0500 PM LOCAL TIME.

CLIMATE NORMAL PERIOD 1981 TO 2010
CLIMATE RECORD PERIOD 1998 TO 2018


WEATHER ITEM   OBSERVED TIME   NORMAL DEPARTURE LAST
                VALUE   (LST)  VALUE  FROM      YEAR
                                      NORMAL
......................................................
TEMPERATURE (F)
 TODAY
  MAXIMUM         51    410 AM  39     12       39
  MINIMUM         38        MM  19     19       21
  AVERAGE         45            29     16       30

PRECIPITATION (IN)
  TODAY            0.03          0.06  -0.03      T
  MONTH TO DATE    5.09          1.17   3.92     1.42
  SINCE DEC 1      6.90          4.82   2.08     5.68
  SINCE JAN 1      6.35          2.83   3.52     4.64

DEGREE DAYS
 HEATING
  TODAY           20            36    -16       35
  MONTH TO DATE  933           976    -43      731
  SINCE DEC 1   3405          3421    -16     2984
  SINCE JUL 1   4600          4859   -259     3827

 COOLING
  TODAY            0             0      0        0
  MONTH TO DATE    0             0      0        0
  SINCE DEC 1      0             0      0        0
  SINCE JAN 1      0             0      0        0
......................................................


WIND (MPH)
  RESULTANT WIND SPEED  18   RESULTANT WIND DIRECTION   W (250)
  HIGHEST WIND SPEED    38   HIGHEST WIND DIRECTION     W (250)
  HIGHEST GUST SPEED    48   HIGHEST GUST DIRECTION     W (260)
  AVERAGE WIND SPEED    21.3


SKY COVER
  AVERAGE SKY COVER 0.8


WEATHER CONDITIONS
 THE FOLLOWING WEATHER WAS RECORDED TODAY.
  LIGHT RAIN
  FOG


RELATIVE HUMIDITY (PERCENT)
 HIGHEST    93           100 AM
 LOWEST     39           500 PM
 AVERAGE    66

..........................................................


THE BATTLE CREEK MI CLIMATE NORMALS FOR TOMORROW
                         NORMAL
 MAXIMUM TEMPERATURE (F)   39
 MINIMUM TEMPERATURE (F)   19


SUNRISE AND SUNSET
FEBRUARY 25 2018......SUNRISE   723 AM EST   SUNSET   626 PM EST
FEBRUARY 26 2018......SUNRISE   721 AM EST   SUNSET   627 PM EST


-  INDICATES NEGATIVE NUMBERS.
R  INDICATES RECORD WAS SET OR TIED.
MM INDICATES DATA IS MISSING.
T  INDICATES TRACE AMOUNT.




$$
