000
CDUS43 KGRR 130523
CLIBTL


CLIMATE REPORT
NATIONAL WEATHER SERVICE GRAND RAPIDS, MI
1219 AM EST SAT FEB 13 2016


...................................

...THE BATTLE CREEK MI CLIMATE SUMMARY FOR FEBRUARY 12 2016...

CLIMATE NORMAL PERIOD 1981 TO 2010
CLIMATE RECORD PERIOD 1998 TO 2016


WEATHER ITEM   OBSERVED TIME   NORMAL DEPARTURE LAST
                VALUE   (LST)  VALUE  FROM      YEAR
                                      NORMAL
......................................................
TEMPERATURE (F)
 YESTERDAY
  MAXIMUM         21    231 PM  34    -13       26
  MINIMUM          7   1158 PM  17    -10       10
  AVERAGE         14            26    -12       18

PRECIPITATION (IN)
  YESTERDAY        T             0.05  -0.05      T
  MONTH TO DATE    0.30          0.50  -0.20     0.21
  SINCE DEC 1      4.36          4.15   0.21     1.86
  SINCE JAN 1      1.24          2.16  -0.92     1.01

DEGREE DAYS
 HEATING
  YESTERDAY       51            39     12       47
  MONTH TO DATE  460           484    -24      536
  SINCE DEC 1   2271          2929   -658     2812
  SINCE JUL 1   3321          4367  -1046     4315

 COOLING
  YESTERDAY        0             0      0        0
  MONTH TO DATE    0             0      0        0
  SINCE DEC 1      0             0      0        0
  SINCE JAN 1      0             0      0        0
......................................................


WIND (MPH)
  RESULTANT WIND SPEED   9   RESULTANT WIND DIRECTION   W (280)
  HIGHEST WIND SPEED    26   HIGHEST WIND DIRECTION     W (290)
  HIGHEST GUST SPEED    33   HIGHEST GUST DIRECTION    NW (300)
  AVERAGE WIND SPEED    13.8


SKY COVER
  AVERAGE SKY COVER 0.7


WEATHER CONDITIONS
 THE FOLLOWING WEATHER WAS RECORDED YESTERDAY.
  HEAVY SNOW
  SNOW
  LIGHT SNOW
  FOG
  HAZE
  BLOWING SNOW


RELATIVE HUMIDITY (PERCENT)
 HIGHEST    84          1100 AM
 LOWEST     63          1000 PM
 AVERAGE    74

..........................................................


THE BATTLE CREEK MI CLIMATE NORMALS FOR TODAY
                         NORMAL
 MAXIMUM TEMPERATURE (F)   35
 MINIMUM TEMPERATURE (F)   17


SUNRISE AND SUNSET
FEBRUARY 13 2016......SUNRISE   741 AM EST   SUNSET   610 PM EST
FEBRUARY 14 2016......SUNRISE   739 AM EST   SUNSET   611 PM EST


-  INDICATES NEGATIVE NUMBERS.
R  INDICATES RECORD WAS SET OR TIED.
MM INDICATES DATA IS MISSING.
T  INDICATES TRACE AMOUNT.




$$

63
