000
CDUS43 KGRR 282232
CLIBTL


CLIMATE REPORT
NATIONAL WEATHER SERVICE GRAND RAPIDS, MI
530 PM EST SAT FEB 28 2015


...................................

...THE BATTLE CREEK MI CLIMATE SUMMARY FOR FEBRUARY 28 2015...
VALID TODAY AS OF 0500 PM LOCAL TIME.

CLIMATE NORMAL PERIOD 1981 TO 2010
CLIMATE RECORD PERIOD 1998 TO 2015


WEATHER ITEM   OBSERVED TIME   RECORD YEAR NORMAL DEPARTURE LAST
                VALUE   (LST)  VALUE       VALUE  FROM      YEAR
                                                  NORMAL
..................................................................
TEMPERATURE (F)
 TODAY
  MAXIMUM         20    459 PM  MM      MM  40    -20       20
  MINIMUM         -8    747 AM  MM      MM  20    -28      -10
  AVERAGE          6                        30    -24        5

PRECIPITATION (IN)
  TODAY            0.00         MM      MM   0.06  -0.06     0.00
  MONTH TO DATE    0.21                      1.34  -1.13     0.78
  SINCE DEC 1      1.86                      4.99  -3.13     2.64
  SINCE JAN 1      1.01                      3.00  -1.99     1.53

DEGREE DAYS
 HEATING
  TODAY           59                        35     24       60
  MONTH TO DATE 1426                      1083    343     1336
  SINCE DEC 1   3702                      3527    175     4053
  SINCE JUL 1   5205                      4965    240     5454

 COOLING
  TODAY            0                         0      0        0
  MONTH TO DATE    0                         0      0        0
  SINCE DEC 1      0                         0      0        0
  SINCE JAN 1      0                         0      0        0
..................................................................


WIND (MPH)
  RESULTANT WIND SPEED   6   RESULTANT WIND DIRECTION  SW (210)
  HIGHEST WIND SPEED    13   HIGHEST WIND DIRECTION     S (200)
  HIGHEST GUST SPEED    14   HIGHEST GUST DIRECTION    SW (210)
  AVERAGE WIND SPEED     6.6



WEATHER CONDITIONS
 THE FOLLOWING WEATHER WAS RECORDED TODAY.
  NO SIGNIFICANT WEATHER WAS OBSERVED.


RELATIVE HUMIDITY (PERCENT)
 HIGHEST    83           600 AM
 LOWEST     43           300 PM
 AVERAGE    63

..........................................................




SUNRISE AND SUNSET
FEBRUARY 28 2015......SUNRISE   718 AM EST   SUNSET   629 PM EST
MARCH  1 2015.........SUNRISE   717 AM EST   SUNSET   631 PM EST


-  INDICATES NEGATIVE NUMBERS.
R  INDICATES RECORD WAS SET OR TIED.
MM INDICATES DATA IS MISSING.
T  INDICATES TRACE AMOUNT.




$$

63
