373
CDUS43 KGRR 250517
CLIBTL


CLIMATE REPORT
NATIONAL WEATHER SERVICE GRAND RAPIDS, MI
117 AM EDT THU MAY 25 2017


...................................

...THE BATTLE CREEK MI CLIMATE SUMMARY FOR MAY 24 2017...

CLIMATE NORMAL PERIOD 1981 TO 2010
CLIMATE RECORD PERIOD 1998 TO 2017


WEATHER ITEM   OBSERVED TIME   NORMAL DEPARTURE LAST
                VALUE   (LST)  VALUE  FROM      YEAR
                                      NORMAL
......................................................
TEMPERATURE (F)
 YESTERDAY
  MAXIMUM         70   1141 AM  73     -3       83
  MINIMUM         55    632 AM  48      7       48
  AVERAGE         63            60      3       66

PRECIPITATION (IN)
  YESTERDAY        0.30          0.13   0.17     0.00
  MONTH TO DATE    2.84          2.89  -0.05     1.96
  SINCE MAR 1      9.97          7.60   2.37     7.40
  SINCE JAN 1     15.44         10.60   4.84     9.00

DEGREE DAYS
 HEATING
  YESTERDAY        2             6     -4        0
  MONTH TO DATE  225           210     15      241
  SINCE MAR 1   1492          1634   -142     1500
  SINCE JUL 1   5395          6599  -1204     5415

 COOLING
  YESTERDAY        0             1     -1        1
  MONTH TO DATE   23            18      5        1
  SINCE MAR 1     32            25      7        3
  SINCE JAN 1     32            25      7        3
......................................................


WIND (MPH)
  RESULTANT WIND SPEED   9   RESULTANT WIND DIRECTION  NE (50)
  HIGHEST WIND SPEED    17   HIGHEST WIND DIRECTION     E (110)
  HIGHEST GUST SPEED    24   HIGHEST GUST DIRECTION    SE (120)
  AVERAGE WIND SPEED     8.6


SKY COVER
  AVERAGE SKY COVER 0.6


WEATHER CONDITIONS
 THE FOLLOWING WEATHER WAS RECORDED YESTERDAY.
  THUNDERSTORM
  RAIN
  LIGHT RAIN
  FOG


RELATIVE HUMIDITY (PERCENT)
 HIGHEST   100           900 PM
 LOWEST     66           200 PM
 AVERAGE    83

..........................................................


THE BATTLE CREEK MI CLIMATE NORMALS FOR TODAY
                         NORMAL
 MAXIMUM TEMPERATURE (F)   73
 MINIMUM TEMPERATURE (F)   49


SUNRISE AND SUNSET
MAY 25 2017...........SUNRISE   611 AM EDT   SUNSET   905 PM EDT
MAY 26 2017...........SUNRISE   610 AM EDT   SUNSET   906 PM EDT


-  INDICATES NEGATIVE NUMBERS.
R  INDICATES RECORD WAS SET OR TIED.
MM INDICATES DATA IS MISSING.
T  INDICATES TRACE AMOUNT.




$$
