000
CDUS43 KGRR 110555
CLIBTL


CLIMATE REPORT
NATIONAL WEATHER SERVICE GRAND RAPIDS, MI
1255 AM EST SUN DEC 11 2016


...................................

...THE BATTLE CREEK MI CLIMATE SUMMARY FOR DECEMBER 10 2016...

CLIMATE NORMAL PERIOD 1981 TO 2010
CLIMATE RECORD PERIOD 1998 TO 2016


WEATHER ITEM   OBSERVED TIME   NORMAL DEPARTURE LAST
                VALUE   (LST)  VALUE  FROM      YEAR
                                      NORMAL
......................................................
TEMPERATURE (F)
 YESTERDAY
  MAXIMUM         24    315 PM  37    -13       58
  MINIMUM         18    607 PM  21     -3       38
  AVERAGE         21            29     -8       48

PRECIPITATION (IN)
  YESTERDAY        0.01          0.07  -0.06     0.00
  MONTH TO DATE    0.62          0.69  -0.07     0.14
  SINCE DEC 1      0.62          0.69  -0.07     0.14
  SINCE JAN 1     31.00         31.85  -0.85    30.54

DEGREE DAYS
 HEATING
  YESTERDAY       44            36      8       17
  MONTH TO DATE  332           344    -12      260
  SINCE DEC 1    332           344    -12      260
  SINCE JUL 1   1175          1782   -607     1310

 COOLING
  YESTERDAY        0             0      0        0
  MONTH TO DATE    0             0      0        0
  SINCE DEC 1      0             0      0        0
  SINCE JAN 1    727           578    149      720
......................................................


WIND (MPH)
  RESULTANT WIND SPEED  10   RESULTANT WIND DIRECTION  SW (220)
  HIGHEST WIND SPEED    18   HIGHEST WIND DIRECTION    SW (230)
  HIGHEST GUST SPEED    23   HIGHEST GUST DIRECTION    SW (230)
  AVERAGE WIND SPEED    10.1


SKY COVER
  AVERAGE SKY COVER 1.0


WEATHER CONDITIONS
 THE FOLLOWING WEATHER WAS RECORDED YESTERDAY.
  LIGHT SNOW
  FOG


RELATIVE HUMIDITY (PERCENT)
 HIGHEST    92          1200 AM
 LOWEST     77           900 PM
 AVERAGE    85

..........................................................


THE BATTLE CREEK MI CLIMATE NORMALS FOR TODAY
                         NORMAL
 MAXIMUM TEMPERATURE (F)   36
 MINIMUM TEMPERATURE (F)   21


SUNRISE AND SUNSET
DECEMBER 11 2016......SUNRISE   800 AM EST   SUNSET   509 PM EST
DECEMBER 12 2016......SUNRISE   801 AM EST   SUNSET   509 PM EST


-  INDICATES NEGATIVE NUMBERS.
R  INDICATES RECORD WAS SET OR TIED.
MM INDICATES DATA IS MISSING.
T  INDICATES TRACE AMOUNT.




$$
