000
CDUS43 KGRR 010516
CLIBTL


CLIMATE REPORT
NATIONAL WEATHER SERVICE GRAND RAPIDS, MI
116 AM EDT SAT AUG 1 2015


...................................

...THE BATTLE CREEK MI CLIMATE SUMMARY FOR JULY 31 2015...

CLIMATE NORMAL PERIOD 1981 TO 2010
CLIMATE RECORD PERIOD 1998 TO 2015


WEATHER ITEM   OBSERVED TIME   NORMAL DEPARTURE LAST
                VALUE   (LST)  VALUE  FROM      YEAR
                                      NORMAL
......................................................
TEMPERATURE (F)
 YESTERDAY
  MAXIMUM         86    255 PM  82      4       80
  MINIMUM         64   1159 PM  59      5       54
  AVERAGE         75            70      5       67

PRECIPITATION (IN)
  YESTERDAY        0.00          0.11  -0.11     0.00
  MONTH TO DATE    4.21          3.36   0.85     4.21
  SINCE JUN 1     12.78          6.59   6.19     9.78
  SINCE JAN 1     21.03         18.07   2.96    17.74

DEGREE DAYS
 HEATING
  YESTERDAY        0             1     -1        0
  MONTH TO DATE    7             7      0       18
  SINCE JUN 1     30            72    -42       36
  SINCE JUL 1      7            15     -8       18

 COOLING
  YESTERDAY       10             6      4        2
  MONTH TO DATE  204           197      7      105
  SINCE JUN 1    344           323     21      281
  SINCE JAN 1    417           361     56      333
......................................................


WIND (MPH)
  RESULTANT WIND SPEED  10   RESULTANT WIND DIRECTION   W (270)
  HIGHEST WIND SPEED    24   HIGHEST WIND DIRECTION    NW (300)
  HIGHEST GUST SPEED    37   HIGHEST GUST DIRECTION    NW (300)
  AVERAGE WIND SPEED    10.7


SKY COVER
  AVERAGE SKY COVER 0.1


WEATHER CONDITIONS
 THE FOLLOWING WEATHER WAS RECORDED YESTERDAY.
  NO SIGNIFICANT WEATHER WAS OBSERVED.


RELATIVE HUMIDITY (PERCENT)
 HIGHEST    84           600 AM
 LOWEST     30           300 PM
 AVERAGE    57

..........................................................


THE BATTLE CREEK MI CLIMATE NORMALS FOR TODAY
                         NORMAL
 MAXIMUM TEMPERATURE (F)   82
 MINIMUM TEMPERATURE (F)   59


SUNRISE AND SUNSET
AUGUST  1 2015........SUNRISE   633 AM EDT   SUNSET   901 PM EDT
AUGUST  2 2015........SUNRISE   634 AM EDT   SUNSET   859 PM EDT


-  INDICATES NEGATIVE NUMBERS.
R  INDICATES RECORD WAS SET OR TIED.
MM INDICATES DATA IS MISSING.
T  INDICATES TRACE AMOUNT.




$$
