000
CDUS45 KMSO 260740
CLIBTM


CLIMATE REPORT
NATIONAL WEATHER SERVICE MISSOULA, MT
1239 AM MST WED NOV 26 2014


...................................

...THE BUTTE MT CLIMATE SUMMARY FOR NOVEMBER 25 2014...

CLIMATE NORMAL PERIOD 1981 TO 2010
CLIMATE RECORD PERIOD 1895 TO 2014


WEATHER ITEM   OBSERVED TIME   RECORD YEAR NORMAL DEPARTURE LAST
                VALUE   (LST)  VALUE       VALUE  FROM      YEAR
                                                  NORMAL
..................................................................
TEMPERATURE (F)
 YESTERDAY
  MAXIMUM         36    648 AM  68    1917  34      2       46
  MINIMUM         27   1159 PM -21    1993  11     16       15
  AVERAGE         32                        23      9       31

PRECIPITATION (IN)
  YESTERDAY        0.46R         0.45 1909   0.02   0.44     0.00
  MONTH TO DATE    0.86                      0.51   0.35     0.20
  SINCE OCT 1      1.69                      1.29   0.40     0.82
  SINCE JAN 1     14.13                     12.17   1.96    11.10

SNOWFALL (IN)
  YESTERDAY       MM
  MONTH TO DATE   MM
  SINCE JAN 1     MM
  SINCE JUL 1     MM
  SNOW DEPTH      MM

DEGREE DAYS
 HEATING
  YESTERDAY       33                        42     -9       34
  MONTH TO DATE 1041                       899    142      849
  SINCE SEP 1   1999                      2042    -43     2024
  SINCE JUL 1   2162                      2270   -108     2091

 COOLING
  YESTERDAY        0                         0      0        0
  MONTH TO DATE    0                         0      0        0
  SINCE SEP 1      1                         2     -1        8
  SINCE JAN 1     78                        81     -3      104
..................................................................


WIND (MPH)
  HIGHEST WIND SPEED    20   HIGHEST WIND DIRECTION     W (250)
  HIGHEST GUST SPEED    29   HIGHEST GUST DIRECTION     W (260)
  AVERAGE WIND SPEED     6.4


SKY COVER
  POSSIBLE SUNSHINE  MM
  AVERAGE SKY COVER 1.0


WEATHER CONDITIONS
 THE FOLLOWING WEATHER WAS RECORDED YESTERDAY.
  SNOW
  LIGHT SNOW
  FOG


RELATIVE HUMIDITY (PERCENT)
 HIGHEST   100           700 PM
 LOWEST     56          1200 AM
 AVERAGE    78

..........................................................


THE BUTTE MT CLIMATE NORMALS FOR TODAY
                         NORMAL    RECORD    YEAR
 MAXIMUM TEMPERATURE (F)   34        64      1917
 MINIMUM TEMPERATURE (F)   10       -22      1952


SUNRISE AND SUNSET
NOVEMBER 26 2014......SUNRISE   745 AM MST   SUNSET   449 PM MST
NOVEMBER 27 2014......SUNRISE   746 AM MST   SUNSET   449 PM MST


-  INDICATES NEGATIVE NUMBERS.
R  INDICATES RECORD WAS SET OR TIED.
MM INDICATES DATA IS MISSING.
T  INDICATES TRACE AMOUNT.




$$
