000
CDUS45 KMSO 172230
CLIBTM


CLIMATE REPORT
NATIONAL WEATHER SERVICE MISSOULA, MT
430 PM MDT WED SEP 17 2014


...................................

...THE BUTTE MT CLIMATE SUMMARY FOR SEPTEMBER 17 2014...
VALID TODAY AS OF 0400 PM LOCAL TIME.

CLIMATE NORMAL PERIOD 1981 TO 2010
CLIMATE RECORD PERIOD 1895 TO 2014


WEATHER ITEM   OBSERVED TIME   RECORD YEAR NORMAL DEPARTURE LAST
                VALUE   (LST)  VALUE       VALUE  FROM      YEAR
                                                  NORMAL
..................................................................
TEMPERATURE (F)
 TODAY
  MAXIMUM         79    135 PM  90    1981  68     11       56
  MINIMUM         38    618 AM   9    1965  35      3       40
  AVERAGE         59                        51      8       48

PRECIPITATION (IN)
  TODAY            0.00          1.45 1908   0.03  -0.03     0.45
  MONTH TO DATE    0.06                      0.60  -0.54     0.95
  SINCE OCT 1     12.57                     12.37   0.20     9.87
  SINCE JAN 1     11.53                     10.48   1.05     8.24

SNOWFALL (IN)
  TODAY           MM
  MONTH TO DATE   MM
  SINCE JAN 1     MM
  SINCE JUL 1     MM
  SNOW DEPTH      MM

DEGREE DAYS
 HEATING
  TODAY            6                        14     -8       17
  MONTH TO DATE  247                       180     67       53
  SINCE SEP 1    247                       180     67       53
  SINCE JUL 1    410                       408      2      120

 COOLING
  TODAY            0                         0      0        0
  MONTH TO DATE    0                         0      0        8
  SINCE SEP 1      0                         0      0        8
  SINCE JAN 1     77                        79     -2      104
..................................................................


WIND (MPH)
  HIGHEST WIND SPEED    15   HIGHEST WIND DIRECTION    SW (240)
  HIGHEST GUST SPEED    22   HIGHEST GUST DIRECTION     W (260)
  AVERAGE WIND SPEED     3.8


SKY COVER
  POSSIBLE SUNSHINE  MM
  AVERAGE SKY COVER 0.0


WEATHER CONDITIONS
 THE FOLLOWING WEATHER WAS RECORDED TODAY.
  NO SIGNIFICANT WEATHER WAS OBSERVED.


RELATIVE HUMIDITY (PERCENT)
 HIGHEST    92           500 AM
 LOWEST     20           300 PM
 AVERAGE    56

..........................................................


THE BUTTE MT CLIMATE NORMALS FOR TOMORROW
                         NORMAL    RECORD    YEAR
 MAXIMUM TEMPERATURE (F)   67        91      1981
 MINIMUM TEMPERATURE (F)   35         6      1965


SUNRISE AND SUNSET
SEPTEMBER 17 2014.....SUNRISE   711 AM MDT   SUNSET   737 PM MDT
SEPTEMBER 18 2014.....SUNRISE   712 AM MDT   SUNSET   735 PM MDT


-  INDICATES NEGATIVE NUMBERS.
R  INDICATES RECORD WAS SET OR TIED.
MM INDICATES DATA IS MISSING.
T  INDICATES TRACE AMOUNT.




$$
