000
CDUS45 KMSO 030739
CLIBTM


CLIMATE REPORT
NATIONAL WEATHER SERVICE MISSOULA, MT
1238 AM MST TUE MAR 3 2015


...................................

...THE BUTTE MT CLIMATE SUMMARY FOR MARCH 2 2015...

CLIMATE NORMAL PERIOD 1981 TO 2010
CLIMATE RECORD PERIOD 1895 TO 2015


WEATHER ITEM   OBSERVED TIME   RECORD YEAR NORMAL DEPARTURE LAST
                VALUE   (LST)  VALUE       VALUE  FROM      YEAR
                                                  NORMAL
..................................................................
TEMPERATURE (F)
 YESTERDAY
  MAXIMUM         35    149 PM  60    1905  39     -4       40
  MINIMUM          7    748 AM -31    1943  14     -7       -4
  AVERAGE         21                        26     -5       18

PRECIPITATION (IN)
  YESTERDAY        T             0.46 1982   0.02  -0.02      T
  MONTH TO DATE    T                         0.04  -0.04     0.03
  SINCE OCT 1      2.69                      2.83  -0.14     1.93
  SINCE JAN 1      0.30                      0.94  -0.64     0.89

SNOWFALL (IN)
  YESTERDAY       MM
  MONTH TO DATE   MM
  SINCE JAN 1     MM
  SINCE JUL 1     MM
  SNOW DEPTH      MM

DEGREE DAYS
 HEATING
  YESTERDAY       44                        39      5       47
  MONTH TO DATE   94                        78     16      117
  SINCE MAR 1     94                        78     16      117
  SINCE JUL 1   5975                      6647   -672     6495

 COOLING
  YESTERDAY        0                         0      0        0
  MONTH TO DATE    0                         0      0        0
  SINCE MAR 1      0                         0      0        0
  SINCE JAN 1      0                         0      0        0
..................................................................


WIND (MPH)
  HIGHEST WIND SPEED    26   HIGHEST WIND DIRECTION    NE (30)
  HIGHEST GUST SPEED    35   HIGHEST GUST DIRECTION    NE (30)
  AVERAGE WIND SPEED     8.9


SKY COVER
  POSSIBLE SUNSHINE  MM
  AVERAGE SKY COVER 0.5


WEATHER CONDITIONS
 THE FOLLOWING WEATHER WAS RECORDED YESTERDAY.
  LIGHT SNOW
  HAZE


RELATIVE HUMIDITY (PERCENT)
 HIGHEST    80           300 AM
 LOWEST     32           100 PM
 AVERAGE    56

..........................................................


THE BUTTE MT CLIMATE NORMALS FOR TODAY
                         NORMAL    RECORD    YEAR
 MAXIMUM TEMPERATURE (F)   40        65      1921
 MINIMUM TEMPERATURE (F)   14       -25      1976


SUNRISE AND SUNSET
MARCH  3 2015.........SUNRISE   705 AM MST   SUNSET   619 PM MST
MARCH  4 2015.........SUNRISE   704 AM MST   SUNSET   621 PM MST


-  INDICATES NEGATIVE NUMBERS.
R  INDICATES RECORD WAS SET OR TIED.
MM INDICATES DATA IS MISSING.
T  INDICATES TRACE AMOUNT.




$$
