000
CDUS45 KMSO 300739
CLIBTM


CLIMATE REPORT
NATIONAL WEATHER SERVICE MISSOULA, MT
137 AM MDT TUE AUG 30 2016


...................................

...THE BUTTE MT CLIMATE SUMMARY FOR AUGUST 29 2016...

CLIMATE NORMAL PERIOD 1981 TO 2010
CLIMATE RECORD PERIOD 1895 TO 2016


WEATHER ITEM   OBSERVED TIME   RECORD YEAR NORMAL DEPARTURE LAST
                VALUE   (LST)  VALUE       VALUE  FROM      YEAR
                                                  NORMAL
..................................................................
TEMPERATURE (F)
 YESTERDAY
  MAXIMUM         85    340 PM  91    2005  76      9       86
                                      1998
  MINIMUM         38    609 AM  27    1937  41     -3       54
  AVERAGE         62                        58      4       70

PRECIPITATION (IN)
  YESTERDAY        0.00          0.50 1910   0.04  -0.04     0.05
  MONTH TO DATE    0.66                      1.27  -0.61     0.37
  SINCE OCT 1      8.80                     11.68  -2.88     8.90
  SINCE JAN 1      6.06                      9.79  -3.73     6.51

SNOWFALL (IN)
  YESTERDAY       MM
  MONTH TO DATE   MM
  SINCE JAN 1     MM
  SINCE JUL 1     MM
  SNOW DEPTH      MM

DEGREE DAYS
 HEATING
  YESTERDAY        3                         7     -4        0
  MONTH TO DATE  165                       113     52      115
  SINCE JUN 1    487                       500    -13      367
  SINCE JUL 1    298                       213     85      219

 COOLING
  YESTERDAY        0                         0      0        5
  MONTH TO DATE    4                        24    -20       34
  SINCE JUN 1     51                        75    -24      101
  SINCE JAN 1     51                        75    -24      101
..................................................................


WIND (MPH)
  HIGHEST WIND SPEED    20   HIGHEST WIND DIRECTION     E (90)
  HIGHEST GUST SPEED    26   HIGHEST GUST DIRECTION     E (80)
  AVERAGE WIND SPEED     6.4


SKY COVER
  POSSIBLE SUNSHINE  MM
  AVERAGE SKY COVER 0.0


WEATHER CONDITIONS
 THE FOLLOWING WEATHER WAS RECORDED YESTERDAY.
  HAZE


RELATIVE HUMIDITY (PERCENT)
 HIGHEST    70           600 AM
 LOWEST     15           400 PM
 AVERAGE    43

..........................................................


THE BUTTE MT CLIMATE NORMALS FOR TODAY
                         NORMAL    RECORD    YEAR
 MAXIMUM TEMPERATURE (F)   75        89      1954
 MINIMUM TEMPERATURE (F)   41        25      1965


SUNRISE AND SUNSET
AUGUST 30 2016........SUNRISE   649 AM MDT   SUNSET   811 PM MDT
AUGUST 31 2016........SUNRISE   650 AM MDT   SUNSET   809 PM MDT


-  INDICATES NEGATIVE NUMBERS.
R  INDICATES RECORD WAS SET OR TIED.
MM INDICATES DATA IS MISSING.
T  INDICATES TRACE AMOUNT.




$$
