000
CDUS44 KLIX 292120
CLIBTR


CLIMATE REPORT
NATIONAL WEATHER SERVICE NEW ORLEANS
420 PM CDT FRI MAY 29 2015


...................................

...THE BATON ROUGE  ASOS CLIMATE SUMMARY FOR MAY 29 2015...
VALID TODAY AS OF 0400 PM LOCAL TIME.

CLIMATE NORMAL PERIOD 1981 TO 2010
CLIMATE RECORD PERIOD 1894 TO 2015


WEATHER ITEM   OBSERVED TIME   RECORD YEAR NORMAL DEPARTURE LAST
                VALUE   (LST)  VALUE       VALUE  FROM      YEAR
                                                  NORMAL
..................................................................
TEMPERATURE (F)
 TODAY
  MAXIMUM         89    109 PM  95    1982  89      0       81
                                      1921
  MINIMUM         72    519 AM  51    1961  68      4       69
  AVERAGE         81

PRECIPITATION (IN)
  TODAY            0.42          1.27 1997   0.17   0.25     0.03
                                      1936
  MONTH TO DATE    6.38                      4.56   1.82     8.25
  SINCE MAR 1     17.84                     13.43   4.41    15.00
  SINCE JAN 1     27.59                     24.19   3.40    24.27

SNOWFALL (IN)
  TODAY            0.0
  MONTH TO DATE    0.0
  SINCE MAR 1      T
  SINCE JUL 1      T
  SNOW DEPTH       0

DEGREE DAYS
 HEATING
  TODAY            0                         0      0        0
  MONTH TO DATE    0                         0      0        6
  SINCE MAR 1     99                       218   -119      278
  SINCE JUL 1   1641                      1553     88     1984

 COOLING
  TODAY           16                        14      2       10
  MONTH TO DATE  335                       306     29      265
  SINCE MAR 1    642                       506    136      458
  SINCE JAN 1    646                       537    109      478
..................................................................


WIND (MPH)
  HIGHEST WIND SPEED    31   HIGHEST WIND DIRECTION    SE (140)
  HIGHEST GUST SPEED    47   HIGHEST GUST DIRECTION    SE (150)
  AVERAGE WIND SPEED     6.3


SKY COVER
  POSSIBLE SUNSHINE  MM
  AVERAGE SKY COVER 0.5


WEATHER CONDITIONS
 THE FOLLOWING WEATHER WAS RECORDED TODAY.
  LIGHT RAIN
  FOG


RELATIVE HUMIDITY (PERCENT)
 HIGHEST   100           400 AM
 LOWEST     53           200 PM
 AVERAGE    77

..........................................................


THE BATON ROUGE  ASOS CLIMATE NORMALS FOR TOMORROW
                         NORMAL    RECORD    YEAR
 MAXIMUM TEMPERATURE (F)   89        96      1921
                                             1896
 MINIMUM TEMPERATURE (F)   69        50      1984


SUNRISE AND SUNSET
MAY 29 2015...........SUNRISE   604 AM CDT   SUNSET   801 PM CDT
MAY 30 2015...........SUNRISE   603 AM CDT   SUNSET   801 PM CDT


-  INDICATES NEGATIVE NUMBERS.
R  INDICATES RECORD WAS SET OR TIED.
MM INDICATES DATA IS MISSING.
T  INDICATES TRACE AMOUNT.




$$
