000
CDUS44 KLIX 200702
CLIBTR


CLIMATE REPORT
NATIONAL WEATHER SERVICE NEW ORLEANS
202 AM CDT FRI OCT 20 2017


...................................

...THE BATON ROUGE  ASOS CLIMATE SUMMARY FOR OCTOBER 19 2017...

CLIMATE NORMAL PERIOD 1981 TO 2010
CLIMATE RECORD PERIOD 1894 TO 2017


WEATHER ITEM   OBSERVED TIME   RECORD YEAR NORMAL DEPARTURE LAST
                VALUE   (LST)  VALUE       VALUE  FROM      YEAR
                                                  NORMAL
..................................................................
TEMPERATURE (F)
 YESTERDAY
  MAXIMUM         84    248 PM  90    2016  80      4       90
                                      1947
  MINIMUM         55    639 AM  36    1948  57     -2       70
  AVERAGE         70                        68      2       80

PRECIPITATION (IN)
  YESTERDAY        0.00          1.35 1917   0.17  -0.17     0.00
  MONTH TO DATE    2.55                      2.81  -0.26     0.01
  SINCE SEP 1      2.63                      7.35  -4.72     2.49
  SINCE JAN 1     58.02                     49.06   8.96    77.64

SNOWFALL (IN)
  YESTERDAY        0.0
  MONTH TO DATE    0.0
  SINCE SEP 1      0.0
  SINCE JUL 1      0.0
  SNOW DEPTH       0

DEGREE DAYS
 HEATING
  YESTERDAY        0                         2     -2        0
  MONTH TO DATE    2                        15    -13        0
  SINCE SEP 1      2                        17    -15        0
  SINCE JUL 1      2                        17    -15        0

 COOLING
  YESTERDAY        5                         5      0       15
  MONTH TO DATE  212                       131     81      206
  SINCE SEP 1    614                       541     73      713
  SINCE JAN 1   2873                      2702    171     2989
..................................................................


WIND (MPH)
  HIGHEST WIND SPEED    13   HIGHEST WIND DIRECTION    NE (60)
  HIGHEST GUST SPEED    16   HIGHEST GUST DIRECTION     E (70)
  AVERAGE WIND SPEED     5.8


SKY COVER
  POSSIBLE SUNSHINE  MM
  AVERAGE SKY COVER 0.1


WEATHER CONDITIONS
 THE FOLLOWING WEATHER WAS RECORDED YESTERDAY.
  NO SIGNIFICANT WEATHER WAS OBSERVED.


RELATIVE HUMIDITY (PERCENT)
 HIGHEST    97          1200 AM
 LOWEST     47           200 PM
 AVERAGE    72

..........................................................


THE BATON ROUGE  ASOS CLIMATE NORMALS FOR TODAY
                         NORMAL    RECORD    YEAR
 MAXIMUM TEMPERATURE (F)   80        90      2004
                                             1993
                                             1921
 MINIMUM TEMPERATURE (F)   56        35      1989


SUNRISE AND SUNSET
OCTOBER 20 2017.......SUNRISE   711 AM CDT   SUNSET   628 PM CDT
OCTOBER 21 2017.......SUNRISE   711 AM CDT   SUNSET   627 PM CDT


-  INDICATES NEGATIVE NUMBERS.
R  INDICATES RECORD WAS SET OR TIED.
MM INDICATES DATA IS MISSING.
T  INDICATES TRACE AMOUNT.




$$
