000
CDUS44 KLIX 280701
CLIBTR


CLIMATE REPORT
NATIONAL WEATHER SERVICE NEW ORLEANS
200 AM CDT WED SEP 28 2016


...................................

...THE BATON ROUGE  ASOS CLIMATE SUMMARY FOR SEPTEMBER 27 2016...

CLIMATE NORMAL PERIOD 1981 TO 2010
CLIMATE RECORD PERIOD 1894 TO 2016


WEATHER ITEM   OBSERVED TIME   RECORD YEAR NORMAL DEPARTURE LAST
                VALUE   (LST)  VALUE       VALUE  FROM      YEAR
                                                  NORMAL
..................................................................
TEMPERATURE (F)
 YESTERDAY
  MAXIMUM         89    249 PM  95    1933  86      3       81
                                      1915
                                      1904
  MINIMUM         70    751 AM  46    1899  65      5       72
  AVERAGE         80                        75      5       77

PRECIPITATION (IN)
  YESTERDAY        0.00          1.82 1908   0.14  -0.14     0.06
  MONTH TO DATE    2.48                      4.11  -1.63     2.13
  SINCE SEP 1      2.48                      4.11  -1.63     2.13
  SINCE JAN 1     76.71                     45.82  30.89    49.52

SNOWFALL (IN)
  YESTERDAY        0.0
  MONTH TO DATE    0.0
  SINCE SEP 1      0.0
  SINCE JUL 1      0.0
  SNOW DEPTH       0

DEGREE DAYS
 HEATING
  YESTERDAY        0                         0      0        0
  MONTH TO DATE    0                         0      0        0
  SINCE SEP 1      0                         0      0        0
  SINCE JUL 1      0                         0      0        0

 COOLING
  YESTERDAY       15                        10      5       12
  MONTH TO DATE  482                       379    103      395
  SINCE SEP 1    482                       379    103      395
  SINCE JAN 1   2746                      2540    206     2768
..................................................................


WIND (MPH)
  HIGHEST WIND SPEED     9   HIGHEST WIND DIRECTION     N (360)
  HIGHEST GUST SPEED    12   HIGHEST GUST DIRECTION     N (340)
  AVERAGE WIND SPEED     4.3


SKY COVER
  POSSIBLE SUNSHINE  MM
  AVERAGE SKY COVER 0.1


WEATHER CONDITIONS
 THE FOLLOWING WEATHER WAS RECORDED YESTERDAY.
  NO SIGNIFICANT WEATHER WAS OBSERVED.


RELATIVE HUMIDITY (PERCENT)
 HIGHEST    87          1200 AM
 LOWEST     55           100 PM
 AVERAGE    71

..........................................................


THE BATON ROUGE  ASOS CLIMATE NORMALS FOR TODAY
                         NORMAL    RECORD    YEAR
 MAXIMUM TEMPERATURE (F)   86        97      1953
 MINIMUM TEMPERATURE (F)   64        43      1909


SUNRISE AND SUNSET
SEPTEMBER 28 2016.....SUNRISE   657 AM CDT   SUNSET   653 PM CDT
SEPTEMBER 29 2016.....SUNRISE   657 AM CDT   SUNSET   652 PM CDT


-  INDICATES NEGATIVE NUMBERS.
R  INDICATES RECORD WAS SET OR TIED.
MM INDICATES DATA IS MISSING.
T  INDICATES TRACE AMOUNT.




$$
