000
CDUS44 KLIX 232131
CLIBTR


CLIMATE REPORT
NATIONAL WEATHER SERVICE NEW ORLEANS
431 PM CDT TUE MAY 23 2017


...................................

...THE BATON ROUGE  ASOS CLIMATE SUMMARY FOR MAY 23 2017...
VALID TODAY AS OF 0400 PM LOCAL TIME.

CLIMATE NORMAL PERIOD 1981 TO 2010
CLIMATE RECORD PERIOD 1894 TO 2017


WEATHER ITEM   OBSERVED TIME   RECORD YEAR NORMAL DEPARTURE LAST
                VALUE   (LST)  VALUE       VALUE  FROM      YEAR
                                                  NORMAL
..................................................................
TEMPERATURE (F)
 TODAY
  MAXIMUM         81    140 PM  94    2005  88     -7       87
                                      1918
                                      1915
  MINIMUM         71    907 AM  49    2002  67      4       62
                                      2001
  AVERAGE         76

PRECIPITATION (IN)
  TODAY            0.19          2.94 1927   0.16   0.03     0.00
  MONTH TO DATE    6.70                      3.53   3.17     6.11
  SINCE MAR 1     17.84                     12.40   5.44    20.85
  SINCE JAN 1     29.27                     23.16   6.11    30.16

SNOWFALL (IN)
  TODAY            0.0
  MONTH TO DATE    0.0
  SINCE MAR 1      0.0
  SINCE JUL 1      0.0
  SNOW DEPTH       0

DEGREE DAYS
 HEATING
  TODAY            0                         0      0        0
  MONTH TO DATE   10                         0     10        0
  SINCE MAR 1    105                       218   -113       88
  SINCE JUL 1    809                      1553   -744     1079

 COOLING
  TODAY           11                        12     -1       10
  MONTH TO DATE  174                       227    -53      182
  SINCE MAR 1    512                       427     85      438
  SINCE JAN 1    655                       458    197      455
..................................................................


WIND (MPH)
  HIGHEST WIND SPEED    14   HIGHEST WIND DIRECTION     W (270)
  HIGHEST GUST SPEED    18   HIGHEST GUST DIRECTION    SW (220)
  AVERAGE WIND SPEED     8.5


SKY COVER
  POSSIBLE SUNSHINE  MM
  AVERAGE SKY COVER 0.9


WEATHER CONDITIONS
 THE FOLLOWING WEATHER WAS RECORDED TODAY.
  HEAVY RAIN
  LIGHT RAIN
  FOG


RELATIVE HUMIDITY (PERCENT)
 HIGHEST   100           400 AM
 LOWEST     67           200 PM
 AVERAGE    84

..........................................................


THE BATON ROUGE  ASOS CLIMATE NORMALS FOR TOMORROW
                         NORMAL    RECORD    YEAR
 MAXIMUM TEMPERATURE (F)   88        95      2010
                                             1941
                                             1915
 MINIMUM TEMPERATURE (F)   67        54      1913


SUNRISE AND SUNSET
MAY 23 2017...........SUNRISE   606 AM CDT   SUNSET   757 PM CDT
MAY 24 2017...........SUNRISE   605 AM CDT   SUNSET   758 PM CDT


-  INDICATES NEGATIVE NUMBERS.
R  INDICATES RECORD WAS SET OR TIED.
MM INDICATES DATA IS MISSING.
T  INDICATES TRACE AMOUNT.




$$
