000
CDUS44 KLIX 030701
CLIBTR


CLIMATE REPORT
NATIONAL WEATHER SERVICE NEW ORLEANS
201 AM CDT TUE MAY 3 2016


...................................

...THE BATON ROUGE  ASOS CLIMATE SUMMARY FOR MAY 2 2016...

CLIMATE NORMAL PERIOD 1981 TO 2010
CLIMATE RECORD PERIOD 1894 TO 2016


WEATHER ITEM   OBSERVED TIME   RECORD YEAR NORMAL DEPARTURE LAST
                VALUE   (LST)  VALUE       VALUE  FROM      YEAR
                                                  NORMAL
..................................................................
TEMPERATURE (F)
 YESTERDAY
  MAXIMUM         80    517 PM  90    2011  83     -3       84
                                      2002
                                      1946
  MINIMUM         64    524 AM  41    1909  62      2       56
  AVERAGE         72                        72      0       70

PRECIPITATION (IN)
  YESTERDAY        0.16          4.55 1954   0.14   0.02     0.00
  MONTH TO DATE    1.79                      0.28   1.51     0.00
  SINCE MAR 1     16.53                      9.15   7.38    11.46
  SINCE JAN 1     25.84                     19.91   5.93    21.21

SNOWFALL (IN)
  YESTERDAY        0.0
  MONTH TO DATE    0.0
  SINCE MAR 1      0.0
  SINCE JUL 1      0.0
  SNOW DEPTH       0

DEGREE DAYS
 HEATING
  YESTERDAY        0                         0      0        0
  MONTH TO DATE    0                         0      0        0
  SINCE MAR 1     88                       218   -130       99
  SINCE JUL 1   1079                      1553   -474     1641

 COOLING
  YESTERDAY        7                         8     -1        5
  MONTH TO DATE   11                        15     -4       11
  SINCE MAR 1    267                       215     52      318
  SINCE JAN 1    284                       246     38      322
..................................................................


WIND (MPH)
  HIGHEST WIND SPEED    14   HIGHEST WIND DIRECTION     E (90)
  HIGHEST GUST SPEED    23   HIGHEST GUST DIRECTION     W (280)
  AVERAGE WIND SPEED     3.2


SKY COVER
  POSSIBLE SUNSHINE  MM
  AVERAGE SKY COVER 0.3


WEATHER CONDITIONS
 THE FOLLOWING WEATHER WAS RECORDED YESTERDAY.
  RAIN
  LIGHT RAIN
  FOG


RELATIVE HUMIDITY (PERCENT)
 HIGHEST    93          1200 AM
 LOWEST     58           500 PM
 AVERAGE    76

..........................................................


THE BATON ROUGE  ASOS CLIMATE NORMALS FOR TODAY
                         NORMAL    RECORD    YEAR
 MAXIMUM TEMPERATURE (F)   83        92      1943
 MINIMUM TEMPERATURE (F)   62        44      2013


SUNRISE AND SUNSET
MAY  3 2016...........SUNRISE   619 AM CDT   SUNSET   744 PM CDT
MAY  4 2016...........SUNRISE   618 AM CDT   SUNSET   745 PM CDT


-  INDICATES NEGATIVE NUMBERS.
R  INDICATES RECORD WAS SET OR TIED.
MM INDICATES DATA IS MISSING.
T  INDICATES TRACE AMOUNT.




$$
