000
CDUS44 KLIX 182241
CLIBTR


CLIMATE REPORT
NATIONAL WEATHER SERVICE NEW ORLEANS
440 PM CST WED JAN 18 2017


...................................

...THE BATON ROUGE  ASOS CLIMATE SUMMARY FOR JANUARY 18 2017...
VALID TODAY AS OF 0400 PM LOCAL TIME.

CLIMATE NORMAL PERIOD 1981 TO 2010
CLIMATE RECORD PERIOD 1894 TO 2017


WEATHER ITEM   OBSERVED TIME   RECORD YEAR NORMAL DEPARTURE LAST
                VALUE   (LST)  VALUE       VALUE  FROM      YEAR
                                                  NORMAL
..................................................................
TEMPERATURE (F)
 TODAY
  MAXIMUM         82    203 PM  84    1907  62     20       57
  MINIMUM         63   1213 AM  16    1948  41     22       31
  AVERAGE         73

PRECIPITATION (IN)
  TODAY            0.00          3.05 1992   0.19  -0.19     0.00
  MONTH TO DATE    2.94                      3.26  -0.32     3.08
  SINCE DEC 1     12.65                      8.86   3.79     9.41
  SINCE JAN 1      2.94                      3.26  -0.32     3.08

SNOWFALL (IN)
  TODAY            0.0
  MONTH TO DATE    0.0
  SINCE DEC 1      0.0
  SINCE JUL 1      0.0
  SNOW DEPTH       0

DEGREE DAYS
 HEATING
  TODAY            0                        14    -14       21
  MONTH TO DATE  135                       252   -117      276
  SINCE DEC 1    406                       633   -227      455
  SINCE JUL 1    519                       868   -349      566

 COOLING
  TODAY            8                         0      8        0
  MONTH TO DATE   44                         3     41        0
  SINCE DEC 1    109                        25     84       87
  SINCE JAN 1     44                         3     41        0
..................................................................


WIND (MPH)
  HIGHEST WIND SPEED    20   HIGHEST WIND DIRECTION     S (170)
  HIGHEST GUST SPEED    24   HIGHEST GUST DIRECTION     S (170)
  AVERAGE WIND SPEED     7.2


SKY COVER
  POSSIBLE SUNSHINE  MM
  AVERAGE SKY COVER 0.9


WEATHER CONDITIONS
 THE FOLLOWING WEATHER WAS RECORDED TODAY.
  FOG
  FOG W/VISIBILITY <= 1/4 MILE


RELATIVE HUMIDITY (PERCENT)
 HIGHEST   100           200 AM
 LOWEST     58           300 PM
 AVERAGE    79

..........................................................


THE BATON ROUGE  ASOS CLIMATE NORMALS FOR TOMORROW
                         NORMAL    RECORD    YEAR
 MAXIMUM TEMPERATURE (F)   62        82      1895
 MINIMUM TEMPERATURE (F)   41        15      1940


SUNRISE AND SUNSET
JANUARY 18 2017.......SUNRISE   702 AM CST   SUNSET   529 PM CST
JANUARY 19 2017.......SUNRISE   701 AM CST   SUNSET   530 PM CST


-  INDICATES NEGATIVE NUMBERS.
R  INDICATES RECORD WAS SET OR TIED.
MM INDICATES DATA IS MISSING.
T  INDICATES TRACE AMOUNT.




$$
