000
CDUS41 KBTV 230540
CLIBTV


CLIMATE REPORT
NATIONAL WEATHER SERVICE BURLINGTON VT
1239 AM EST SUN NOV 23 2014


...................................

...THE BURLINGTON VT CLIMATE SUMMARY FOR NOVEMBER 22 2014...

CLIMATE NORMAL PERIOD 1981 TO 2010
CLIMATE RECORD PERIOD 1884 TO 2014


WEATHER ITEM   OBSERVED TIME   RECORD YEAR NORMAL DEPARTURE LAST
                VALUE   (LST)  VALUE       VALUE  FROM      YEAR
                                                  NORMAL
..................................................................
TEMPERATURE (F)
 YESTERDAY
  MAXIMUM         40   1159 PM  69    1953  43     -3       44
  MINIMUM         21    133 AM   3    1969  29     -8       34
  AVERAGE         31                        36     -5       39

PRECIPITATION (IN)
  YESTERDAY        0.00          0.81 1962   0.11  -0.11     0.15
  MONTH TO DATE    1.05                      2.37  -1.32     1.09
  SINCE SEP 1      6.85                      9.61  -2.76     8.42
  SINCE JAN 1     32.55                     33.68  -1.13    41.11

SNOWFALL (IN)
  YESTERDAY        0.0           4.3  2000   0.2   -0.2      0.0
  MONTH TO DATE    0.6                       2.8   -2.2      0.3
  SINCE SEP 1      0.6                       3.1   -2.5      0.3
  SINCE JUL 1      0.6                       3.1   -2.5      0.3
  SNOW DEPTH       0

DEGREE DAYS
 HEATING
  YESTERDAY       34                        29      5       26
  MONTH TO DATE  576                       556     20      547
  SINCE SEP 1   1093                      1255   -162     1150
  SINCE JUL 1   1106                      1297   -191     1166

 COOLING
  YESTERDAY        0                         0      0        0
  MONTH TO DATE    0                         0      0        0
  SINCE SEP 1     89                        43     46       62
  SINCE JAN 1    582                       491     91      662
..................................................................


WIND (MPH)
  HIGHEST WIND SPEED    29   HIGHEST WIND DIRECTION     S (200)
  HIGHEST GUST SPEED    40   HIGHEST GUST DIRECTION    SW (210)
  AVERAGE WIND SPEED    16.1


SKY COVER
  POSSIBLE SUNSHINE  MM
  AVERAGE SKY COVER 0.7


WEATHER CONDITIONS
 THE FOLLOWING WEATHER WAS RECORDED YESTERDAY.
  NO SIGNIFICANT WEATHER WAS OBSERVED.


RELATIVE HUMIDITY (PERCENT)
 HIGHEST    65           500 AM
 LOWEST     29           500 PM
 AVERAGE    47

..........................................................


THE BURLINGTON VT CLIMATE NORMALS FOR TODAY
                         NORMAL    RECORD    YEAR
 MAXIMUM TEMPERATURE (F)   42        68      1953
 MINIMUM TEMPERATURE (F)   29         2      1972
                                             1888


SUNRISE AND SUNSET
NOVEMBER 23 2014......SUNRISE   659 AM EST   SUNSET   419 PM EST
NOVEMBER 24 2014......SUNRISE   700 AM EST   SUNSET   418 PM EST


-  INDICATES NEGATIVE NUMBERS.
R  INDICATES RECORD WAS SET OR TIED.
MM INDICATES DATA IS MISSING.
T  INDICATES TRACE AMOUNT.

&&

LAKE CHAMPLAIN DATA:
LEVEL...............94.21 FEET
TEMPERATURE.........44 DEGREES

MOUNT MANSFIELD DATA:
HIGH................24 DEGREES
LOW.................3 DEGREES
PRECIPITATION.......NONE
NEW SNOW............NONE
SNOW AT STAKE.......11 INCHES

$$
