000
CDUS41 KBTV 142138
CLIBTV


CLIMATE REPORT
NATIONAL WEATHER SERVICE BURLINGTON VT
438 PM EST SUN FEB 14 2016


...................................

...THE BURLINGTON VT CLIMATE SUMMARY FOR FEBRUARY 14 2016...
VALID TODAY AS OF 0400 PM LOCAL TIME.

CLIMATE NORMAL PERIOD 1981 TO 2010
CLIMATE RECORD PERIOD 1884 TO 2016


WEATHER ITEM   OBSERVED TIME   RECORD YEAR NORMAL DEPARTURE LAST
                VALUE   (LST)  VALUE       VALUE  FROM      YEAR
                                                  NORMAL
..................................................................
TEMPERATURE (F)
 TODAY
  MAXIMUM          3    359 PM  55    1946  30    -27       17
  MINIMUM        -13    803 AM -19    1987  12    -25      -12
                                      1979
  AVERAGE         -5                        21    -26        3

PRECIPITATION (IN)
  TODAY            T             1.94 2007   0.06  -0.06     0.06
  MONTH TO DATE    0.38                      0.88  -0.50     0.86
  SINCE DEC 1      6.01                      5.32   0.69     5.00
  SINCE JAN 1      1.57                      2.94  -1.37     2.15

SNOWFALL (IN)
  TODAY            T            25.3  2007   0.6   -0.6      1.9
  MONTH TO DATE    4.0                       8.5   -4.5     17.9
  SINCE DEC 1     24.2                      47.5  -23.3     60.5
  SINCE JUL 1     24.4                      52.9  -28.5     71.1
  SNOW DEPTH       2

DEGREE DAYS
 HEATING
  TODAY           70                        44     26       62
  MONTH TO DATE  504                       630   -126      801
  SINCE DEC 1   2533                      3279   -746     3394
  SINCE JUL 1   3772                      4824  -1052     4719

 COOLING
  TODAY            0                         0      0        0
  MONTH TO DATE    0                         0      0        0
  SINCE DEC 1      0                         0      0        0
  SINCE JAN 1      0                         0      0        0
..................................................................


WIND (MPH)
  HIGHEST WIND SPEED    17   HIGHEST WIND DIRECTION    NW (330)
  HIGHEST GUST SPEED    21   HIGHEST GUST DIRECTION    NW (330)
  AVERAGE WIND SPEED     4.8


SKY COVER
  POSSIBLE SUNSHINE  MM
  AVERAGE SKY COVER 0.3


WEATHER CONDITIONS
 THE FOLLOWING WEATHER WAS RECORDED TODAY.
  LIGHT SNOW
  FOG
  HAZE
  BLOWING SNOW


RELATIVE HUMIDITY (PERCENT)
 HIGHEST    63           800 AM
 LOWEST     39           300 PM
 AVERAGE    51

..........................................................


THE BURLINGTON VT CLIMATE NORMALS FOR TOMORROW
                         NORMAL    RECORD    YEAR
 MAXIMUM TEMPERATURE (F)   31        54      2006
 MINIMUM TEMPERATURE (F)   12       -26      1943


SUNRISE AND SUNSET
FEBRUARY 14 2016......SUNRISE   655 AM EST   SUNSET   519 PM EST
FEBRUARY 15 2016......SUNRISE   653 AM EST   SUNSET   521 PM EST


-  INDICATES NEGATIVE NUMBERS.
R  INDICATES RECORD WAS SET OR TIED.
MM INDICATES DATA IS MISSING.
T  INDICATES TRACE AMOUNT.




$$
