000
CDUS41 KBTV 272116
CLIBTV


CLIMATE REPORT
NATIONAL WEATHER SERVICE BURLINGTON VT
515 PM EDT WED MAY 27 2015


...................................

...THE BURLINGTON VT CLIMATE SUMMARY FOR MAY 27 2015...
VALID TODAY AS OF 0500 PM LOCAL TIME.

CLIMATE NORMAL PERIOD 1981 TO 2010
CLIMATE RECORD PERIOD 1884 TO 2015


WEATHER ITEM   OBSERVED TIME   RECORD YEAR NORMAL DEPARTURE LAST
                VALUE   (LST)  VALUE       VALUE  FROM      YEAR
                                                  NORMAL
..................................................................
TEMPERATURE (F)
 TODAY
  MAXIMUM         88   1249 PM  91    1944  71     17       76
  MINIMUM         72    352 AM  28    1969  49     23       54
  AVERAGE         80                        60     20       65

PRECIPITATION (IN)
  TODAY            0.03          2.09 1956   0.12  -0.09     0.45
  MONTH TO DATE    1.42                      2.96  -1.54     3.90
  SINCE MAR 1      4.96                      8.00  -3.04     9.44
  SINCE JAN 1      7.34                     11.82  -4.48    13.72

SNOWFALL (IN)
  TODAY            0.0           T    1961   0.0    0.0      0.0
  MONTH TO DATE    0.0                       0.0    0.0      0.0
  SINCE MAR 1      7.5                      20.4  -12.9     28.2
  SINCE JUL 1     83.4                      81.2    2.2     86.5
  SNOW DEPTH       0

DEGREE DAYS
 HEATING
  TODAY            0                         6     -6        0
  MONTH TO DATE  124                       264   -140      171
  SINCE MAR 1   1913                      1928    -15     2098
  SINCE JUL 1   7430                      7338     92     7563

 COOLING
  TODAY           15                         1     14        0
  MONTH TO DATE   72                        10     62       22
  SINCE MAR 1     72                        12     60       22
  SINCE JAN 1     72                        12     60       22
..................................................................


WIND (MPH)
  HIGHEST WIND SPEED    24   HIGHEST WIND DIRECTION     S (190)
  HIGHEST GUST SPEED    31   HIGHEST GUST DIRECTION     S (170)
  AVERAGE WIND SPEED    13.5


SKY COVER
  POSSIBLE SUNSHINE  MM
  AVERAGE SKY COVER 0.7


WEATHER CONDITIONS
 THE FOLLOWING WEATHER WAS RECORDED TODAY.
  THUNDERSTORM
  LIGHT RAIN


RELATIVE HUMIDITY (PERCENT)
 HIGHEST    74           200 PM
 LOWEST     46           100 PM
 AVERAGE    60

..........................................................


THE BURLINGTON VT CLIMATE NORMALS FOR TOMORROW
                         NORMAL    RECORD    YEAR
 MAXIMUM TEMPERATURE (F)   71        92      1978
 MINIMUM TEMPERATURE (F)   49        30      1961


SUNRISE AND SUNSET
MAY 27 2015...........SUNRISE   514 AM EDT   SUNSET   826 PM EDT
MAY 28 2015...........SUNRISE   514 AM EDT   SUNSET   826 PM EDT


-  INDICATES NEGATIVE NUMBERS.
R  INDICATES RECORD WAS SET OR TIED.
MM INDICATES DATA IS MISSING.
T  INDICATES TRACE AMOUNT.




$$
