000
CDUS41 KBTV 030612
CLIBTV


CLIMATE REPORT
NATIONAL WEATHER SERVICE BURLINGTON VT
112 AM EST TUE MAR 3 2015


...................................

...THE BURLINGTON VT CLIMATE SUMMARY FOR MARCH 2 2015...

CLIMATE NORMAL PERIOD 1981 TO 2010
CLIMATE RECORD PERIOD 1884 TO 2015


WEATHER ITEM   OBSERVED TIME   RECORD YEAR NORMAL DEPARTURE LAST
                VALUE   (LST)  VALUE       VALUE  FROM      YEAR
                                                  NORMAL
..................................................................
TEMPERATURE (F)
 YESTERDAY
  MAXIMUM         30    136 PM  58    1991  35     -5       30
  MINIMUM         14   1159 PM -18    1980  17     -3        3
  AVERAGE         22                        26     -4       17

PRECIPITATION (IN)
  YESTERDAY        0.03          0.79 1930   0.07  -0.04     0.03
  MONTH TO DATE    0.03                      0.13  -0.10     0.03
  SINCE MAR 1      0.03                      0.13  -0.10     0.03
  SINCE JAN 1      2.41                      3.95  -1.54     4.31

SNOWFALL (IN)
  YESTERDAY        1.4           8.5  1930   0.6    0.8      1.4
  MONTH TO DATE    1.6                       1.2    0.4      1.4
  SINCE MAR 1      1.6                       1.2    0.4      1.4
  SINCE JUL 1     77.5                      62.0   15.5     59.7
  SNOW DEPTH       8

DEGREE DAYS
 HEATING
  YESTERDAY       43                        39      4       48
  MONTH TO DATE   95                        79     16       97
  SINCE MAR 1     95                        79     16       97
  SINCE JUL 1   5612                      5489    123     5562

 COOLING
  YESTERDAY        0                         0      0        0
  MONTH TO DATE    0                         0      0        0
  SINCE MAR 1      0                         0      0        0
  SINCE JAN 1      0                         0      0        0
..................................................................


WIND (MPH)
  HIGHEST WIND SPEED    30   HIGHEST WIND DIRECTION    NW (320)
  HIGHEST GUST SPEED    39   HIGHEST GUST DIRECTION    NW (330)
  AVERAGE WIND SPEED    10.3


SKY COVER
  POSSIBLE SUNSHINE  MM
  AVERAGE SKY COVER 0.7


WEATHER CONDITIONS
 THE FOLLOWING WEATHER WAS RECORDED YESTERDAY.
  SNOW
  LIGHT SNOW
  FOG
  HAZE


RELATIVE HUMIDITY (PERCENT)
 HIGHEST    84           700 AM
 LOWEST     49          1000 PM
 AVERAGE    67

..........................................................


THE BURLINGTON VT CLIMATE NORMALS FOR TODAY
                         NORMAL    RECORD    YEAR
 MAXIMUM TEMPERATURE (F)   35        59      2002
 MINIMUM TEMPERATURE (F)   17       -20      1938


SUNRISE AND SUNSET
MARCH  3 2015.........SUNRISE   627 AM EST   SUNSET   543 PM EST
MARCH  4 2015.........SUNRISE   625 AM EST   SUNSET   544 PM EST


-  INDICATES NEGATIVE NUMBERS.
R  INDICATES RECORD WAS SET OR TIED.
MM INDICATES DATA IS MISSING.
T  INDICATES TRACE AMOUNT.

&&

LAKE CHAMPLAIN DATA:
LEVEL...............94.82 FEET
TEMPERATURE.........34 DEGREES

MOUNT MANSFIELD DATA:
HIGH................12 DEGREES
LOW.................6 DEGREES
PRECIPITATION.......0.20 INCHES
NEW SNOW............2.0 INCHES
SNOW AT STAKE.......79 INCHES

$$
