000
CDUS41 KBTV 020603
CLIBTV

CLIMATE REPORT
NATIONAL WEATHER SERVICE BURLINGTON VT
ISSUED BY NATIONAL WEATHER SERVICE ALBANY NY
202 AM EDT SUN AUG 2 2015

...................................

...THE BURLINGTON VT CLIMATE SUMMARY FOR AUGUST 1 2015...

CLIMATE NORMAL PERIOD 1981 TO 2010
CLIMATE RECORD PERIOD 1884 TO 2015


WEATHER ITEM   OBSERVED TIME   RECORD YEAR NORMAL DEPARTURE LAST
                VALUE   (LST)  VALUE       VALUE  FROM      YEAR
                                                  NORMAL
..................................................................
TEMPERATURE (F)
 TODAY
  MAXIMUM         82    305 PM  98    1975  81      1       83
                                      1917
  MINIMUM         65    1104PM  43    1964  60      6       58
                                      1953
  AVERAGE         74                        70      4       71

PRECIPITATION (IN)
  TODAY            0.02          1.15 2006   0.14  -0.12     0.00
  MONTH TO DATE    0.02                      0.14  -0.12     0.00
  SINCE JUN 1     13.36                      7.99   5.37     9.89
  SINCE JAN 1     22.20                     20.30   1.90    23.65

SNOWFALL (IN)
  TODAY            0.0           0.0  2002   0.0    0.0      0.0
                                      2001
  MONTH TO DATE    0.0                       0.0    0.0      0.0
  SINCE JUN 1      0.0                       0.0    0.0      0.0
  SINCE JUL 1      0.0                       0.0    0.0      0.0
  SNOW DEPTH       0

DEGREE DAYS
 HEATING
  TODAY            0                         0      0        0
  MONTH TO DATE    0                         0      0        0
  SINCE JUN 1     76                        86    -10       21
  SINCE JUL 1      5                        13     -8        1

 COOLING
  TODAY            9                         6      3        6
  MONTH TO DATE    9                         6      3        6
  SINCE JUN 1    303                       290     13      334
  SINCE JAN 1    396                       309     87      356
..................................................................


WIND (MPH)
  HIGHEST WIND SPEED    23   HIGHEST WIND DIRECTION    NW (310)
  HIGHEST GUST SPEED    31   HIGHEST GUST DIRECTION    NW (310)
  AVERAGE WIND SPEED     7.1


SKY COVER
  POSSIBLE SUNSHINE  MM
  AVERAGE SKY COVER 0.4


WEATHER CONDITIONS
 THE FOLLOWING WEATHER WAS RECORDED TODAY.
  THUNDERSTORM
  LIGHT RAIN
  HAZE


RELATIVE HUMIDITY (PERCENT)
 HIGHEST    68           300 AM
 LOWEST     36           200 PM
 AVERAGE    52

..........................................................


THE BURLINGTON VT CLIMATE NORMALS FOR TOMORROW
                         NORMAL    RECORD    YEAR
 MAXIMUM TEMPERATURE (F)   81        99      1975
 MINIMUM TEMPERATURE (F)   60        44      1953


SUNRISE AND SUNSET
AUGUST  2 2015........SUNRISE   540 AM EDT   SUNSET   817 PM EDT


-  INDICATES NEGATIVE NUMBERS.
R  INDICATES RECORD WAS SET OR TIED.
MM INDICATES DATA IS MISSING.
T  INDICATES TRACE AMOUNT.




$$
