000
CDUS41 KBTV 010527
CLIBTV


CLIMATE REPORT
NATIONAL WEATHER SERVICE BURLINGTON VT
126 AM EDT FRI AUG 1 2014


...................................

...THE BURLINGTON VT CLIMATE SUMMARY FOR JULY 31 2014...

CLIMATE NORMAL PERIOD 1981 TO 2010
CLIMATE RECORD PERIOD 1884 TO 2014


WEATHER ITEM   OBSERVED TIME   RECORD YEAR NORMAL DEPARTURE LAST
                VALUE   (LST)  VALUE       VALUE  FROM      YEAR
                                                  NORMAL
..................................................................
TEMPERATURE (F)
 YESTERDAY
  MAXIMUM         74   1136 AM  96    1999  81     -7       83
  MINIMUM         58    519 AM  42    1964  60     -2       57
  AVERAGE         66                        70     -4       70

PRECIPITATION (IN)
  YESTERDAY        0.31          1.75 1962   0.13   0.18     0.00
  MONTH TO DATE    5.54                      4.16   1.38     4.49
  SINCE JUN 1      9.89                      7.85   2.04    14.35
  SINCE JAN 1     23.65                     20.16   3.49    29.62

SNOWFALL (IN)
  YESTERDAY        0.0           0.0  2002   0.0    0.0      0.0
                                      2001
  MONTH TO DATE    0.0                       0.0    0.0      0.0
  SINCE JUN 1      0.0                       0.0    0.0      0.0
  SINCE JUL 1      0.0                       0.0    0.0      0.0
  SNOW DEPTH       0

DEGREE DAYS
 HEATING
  YESTERDAY        0                         0      0        0
  MONTH TO DATE    1                         8     -7        7
  SINCE JUN 1     21                        86    -65       72
  SINCE JUL 1      1                        13    -12        7

 COOLING
  YESTERDAY        1                         6     -5        5
  MONTH TO DATE  208                       187     21      285
  SINCE JUN 1    328                       284     44      400
  SINCE JAN 1    350                       303     47      447
..................................................................


WIND (MPH)
  HIGHEST WIND SPEED    25   HIGHEST WIND DIRECTION    SW (230)
  HIGHEST GUST SPEED    35   HIGHEST GUST DIRECTION    SW (210)
  AVERAGE WIND SPEED     7.2


SKY COVER
  POSSIBLE SUNSHINE  MM
  AVERAGE SKY COVER 0.5


WEATHER CONDITIONS
 THE FOLLOWING WEATHER WAS RECORDED YESTERDAY.
  THUNDERSTORM
  HEAVY RAIN
  RAIN
  LIGHT RAIN
  FOG


RELATIVE HUMIDITY (PERCENT)
 HIGHEST    93           900 PM
 LOWEST     53          1100 AM
 AVERAGE    73

..........................................................


THE BURLINGTON VT CLIMATE NORMALS FOR TODAY
                         NORMAL    RECORD    YEAR
 MAXIMUM TEMPERATURE (F)   81        98      1975
                                             1917
 MINIMUM TEMPERATURE (F)   60        43      1964
                                             1953


SUNRISE AND SUNSET
AUGUST  1 2014........SUNRISE   539 AM EDT   SUNSET   818 PM EDT
AUGUST  2 2014........SUNRISE   541 AM EDT   SUNSET   816 PM EDT


-  INDICATES NEGATIVE NUMBERS.
R  INDICATES RECORD WAS SET OR TIED.
MM INDICATES DATA IS MISSING.
T  INDICATES TRACE AMOUNT.

&&

LAKE CHAMPLAIN DATA:
LEVEL...............96.08 FEET
TEMPERATURE.........70 DEGREES

MOUNT MANSFIELD DATA:
HIGH................59 DEGREES
LOW.................46 DEGREES
PRECIPITATION.......0.15 INCHES

$$
