000
CDUS41 KBTV 200527
CLIBTV


CLIMATE REPORT
NATIONAL WEATHER SERVICE BURLINGTON VT
126 AM EDT SUN APR 20 2014


...................................

...THE BURLINGTON VT CLIMATE SUMMARY FOR APRIL 19 2014...

CLIMATE NORMAL PERIOD 1981 TO 2010
CLIMATE RECORD PERIOD 1884 TO 2014


WEATHER ITEM   OBSERVED TIME   RECORD YEAR NORMAL DEPARTURE LAST
                VALUE   (LST)  VALUE       VALUE  FROM      YEAR
                                                  NORMAL
..................................................................
TEMPERATURE (F)
 YESTERDAY
  MAXIMUM         51    435 PM  91    1976  57     -6       74
  MINIMUM         30   1159 PM  22    1918  36     -6       46
  AVERAGE         41                        46     -5       60

PRECIPITATION (IN)
  YESTERDAY        0.09          0.76 1969   0.09   0.00     0.61
  MONTH TO DATE    2.59                      1.75   0.84     1.99
  SINCE MAR 1      4.47                      3.97   0.50     4.04
  SINCE JAN 1      8.75                      7.79   0.96     6.47

SNOWFALL (IN)
  YESTERDAY        0.0           6.0  1925   0.1   -0.1      0.0
  MONTH TO DATE    2.8                       3.6   -0.8      1.0
  SINCE MAR 1     28.2                      19.4    8.8     17.2
  SINCE JUL 1     86.5                      80.2    6.3     82.9
  SNOW DEPTH       0

DEGREE DAYS
 HEATING
  YESTERDAY       24                        19      5        5
  MONTH TO DATE  416                       433    -17      430
  SINCE MAR 1   1738                      1487    251     1418
  SINCE JUL 1   7203                      6897    306     6296

 COOLING
  YESTERDAY        0                         0      0        0
  MONTH TO DATE    0                         0      0        0
  SINCE MAR 1      0                         0      0        0
  SINCE JAN 1      0                         0      0        0
..................................................................


WIND (MPH)
  HIGHEST WIND SPEED    20   HIGHEST WIND DIRECTION    NW (330)
  HIGHEST GUST SPEED    24   HIGHEST GUST DIRECTION     N (340)
  AVERAGE WIND SPEED     9.0


SKY COVER
  POSSIBLE SUNSHINE  MM
  AVERAGE SKY COVER 0.7


WEATHER CONDITIONS
 THE FOLLOWING WEATHER WAS RECORDED YESTERDAY.
  LIGHT RAIN
  FOG


RELATIVE HUMIDITY (PERCENT)
 HIGHEST    89           700 AM
 LOWEST     39           500 PM
 AVERAGE    64

..........................................................


THE BURLINGTON VT CLIMATE NORMALS FOR TODAY
                         NORMAL    RECORD    YEAR
 MAXIMUM TEMPERATURE (F)   57        86      1941
 MINIMUM TEMPERATURE (F)   37        16      1897


SUNRISE AND SUNSET
APRIL 20 2014.........SUNRISE   600 AM EDT   SUNSET   743 PM EDT
APRIL 21 2014.........SUNRISE   559 AM EDT   SUNSET   745 PM EDT


-  INDICATES NEGATIVE NUMBERS.
R  INDICATES RECORD WAS SET OR TIED.
MM INDICATES DATA IS MISSING.
T  INDICATES TRACE AMOUNT.







&&

LAKE CHAMPLAIN DATA:
LEVEL...............100.47 FEET
TEMPERATURE.........37 DEGREES

MOUNT MANSFIELD DATA:
HIGH................35 DEGREES
LOW.................17 DEGREES
PRECIPITATION.......0.45 INCHES
NEW SNOW............2.6 INCHES
SNOW AT STAKE.......63 INCHES

$$
