000
CDUS41 KBTV 200552
CLIBTV


CLIMATE REPORT
NATIONAL WEATHER SERVICE BURLINGTON VT
150 AM EDT SAT SEP 20 2014


...................................

...THE BURLINGTON VT CLIMATE SUMMARY FOR SEPTEMBER 19 2014...

CLIMATE NORMAL PERIOD 1981 TO 2010
CLIMATE RECORD PERIOD 1884 TO 2014


WEATHER ITEM   OBSERVED TIME   RECORD YEAR NORMAL DEPARTURE LAST
                VALUE   (LST)  VALUE       VALUE  FROM      YEAR
                                                  NORMAL
..................................................................
TEMPERATURE (F)
 YESTERDAY
  MAXIMUM         58    416 PM  85    1946  69    -11       76
  MINIMUM         32R   559 AM  32    1959  50    -18       44
  AVERAGE         45                        59    -14       60

PRECIPITATION (IN)
  YESTERDAY        0.00          1.56 1954   0.13  -0.13     0.00
  MONTH TO DATE    1.28                      2.20  -0.92     3.91
  SINCE SEP 1      1.28                      2.20  -0.92     3.91
  SINCE JAN 1     26.98                     26.27   0.71    36.60

SNOWFALL (IN)
  YESTERDAY        0.0           0.0  2002   0.0    0.0      0.0
                                      2001
  MONTH TO DATE    0.0                       0.0    0.0      0.0
  SINCE SEP 1      0.0                       0.0    0.0      0.0
  SINCE JUL 1      0.0                       0.0    0.0      0.0
  SNOW DEPTH       0

DEGREE DAYS
 HEATING
  YESTERDAY       20                         7     13        5
  MONTH TO DATE  115                        77     38      114
  SINCE SEP 1    115                        77     38      114
  SINCE JUL 1    128                       119      9      130

 COOLING
  YESTERDAY        0                         1     -1        0
  MONTH TO DATE   58                        37     21       53
  SINCE SEP 1     58                        37     21       53
  SINCE JAN 1    551                       485     66      653
..................................................................


WIND (MPH)
  HIGHEST WIND SPEED    12   HIGHEST WIND DIRECTION     W (290)
  HIGHEST GUST SPEED    16   HIGHEST GUST DIRECTION    NW (300)
  AVERAGE WIND SPEED     4.0


SKY COVER
  POSSIBLE SUNSHINE  MM
  AVERAGE SKY COVER 0.1


WEATHER CONDITIONS
 THE FOLLOWING WEATHER WAS RECORDED YESTERDAY.
  FOG
  FOG W/VISIBILITY <= 1/4 MILE


RELATIVE HUMIDITY (PERCENT)
 HIGHEST    92           600 AM
 LOWEST     35          1200 PM
 AVERAGE    64

..........................................................


THE BURLINGTON VT CLIMATE NORMALS FOR TODAY
                         NORMAL    RECORD    YEAR
 MAXIMUM TEMPERATURE (F)   69        89      1946
 MINIMUM TEMPERATURE (F)   49        29      1929


SUNRISE AND SUNSET
SEPTEMBER 20 2014.....SUNRISE   637 AM EDT   SUNSET   654 PM EDT
SEPTEMBER 21 2014.....SUNRISE   638 AM EDT   SUNSET   652 PM EDT


-  INDICATES NEGATIVE NUMBERS.
R  INDICATES RECORD WAS SET OR TIED.
MM INDICATES DATA IS MISSING.
T  INDICATES TRACE AMOUNT.







&&

LAKE CHAMPLAIN DATA:
LEVEL...............94.74 FEET
TEMPERATURE.........65 DEGREES

MOUNT MANSFIELD DATA:
HIGH................49 DEGREES
LOW.................25 DEGREES
PRECIPITATION.......NONE

$$
