000
CDUS41 KBUF 220705
CLIBUF


CLIMATE REPORT
NATIONAL WEATHER SERVICE BUFFALO NY
305 AM EDT TUE JUL 22 2014


...................................

...THE BUFFALO NY CLIMATE SUMMARY FOR JULY 21 2014...

CLIMATE NORMAL PERIOD 1981 TO 2010
CLIMATE RECORD PERIOD 1871 TO 2014


WEATHER ITEM   OBSERVED TIME   RECORD YEAR NORMAL DEPARTURE LAST
                VALUE   (LST)  VALUE       VALUE  FROM      YEAR
                                                  NORMAL
..................................................................
TEMPERATURE (F)
 YESTERDAY
  MAXIMUM         84    356 PM  93    1953  80      4       80
  MINIMUM         65    558 AM  48    1965  63      2       65
  AVERAGE         75                        71      4       73

PRECIPITATION (IN)
  YESTERDAY        0.00          0.91 1878   0.11  -0.11     0.00
  MONTH TO DATE    3.69                      2.12   1.57     2.25
  SINCE JUN 1      7.49                      5.78   1.71     9.41
  SINCE JAN 1     25.02                     20.79   4.23    23.51

SNOWFALL (IN)
  YESTERDAY        0.0           0.0    MM   0.0    0.0      0.0
  MONTH TO DATE    0.0                       0.0    0.0      0.0
  SINCE JUN 1      0.0                       0.0    0.0      0.0
  SINCE JUL 1      0.0                       0.0    0.0      0.0
  SNOW DEPTH       0

DEGREE DAYS
 HEATING
  YESTERDAY        0                         0      0        0
  MONTH TO DATE    3                         2      1        0
  SINCE JUN 1     31                        66    -35       64
  SINCE JUL 1      3                         2      1        0

 COOLING
  YESTERDAY       10                         7      3        8
  MONTH TO DATE  102                       136    -34      222
  SINCE JUN 1    250                       239     11      316
  SINCE JAN 1    273                       265      8      387
..................................................................


WIND (MPH)
  HIGHEST WIND SPEED    12   HIGHEST WIND DIRECTION    SW (220)
  HIGHEST GUST SPEED    14   HIGHEST GUST DIRECTION     W (270)
  AVERAGE WIND SPEED     5.8


SKY COVER
  POSSIBLE SUNSHINE  MM
  AVERAGE SKY COVER 0.2


WEATHER CONDITIONS
 THE FOLLOWING WEATHER WAS RECORDED YESTERDAY.
  NO SIGNIFICANT WEATHER WAS OBSERVED.


RELATIVE HUMIDITY (PERCENT)
 HIGHEST    93           600 AM
 LOWEST     40           500 PM
 AVERAGE    67

..........................................................


THE BUFFALO NY CLIMATE NORMALS FOR TODAY
                         NORMAL    RECORD    YEAR
 MAXIMUM TEMPERATURE (F)   80        95      2011
 MINIMUM TEMPERATURE (F)   63        49      1992


SUNRISE AND SUNSET
JULY 22 2014..........SUNRISE   556 AM EDT   SUNSET   846 PM EDT
JULY 23 2014..........SUNRISE   557 AM EDT   SUNSET   845 PM EDT


-  INDICATES NEGATIVE NUMBERS.
R  INDICATES RECORD WAS SET OR TIED.
MM INDICATES DATA IS MISSING.
T  INDICATES TRACE AMOUNT.




$$
