873
CDUS41 KBUF 120706
CLIBUF


CLIMATE REPORT
NATIONAL WEATHER SERVICE BUFFALO NY
205 AM EST FRI FEB 12 2016


...................................

...THE BUFFALO NY CLIMATE SUMMARY FOR FEBRUARY 11 2016...

CLIMATE NORMAL PERIOD 1981 TO 2010
CLIMATE RECORD PERIOD 1871 TO 2016


WEATHER ITEM   OBSERVED TIME   RECORD YEAR NORMAL DEPARTURE LAST
                VALUE   (LST)  VALUE       VALUE  FROM      YEAR
                                                  NORMAL
..................................................................
TEMPERATURE (F)
 YESTERDAY
  MAXIMUM         15    449 PM  68    1932  32    -17       31
  MINIMUM          7    837 AM -13    1885  19    -12       10
  AVERAGE         11                        26    -15       21

PRECIPITATION (IN)
  YESTERDAY        T             1.49 1876   0.09  -0.09     0.07
  MONTH TO DATE    0.94                      0.97  -0.03     1.70
  SINCE DEC 1      5.65                      8.04  -2.39     6.44
  SINCE JAN 1      2.75                      4.15  -1.40     4.29

SNOWFALL (IN)
  YESTERDAY       MM             5.8  1921   0.6   MM        1.4
  MONTH TO DATE    3.2                       7.3   -4.1     29.6
  SINCE DEC 1     29.8                      60.0  -30.2     65.9
  SINCE JUL 1     29.8                      68.8  -39.0     86.4
  SNOW DEPTH       0

DEGREE DAYS
 HEATING
  YESTERDAY       54                        40     14       44
  MONTH TO DATE  336                       440   -104      522
  SINCE DEC 1   2212                      2766   -554     2863
  SINCE JUL 1   3256                      4099   -843     4161

 COOLING
  YESTERDAY        0                         0      0        0
  MONTH TO DATE    0                         0      0        0
  SINCE DEC 1      0                         0      0        0
  SINCE JAN 1      0                         0      0        0
..................................................................


WIND (MPH)
  HIGHEST WIND SPEED    24   HIGHEST WIND DIRECTION     W (290)
  HIGHEST GUST SPEED    30   HIGHEST GUST DIRECTION     W (280)
  AVERAGE WIND SPEED    14.4


SKY COVER
  AVERAGE SKY COVER 0.5


WEATHER CONDITIONS
 THE FOLLOWING WEATHER WAS RECORDED YESTERDAY.
  LIGHT SNOW


RELATIVE HUMIDITY (PERCENT)
 HIGHEST    73          1200 AM
 LOWEST     51           100 PM
 AVERAGE    62

..........................................................


THE BUFFALO NY CLIMATE NORMALS FOR TODAY
                         NORMAL    RECORD    YEAR
 MAXIMUM TEMPERATURE (F)   33        63      1999
 MINIMUM TEMPERATURE (F)   19       -10      1979


SUNRISE AND SUNSET
FEBRUARY 12 2016......SUNRISE   717 AM EST   SUNSET   542 PM EST
FEBRUARY 13 2016......SUNRISE   716 AM EST   SUNSET   543 PM EST


-  INDICATES NEGATIVE NUMBERS.
R  INDICATES RECORD WAS SET OR TIED.
MM INDICATES DATA IS MISSING.
T  INDICATES TRACE AMOUNT.




$$
