000
CDUS41 KBUF 241034
CLIBUF


CLIMATE REPORT
NATIONAL WEATHER SERVICE BUFFALO NY
533 AM EST WED JAN 24 2018


...................................

...THE BUFFALO NY CLIMATE SUMMARY FOR JANUARY 23 2018...

CLIMATE NORMAL PERIOD 1981 TO 2010
CLIMATE RECORD PERIOD 1871 TO 2018


WEATHER ITEM   OBSERVED TIME   RECORD YEAR NORMAL DEPARTURE LAST
                VALUE   (LST)  VALUE       VALUE  FROM      YEAR
                                                  NORMAL
..................................................................
TEMPERATURE (F)
 YESTERDAY
  MAXIMUM         53    332 AM  65    1906  31     22       46
  MINIMUM         28   1159 PM -11    1976  18     10       34
  AVERAGE         41                        24     17       40

PRECIPITATION (IN)
  YESTERDAY        0.22          1.06 1966   0.10   0.12     0.00
  MONTH TO DATE    3.12                      2.45   0.67     2.33
  SINCE DEC 1      6.05                      6.34  -0.29     6.39
  SINCE JAN 1      3.12                      2.45   0.67     2.33

SNOWFALL (IN)
  YESTERDAY        T            15.0  1966   0.8   -0.8      0.0
  MONTH TO DATE   25.9                      19.4    6.5      2.9
  SINCE DEC 1     59.6                      46.8   12.8     33.0
  SINCE JUL 1     59.8                      55.6    4.2     33.9
  SNOW DEPTH       T

DEGREE DAYS
 HEATING
  YESTERDAY       24                        41    -17       25
  MONTH TO DATE  960                       921     39      771
  SINCE DEC 1   2181                      2003    178     1811
  SINCE JUL 1   3296                      3336    -40     2781

 COOLING
  YESTERDAY        0                         0      0        0
  MONTH TO DATE    0                         0      0        0
  SINCE DEC 1      0                         0      0        0
  SINCE JAN 1      0                         0      0        0
..................................................................


WIND (MPH)
  HIGHEST WIND SPEED    39   HIGHEST WIND DIRECTION    SW (240)
  HIGHEST GUST SPEED    52   HIGHEST GUST DIRECTION    SW (240)
  AVERAGE WIND SPEED    19.3


SKY COVER
  AVERAGE SKY COVER 0.9


WEATHER CONDITIONS
 THE FOLLOWING WEATHER WAS RECORDED YESTERDAY.
  THUNDERSTORM
  HEAVY RAIN
  RAIN
  LIGHT RAIN
  LIGHT SNOW
  FOG


RELATIVE HUMIDITY (PERCENT)
 HIGHEST    96           900 PM
 LOWEST     66          1100 AM
 AVERAGE    81

..........................................................


THE BUFFALO NY CLIMATE NORMALS FOR TODAY
                         NORMAL    RECORD    YEAR
 MAXIMUM TEMPERATURE (F)   31        60      1950
 MINIMUM TEMPERATURE (F)   18       -11      1963


SUNRISE AND SUNSET
JANUARY 24 2018.......SUNRISE   737 AM EST   SUNSET   517 PM EST
JANUARY 25 2018.......SUNRISE   736 AM EST   SUNSET   519 PM EST


-  INDICATES NEGATIVE NUMBERS.
R  INDICATES RECORD WAS SET OR TIED.
MM INDICATES DATA IS MISSING.
T  INDICATES TRACE AMOUNT.




$$
