000
CDUS41 KBUF 280705
CLIBUF


CLIMATE REPORT
NATIONAL WEATHER SERVICE BUFFALO NY
305 AM EDT WED SEP 28 2016


...................................

...THE BUFFALO NY CLIMATE SUMMARY FOR SEPTEMBER 27 2016...

CLIMATE NORMAL PERIOD 1981 TO 2010
CLIMATE RECORD PERIOD 1871 TO 2016


WEATHER ITEM   OBSERVED TIME   RECORD YEAR NORMAL DEPARTURE LAST
                VALUE   (LST)  VALUE       VALUE  FROM      YEAR
                                                  NORMAL
..................................................................
TEMPERATURE (F)
 YESTERDAY
  MAXIMUM         70    334 PM  87    1946  67      3       76
  MINIMUM         53    629 AM  33    1965  49      4       55
                                      1957
                                      1947
  AVERAGE         62                        58      4       66

PRECIPITATION (IN)
  YESTERDAY        0.24          1.48 2002   0.14   0.10     0.00
  MONTH TO DATE    3.49                      3.48   0.01     2.77
  SINCE SEP 1      3.49                      3.48   0.01     2.77
  SINCE JAN 1     22.01                     28.64  -6.63    27.24

SNOWFALL (IN)
  YESTERDAY        0.0           0.0    MM   0.0    0.0      0.0
  MONTH TO DATE    0.0                       0.0    0.0      0.0
  SINCE SEP 1      0.0                       0.0    0.0      0.0
  SINCE JUL 1      0.0                       0.0    0.0      0.0
  SNOW DEPTH       0

DEGREE DAYS
 HEATING
  YESTERDAY        3                         8     -5        0
  MONTH TO DATE   35                       110    -75       40
  SINCE SEP 1     35                       110    -75       40
  SINCE JUL 1     35                       137   -102       55

 COOLING
  YESTERDAY        0                         1     -1        1
  MONTH TO DATE  109                        52     57      128
  SINCE SEP 1    109                        52     57      128
  SINCE JAN 1    927                       539    388      653
..................................................................


WIND (MPH)
  HIGHEST WIND SPEED    26   HIGHEST WIND DIRECTION    SW (230)
  HIGHEST GUST SPEED    35   HIGHEST GUST DIRECTION    SW (230)
  AVERAGE WIND SPEED    10.9


SKY COVER
  AVERAGE SKY COVER 0.6


WEATHER CONDITIONS
 THE FOLLOWING WEATHER WAS RECORDED YESTERDAY.
  THUNDERSTORM
  RAIN
  LIGHT RAIN
  FOG


RELATIVE HUMIDITY (PERCENT)
 HIGHEST    86          1200 AM
 LOWEST     31           100 PM
 AVERAGE    59

..........................................................


THE BUFFALO NY CLIMATE NORMALS FOR TODAY
                         NORMAL    RECORD    YEAR
 MAXIMUM TEMPERATURE (F)   66        90      1946
 MINIMUM TEMPERATURE (F)   49        32      1957


SUNRISE AND SUNSET
SEPTEMBER 28 2016.....SUNRISE   709 AM EDT   SUNSET   701 PM EDT
SEPTEMBER 29 2016.....SUNRISE   710 AM EDT   SUNSET   659 PM EDT


-  INDICATES NEGATIVE NUMBERS.
R  INDICATES RECORD WAS SET OR TIED.
MM INDICATES DATA IS MISSING.
T  INDICATES TRACE AMOUNT.




$$
