000
CDUS41 KBUF 011018
CLIBUF


CLIMATE REPORT
NATIONAL WEATHER SERVICE BUFFALO NY
516 AM EST SUN MAR 1 2015


...................................

...THE BUFFALO NY CLIMATE SUMMARY FOR FEBRUARY 28 2015...

CLIMATE NORMAL PERIOD 1981 TO 2010
CLIMATE RECORD PERIOD 1871 TO 2015


WEATHER ITEM   OBSERVED TIME   RECORD YEAR NORMAL DEPARTURE LAST
                VALUE   (LST)  VALUE       VALUE  FROM      YEAR
                                                  NORMAL
..................................................................
TEMPERATURE (F)
 YESTERDAY
  MAXIMUM         18    442 PM  64    1954  36    -18       16
  MINIMUM         -1    537 AM  -4    1884  21    -22       -3
  AVERAGE          9                        29    -20        7

PRECIPITATION (IN)
  YESTERDAY        0.00          1.74 1984   0.10  -0.10     0.00
  MONTH TO DATE    2.40                      2.49  -0.09     3.62
  SINCE DEC 1      7.14                      9.56  -2.42    11.71
  SINCE JAN 1      4.99                      5.67  -0.68     6.78

SNOWFALL (IN)
  YESTERDAY        0.0          18.4  1984   0.6   -0.6      0.0
  MONTH TO DATE   46.2                      17.3   28.9     23.3
  SINCE DEC 1     82.5                      70.0   12.5     94.2
  SINCE JUL 1    103.0                      78.8   24.2    104.2
  SNOW DEPTH      22

DEGREE DAYS
 HEATING
  YESTERDAY       56                        36     20       58
  MONTH TO DATE 1509                      1084    425     1259
  SINCE DEC 1   3850                      3411    439     3788
  SINCE JUL 1   5148                      4744    404     5106

 COOLING
  YESTERDAY        0                         0      0        0
  MONTH TO DATE    0                         0      0        0
  SINCE DEC 1      0                         0      0        0
  SINCE JAN 1      0                         0      0        0
..................................................................


WIND (MPH)
  HIGHEST WIND SPEED    16   HIGHEST WIND DIRECTION    SW (240)
  HIGHEST GUST SPEED    19   HIGHEST GUST DIRECTION    SW (220)
  AVERAGE WIND SPEED     8.6


SKY COVER
  AVERAGE SKY COVER 0.1


WEATHER CONDITIONS
 THE FOLLOWING WEATHER WAS RECORDED YESTERDAY.
  NO SIGNIFICANT WEATHER WAS OBSERVED.


RELATIVE HUMIDITY (PERCENT)
 HIGHEST    87           300 AM
 LOWEST     54           200 PM
 AVERAGE    71

..........................................................


THE BUFFALO NY CLIMATE NORMALS FOR TODAY
                         NORMAL    RECORD    YEAR
 MAXIMUM TEMPERATURE (F)   37        64      1954
 MINIMUM TEMPERATURE (F)   22        -2      1980
                                             1884


SUNRISE AND SUNSET
MARCH  1 2015.........SUNRISE   651 AM EST   SUNSET   604 PM EST
MARCH  2 2015.........SUNRISE   650 AM EST   SUNSET   605 PM EST


-  INDICATES NEGATIVE NUMBERS.
R  INDICATES RECORD WAS SET OR TIED.
MM INDICATES DATA IS MISSING.
T  INDICATES TRACE AMOUNT.




$$
