000
CDUS46 KLOX 280111
CLIBUR


CLIMATE REPORT
NATIONAL WEATHER SERVICE LOS ANGELES/OXNARD CA
611 PM PDT TUE SEP 27 2016


...................................

...THE BOB HOPE AIRPORT (BURBANK) CA CLIMATE SUMMARY FOR SEPTEMBER 27 2016...
VALID TODAY AS OF 0600 PM LOCAL TIME.

CLIMATE NORMAL PERIOD 1981 TO 2010
CLIMATE RECORD PERIOD 1939 TO 2016


WEATHER ITEM   OBSERVED TIME   RECORD YEAR NORMAL DEPARTURE LAST
                VALUE   (LST)  VALUE       VALUE  FROM      YEAR
                                                  NORMAL
..................................................................
TEMPERATURE (F)
 TODAY
  MAXIMUM         95    113 PM 110    2010  84     11       95
  MINIMUM         69    352 AM  47    1941  58     11       68
  AVERAGE         82                        71     11       82

PRECIPITATION (IN)
  TODAY            0.00          0.01 1998   0.02  -0.02     0.00
  MONTH TO DATE    T                         0.19  -0.19     1.04
  SINCE OCT 1      7.66                     17.27  -9.61     8.95
  SINCE JAN 1      6.56                     12.83  -6.27     4.45

SNOWFALL (IN)
  TODAY            0.0
  MONTH TO DATE    0.0
  SINCE SEP 1      0.0
  SINCE JUL 1      0.0

DEGREE DAYS
 HEATING
  TODAY            0                         0      0        0
  MONTH TO DATE    1                         0      1        0
  SINCE SEP 1      1                         0      1        0
  SINCE JUL 1      1                         0      1        0

 COOLING
  TODAY           17                         6     11       17
  MONTH TO DATE  235                       232      3      421
  SINCE SEP 1    235                       232      3      421
  SINCE JAN 1   1448                      1114    334     1772
..................................................................


WIND (MPH)
  HIGHEST WIND SPEED    15   HIGHEST WIND DIRECTION    SW (210)
  HIGHEST GUST SPEED    20   HIGHEST GUST DIRECTION     S (190)
  AVERAGE WIND SPEED     6.1


SKY COVER
  POSSIBLE SUNSHINE  MM
  AVERAGE SKY COVER 0.0


WEATHER CONDITIONS
 THE FOLLOWING WEATHER WAS RECORDED TODAY.
  NO SIGNIFICANT WEATHER WAS OBSERVED.


RELATIVE HUMIDITY (PERCENT)
 HIGHEST    38           300 AM
 LOWEST     13          1100 AM
 AVERAGE    26

..........................................................


THE BOB HOPE AIRPORT (BURBANK) CA CLIMATE NORMALS FOR TOMORROW
                         NORMAL    RECORD    YEAR
 MAXIMUM TEMPERATURE (F)   83       106      1963
 MINIMUM TEMPERATURE (F)   58        45      2005


SUNRISE AND SUNSET
SEPTEMBER 27 2016.....SUNRISE   645 AM PDT   SUNSET   642 PM PDT
SEPTEMBER 28 2016.....SUNRISE   646 AM PDT   SUNSET   641 PM PDT


-  INDICATES NEGATIVE NUMBERS.
R  INDICATES RECORD WAS SET OR TIED.
MM INDICATES DATA IS MISSING.
T  INDICATES TRACE AMOUNT.




$$
