000
CDUS46 KLOX 310126
CLIBUR


CLIMATE REPORT
NATIONAL WEATHER SERVICE LOS ANGELES/OXNARD CA
626 PM PDT THU MAR 30 2017


...................................

...THE BOB HOPE AIRPORT (BURBANK) CA CLIMATE SUMMARY FOR MARCH 30 2017...
VALID TODAY AS OF 0600 PM LOCAL TIME.

CLIMATE NORMAL PERIOD 1981 TO 2010
CLIMATE RECORD PERIOD 1939 TO 2017


WEATHER ITEM   OBSERVED TIME   RECORD YEAR NORMAL DEPARTURE LAST
                VALUE   (LST)  VALUE       VALUE  FROM      YEAR
                                                  NORMAL
..................................................................
TEMPERATURE (F)
 TODAY
  MAXIMUM         75    412 PM  89    1966  71      4       64
  MINIMUM         55    617 AM  37    1949  47      8       45
  AVERAGE         65                        59      6       55

PRECIPITATION (IN)
  TODAY            0.00          1.73 1946   0.06  -0.06      T
  MONTH TO DATE    0.21                      2.91  -2.70     1.87
  SINCE OCT 1     13.61                     15.36  -1.75     7.34
  SINCE JAN 1      9.35                     10.92  -1.57     6.24

SNOWFALL (IN)
  TODAY            0.0
  MONTH TO DATE    0.0
  SINCE MAR 1      0.0
  SINCE JUL 1      0.0

DEGREE DAYS
 HEATING
  TODAY            0                         6     -6       10
  MONTH TO DATE   87                       211   -124      110
  SINCE MAR 1     87                       211   -124      110
  SINCE JUL 1   1080                      1352   -272     1017

 COOLING
  TODAY            0                         1     -1        0
  MONTH TO DATE   66                         2     64       16
  SINCE MAR 1     66                         2     64       16
  SINCE JAN 1     67                         8     59       71
..................................................................


WIND (MPH)
  HIGHEST WIND SPEED    26   HIGHEST WIND DIRECTION    NW (330)
  HIGHEST GUST SPEED    34   HIGHEST GUST DIRECTION    NW (320)
  AVERAGE WIND SPEED     5.8


SKY COVER
  POSSIBLE SUNSHINE  MM
  AVERAGE SKY COVER 0.0


WEATHER CONDITIONS
 THE FOLLOWING WEATHER WAS RECORDED TODAY.
  NO SIGNIFICANT WEATHER WAS OBSERVED.


RELATIVE HUMIDITY (PERCENT)
 HIGHEST    55           600 AM
 LOWEST     15           500 PM
 AVERAGE    35

..........................................................


THE BOB HOPE AIRPORT (BURBANK) CA CLIMATE NORMALS FOR TOMORROW
                         NORMAL    RECORD    YEAR
 MAXIMUM TEMPERATURE (F)   71        96      1966
 MINIMUM TEMPERATURE (F)   48        34      1977


SUNRISE AND SUNSET
MARCH 30 2017.........SUNRISE   643 AM PDT   SUNSET   713 PM PDT
MARCH 31 2017.........SUNRISE   642 AM PDT   SUNSET   714 PM PDT


-  INDICATES NEGATIVE NUMBERS.
R  INDICATES RECORD WAS SET OR TIED.
MM INDICATES DATA IS MISSING.
T  INDICATES TRACE AMOUNT.




$$
