000
CDUS46 KLOX 270112
CLIBUR


CLIMATE REPORT
NATIONAL WEATHER SERVICE LOS ANGELES/OXNARD CA
612 PM PDT THU MAR 26 2015


...................................

...THE BOB HOPE AIRPORT (BURBANK) CA CLIMATE SUMMARY FOR MARCH 26 2015...
VALID TODAY AS OF 0600 PM LOCAL TIME.

CLIMATE NORMAL PERIOD 1981 TO 2010
CLIMATE RECORD PERIOD 1939 TO 2015


WEATHER ITEM   OBSERVED TIME   RECORD YEAR NORMAL DEPARTURE LAST
                VALUE   (LST)  VALUE       VALUE  FROM      YEAR
                                                  NORMAL
..................................................................
TEMPERATURE (F)
 TODAY
  MAXIMUM         91    254 PM  98    1988  71     20       66
  MINIMUM         58    459 AM  34    1977  47     11       53
  AVERAGE         75                        59     16       60

PRECIPITATION (IN)
  TODAY            0.00          2.34 1993   0.07  -0.07     0.02
  MONTH TO DATE    0.83                      2.66  -1.83     0.81
  SINCE OCT 1      7.03                     15.11  -8.08     5.50
  SINCE JAN 1      2.53                     10.67  -8.14     4.87

SNOWFALL (IN)
  TODAY            0.0
  MONTH TO DATE    0.0
  SINCE MAR 1      0.0
  SINCE JUL 1      0.0

DEGREE DAYS
 HEATING
  TODAY            0                         6     -6        5
  MONTH TO DATE   49                       187   -138       65
  SINCE MAR 1     49                       187   -138       65
  SINCE JUL 1    606                      1328   -722      542

 COOLING
  TODAY           10                         0     10        0
  MONTH TO DATE  101                         0    101       20
  SINCE MAR 1    101                         0    101       20
  SINCE JAN 1    127                         6    121       80
..................................................................


WIND (MPH)
  HIGHEST WIND SPEED    14   HIGHEST WIND DIRECTION     S (190)
  HIGHEST GUST SPEED    17   HIGHEST GUST DIRECTION     S (180)
  AVERAGE WIND SPEED     3.3


SKY COVER
  POSSIBLE SUNSHINE  MM
  AVERAGE SKY COVER 0.0


WEATHER CONDITIONS
 THE FOLLOWING WEATHER WAS RECORDED TODAY.
  NO SIGNIFICANT WEATHER WAS OBSERVED.


RELATIVE HUMIDITY (PERCENT)
 HIGHEST    40           600 AM
 LOWEST     10          1200 PM
 AVERAGE    25

..........................................................


THE BOB HOPE AIRPORT (BURBANK) CA CLIMATE NORMALS FOR TOMORROW
                         NORMAL    RECORD    YEAR
 MAXIMUM TEMPERATURE (F)   71        90      1986
 MINIMUM TEMPERATURE (F)   47        35      1945


SUNRISE AND SUNSET
MARCH 26 2015.........SUNRISE   649 AM PDT   SUNSET   710 PM PDT
MARCH 27 2015.........SUNRISE   648 AM PDT   SUNSET   710 PM PDT


-  INDICATES NEGATIVE NUMBERS.
R  INDICATES RECORD WAS SET OR TIED.
MM INDICATES DATA IS MISSING.
T  INDICATES TRACE AMOUNT.




$$
